Results for 4.8.0 20121202 (experimental) [trunk revision 194049] (GCC) testsuite on ia64-suse-linux-gnu
Andreas Schwab
schwab@linux-m68k.org
Sun Dec 2 16:58:00 GMT 2012
LAST_UPDATED: Sun Dec 2 09:01:19 UTC 2012 (revision 194049)
=== acats tests ===
=== acats Summary ===
# of expected passes 2320
# of unexpected failures 0
Native configuration is ia64-suse-linux-gnu
=== g++ tests ===
Running target unix
FAIL: g++.dg/ext/cleanup-10.C -std=gnu++98 execution test
FAIL: g++.dg/ext/cleanup-10.C -std=gnu++11 execution test
FAIL: g++.dg/ext/cleanup-11.C -std=gnu++98 execution test
FAIL: g++.dg/ext/cleanup-11.C -std=gnu++11 execution test
FAIL: g++.dg/inherit/covariant7.C -std=gnu++98 scan-tree-dump class "48 .*c6::_ZTcv0_n32_v0_n24_NV2c62f2Ev"
FAIL: g++.dg/inherit/covariant7.C -std=gnu++98 scan-tree-dump class "56 .*c6::f2"
FAIL: g++.dg/inherit/covariant7.C -std=gnu++98 scan-tree-dump class "168 .*c6::_ZTv0_n32_NV2c62f2Ev"
FAIL: g++.dg/inherit/covariant7.C -std=gnu++11 scan-tree-dump class "48 .*c6::_ZTcv0_n32_v0_n24_NV2c62f2Ev"
FAIL: g++.dg/inherit/covariant7.C -std=gnu++11 scan-tree-dump class "56 .*c6::f2"
FAIL: g++.dg/inherit/covariant7.C -std=gnu++11 scan-tree-dump class "168 .*c6::_ZTv0_n32_NV2c62f2Ev"
FAIL: g++.dg/ipa/iinline-3.C -std=gnu++98 (internal compiler error)
FAIL: g++.dg/ipa/iinline-3.C -std=gnu++98 (test for excess errors)
WARNING: g++.dg/ipa/iinline-3.C -std=gnu++98 compilation failed to produce executable
FAIL: g++.dg/ipa/iinline-3.C -std=gnu++11 (internal compiler error)
FAIL: g++.dg/ipa/iinline-3.C -std=gnu++11 (test for excess errors)
WARNING: g++.dg/ipa/iinline-3.C -std=gnu++11 compilation failed to produce executable
FAIL: g++.dg/opt/pr48272.C -std=gnu++98 (internal compiler error)
FAIL: g++.dg/opt/pr48272.C -std=gnu++98 (test for excess errors)
FAIL: g++.dg/opt/pr48272.C -std=gnu++11 (internal compiler error)
FAIL: g++.dg/opt/pr48272.C -std=gnu++11 (test for excess errors)
FAIL: g++.dg/other/anon5.C -std=gnu++98 (test for excess errors)
FAIL: g++.dg/other/anon5.C -std=gnu++11 (test for excess errors)
FAIL: g++.dg/tree-ssa/pr45605.C -std=gnu++98 scan-tree-dump-times fre1 "D::Run \\\\(" 1
FAIL: g++.dg/tree-ssa/pr45605.C -std=gnu++11 scan-tree-dump-times fre1 "D::Run \\\\(" 1
FAIL: g++.dg/lto/20091219 cp_lto_20091219_0.o assemble, -O3 -flto (internal compiler error)
UNRESOLVED: g++.dg/lto/20091219 cp_lto_20091219_0.o-cp_lto_20091219_0.o link -O3 -flto
UNRESOLVED: g++.dg/lto/20091219 cp_lto_20091219_0.o-cp_lto_20091219_0.o execute -O3 -flto
FAIL: g++.dg/lto/pr45679-1 cp_lto_pr45679-1_1.o assemble, -O3 -Wno-multichar (internal compiler error)
UNRESOLVED: g++.dg/lto/pr45679-1 cp_lto_pr45679-1_0.o-cp_lto_pr45679-1_1.o link -O3 -Wno-multichar
UNRESOLVED: g++.dg/lto/pr45679-1 cp_lto_pr45679-1_0.o-cp_lto_pr45679-1_1.o execute -O3 -Wno-multichar
FAIL: g++.dg/lto/pr45679-2 cp_lto_pr45679-2_1.o assemble, -O3 -Wno-multichar (internal compiler error)
UNRESOLVED: g++.dg/lto/pr45679-2 cp_lto_pr45679-2_0.o-cp_lto_pr45679-2_1.o link -O3 -Wno-multichar
UNRESOLVED: g++.dg/lto/pr45679-2 cp_lto_pr45679-2_0.o-cp_lto_pr45679-2_1.o execute -O3 -Wno-multichar
FAIL: g++.dg/simulate-thread/atomics-1.C -O3 -g -std=c++11 (internal compiler error)
FAIL: g++.dg/simulate-thread/atomics-1.C -O3 -g -std=c++11 (test for excess errors)
FAIL: g++.dg/simulate-thread/atomics-2.C -O3 -g -std=c++11 (internal compiler error)
FAIL: g++.dg/simulate-thread/atomics-2.C -O3 -g -std=c++11 (test for excess errors)
FAIL: g++.dg/simulate-thread/bitfields-2.C -O3 -g -std=c++11 (internal compiler error)
FAIL: g++.dg/simulate-thread/bitfields-2.C -O3 -g -std=c++11 (test for excess errors)
FAIL: g++.dg/simulate-thread/bitfields.C -O3 -g -std=c++11 (internal compiler error)
FAIL: g++.dg/simulate-thread/bitfields.C -O3 -g -std=c++11 (test for excess errors)
FAIL: c-c++-common/simulate-thread/bitfields-1.c -O3 -g -std=c++11 (internal compiler error)
FAIL: c-c++-common/simulate-thread/bitfields-1.c -O3 -g -std=c++11 (test for excess errors)
FAIL: c-c++-common/simulate-thread/bitfields-2.c -O3 -g -std=c++11 (internal compiler error)
FAIL: c-c++-common/simulate-thread/bitfields-2.c -O3 -g -std=c++11 (test for excess errors)
FAIL: c-c++-common/simulate-thread/bitfields-3.c -O3 -g -std=c++11 (internal compiler error)
FAIL: c-c++-common/simulate-thread/bitfields-3.c -O3 -g -std=c++11 (test for excess errors)
FAIL: c-c++-common/simulate-thread/bitfields-4.c -O3 -g -std=c++11 (internal compiler error)
FAIL: c-c++-common/simulate-thread/bitfields-4.c -O3 -g -std=c++11 (test for excess errors)
FAIL: g++.dg/torture/pr33627.C -O3 -fomit-frame-pointer (internal compiler error)
FAIL: g++.dg/torture/pr33627.C -O3 -fomit-frame-pointer (test for excess errors)
FAIL: g++.dg/torture/pr33627.C -O3 -fomit-frame-pointer -funroll-loops (internal compiler error)
FAIL: g++.dg/torture/pr33627.C -O3 -fomit-frame-pointer -funroll-loops (test for excess errors)
FAIL: g++.dg/torture/pr33627.C -O3 -fomit-frame-pointer -funroll-all-loops -finline-functions (internal compiler error)
FAIL: g++.dg/torture/pr33627.C -O3 -fomit-frame-pointer -funroll-all-loops -finline-functions (test for excess errors)
FAIL: g++.dg/torture/pr33627.C -O3 -g (internal compiler error)
FAIL: g++.dg/torture/pr33627.C -O3 -g (test for excess errors)
=== g++ Summary ===
# of expected passes 49675
# of unexpected failures 49
# of expected failures 288
# of unresolved testcases 6
# of unsupported tests 849
/usr/local/gcc/gcc-20121202/Build/gcc/testsuite/g++/../../xg++ version 4.8.0 20121202 (experimental) [trunk revision 194049] (GCC)
=== gcc tests ===
Running target unix
FAIL: gcc.c-torture/compile/20010328-1.c -O3 -fomit-frame-pointer (internal compiler error)
FAIL: gcc.c-torture/compile/20010328-1.c -O3 -fomit-frame-pointer (test for excess errors)
FAIL: gcc.c-torture/compile/20010328-1.c -O3 -g (internal compiler error)
FAIL: gcc.c-torture/compile/20010328-1.c -O3 -g (test for excess errors)
FAIL: gcc.c-torture/compile/20020320-1.c -O3 -fomit-frame-pointer (internal compiler error)
FAIL: gcc.c-torture/compile/20020320-1.c -O3 -fomit-frame-pointer (test for excess errors)
FAIL: gcc.c-torture/compile/20020320-1.c -O3 -fomit-frame-pointer -funroll-loops (internal compiler error)
FAIL: gcc.c-torture/compile/20020320-1.c -O3 -fomit-frame-pointer -funroll-loops (test for excess errors)
FAIL: gcc.c-torture/compile/20020320-1.c -O3 -g (internal compiler error)
FAIL: gcc.c-torture/compile/20020320-1.c -O3 -g (test for excess errors)
FAIL: gcc.c-torture/compile/20030125-1.c -O3 -fomit-frame-pointer (internal compiler error)
FAIL: gcc.c-torture/compile/20030125-1.c -O3 -fomit-frame-pointer (test for excess errors)
FAIL: gcc.c-torture/compile/20030125-1.c -O3 -fomit-frame-pointer -funroll-loops (internal compiler error)
FAIL: gcc.c-torture/compile/20030125-1.c -O3 -fomit-frame-pointer -funroll-loops (test for excess errors)
FAIL: gcc.c-torture/compile/20030125-1.c -O3 -fomit-frame-pointer -funroll-all-loops -finline-functions (internal compiler error)
FAIL: gcc.c-torture/compile/20030125-1.c -O3 -fomit-frame-pointer -funroll-all-loops -finline-functions (test for excess errors)
FAIL: gcc.c-torture/compile/20030125-1.c -O3 -g (internal compiler error)
FAIL: gcc.c-torture/compile/20030125-1.c -O3 -g (test for excess errors)
FAIL: gcc.c-torture/compile/20040121-1.c -O3 -fomit-frame-pointer (internal compiler error)
FAIL: gcc.c-torture/compile/20040121-1.c -O3 -fomit-frame-pointer (test for excess errors)
FAIL: gcc.c-torture/compile/20040121-1.c -O3 -fomit-frame-pointer -funroll-loops (internal compiler error)
FAIL: gcc.c-torture/compile/20040121-1.c -O3 -fomit-frame-pointer -funroll-loops (test for excess errors)
FAIL: gcc.c-torture/compile/20040121-1.c -O3 -fomit-frame-pointer -funroll-all-loops -finline-functions (internal compiler error)
FAIL: gcc.c-torture/compile/20040121-1.c -O3 -fomit-frame-pointer -funroll-all-loops -finline-functions (test for excess errors)
FAIL: gcc.c-torture/compile/20040121-1.c -O3 -g (internal compiler error)
FAIL: gcc.c-torture/compile/20040121-1.c -O3 -g (test for excess errors)
FAIL: gcc.c-torture/compile/20040914-1.c -O3 -fomit-frame-pointer (internal compiler error)
FAIL: gcc.c-torture/compile/20040914-1.c -O3 -fomit-frame-pointer (test for excess errors)
FAIL: gcc.c-torture/compile/20040914-1.c -O3 -fomit-frame-pointer -funroll-loops (internal compiler error)
FAIL: gcc.c-torture/compile/20040914-1.c -O3 -fomit-frame-pointer -funroll-loops (test for excess errors)
FAIL: gcc.c-torture/compile/20040914-1.c -O3 -fomit-frame-pointer -funroll-all-loops -finline-functions (internal compiler error)
FAIL: gcc.c-torture/compile/20040914-1.c -O3 -fomit-frame-pointer -funroll-all-loops -finline-functions (test for excess errors)
FAIL: gcc.c-torture/compile/20040914-1.c -O3 -g (internal compiler error)
FAIL: gcc.c-torture/compile/20040914-1.c -O3 -g (test for excess errors)
FAIL: gcc.c-torture/compile/20050721-1.c -O3 -fomit-frame-pointer (internal compiler error)
FAIL: gcc.c-torture/compile/20050721-1.c -O3 -fomit-frame-pointer (test for excess errors)
FAIL: gcc.c-torture/compile/20050721-1.c -O3 -g (internal compiler error)
FAIL: gcc.c-torture/compile/20050721-1.c -O3 -g (test for excess errors)
FAIL: gcc.c-torture/compile/20051216-1.c -O3 -fomit-frame-pointer (internal compiler error)
FAIL: gcc.c-torture/compile/20051216-1.c -O3 -fomit-frame-pointer (test for excess errors)
FAIL: gcc.c-torture/compile/20051216-1.c -O3 -fomit-frame-pointer -funroll-loops (internal compiler error)
FAIL: gcc.c-torture/compile/20051216-1.c -O3 -fomit-frame-pointer -funroll-loops (test for excess errors)
FAIL: gcc.c-torture/compile/20051216-1.c -O3 -fomit-frame-pointer -funroll-all-loops -finline-functions (internal compiler error)
FAIL: gcc.c-torture/compile/20051216-1.c -O3 -fomit-frame-pointer -funroll-all-loops -finline-functions (test for excess errors)
FAIL: gcc.c-torture/compile/20051216-1.c -O3 -g (internal compiler error)
FAIL: gcc.c-torture/compile/20051216-1.c -O3 -g (test for excess errors)
FAIL: gcc.c-torture/compile/20071114-1.c -O3 -fomit-frame-pointer (internal compiler error)
FAIL: gcc.c-torture/compile/20071114-1.c -O3 -fomit-frame-pointer (test for excess errors)
FAIL: gcc.c-torture/compile/20071114-1.c -O3 -g (internal compiler error)
FAIL: gcc.c-torture/compile/20071114-1.c -O3 -g (test for excess errors)
FAIL: gcc.c-torture/compile/20080721-1.c -O3 -fomit-frame-pointer (internal compiler error)
FAIL: gcc.c-torture/compile/20080721-1.c -O3 -fomit-frame-pointer (test for excess errors)
FAIL: gcc.c-torture/compile/20080721-1.c -O3 -g (internal compiler error)
FAIL: gcc.c-torture/compile/20080721-1.c -O3 -g (test for excess errors)
FAIL: gcc.c-torture/compile/20080929-1.c -O3 -fomit-frame-pointer (internal compiler error)
FAIL: gcc.c-torture/compile/20080929-1.c -O3 -fomit-frame-pointer (test for excess errors)
FAIL: gcc.c-torture/compile/20080929-1.c -O3 -g (internal compiler error)
FAIL: gcc.c-torture/compile/20080929-1.c -O3 -g (test for excess errors)
FAIL: gcc.c-torture/compile/20101216-1.c -O3 -fomit-frame-pointer (internal compiler error)
FAIL: gcc.c-torture/compile/20101216-1.c -O3 -fomit-frame-pointer (test for excess errors)
FAIL: gcc.c-torture/compile/20101216-1.c -O3 -g (internal compiler error)
FAIL: gcc.c-torture/compile/20101216-1.c -O3 -g (test for excess errors)
FAIL: gcc.c-torture/compile/20121107-1.c -O3 -fomit-frame-pointer (internal compiler error)
FAIL: gcc.c-torture/compile/20121107-1.c -O3 -fomit-frame-pointer (test for excess errors)
FAIL: gcc.c-torture/compile/20121107-1.c -O3 -g (internal compiler error)
FAIL: gcc.c-torture/compile/20121107-1.c -O3 -g (test for excess errors)
FAIL: gcc.c-torture/compile/920428-2.c -O3 -fomit-frame-pointer (internal compiler error)
FAIL: gcc.c-torture/compile/920428-2.c -O3 -fomit-frame-pointer (test for excess errors)
FAIL: gcc.c-torture/compile/920428-2.c -O3 -fomit-frame-pointer -funroll-loops (internal compiler error)
FAIL: gcc.c-torture/compile/920428-2.c -O3 -fomit-frame-pointer -funroll-loops (test for excess errors)
FAIL: gcc.c-torture/compile/920428-2.c -O3 -fomit-frame-pointer -funroll-all-loops -finline-functions (internal compiler error)
FAIL: gcc.c-torture/compile/920428-2.c -O3 -fomit-frame-pointer -funroll-all-loops -finline-functions (test for excess errors)
FAIL: gcc.c-torture/compile/920428-2.c -O3 -g (internal compiler error)
FAIL: gcc.c-torture/compile/920428-2.c -O3 -g (test for excess errors)
FAIL: gcc.c-torture/compile/921109-1.c -O3 -fomit-frame-pointer (internal compiler error)
FAIL: gcc.c-torture/compile/921109-1.c -O3 -fomit-frame-pointer (test for excess errors)
FAIL: gcc.c-torture/compile/921109-1.c -O3 -g (internal compiler error)
FAIL: gcc.c-torture/compile/921109-1.c -O3 -g (test for excess errors)
FAIL: gcc.c-torture/compile/921111-1.c -O3 -fomit-frame-pointer (internal compiler error)
FAIL: gcc.c-torture/compile/921111-1.c -O3 -fomit-frame-pointer (test for excess errors)
FAIL: gcc.c-torture/compile/921111-1.c -O3 -g (internal compiler error)
FAIL: gcc.c-torture/compile/921111-1.c -O3 -g (test for excess errors)
FAIL: gcc.c-torture/compile/921202-1.c -O3 -fomit-frame-pointer (internal compiler error)
FAIL: gcc.c-torture/compile/921202-1.c -O3 -fomit-frame-pointer (test for excess errors)
FAIL: gcc.c-torture/compile/921202-1.c -O3 -fomit-frame-pointer -funroll-loops (internal compiler error)
FAIL: gcc.c-torture/compile/921202-1.c -O3 -fomit-frame-pointer -funroll-loops (test for excess errors)
FAIL: gcc.c-torture/compile/921202-1.c -O3 -fomit-frame-pointer -funroll-all-loops -finline-functions (internal compiler error)
FAIL: gcc.c-torture/compile/921202-1.c -O3 -fomit-frame-pointer -funroll-all-loops -finline-functions (test for excess errors)
FAIL: gcc.c-torture/compile/921202-1.c -O3 -g (internal compiler error)
FAIL: gcc.c-torture/compile/921202-1.c -O3 -g (test for excess errors)
FAIL: gcc.c-torture/compile/930529-1.c -O3 -fomit-frame-pointer (test for excess errors)
FAIL: gcc.c-torture/compile/930529-1.c -O3 -fomit-frame-pointer -funroll-loops (internal compiler error)
FAIL: gcc.c-torture/compile/930529-1.c -O3 -fomit-frame-pointer -funroll-loops (test for excess errors)
FAIL: gcc.c-torture/compile/930529-1.c -O3 -fomit-frame-pointer -funroll-all-loops -finline-functions (internal compiler error)
FAIL: gcc.c-torture/compile/930529-1.c -O3 -fomit-frame-pointer -funroll-all-loops -finline-functions (test for excess errors)
FAIL: gcc.c-torture/compile/950922-1.c -O3 -fomit-frame-pointer (internal compiler error)
FAIL: gcc.c-torture/compile/950922-1.c -O3 -fomit-frame-pointer (test for excess errors)
FAIL: gcc.c-torture/compile/950922-1.c -O3 -g (internal compiler error)
FAIL: gcc.c-torture/compile/950922-1.c -O3 -g (test for excess errors)
FAIL: gcc.c-torture/compile/980816-1.c -O3 -fomit-frame-pointer (internal compiler error)
FAIL: gcc.c-torture/compile/980816-1.c -O3 -fomit-frame-pointer (test for excess errors)
FAIL: gcc.c-torture/compile/980816-1.c -O3 -fomit-frame-pointer -funroll-loops (internal compiler error)
FAIL: gcc.c-torture/compile/980816-1.c -O3 -fomit-frame-pointer -funroll-loops (test for excess errors)
FAIL: gcc.c-torture/compile/980816-1.c -O3 -fomit-frame-pointer -funroll-all-loops -finline-functions (internal compiler error)
FAIL: gcc.c-torture/compile/980816-1.c -O3 -fomit-frame-pointer -funroll-all-loops -finline-functions (test for excess errors)
FAIL: gcc.c-torture/compile/980816-1.c -O3 -g (internal compiler error)
FAIL: gcc.c-torture/compile/980816-1.c -O3 -g (test for excess errors)
FAIL: gcc.c-torture/compile/990517-1.c -O3 -fomit-frame-pointer -funroll-loops (internal compiler error)
FAIL: gcc.c-torture/compile/990517-1.c -O3 -fomit-frame-pointer -funroll-loops (test for excess errors)
FAIL: gcc.c-torture/compile/990517-1.c -O3 -fomit-frame-pointer -funroll-all-loops -finline-functions (internal compiler error)
FAIL: gcc.c-torture/compile/990517-1.c -O3 -fomit-frame-pointer -funroll-all-loops -finline-functions (test for excess errors)
FAIL: gcc.c-torture/compile/const-high-part.c -O3 -fomit-frame-pointer (internal compiler error)
FAIL: gcc.c-torture/compile/const-high-part.c -O3 -fomit-frame-pointer (test for excess errors)
FAIL: gcc.c-torture/compile/const-high-part.c -O3 -g (internal compiler error)
FAIL: gcc.c-torture/compile/const-high-part.c -O3 -g (test for excess errors)
FAIL: gcc.c-torture/compile/pr13066-1.c -O3 -fomit-frame-pointer (internal compiler error)
FAIL: gcc.c-torture/compile/pr13066-1.c -O3 -fomit-frame-pointer (test for excess errors)
FAIL: gcc.c-torture/compile/pr13066-1.c -O3 -g (internal compiler error)
FAIL: gcc.c-torture/compile/pr13066-1.c -O3 -g (test for excess errors)
FAIL: gcc.c-torture/compile/pr21293.c -O3 -fomit-frame-pointer (internal compiler error)
FAIL: gcc.c-torture/compile/pr21293.c -O3 -fomit-frame-pointer (test for excess errors)
FAIL: gcc.c-torture/compile/pr21293.c -O3 -g (internal compiler error)
FAIL: gcc.c-torture/compile/pr21293.c -O3 -g (test for excess errors)
FAIL: gcc.c-torture/compile/pr23237.c -O3 -fomit-frame-pointer (internal compiler error)
FAIL: gcc.c-torture/compile/pr23237.c -O3 -fomit-frame-pointer (test for excess errors)
FAIL: gcc.c-torture/compile/pr23237.c -O3 -fomit-frame-pointer -funroll-loops (internal compiler error)
FAIL: gcc.c-torture/compile/pr23237.c -O3 -fomit-frame-pointer -funroll-loops (test for excess errors)
FAIL: gcc.c-torture/compile/pr23237.c -O3 -fomit-frame-pointer -funroll-all-loops -finline-functions (internal compiler error)
FAIL: gcc.c-torture/compile/pr23237.c -O3 -fomit-frame-pointer -funroll-all-loops -finline-functions (test for excess errors)
FAIL: gcc.c-torture/compile/pr23237.c -O3 -g (internal compiler error)
FAIL: gcc.c-torture/compile/pr23237.c -O3 -g (test for excess errors)
FAIL: gcc.c-torture/compile/pr26840.c -O3 -fomit-frame-pointer (internal compiler error)
FAIL: gcc.c-torture/compile/pr26840.c -O3 -fomit-frame-pointer (test for excess errors)
FAIL: gcc.c-torture/compile/pr26840.c -O3 -g (internal compiler error)
FAIL: gcc.c-torture/compile/pr26840.c -O3 -g (test for excess errors)
FAIL: gcc.c-torture/compile/pr27341-1.c -O3 -fomit-frame-pointer (internal compiler error)
FAIL: gcc.c-torture/compile/pr27341-1.c -O3 -fomit-frame-pointer (test for excess errors)
FAIL: gcc.c-torture/compile/pr27341-1.c -O3 -g (internal compiler error)
FAIL: gcc.c-torture/compile/pr27341-1.c -O3 -g (test for excess errors)
FAIL: gcc.c-torture/compile/pr28776-1.c -O3 -fomit-frame-pointer -funroll-all-loops -finline-functions (internal compiler error)
FAIL: gcc.c-torture/compile/pr28776-1.c -O3 -fomit-frame-pointer -funroll-all-loops -finline-functions (test for excess errors)
FAIL: gcc.c-torture/compile/pr33855.c -O3 -fomit-frame-pointer (internal compiler error)
FAIL: gcc.c-torture/compile/pr33855.c -O3 -fomit-frame-pointer (test for excess errors)
FAIL: gcc.c-torture/compile/pr33855.c -O3 -fomit-frame-pointer -funroll-loops (internal compiler error)
FAIL: gcc.c-torture/compile/pr33855.c -O3 -fomit-frame-pointer -funroll-loops (test for excess errors)
FAIL: gcc.c-torture/compile/pr33855.c -O3 -fomit-frame-pointer -funroll-all-loops -finline-functions (internal compiler error)
FAIL: gcc.c-torture/compile/pr33855.c -O3 -fomit-frame-pointer -funroll-all-loops -finline-functions (test for excess errors)
FAIL: gcc.c-torture/compile/pr33855.c -O3 -g (internal compiler error)
FAIL: gcc.c-torture/compile/pr33855.c -O3 -g (test for excess errors)
FAIL: gcc.c-torture/compile/pr34648.c -O3 -fomit-frame-pointer (internal compiler error)
FAIL: gcc.c-torture/compile/pr34648.c -O3 -fomit-frame-pointer (test for excess errors)
FAIL: gcc.c-torture/compile/pr34648.c -O3 -fomit-frame-pointer -funroll-loops (internal compiler error)
FAIL: gcc.c-torture/compile/pr34648.c -O3 -fomit-frame-pointer -funroll-loops (test for excess errors)
FAIL: gcc.c-torture/compile/pr34648.c -O3 -fomit-frame-pointer -funroll-all-loops -finline-functions (internal compiler error)
FAIL: gcc.c-torture/compile/pr34648.c -O3 -fomit-frame-pointer -funroll-all-loops -finline-functions (test for excess errors)
FAIL: gcc.c-torture/compile/pr34648.c -O3 -g (internal compiler error)
FAIL: gcc.c-torture/compile/pr34648.c -O3 -g (test for excess errors)
FAIL: gcc.c-torture/compile/pr38807.c -O3 -fomit-frame-pointer (internal compiler error)
FAIL: gcc.c-torture/compile/pr38807.c -O3 -fomit-frame-pointer (test for excess errors)
FAIL: gcc.c-torture/compile/pr38807.c -O3 -g (internal compiler error)
FAIL: gcc.c-torture/compile/pr38807.c -O3 -g (test for excess errors)
FAIL: gcc.c-torture/compile/pr38926.c -O3 -fomit-frame-pointer (internal compiler error)
FAIL: gcc.c-torture/compile/pr38926.c -O3 -fomit-frame-pointer (test for excess errors)
FAIL: gcc.c-torture/compile/pr38926.c -O3 -fomit-frame-pointer -funroll-all-loops -finline-functions (internal compiler error)
FAIL: gcc.c-torture/compile/pr38926.c -O3 -fomit-frame-pointer -funroll-all-loops -finline-functions (test for excess errors)
FAIL: gcc.c-torture/compile/pr38926.c -O3 -g (internal compiler error)
FAIL: gcc.c-torture/compile/pr38926.c -O3 -g (test for excess errors)
FAIL: gcc.c-torture/compile/pr39394.c -O3 -fomit-frame-pointer (internal compiler error)
FAIL: gcc.c-torture/compile/pr39394.c -O3 -fomit-frame-pointer (test for excess errors)
FAIL: gcc.c-torture/compile/pr39394.c -O3 -g (internal compiler error)
FAIL: gcc.c-torture/compile/pr39394.c -O3 -g (test for excess errors)
FAIL: gcc.c-torture/compile/pr39423-1.c -O3 -fomit-frame-pointer (internal compiler error)
FAIL: gcc.c-torture/compile/pr39423-1.c -O3 -fomit-frame-pointer (test for excess errors)
FAIL: gcc.c-torture/compile/pr39423-1.c -O3 -fomit-frame-pointer -funroll-loops (internal compiler error)
FAIL: gcc.c-torture/compile/pr39423-1.c -O3 -fomit-frame-pointer -funroll-loops (test for excess errors)
FAIL: gcc.c-torture/compile/pr39423-1.c -O3 -fomit-frame-pointer -funroll-all-loops -finline-functions (internal compiler error)
FAIL: gcc.c-torture/compile/pr39423-1.c -O3 -fomit-frame-pointer -funroll-all-loops -finline-functions (test for excess errors)
FAIL: gcc.c-torture/compile/pr39423-1.c -O3 -g (internal compiler error)
FAIL: gcc.c-torture/compile/pr39423-1.c -O3 -g (test for excess errors)
FAIL: gcc.c-torture/compile/pr39423-2.c -O3 -fomit-frame-pointer (internal compiler error)
FAIL: gcc.c-torture/compile/pr39423-2.c -O3 -fomit-frame-pointer (test for excess errors)
FAIL: gcc.c-torture/compile/pr39423-2.c -O3 -g (internal compiler error)
FAIL: gcc.c-torture/compile/pr39423-2.c -O3 -g (test for excess errors)
FAIL: gcc.c-torture/compile/pr41006-1.c -O3 -fomit-frame-pointer (internal compiler error)
FAIL: gcc.c-torture/compile/pr41006-1.c -O3 -fomit-frame-pointer (test for excess errors)
FAIL: gcc.c-torture/compile/pr41006-1.c -O3 -g (internal compiler error)
FAIL: gcc.c-torture/compile/pr41006-1.c -O3 -g (test for excess errors)
FAIL: gcc.c-torture/compile/pr41006-2.c -O3 -fomit-frame-pointer (internal compiler error)
FAIL: gcc.c-torture/compile/pr41006-2.c -O3 -fomit-frame-pointer (test for excess errors)
FAIL: gcc.c-torture/compile/pr41006-2.c -O3 -g (internal compiler error)
FAIL: gcc.c-torture/compile/pr41006-2.c -O3 -g (test for excess errors)
FAIL: gcc.c-torture/compile/pr42716.c -O3 -fomit-frame-pointer (internal compiler error)
FAIL: gcc.c-torture/compile/pr42716.c -O3 -fomit-frame-pointer (test for excess errors)
FAIL: gcc.c-torture/compile/pr42716.c -O3 -g (internal compiler error)
FAIL: gcc.c-torture/compile/pr42716.c -O3 -g (test for excess errors)
FAIL: gcc.c-torture/compile/pr42956.c -O3 -fomit-frame-pointer (internal compiler error)
FAIL: gcc.c-torture/compile/pr42956.c -O3 -fomit-frame-pointer (test for excess errors)
FAIL: gcc.c-torture/compile/pr42956.c -O3 -fomit-frame-pointer -funroll-loops (internal compiler error)
FAIL: gcc.c-torture/compile/pr42956.c -O3 -fomit-frame-pointer -funroll-loops (test for excess errors)
FAIL: gcc.c-torture/compile/pr42956.c -O3 -fomit-frame-pointer -funroll-all-loops -finline-functions (internal compiler error)
FAIL: gcc.c-torture/compile/pr42956.c -O3 -fomit-frame-pointer -funroll-all-loops -finline-functions (test for excess errors)
FAIL: gcc.c-torture/compile/pr42956.c -O3 -g (internal compiler error)
FAIL: gcc.c-torture/compile/pr42956.c -O3 -g (test for excess errors)
FAIL: gcc.c-torture/compile/pr43679.c -O3 -fomit-frame-pointer (internal compiler error)
FAIL: gcc.c-torture/compile/pr43679.c -O3 -fomit-frame-pointer (test for excess errors)
FAIL: gcc.c-torture/compile/pr43679.c -O3 -fomit-frame-pointer -funroll-loops (internal compiler error)
FAIL: gcc.c-torture/compile/pr43679.c -O3 -fomit-frame-pointer -funroll-loops (test for excess errors)
FAIL: gcc.c-torture/compile/pr43679.c -O3 -fomit-frame-pointer -funroll-all-loops -finline-functions (internal compiler error)
FAIL: gcc.c-torture/compile/pr43679.c -O3 -fomit-frame-pointer -funroll-all-loops -finline-functions (test for excess errors)
FAIL: gcc.c-torture/compile/pr43679.c -O3 -g (internal compiler error)
FAIL: gcc.c-torture/compile/pr43679.c -O3 -g (test for excess errors)
FAIL: gcc.c-torture/compile/pr44119.c -O3 -fomit-frame-pointer (internal compiler error)
FAIL: gcc.c-torture/compile/pr44119.c -O3 -fomit-frame-pointer (test for excess errors)
FAIL: gcc.c-torture/compile/pr44119.c -O3 -fomit-frame-pointer -funroll-loops (internal compiler error)
FAIL: gcc.c-torture/compile/pr44119.c -O3 -fomit-frame-pointer -funroll-loops (test for excess errors)
FAIL: gcc.c-torture/compile/pr44119.c -O3 -fomit-frame-pointer -funroll-all-loops -finline-functions (internal compiler error)
FAIL: gcc.c-torture/compile/pr44119.c -O3 -fomit-frame-pointer -funroll-all-loops -finline-functions (test for excess errors)
FAIL: gcc.c-torture/compile/pr44119.c -O3 -g (internal compiler error)
FAIL: gcc.c-torture/compile/pr44119.c -O3 -g (test for excess errors)
FAIL: gcc.c-torture/compile/pr44784.c -O3 -fomit-frame-pointer (internal compiler error)
FAIL: gcc.c-torture/compile/pr44784.c -O3 -fomit-frame-pointer (test for excess errors)
FAIL: gcc.c-torture/compile/pr44784.c -O3 -g (internal compiler error)
FAIL: gcc.c-torture/compile/pr44784.c -O3 -g (test for excess errors)
FAIL: gcc.c-torture/compile/pr49206.c -O3 -fomit-frame-pointer (internal compiler error)
FAIL: gcc.c-torture/compile/pr49206.c -O3 -fomit-frame-pointer (test for excess errors)
FAIL: gcc.c-torture/compile/pr49206.c -O3 -fomit-frame-pointer -funroll-loops (internal compiler error)
FAIL: gcc.c-torture/compile/pr49206.c -O3 -fomit-frame-pointer -funroll-loops (test for excess errors)
FAIL: gcc.c-torture/compile/pr49206.c -O3 -fomit-frame-pointer -funroll-all-loops -finline-functions (internal compiler error)
FAIL: gcc.c-torture/compile/pr49206.c -O3 -fomit-frame-pointer -funroll-all-loops -finline-functions (test for excess errors)
FAIL: gcc.c-torture/compile/pr49206.c -O3 -g (internal compiler error)
FAIL: gcc.c-torture/compile/pr49206.c -O3 -g (test for excess errors)
FAIL: gcc.c-torture/compile/pr49710.c -O3 -fomit-frame-pointer (internal compiler error)
FAIL: gcc.c-torture/compile/pr49710.c -O3 -fomit-frame-pointer (test for excess errors)
FAIL: gcc.c-torture/compile/pr49710.c -O3 -fomit-frame-pointer -funroll-loops (internal compiler error)
FAIL: gcc.c-torture/compile/pr49710.c -O3 -fomit-frame-pointer -funroll-loops (test for excess errors)
FAIL: gcc.c-torture/compile/pr49710.c -O3 -fomit-frame-pointer -funroll-all-loops -finline-functions (internal compiler error)
FAIL: gcc.c-torture/compile/pr49710.c -O3 -fomit-frame-pointer -funroll-all-loops -finline-functions (test for excess errors)
FAIL: gcc.c-torture/compile/pr49710.c -O3 -g (internal compiler error)
FAIL: gcc.c-torture/compile/pr49710.c -O3 -g (test for excess errors)
FAIL: gcc.c-torture/compile/pr53409.c -O3 -fomit-frame-pointer (internal compiler error)
FAIL: gcc.c-torture/compile/pr53409.c -O3 -fomit-frame-pointer (test for excess errors)
FAIL: gcc.c-torture/compile/pr53409.c -O3 -fomit-frame-pointer -funroll-loops (internal compiler error)
FAIL: gcc.c-torture/compile/pr53409.c -O3 -fomit-frame-pointer -funroll-loops (test for excess errors)
FAIL: gcc.c-torture/compile/pr53409.c -O3 -fomit-frame-pointer -funroll-all-loops -finline-functions (internal compiler error)
FAIL: gcc.c-torture/compile/pr53409.c -O3 -fomit-frame-pointer -funroll-all-loops -finline-functions (test for excess errors)
FAIL: gcc.c-torture/compile/pr53409.c -O3 -g (internal compiler error)
FAIL: gcc.c-torture/compile/pr53409.c -O3 -g (test for excess errors)
FAIL: gcc.c-torture/compile/pr53410-1.c -O3 -fomit-frame-pointer (internal compiler error)
FAIL: gcc.c-torture/compile/pr53410-1.c -O3 -fomit-frame-pointer (test for excess errors)
FAIL: gcc.c-torture/compile/pr53410-1.c -O3 -g (internal compiler error)
FAIL: gcc.c-torture/compile/pr53410-1.c -O3 -g (test for excess errors)
FAIL: gcc.c-torture/compile/pr53519.c -O3 -fomit-frame-pointer (internal compiler error)
FAIL: gcc.c-torture/compile/pr53519.c -O3 -fomit-frame-pointer (test for excess errors)
FAIL: gcc.c-torture/compile/pr53519.c -O3 -g (internal compiler error)
FAIL: gcc.c-torture/compile/pr53519.c -O3 -g (test for excess errors)
WARNING: program timed out.
FAIL: gcc.c-torture/execute/20000224-1.c compilation, -O3 -fomit-frame-pointer (internal compiler error)
UNRESOLVED: gcc.c-torture/execute/20000224-1.c execution, -O3 -fomit-frame-pointer
FAIL: gcc.c-torture/execute/20000224-1.c compilation, -O3 -fomit-frame-pointer -funroll-loops (internal compiler error)
UNRESOLVED: gcc.c-torture/execute/20000224-1.c execution, -O3 -fomit-frame-pointer -funroll-loops
FAIL: gcc.c-torture/execute/20000224-1.c compilation, -O3 -fomit-frame-pointer -funroll-all-loops -finline-functions (internal compiler error)
UNRESOLVED: gcc.c-torture/execute/20000224-1.c execution, -O3 -fomit-frame-pointer -funroll-all-loops -finline-functions
FAIL: gcc.c-torture/execute/20000224-1.c compilation, -O3 -g (internal compiler error)
UNRESOLVED: gcc.c-torture/execute/20000224-1.c execution, -O3 -g
FAIL: gcc.c-torture/execute/20040811-1.c execution, -O0
FAIL: gcc.c-torture/execute/20041011-1.c compilation, -O3 -fomit-frame-pointer (internal compiler error)
UNRESOLVED: gcc.c-torture/execute/20041011-1.c execution, -O3 -fomit-frame-pointer
FAIL: gcc.c-torture/execute/20041011-1.c compilation, -O3 -fomit-frame-pointer -funroll-loops (internal compiler error)
UNRESOLVED: gcc.c-torture/execute/20041011-1.c execution, -O3 -fomit-frame-pointer -funroll-loops
FAIL: gcc.c-torture/execute/20041011-1.c compilation, -O3 -fomit-frame-pointer -funroll-all-loops -finline-functions (internal compiler error)
UNRESOLVED: gcc.c-torture/execute/20041011-1.c execution, -O3 -fomit-frame-pointer -funroll-all-loops -finline-functions
FAIL: gcc.c-torture/execute/20041011-1.c compilation, -O3 -g (internal compiler error)
UNRESOLVED: gcc.c-torture/execute/20041011-1.c execution, -O3 -g
FAIL: gcc.c-torture/execute/20090113-2.c compilation, -O3 -fomit-frame-pointer (internal compiler error)
UNRESOLVED: gcc.c-torture/execute/20090113-2.c execution, -O3 -fomit-frame-pointer
FAIL: gcc.c-torture/execute/20090113-2.c compilation, -O3 -fomit-frame-pointer -funroll-loops (internal compiler error)
UNRESOLVED: gcc.c-torture/execute/20090113-2.c execution, -O3 -fomit-frame-pointer -funroll-loops
FAIL: gcc.c-torture/execute/20090113-2.c compilation, -O3 -fomit-frame-pointer -funroll-all-loops -finline-functions (internal compiler error)
UNRESOLVED: gcc.c-torture/execute/20090113-2.c execution, -O3 -fomit-frame-pointer -funroll-all-loops -finline-functions
FAIL: gcc.c-torture/execute/20090113-2.c compilation, -O3 -g (internal compiler error)
UNRESOLVED: gcc.c-torture/execute/20090113-2.c execution, -O3 -g
FAIL: gcc.c-torture/execute/20100430-1.c compilation, -O3 -fomit-frame-pointer -funroll-loops (internal compiler error)
UNRESOLVED: gcc.c-torture/execute/20100430-1.c execution, -O3 -fomit-frame-pointer -funroll-loops
FAIL: gcc.c-torture/execute/20100430-1.c compilation, -O3 -fomit-frame-pointer -funroll-all-loops -finline-functions (internal compiler error)
UNRESOLVED: gcc.c-torture/execute/20100430-1.c execution, -O3 -fomit-frame-pointer -funroll-all-loops -finline-functions
FAIL: gcc.c-torture/execute/960209-1.c compilation, -O3 -fomit-frame-pointer (internal compiler error)
UNRESOLVED: gcc.c-torture/execute/960209-1.c execution, -O3 -fomit-frame-pointer
FAIL: gcc.c-torture/execute/960209-1.c compilation, -O3 -fomit-frame-pointer -funroll-loops (internal compiler error)
UNRESOLVED: gcc.c-torture/execute/960209-1.c execution, -O3 -fomit-frame-pointer -funroll-loops
FAIL: gcc.c-torture/execute/960209-1.c compilation, -O3 -fomit-frame-pointer -funroll-all-loops -finline-functions (internal compiler error)
UNRESOLVED: gcc.c-torture/execute/960209-1.c execution, -O3 -fomit-frame-pointer -funroll-all-loops -finline-functions
FAIL: gcc.c-torture/execute/960209-1.c compilation, -O3 -g (internal compiler error)
UNRESOLVED: gcc.c-torture/execute/960209-1.c execution, -O3 -g
FAIL: gcc.c-torture/execute/960311-3.c compilation, -O3 -fomit-frame-pointer (internal compiler error)
UNRESOLVED: gcc.c-torture/execute/960311-3.c execution, -O3 -fomit-frame-pointer
FAIL: gcc.c-torture/execute/960311-3.c compilation, -O3 -g (internal compiler error)
UNRESOLVED: gcc.c-torture/execute/960311-3.c execution, -O3 -g
FAIL: gcc.c-torture/execute/960521-1.c compilation, -O3 -fomit-frame-pointer (internal compiler error)
UNRESOLVED: gcc.c-torture/execute/960521-1.c execution, -O3 -fomit-frame-pointer
FAIL: gcc.c-torture/execute/960521-1.c compilation, -O3 -fomit-frame-pointer -funroll-loops (internal compiler error)
UNRESOLVED: gcc.c-torture/execute/960521-1.c execution, -O3 -fomit-frame-pointer -funroll-loops
FAIL: gcc.c-torture/execute/960521-1.c compilation, -O3 -fomit-frame-pointer -funroll-all-loops -finline-functions (internal compiler error)
UNRESOLVED: gcc.c-torture/execute/960521-1.c execution, -O3 -fomit-frame-pointer -funroll-all-loops -finline-functions
FAIL: gcc.c-torture/execute/960521-1.c compilation, -O3 -g (internal compiler error)
UNRESOLVED: gcc.c-torture/execute/960521-1.c execution, -O3 -g
FAIL: gcc.c-torture/execute/conversion.c compilation, -O3 -fomit-frame-pointer (internal compiler error)
UNRESOLVED: gcc.c-torture/execute/conversion.c execution, -O3 -fomit-frame-pointer
FAIL: gcc.c-torture/execute/conversion.c compilation, -O3 -g (internal compiler error)
UNRESOLVED: gcc.c-torture/execute/conversion.c execution, -O3 -g
FAIL: gcc.c-torture/execute/pr38151.c compilation, -O3 -fomit-frame-pointer (internal compiler error)
UNRESOLVED: gcc.c-torture/execute/pr38151.c execution, -O3 -fomit-frame-pointer
FAIL: gcc.c-torture/execute/pr38151.c compilation, -O3 -g (internal compiler error)
UNRESOLVED: gcc.c-torture/execute/pr38151.c execution, -O3 -g
FAIL: gcc.c-torture/execute/pr43220.c execution, -O0
FAIL: gcc.c-torture/execute/pr52979-1.c compilation, -O3 -fomit-frame-pointer (internal compiler error)
UNRESOLVED: gcc.c-torture/execute/pr52979-1.c execution, -O3 -fomit-frame-pointer
FAIL: gcc.c-torture/execute/pr52979-1.c compilation, -O3 -g (internal compiler error)
UNRESOLVED: gcc.c-torture/execute/pr52979-1.c execution, -O3 -g
FAIL: gcc.c-torture/execute/pr52979-2.c compilation, -O3 -fomit-frame-pointer (internal compiler error)
UNRESOLVED: gcc.c-torture/execute/pr52979-2.c execution, -O3 -fomit-frame-pointer
FAIL: gcc.c-torture/execute/pr52979-2.c compilation, -O3 -g (internal compiler error)
UNRESOLVED: gcc.c-torture/execute/pr52979-2.c execution, -O3 -g
FAIL: gcc.c-torture/execute/pr53645-2.c execution, -O1
FAIL: gcc.c-torture/execute/pr53645-2.c execution, -O2
FAIL: gcc.c-torture/execute/pr53645-2.c execution, -O3 -fomit-frame-pointer
FAIL: gcc.c-torture/execute/pr53645-2.c execution, -O3 -fomit-frame-pointer -funroll-loops
FAIL: gcc.c-torture/execute/pr53645-2.c execution, -O3 -fomit-frame-pointer -funroll-all-loops -finline-functions
FAIL: gcc.c-torture/execute/pr53645-2.c execution, -O3 -g
FAIL: gcc.c-torture/execute/pr53645-2.c execution, -Os
FAIL: gcc.c-torture/execute/pr53645-2.c execution, -Og -g
FAIL: gcc.c-torture/execute/pr53645-2.c execution, -O2 -flto -flto-partition=none
FAIL: gcc.c-torture/execute/pr53645-2.c execution, -O2 -flto
FAIL: gcc.c-torture/execute/pr53645.c execution, -O1
FAIL: gcc.c-torture/execute/pr53645.c execution, -O2
FAIL: gcc.c-torture/execute/pr53645.c execution, -O3 -fomit-frame-pointer
FAIL: gcc.c-torture/execute/pr53645.c execution, -O3 -fomit-frame-pointer -funroll-loops
FAIL: gcc.c-torture/execute/pr53645.c execution, -O3 -fomit-frame-pointer -funroll-all-loops -finline-functions
FAIL: gcc.c-torture/execute/pr53645.c execution, -O3 -g
FAIL: gcc.c-torture/execute/pr53645.c execution, -Os
FAIL: gcc.c-torture/execute/pr53645.c execution, -Og -g
FAIL: gcc.c-torture/execute/pr53645.c execution, -O2 -flto -flto-partition=none
FAIL: gcc.c-torture/execute/pr53645.c execution, -O2 -flto
FAIL: gcc.c-torture/execute/scal-to-vec1.c execution, -O1
FAIL: gcc.c-torture/execute/scal-to-vec1.c execution, -O2
FAIL: gcc.c-torture/execute/scal-to-vec1.c execution, -O3 -fomit-frame-pointer
FAIL: gcc.c-torture/execute/scal-to-vec1.c execution, -O3 -fomit-frame-pointer -funroll-loops
FAIL: gcc.c-torture/execute/scal-to-vec1.c execution, -O3 -fomit-frame-pointer -funroll-all-loops -finline-functions
FAIL: gcc.c-torture/execute/scal-to-vec1.c execution, -O3 -g
FAIL: gcc.c-torture/execute/scal-to-vec1.c execution, -Os
FAIL: gcc.c-torture/execute/scal-to-vec1.c execution, -Og -g
FAIL: gcc.c-torture/execute/scal-to-vec1.c execution, -O2 -flto -flto-partition=none
FAIL: gcc.c-torture/execute/scal-to-vec1.c execution, -O2 -flto
FAIL: gcc.c-torture/execute/stdarg-3.c compilation, -O3 -fomit-frame-pointer (internal compiler error)
UNRESOLVED: gcc.c-torture/execute/stdarg-3.c execution, -O3 -fomit-frame-pointer
FAIL: gcc.c-torture/execute/stdarg-3.c compilation, -O3 -fomit-frame-pointer -funroll-loops (internal compiler error)
UNRESOLVED: gcc.c-torture/execute/stdarg-3.c execution, -O3 -fomit-frame-pointer -funroll-loops
FAIL: gcc.c-torture/execute/stdarg-3.c compilation, -O3 -fomit-frame-pointer -funroll-all-loops -finline-functions (internal compiler error)
UNRESOLVED: gcc.c-torture/execute/stdarg-3.c execution, -O3 -fomit-frame-pointer -funroll-all-loops -finline-functions
FAIL: gcc.c-torture/execute/stdarg-3.c compilation, -O3 -g (internal compiler error)
UNRESOLVED: gcc.c-torture/execute/stdarg-3.c execution, -O3 -g
FAIL: gcc.c-torture/execute/vla-dealloc-1.c execution, -O0
WARNING: program timed out.
WARNING: program timed out.
WARNING: program timed out.
FAIL: gcc.c-torture/execute/ieee/20000320-1.c compilation, -O3 -fomit-frame-pointer (internal compiler error)
UNRESOLVED: gcc.c-torture/execute/ieee/20000320-1.c execution, -O3 -fomit-frame-pointer
FAIL: gcc.c-torture/execute/ieee/20000320-1.c compilation, -O3 -g (internal compiler error)
UNRESOLVED: gcc.c-torture/execute/ieee/20000320-1.c execution, -O3 -g
FAIL: gcc.dg/debug/dwarf2/asm-line1.c scan-assembler is_stmt 1
FAIL: gcc.dg/20050330-1.c (internal compiler error)
FAIL: gcc.dg/20050330-1.c (test for excess errors)
FAIL: gcc.dg/20070507-1.c (internal compiler error)
FAIL: gcc.dg/20070507-1.c (test for excess errors)
WARNING: gcc.dg/20070507-1.c compilation failed to produce executable
FAIL: gcc.dg/attr-weakref-1.c (test for excess errors)
WARNING: gcc.dg/attr-weakref-1.c compilation failed to produce executable
FAIL: gcc.dg/builtin-object-size-8.c execution test
FAIL: gcc.dg/cleanup-10.c execution test
FAIL: gcc.dg/cleanup-11.c execution test
FAIL: gcc.dg/cproj-fails-with-broken-glibc.c execution test
FAIL: gcc.dg/pr49948.c (internal compiler error)
FAIL: gcc.dg/pr49948.c (test for excess errors)
FAIL: gcc.dg/pr52318.c (internal compiler error)
FAIL: gcc.dg/pr52318.c (test for excess errors)
FAIL: gcc.dg/pr53749.c (internal compiler error)
FAIL: gcc.dg/pr53749.c (test for excess errors)
FAIL: gcc.dg/sms-10.c execution test
FAIL: gcc.dg/sms-3.c execution test
FAIL: gcc.dg/sms-5.c execution test
FAIL: gcc.dg/sms-6.c (internal compiler error)
FAIL: gcc.dg/sms-6.c (test for excess errors)
WARNING: gcc.dg/sms-6.c compilation failed to produce executable
FAIL: gcc.dg/sms-7.c (internal compiler error)
FAIL: gcc.dg/sms-7.c (test for excess errors)
WARNING: gcc.dg/sms-7.c compilation failed to produce executable
FAIL: gcc.dg/sms-9.c (internal compiler error)
FAIL: gcc.dg/sms-9.c (test for excess errors)
WARNING: gcc.dg/sms-9.c compilation failed to produce executable
UNRESOLVED: gcc.dg/superblock.c scan-rtl-dump-times sched2 "ADVANCING TO" 2
FAIL: gcc.dg/lto/20090219 c_lto_20090219_0.o assemble, -O3 -flto -flto-partition=1to1 -fPIC -r -nostdlib (internal compiler error)
UNRESOLVED: gcc.dg/lto/20090219 c_lto_20090219_0.o-c_lto_20090219_0.o link -O3 -flto -flto-partition=1to1 -fPIC -r -nostdlib
UNRESOLVED: gcc.dg/lto/20090219 c_lto_20090219_0.o-c_lto_20090219_0.o execute -O3 -flto -flto-partition=1to1 -fPIC -r -nostdlib
FAIL: gcc.dg/lto/20100423-2 c_lto_20100423-2_0.o assemble, -O3 -flto -flto-partition=none (internal compiler error)
FAIL: gcc.dg/lto/20100423-2 c_lto_20100423-2_1.o assemble, -O3 -flto -flto-partition=none (internal compiler error)
UNRESOLVED: gcc.dg/lto/20100423-2 c_lto_20100423-2_0.o-c_lto_20100423-2_1.o link -O3 -flto -flto-partition=none
UNRESOLVED: gcc.dg/lto/20100423-2 c_lto_20100423-2_0.o-c_lto_20100423-2_1.o execute -O3 -flto -flto-partition=none
FAIL: gcc.dg/lto/20100423-2 c_lto_20100423-2_0.o assemble, -O3 -flto -flto-partition=1to1 (internal compiler error)
FAIL: gcc.dg/lto/20100423-2 c_lto_20100423-2_1.o assemble, -O3 -flto -flto-partition=1to1 (internal compiler error)
UNRESOLVED: gcc.dg/lto/20100423-2 c_lto_20100423-2_0.o-c_lto_20100423-2_1.o link -O3 -flto -flto-partition=1to1
UNRESOLVED: gcc.dg/lto/20100423-2 c_lto_20100423-2_0.o-c_lto_20100423-2_1.o execute -O3 -flto -flto-partition=1to1
FAIL: gcc.dg/simulate-thread/atomic-other-int.c -O3 -g (internal compiler error)
FAIL: gcc.dg/simulate-thread/atomic-other-int.c -O3 -g (test for excess errors)
FAIL: gcc.dg/simulate-thread/atomic-other-short.c -O3 -g (internal compiler error)
FAIL: gcc.dg/simulate-thread/atomic-other-short.c -O3 -g (test for excess errors)
FAIL: gcc.dg/simulate-thread/speculative-store-4.c -O3 -g (internal compiler error)
FAIL: gcc.dg/simulate-thread/speculative-store-4.c -O3 -g (test for excess errors)
FAIL: gcc.dg/simulate-thread/speculative-store.c -O3 -g (internal compiler error)
FAIL: gcc.dg/simulate-thread/speculative-store.c -O3 -g (test for excess errors)
FAIL: gcc.dg/simulate-thread/strict-align-global.c -O3 -g (internal compiler error)
FAIL: gcc.dg/simulate-thread/strict-align-global.c -O3 -g (test for excess errors)
FAIL: gcc.dg/simulate-thread/subfields.c -O3 -g (internal compiler error)
FAIL: gcc.dg/simulate-thread/subfields.c -O3 -g (test for excess errors)
FAIL: c-c++-common/simulate-thread/bitfields-1.c -O3 -g (internal compiler error)
FAIL: c-c++-common/simulate-thread/bitfields-1.c -O3 -g (test for excess errors)
FAIL: c-c++-common/simulate-thread/bitfields-2.c -O3 -g (internal compiler error)
FAIL: c-c++-common/simulate-thread/bitfields-2.c -O3 -g (test for excess errors)
FAIL: c-c++-common/simulate-thread/bitfields-3.c -O3 -g (internal compiler error)
FAIL: c-c++-common/simulate-thread/bitfields-3.c -O3 -g (test for excess errors)
FAIL: c-c++-common/simulate-thread/bitfields-4.c -O3 -g (internal compiler error)
FAIL: c-c++-common/simulate-thread/bitfields-4.c -O3 -g (test for excess errors)
FAIL: gcc.dg/tm/pr52173-1.c (internal compiler error)
FAIL: gcc.dg/tm/pr52173-1.c (test for excess errors)
FAIL: gcc.dg/torture/pr24626-2.c -O3 -fomit-frame-pointer (internal compiler error)
FAIL: gcc.dg/torture/pr24626-2.c -O3 -fomit-frame-pointer (test for excess errors)
FAIL: gcc.dg/torture/pr24626-2.c -O3 -g (internal compiler error)
FAIL: gcc.dg/torture/pr24626-2.c -O3 -g (test for excess errors)
FAIL: gcc.dg/torture/pr24750-1.c -O3 -fomit-frame-pointer (internal compiler error)
FAIL: gcc.dg/torture/pr24750-1.c -O3 -fomit-frame-pointer (test for excess errors)
FAIL: gcc.dg/torture/pr24750-1.c -O3 -fomit-frame-pointer -funroll-loops (internal compiler error)
FAIL: gcc.dg/torture/pr24750-1.c -O3 -fomit-frame-pointer -funroll-loops (test for excess errors)
FAIL: gcc.dg/torture/pr24750-1.c -O3 -fomit-frame-pointer -funroll-all-loops -finline-functions (internal compiler error)
FAIL: gcc.dg/torture/pr24750-1.c -O3 -fomit-frame-pointer -funroll-all-loops -finline-functions (test for excess errors)
FAIL: gcc.dg/torture/pr24750-1.c -O3 -g (internal compiler error)
FAIL: gcc.dg/torture/pr24750-1.c -O3 -g (test for excess errors)
FAIL: gcc.dg/torture/pr25947-1.c -O3 -fomit-frame-pointer (internal compiler error)
FAIL: gcc.dg/torture/pr25947-1.c -O3 -fomit-frame-pointer (test for excess errors)
FAIL: gcc.dg/torture/pr25947-1.c -O3 -g (internal compiler error)
FAIL: gcc.dg/torture/pr25947-1.c -O3 -g (test for excess errors)
FAIL: gcc.dg/torture/pr33870.c -O3 -fomit-frame-pointer (internal compiler error)
FAIL: gcc.dg/torture/pr33870.c -O3 -fomit-frame-pointer (test for excess errors)
WARNING: gcc.dg/torture/pr33870.c -O3 -fomit-frame-pointer compilation failed to produce executable
FAIL: gcc.dg/torture/pr33870.c -O3 -fomit-frame-pointer -funroll-loops (internal compiler error)
FAIL: gcc.dg/torture/pr33870.c -O3 -fomit-frame-pointer -funroll-loops (test for excess errors)
WARNING: gcc.dg/torture/pr33870.c -O3 -fomit-frame-pointer -funroll-loops compilation failed to produce executable
FAIL: gcc.dg/torture/pr33870.c -O3 -fomit-frame-pointer -funroll-all-loops -finline-functions (internal compiler error)
FAIL: gcc.dg/torture/pr33870.c -O3 -fomit-frame-pointer -funroll-all-loops -finline-functions (test for excess errors)
WARNING: gcc.dg/torture/pr33870.c -O3 -fomit-frame-pointer -funroll-all-loops -finline-functions compilation failed to produce executable
FAIL: gcc.dg/torture/pr33870.c -O3 -g (internal compiler error)
FAIL: gcc.dg/torture/pr33870.c -O3 -g (test for excess errors)
WARNING: gcc.dg/torture/pr33870.c -O3 -g compilation failed to produce executable
FAIL: gcc.dg/torture/pr39204.c -O3 -fomit-frame-pointer (internal compiler error)
FAIL: gcc.dg/torture/pr39204.c -O3 -fomit-frame-pointer (test for excess errors)
FAIL: gcc.dg/torture/pr39204.c -O3 -fomit-frame-pointer -funroll-loops (internal compiler error)
FAIL: gcc.dg/torture/pr39204.c -O3 -fomit-frame-pointer -funroll-loops (test for excess errors)
FAIL: gcc.dg/torture/pr39204.c -O3 -fomit-frame-pointer -funroll-all-loops -finline-functions (internal compiler error)
FAIL: gcc.dg/torture/pr39204.c -O3 -fomit-frame-pointer -funroll-all-loops -finline-functions (test for excess errors)
FAIL: gcc.dg/torture/pr39204.c -O3 -g (internal compiler error)
FAIL: gcc.dg/torture/pr39204.c -O3 -g (test for excess errors)
FAIL: gcc.dg/torture/pr45720.c -O3 -fomit-frame-pointer (internal compiler error)
FAIL: gcc.dg/torture/pr45720.c -O3 -fomit-frame-pointer (test for excess errors)
WARNING: gcc.dg/torture/pr45720.c -O3 -fomit-frame-pointer compilation failed to produce executable
FAIL: gcc.dg/torture/pr45720.c -O3 -g (internal compiler error)
FAIL: gcc.dg/torture/pr45720.c -O3 -g (test for excess errors)
WARNING: gcc.dg/torture/pr45720.c -O3 -g compilation failed to produce executable
FAIL: gcc.dg/torture/pr47383.c -O3 -fomit-frame-pointer (internal compiler error)
FAIL: gcc.dg/torture/pr47383.c -O3 -fomit-frame-pointer (test for excess errors)
WARNING: gcc.dg/torture/pr47383.c -O3 -fomit-frame-pointer compilation failed to produce executable
FAIL: gcc.dg/torture/pr47383.c -O3 -g (internal compiler error)
FAIL: gcc.dg/torture/pr47383.c -O3 -g (test for excess errors)
WARNING: gcc.dg/torture/pr47383.c -O3 -g compilation failed to produce executable
FAIL: gcc.dg/torture/pr47744-3.c -O3 -fomit-frame-pointer (internal compiler error)
FAIL: gcc.dg/torture/pr47744-3.c -O3 -fomit-frame-pointer (test for excess errors)
FAIL: gcc.dg/torture/pr47744-3.c -O3 -fomit-frame-pointer -funroll-loops (internal compiler error)
FAIL: gcc.dg/torture/pr47744-3.c -O3 -fomit-frame-pointer -funroll-loops (test for excess errors)
FAIL: gcc.dg/torture/pr47744-3.c -O3 -fomit-frame-pointer -funroll-all-loops -finline-functions (internal compiler error)
FAIL: gcc.dg/torture/pr47744-3.c -O3 -fomit-frame-pointer -funroll-all-loops -finline-functions (test for excess errors)
FAIL: gcc.dg/torture/pr47744-3.c -O3 -g (internal compiler error)
FAIL: gcc.dg/torture/pr47744-3.c -O3 -g (test for excess errors)
FAIL: gcc.dg/torture/pr48124-2.c -O3 -fomit-frame-pointer (internal compiler error)
FAIL: gcc.dg/torture/pr48124-2.c -O3 -fomit-frame-pointer (test for excess errors)
WARNING: gcc.dg/torture/pr48124-2.c -O3 -fomit-frame-pointer compilation failed to produce executable
FAIL: gcc.dg/torture/pr48124-2.c -O3 -g (internal compiler error)
FAIL: gcc.dg/torture/pr48124-2.c -O3 -g (test for excess errors)
WARNING: gcc.dg/torture/pr48124-2.c -O3 -g compilation failed to produce executable
FAIL: gcc.dg/torture/pr50823.c -O3 -fomit-frame-pointer (internal compiler error)
FAIL: gcc.dg/torture/pr50823.c -O3 -fomit-frame-pointer (test for excess errors)
FAIL: gcc.dg/torture/pr50823.c -O3 -fomit-frame-pointer -funroll-loops (internal compiler error)
FAIL: gcc.dg/torture/pr50823.c -O3 -fomit-frame-pointer -funroll-loops (test for excess errors)
FAIL: gcc.dg/torture/pr50823.c -O3 -fomit-frame-pointer -funroll-all-loops -finline-functions (internal compiler error)
FAIL: gcc.dg/torture/pr50823.c -O3 -fomit-frame-pointer -funroll-all-loops -finline-functions (test for excess errors)
FAIL: gcc.dg/torture/pr50823.c -O3 -g (internal compiler error)
FAIL: gcc.dg/torture/pr50823.c -O3 -g (test for excess errors)
FAIL: gcc.dg/torture/pr51245.c -O3 -fomit-frame-pointer (internal compiler error)
FAIL: gcc.dg/torture/pr51245.c -O3 -fomit-frame-pointer (test for excess errors)
FAIL: gcc.dg/torture/pr51245.c -O3 -fomit-frame-pointer -funroll-loops (internal compiler error)
FAIL: gcc.dg/torture/pr51245.c -O3 -fomit-frame-pointer -funroll-loops (test for excess errors)
FAIL: gcc.dg/torture/pr51245.c -O3 -fomit-frame-pointer -funroll-all-loops -finline-functions (internal compiler error)
FAIL: gcc.dg/torture/pr51245.c -O3 -fomit-frame-pointer -funroll-all-loops -finline-functions (test for excess errors)
FAIL: gcc.dg/torture/pr51245.c -O3 -g (internal compiler error)
FAIL: gcc.dg/torture/pr51245.c -O3 -g (test for excess errors)
FAIL: gcc.dg/torture/pr52493.c -O3 -fomit-frame-pointer (internal compiler error)
FAIL: gcc.dg/torture/pr52493.c -O3 -fomit-frame-pointer (test for excess errors)
FAIL: gcc.dg/torture/pr52493.c -O3 -g (internal compiler error)
FAIL: gcc.dg/torture/pr52493.c -O3 -g (test for excess errors)
FAIL: gcc.dg/torture/pr52881.c -O3 -fomit-frame-pointer (internal compiler error)
FAIL: gcc.dg/torture/pr52881.c -O3 -fomit-frame-pointer (test for excess errors)
FAIL: gcc.dg/torture/pr52881.c -O3 -fomit-frame-pointer -funroll-loops (internal compiler error)
FAIL: gcc.dg/torture/pr52881.c -O3 -fomit-frame-pointer -funroll-loops (test for excess errors)
FAIL: gcc.dg/torture/pr52881.c -O3 -fomit-frame-pointer -funroll-all-loops -finline-functions (internal compiler error)
FAIL: gcc.dg/torture/pr52881.c -O3 -fomit-frame-pointer -funroll-all-loops -finline-functions (test for excess errors)
FAIL: gcc.dg/torture/pr52881.c -O3 -g (internal compiler error)
FAIL: gcc.dg/torture/pr52881.c -O3 -g (test for excess errors)
FAIL: gcc.dg/torture/pr53168.c -O3 -fomit-frame-pointer (internal compiler error)
FAIL: gcc.dg/torture/pr53168.c -O3 -fomit-frame-pointer (test for excess errors)
FAIL: gcc.dg/torture/pr53168.c -O3 -fomit-frame-pointer -funroll-loops (internal compiler error)
FAIL: gcc.dg/torture/pr53168.c -O3 -fomit-frame-pointer -funroll-loops (test for excess errors)
FAIL: gcc.dg/torture/pr53168.c -O3 -fomit-frame-pointer -funroll-all-loops -finline-functions (internal compiler error)
FAIL: gcc.dg/torture/pr53168.c -O3 -fomit-frame-pointer -funroll-all-loops -finline-functions (test for excess errors)
FAIL: gcc.dg/torture/pr53168.c -O3 -g (internal compiler error)
FAIL: gcc.dg/torture/pr53168.c -O3 -g (test for excess errors)
FAIL: gcc.dg/torture/pr53366-1.c -O3 -fomit-frame-pointer (internal compiler error)
FAIL: gcc.dg/torture/pr53366-1.c -O3 -fomit-frame-pointer (test for excess errors)
WARNING: gcc.dg/torture/pr53366-1.c -O3 -fomit-frame-pointer compilation failed to produce executable
FAIL: gcc.dg/torture/pr53366-1.c -O3 -fomit-frame-pointer -funroll-loops (internal compiler error)
FAIL: gcc.dg/torture/pr53366-1.c -O3 -fomit-frame-pointer -funroll-loops (test for excess errors)
WARNING: gcc.dg/torture/pr53366-1.c -O3 -fomit-frame-pointer -funroll-loops compilation failed to produce executable
FAIL: gcc.dg/torture/pr53366-1.c -O3 -fomit-frame-pointer -funroll-all-loops -finline-functions (internal compiler error)
FAIL: gcc.dg/torture/pr53366-1.c -O3 -fomit-frame-pointer -funroll-all-loops -finline-functions (test for excess errors)
WARNING: gcc.dg/torture/pr53366-1.c -O3 -fomit-frame-pointer -funroll-all-loops -finline-functions compilation failed to produce executable
FAIL: gcc.dg/torture/pr53390.c -O3 -fomit-frame-pointer (internal compiler error)
FAIL: gcc.dg/torture/pr53390.c -O3 -fomit-frame-pointer (test for excess errors)
FAIL: gcc.dg/torture/pr53390.c -O3 -g (internal compiler error)
FAIL: gcc.dg/torture/pr53390.c -O3 -g (test for excess errors)
FAIL: gcc.dg/torture/pr53516.c -O3 -fomit-frame-pointer -funroll-loops (internal compiler error)
FAIL: gcc.dg/torture/pr53516.c -O3 -fomit-frame-pointer -funroll-loops (test for excess errors)
WARNING: gcc.dg/torture/pr53516.c -O3 -fomit-frame-pointer -funroll-loops compilation failed to produce executable
FAIL: gcc.dg/torture/pr53516.c -O3 -fomit-frame-pointer -funroll-all-loops -finline-functions (internal compiler error)
FAIL: gcc.dg/torture/pr53516.c -O3 -fomit-frame-pointer -funroll-all-loops -finline-functions (test for excess errors)
WARNING: gcc.dg/torture/pr53516.c -O3 -fomit-frame-pointer -funroll-all-loops -finline-functions compilation failed to produce executable
FAIL: gcc.dg/torture/pr54409.c -O3 -fomit-frame-pointer (internal compiler error)
FAIL: gcc.dg/torture/pr54409.c -O3 -fomit-frame-pointer (test for excess errors)
FAIL: gcc.dg/torture/pr54409.c -O3 -g (internal compiler error)
FAIL: gcc.dg/torture/pr54409.c -O3 -g (test for excess errors)
FAIL: gcc.dg/torture/pr55253.c -O3 -fomit-frame-pointer (internal compiler error)
FAIL: gcc.dg/torture/pr55253.c -O3 -fomit-frame-pointer (test for excess errors)
WARNING: gcc.dg/torture/pr55253.c -O3 -fomit-frame-pointer compilation failed to produce executable
FAIL: gcc.dg/torture/pr55253.c -O3 -g (internal compiler error)
FAIL: gcc.dg/torture/pr55253.c -O3 -g (test for excess errors)
WARNING: gcc.dg/torture/pr55253.c -O3 -g compilation failed to produce executable
XPASS: gcc.dg/tree-ssa/20040204-1.c scan-tree-dump-times optimized "link_error" 0
FAIL: gcc.dg/tree-ssa/ipa-split-2.c (internal compiler error)
FAIL: gcc.dg/tree-ssa/ipa-split-2.c (test for excess errors)
XPASS: gcc.dg/tree-ssa/loop-1.c scan-assembler-times foo 5
FAIL: gcc.dg/vect/vec-scal-opt.c scan-tree-dump-times veclower21 ">> k.[0-9_]*" 1
FAIL: gcc.dg/vect/vec-scal-opt1.c scan-tree-dump-times veclower21 ">> 2" 1
FAIL: gcc.dg/vect/vec-scal-opt2.c scan-tree-dump-times veclower21 ">> 2" 1
XPASS: gcc.dg/vect/pr33804.c scan-tree-dump-times vect "vectorized 1 loops" 1
XPASS: gcc.dg/vect/pr33804.c scan-tree-dump-times vect "vectorizing stmts using SLP" 1
XPASS: gcc.dg/vect/pr33953.c scan-tree-dump-times vect "vectorized 1 loops" 1
XPASS: gcc.dg/vect/pr33953.c scan-tree-dump-times vect "vectorizing stmts using SLP" 1
FAIL: gcc.dg/vect/pr37539.c (internal compiler error)
FAIL: gcc.dg/vect/pr37539.c (test for excess errors)
WARNING: gcc.dg/vect/pr37539.c compilation failed to produce executable
FAIL: gcc.dg/vect/pr37539.c scan-tree-dump-times vect "vectorized 1 loops" 2
XPASS: gcc.dg/vect/vect-35-big-array.c scan-tree-dump-times vect "vectorized 2 loops" 1
XPASS: gcc.dg/vect/vect-35.c scan-tree-dump-times vect "vectorized 2 loops" 1
XPASS: gcc.dg/vect/vect-outer-5.c scan-tree-dump vect "zero step in outer loop."
FAIL: gcc.dg/vect/slp-perm-9.c scan-tree-dump-times vect "vectorized 1 loops" 1
FAIL: gcc.dg/vect/slp-perm-9.c scan-tree-dump-times vect "vectorizing stmts using SLP" 0
XPASS: gcc.dg/vect/pr33804.c -flto scan-tree-dump-times vect "vectorized 1 loops" 1
XPASS: gcc.dg/vect/pr33804.c -flto scan-tree-dump-times vect "vectorizing stmts using SLP" 1
XPASS: gcc.dg/vect/pr33953.c -flto scan-tree-dump-times vect "vectorized 1 loops" 1
XPASS: gcc.dg/vect/pr33953.c -flto scan-tree-dump-times vect "vectorizing stmts using SLP" 1
FAIL: gcc.dg/vect/pr37539.c -flto (internal compiler error)
FAIL: gcc.dg/vect/pr37539.c -flto (test for excess errors)
WARNING: gcc.dg/vect/pr37539.c -flto compilation failed to produce executable
FAIL: gcc.dg/vect/pr37539.c -flto scan-tree-dump-times vect "vectorized 1 loops" 2
FAIL: gcc.dg/vect/pr42604.c -flto (internal compiler error)
FAIL: gcc.dg/vect/pr42604.c -flto (test for excess errors)
XPASS: gcc.dg/vect/vect-35-big-array.c -flto scan-tree-dump-times vect "vectorized 2 loops" 1
XPASS: gcc.dg/vect/vect-35.c -flto scan-tree-dump-times vect "vectorized 2 loops" 1
XPASS: gcc.dg/vect/vect-outer-5.c -flto scan-tree-dump vect "zero step in outer loop."
FAIL: gcc.dg/vect/slp-perm-9.c -flto scan-tree-dump-times vect "vectorized 1 loops" 1
FAIL: gcc.dg/vect/slp-perm-9.c -flto scan-tree-dump-times vect "vectorizing stmts using SLP" 0
XPASS: gcc.dg/vect/no-scevccp-outer-21.c scan-tree-dump-times vect "OUTER LOOP VECTORIZED." 1
XPASS: gcc.dg/vect/if-cvt-stores-vect-ifcvt-18.c scan-tree-dump-times vect "vectorized 1 loops" 1
=== gcc Summary ===
# of expected passes 81536
# of unexpected failures 505
# of unexpected successes 18
# of expected failures 341
# of unresolved testcases 45
# of unsupported tests 1198
/usr/local/gcc/gcc-20121202/Build/gcc/xgcc version 4.8.0 20121202 (experimental) [trunk revision 194049] (GCC)
=== gfortran tests ===
Running target unix
FAIL: gfortran.dg/allocate_error_4.f90 -O (test for excess errors)
FAIL: gfortran.dg/char_cshift_1.f90 -O3 -fomit-frame-pointer (internal compiler error)
FAIL: gfortran.dg/char_cshift_1.f90 -O3 -fomit-frame-pointer (test for excess errors)
WARNING: gfortran.dg/char_cshift_1.f90 -O3 -fomit-frame-pointer compilation failed to produce executable
FAIL: gfortran.dg/char_cshift_1.f90 -O3 -fomit-frame-pointer -funroll-loops (internal compiler error)
FAIL: gfortran.dg/char_cshift_1.f90 -O3 -fomit-frame-pointer -funroll-loops (test for excess errors)
WARNING: gfortran.dg/char_cshift_1.f90 -O3 -fomit-frame-pointer -funroll-loops compilation failed to produce executable
FAIL: gfortran.dg/char_cshift_1.f90 -O3 -fomit-frame-pointer -funroll-all-loops -finline-functions (internal compiler error)
FAIL: gfortran.dg/char_cshift_1.f90 -O3 -fomit-frame-pointer -funroll-all-loops -finline-functions (test for excess errors)
WARNING: gfortran.dg/char_cshift_1.f90 -O3 -fomit-frame-pointer -funroll-all-loops -finline-functions compilation failed to produce executable
FAIL: gfortran.dg/char_cshift_1.f90 -O3 -g (internal compiler error)
FAIL: gfortran.dg/char_cshift_1.f90 -O3 -g (test for excess errors)
WARNING: gfortran.dg/char_cshift_1.f90 -O3 -g compilation failed to produce executable
FAIL: gfortran.dg/char_cshift_2.f90 -O3 -fomit-frame-pointer (internal compiler error)
FAIL: gfortran.dg/char_cshift_2.f90 -O3 -fomit-frame-pointer (test for excess errors)
WARNING: gfortran.dg/char_cshift_2.f90 -O3 -fomit-frame-pointer compilation failed to produce executable
FAIL: gfortran.dg/char_cshift_2.f90 -O3 -fomit-frame-pointer -funroll-loops (internal compiler error)
FAIL: gfortran.dg/char_cshift_2.f90 -O3 -fomit-frame-pointer -funroll-loops (test for excess errors)
WARNING: gfortran.dg/char_cshift_2.f90 -O3 -fomit-frame-pointer -funroll-loops compilation failed to produce executable
FAIL: gfortran.dg/char_cshift_2.f90 -O3 -fomit-frame-pointer -funroll-all-loops -finline-functions (internal compiler error)
FAIL: gfortran.dg/char_cshift_2.f90 -O3 -fomit-frame-pointer -funroll-all-loops -finline-functions (test for excess errors)
WARNING: gfortran.dg/char_cshift_2.f90 -O3 -fomit-frame-pointer -funroll-all-loops -finline-functions compilation failed to produce executable
FAIL: gfortran.dg/char_cshift_2.f90 -O3 -g (internal compiler error)
FAIL: gfortran.dg/char_cshift_2.f90 -O3 -g (test for excess errors)
WARNING: gfortran.dg/char_cshift_2.f90 -O3 -g compilation failed to produce executable
FAIL: gfortran.dg/char_eoshift_1.f90 -O3 -fomit-frame-pointer (internal compiler error)
FAIL: gfortran.dg/char_eoshift_1.f90 -O3 -fomit-frame-pointer (test for excess errors)
WARNING: gfortran.dg/char_eoshift_1.f90 -O3 -fomit-frame-pointer compilation failed to produce executable
FAIL: gfortran.dg/char_eoshift_1.f90 -O3 -fomit-frame-pointer -funroll-loops (internal compiler error)
FAIL: gfortran.dg/char_eoshift_1.f90 -O3 -fomit-frame-pointer -funroll-loops (test for excess errors)
WARNING: gfortran.dg/char_eoshift_1.f90 -O3 -fomit-frame-pointer -funroll-loops compilation failed to produce executable
FAIL: gfortran.dg/char_eoshift_1.f90 -O3 -fomit-frame-pointer -funroll-all-loops -finline-functions (internal compiler error)
FAIL: gfortran.dg/char_eoshift_1.f90 -O3 -fomit-frame-pointer -funroll-all-loops -finline-functions (test for excess errors)
WARNING: gfortran.dg/char_eoshift_1.f90 -O3 -fomit-frame-pointer -funroll-all-loops -finline-functions compilation failed to produce executable
FAIL: gfortran.dg/char_eoshift_2.f90 -O3 -fomit-frame-pointer (internal compiler error)
FAIL: gfortran.dg/char_eoshift_2.f90 -O3 -fomit-frame-pointer (test for excess errors)
WARNING: gfortran.dg/char_eoshift_2.f90 -O3 -fomit-frame-pointer compilation failed to produce executable
FAIL: gfortran.dg/char_eoshift_2.f90 -O3 -fomit-frame-pointer -funroll-loops (test for excess errors)
WARNING: gfortran.dg/char_eoshift_2.f90 -O3 -fomit-frame-pointer -funroll-loops compilation failed to produce executable
FAIL: gfortran.dg/char_eoshift_2.f90 -O3 -fomit-frame-pointer -funroll-all-loops -finline-functions (test for excess errors)
WARNING: gfortran.dg/char_eoshift_2.f90 -O3 -fomit-frame-pointer -funroll-all-loops -finline-functions compilation failed to produce executable
FAIL: gfortran.dg/char_eoshift_2.f90 -O3 -g (internal compiler error)
FAIL: gfortran.dg/char_eoshift_2.f90 -O3 -g (test for excess errors)
WARNING: gfortran.dg/char_eoshift_2.f90 -O3 -g compilation failed to produce executable
FAIL: gfortran.dg/char_eoshift_3.f90 -O3 -fomit-frame-pointer (internal compiler error)
FAIL: gfortran.dg/char_eoshift_3.f90 -O3 -fomit-frame-pointer (test for excess errors)
WARNING: gfortran.dg/char_eoshift_3.f90 -O3 -fomit-frame-pointer compilation failed to produce executable
FAIL: gfortran.dg/char_eoshift_3.f90 -O3 -g (internal compiler error)
FAIL: gfortran.dg/char_eoshift_3.f90 -O3 -g (test for excess errors)
WARNING: gfortran.dg/char_eoshift_3.f90 -O3 -g compilation failed to produce executable
FAIL: gfortran.dg/char_eoshift_4.f90 -O3 -fomit-frame-pointer -funroll-loops (internal compiler error)
FAIL: gfortran.dg/char_eoshift_4.f90 -O3 -fomit-frame-pointer -funroll-loops (test for excess errors)
WARNING: gfortran.dg/char_eoshift_4.f90 -O3 -fomit-frame-pointer -funroll-loops compilation failed to produce executable
FAIL: gfortran.dg/char_eoshift_4.f90 -O3 -fomit-frame-pointer -funroll-all-loops -finline-functions (internal compiler error)
FAIL: gfortran.dg/char_eoshift_4.f90 -O3 -fomit-frame-pointer -funroll-all-loops -finline-functions (test for excess errors)
WARNING: gfortran.dg/char_eoshift_4.f90 -O3 -fomit-frame-pointer -funroll-all-loops -finline-functions compilation failed to produce executable
XPASS: gfortran.dg/do_1.f90 -O0 execution test
XPASS: gfortran.dg/do_1.f90 -O1 execution test
FAIL: gfortran.dg/mapping_1.f90 -O3 -fomit-frame-pointer (internal compiler error)
FAIL: gfortran.dg/mapping_1.f90 -O3 -fomit-frame-pointer (test for excess errors)
WARNING: gfortran.dg/mapping_1.f90 -O3 -fomit-frame-pointer compilation failed to produce executable
FAIL: gfortran.dg/mapping_1.f90 -O3 -g (internal compiler error)
FAIL: gfortran.dg/mapping_1.f90 -O3 -g (test for excess errors)
WARNING: gfortran.dg/mapping_1.f90 -O3 -g compilation failed to produce executable
FAIL: gfortran.dg/pr45578.f90 -O3 -fomit-frame-pointer (internal compiler error)
FAIL: gfortran.dg/pr45578.f90 -O3 -fomit-frame-pointer (test for excess errors)
WARNING: gfortran.dg/pr45578.f90 -O3 -fomit-frame-pointer compilation failed to produce executable
FAIL: gfortran.dg/pr45578.f90 -O3 -fomit-frame-pointer -funroll-loops (internal compiler error)
FAIL: gfortran.dg/pr45578.f90 -O3 -fomit-frame-pointer -funroll-loops (test for excess errors)
WARNING: gfortran.dg/pr45578.f90 -O3 -fomit-frame-pointer -funroll-loops compilation failed to produce executable
FAIL: gfortran.dg/pr45578.f90 -O3 -fomit-frame-pointer -funroll-all-loops -finline-functions (internal compiler error)
FAIL: gfortran.dg/pr45578.f90 -O3 -fomit-frame-pointer -funroll-all-loops -finline-functions (test for excess errors)
WARNING: gfortran.dg/pr45578.f90 -O3 -fomit-frame-pointer -funroll-all-loops -finline-functions compilation failed to produce executable
FAIL: gfortran.dg/pr45578.f90 -O3 -g (internal compiler error)
FAIL: gfortran.dg/pr45578.f90 -O3 -g (test for excess errors)
WARNING: gfortran.dg/pr45578.f90 -O3 -g compilation failed to produce executable
FAIL: gfortran.dg/pr53217.f90 -O (internal compiler error)
FAIL: gfortran.dg/pr53217.f90 -O (test for excess errors)
FAIL: gfortran.dg/proc_decl_17.f90 -O3 -fomit-frame-pointer -funroll-loops (internal compiler error)
FAIL: gfortran.dg/proc_decl_17.f90 -O3 -fomit-frame-pointer -funroll-loops (test for excess errors)
WARNING: gfortran.dg/proc_decl_17.f90 -O3 -fomit-frame-pointer -funroll-loops compilation failed to produce executable
FAIL: gfortran.dg/proc_decl_17.f90 -O3 -fomit-frame-pointer -funroll-all-loops -finline-functions (internal compiler error)
FAIL: gfortran.dg/proc_decl_17.f90 -O3 -fomit-frame-pointer -funroll-all-loops -finline-functions (test for excess errors)
WARNING: gfortran.dg/proc_decl_17.f90 -O3 -fomit-frame-pointer -funroll-all-loops -finline-functions compilation failed to produce executable
FAIL: gfortran.dg/quad_2.f90 -O0 execution test
FAIL: gfortran.dg/quad_2.f90 -O1 execution test
FAIL: gfortran.dg/quad_2.f90 -O2 execution test
FAIL: gfortran.dg/quad_2.f90 -O3 -fomit-frame-pointer execution test
FAIL: gfortran.dg/quad_2.f90 -O3 -fomit-frame-pointer -funroll-loops execution test
FAIL: gfortran.dg/quad_2.f90 -O3 -fomit-frame-pointer -funroll-all-loops -finline-functions execution test
FAIL: gfortran.dg/quad_2.f90 -O3 -g execution test
FAIL: gfortran.dg/quad_2.f90 -Os execution test
FAIL: gfortran.dg/reassoc_4.f -O scan-tree-dump-times reassoc1 "[0-9] \\\\* " 22
FAIL: gfortran.dg/recursive_stack.f90 -O3 -fomit-frame-pointer -funroll-all-loops -finline-functions (internal compiler error)
FAIL: gfortran.dg/recursive_stack.f90 -O3 -fomit-frame-pointer -funroll-all-loops -finline-functions (test for excess errors)
WARNING: gfortran.dg/recursive_stack.f90 -O3 -fomit-frame-pointer -funroll-all-loops -finline-functions compilation failed to produce executable
FAIL: gfortran.dg/sms-1.f90 -O0 (internal compiler error)
FAIL: gfortran.dg/sms-1.f90 -O0 (test for excess errors)
WARNING: gfortran.dg/sms-1.f90 -O0 compilation failed to produce executable
FAIL: gfortran.dg/sms-1.f90 -O1 (internal compiler error)
FAIL: gfortran.dg/sms-1.f90 -O1 (test for excess errors)
WARNING: gfortran.dg/sms-1.f90 -O1 compilation failed to produce executable
FAIL: gfortran.dg/sms-1.f90 -O2 (internal compiler error)
FAIL: gfortran.dg/sms-1.f90 -O2 (test for excess errors)
WARNING: gfortran.dg/sms-1.f90 -O2 compilation failed to produce executable
FAIL: gfortran.dg/sms-1.f90 -O3 -fomit-frame-pointer (internal compiler error)
FAIL: gfortran.dg/sms-1.f90 -O3 -fomit-frame-pointer (test for excess errors)
WARNING: gfortran.dg/sms-1.f90 -O3 -fomit-frame-pointer compilation failed to produce executable
FAIL: gfortran.dg/sms-1.f90 -O3 -fomit-frame-pointer -funroll-loops execution test
FAIL: gfortran.dg/sms-1.f90 -O3 -fomit-frame-pointer -funroll-all-loops -finline-functions execution test
FAIL: gfortran.dg/sms-1.f90 -O3 -g (internal compiler error)
FAIL: gfortran.dg/sms-1.f90 -O3 -g (test for excess errors)
WARNING: gfortran.dg/sms-1.f90 -O3 -g compilation failed to produce executable
FAIL: gfortran.dg/sms-1.f90 -Os (internal compiler error)
FAIL: gfortran.dg/sms-1.f90 -Os (test for excess errors)
WARNING: gfortran.dg/sms-1.f90 -Os compilation failed to produce executable
FAIL: gfortran.dg/sms-2.f90 -O0 (internal compiler error)
FAIL: gfortran.dg/sms-2.f90 -O0 (test for excess errors)
WARNING: gfortran.dg/sms-2.f90 -O0 compilation failed to produce executable
FAIL: gfortran.dg/sms-2.f90 -O1 (internal compiler error)
FAIL: gfortran.dg/sms-2.f90 -O1 (test for excess errors)
WARNING: gfortran.dg/sms-2.f90 -O1 compilation failed to produce executable
FAIL: gfortran.dg/sms-2.f90 -O2 (internal compiler error)
FAIL: gfortran.dg/sms-2.f90 -O2 (test for excess errors)
WARNING: gfortran.dg/sms-2.f90 -O2 compilation failed to produce executable
FAIL: gfortran.dg/sms-2.f90 -O3 -fomit-frame-pointer (internal compiler error)
FAIL: gfortran.dg/sms-2.f90 -O3 -fomit-frame-pointer (test for excess errors)
WARNING: gfortran.dg/sms-2.f90 -O3 -fomit-frame-pointer compilation failed to produce executable
FAIL: gfortran.dg/sms-2.f90 -O3 -g (internal compiler error)
FAIL: gfortran.dg/sms-2.f90 -O3 -g (test for excess errors)
WARNING: gfortran.dg/sms-2.f90 -O3 -g compilation failed to produce executable
FAIL: gfortran.dg/sms-2.f90 -Os (internal compiler error)
FAIL: gfortran.dg/sms-2.f90 -Os (test for excess errors)
WARNING: gfortran.dg/sms-2.f90 -Os compilation failed to produce executable
FAIL: gfortran.dg/typebound_operator_18.f90 -O (test for excess errors)
FAIL: gfortran.dg/typebound_operator_9.f03 -O3 -fomit-frame-pointer (internal compiler error)
FAIL: gfortran.dg/typebound_operator_9.f03 -O3 -fomit-frame-pointer (test for excess errors)
WARNING: gfortran.dg/typebound_operator_9.f03 -O3 -fomit-frame-pointer compilation failed to produce executable
FAIL: gfortran.dg/typebound_operator_9.f03 -O3 -fomit-frame-pointer -funroll-loops (internal compiler error)
FAIL: gfortran.dg/typebound_operator_9.f03 -O3 -fomit-frame-pointer -funroll-loops (test for excess errors)
WARNING: gfortran.dg/typebound_operator_9.f03 -O3 -fomit-frame-pointer -funroll-loops compilation failed to produce executable
FAIL: gfortran.dg/typebound_operator_9.f03 -O3 -fomit-frame-pointer -funroll-all-loops -finline-functions (internal compiler error)
FAIL: gfortran.dg/typebound_operator_9.f03 -O3 -fomit-frame-pointer -funroll-all-loops -finline-functions (test for excess errors)
WARNING: gfortran.dg/typebound_operator_9.f03 -O3 -fomit-frame-pointer -funroll-all-loops -finline-functions compilation failed to produce executable
FAIL: gfortran.dg/typebound_operator_9.f03 -O3 -g (internal compiler error)
FAIL: gfortran.dg/typebound_operator_9.f03 -O3 -g (test for excess errors)
WARNING: gfortran.dg/typebound_operator_9.f03 -O3 -g compilation failed to produce executable
FAIL: gfortran.dg/unpack_mask_1.f90 -O3 -fomit-frame-pointer (internal compiler error)
FAIL: gfortran.dg/unpack_mask_1.f90 -O3 -fomit-frame-pointer (test for excess errors)
WARNING: gfortran.dg/unpack_mask_1.f90 -O3 -fomit-frame-pointer compilation failed to produce executable
FAIL: gfortran.dg/unpack_mask_1.f90 -O3 -fomit-frame-pointer -funroll-loops (internal compiler error)
FAIL: gfortran.dg/unpack_mask_1.f90 -O3 -fomit-frame-pointer -funroll-loops (test for excess errors)
WARNING: gfortran.dg/unpack_mask_1.f90 -O3 -fomit-frame-pointer -funroll-loops compilation failed to produce executable
FAIL: gfortran.dg/unpack_mask_1.f90 -O3 -fomit-frame-pointer -funroll-all-loops -finline-functions (internal compiler error)
FAIL: gfortran.dg/unpack_mask_1.f90 -O3 -fomit-frame-pointer -funroll-all-loops -finline-functions (test for excess errors)
WARNING: gfortran.dg/unpack_mask_1.f90 -O3 -fomit-frame-pointer -funroll-all-loops -finline-functions compilation failed to produce executable
FAIL: gfortran.dg/unpack_mask_1.f90 -O3 -g (internal compiler error)
FAIL: gfortran.dg/unpack_mask_1.f90 -O3 -g (test for excess errors)
WARNING: gfortran.dg/unpack_mask_1.f90 -O3 -g compilation failed to produce executable
WARNING: program timed out.
WARNING: program timed out.
FAIL: gfortran.fortran-torture/compile/pr39937.f, -O3 -g (internal compiler error)
=== gfortran Summary ===
# of expected passes 42269
# of unexpected failures 110
# of unexpected successes 2
# of expected failures 57
# of unsupported tests 76
/usr/local/gcc/gcc-20121202/Build/gcc/testsuite/gfortran/../../gfortran version 4.8.0 20121202 (experimental) [trunk revision 194049] (GCC)
=== gnat tests ===
Running target unix
=== gnat Summary ===
# of expected passes 1131
# of expected failures 17
# of unsupported tests 9
/usr/local/gcc/gcc-20121202/Build/gcc/gnatmake version 4.8.0 20121202 (experimental) [trunk revision 194049]
=== obj-c++ tests ===
Running target unix
=== obj-c++ Summary ===
# of expected passes 1442
# of expected failures 10
# of unsupported tests 86
/usr/local/gcc/gcc-20121202/Build/gcc/testsuite/obj-c++/../../xg++ version 4.8.0 20121202 (experimental) [trunk revision 194049] (GCC)
=== objc tests ===
Running target unix
=== objc Summary ===
# of expected passes 2992
# of unsupported tests 75
/usr/local/gcc/gcc-20121202/Build/gcc/xgcc version 4.8.0 20121202 (experimental) [trunk revision 194049] (GCC)
=== boehm-gc tests ===
Running target unix
=== boehm-gc Summary ===
# of expected passes 12
# of unsupported tests 1
=== libatomic tests ===
Running target unix
=== libatomic Summary ===
# of expected passes 34
# of unsupported tests 10
=== libffi tests ===
Running target unix
=== libffi Summary ===
# of expected passes 1659
# of unsupported tests 55
=== libgomp tests ===
Running target unix
FAIL: libgomp.c/omp-loop03.c execution test
FAIL: libgomp.c++/loop-3.C -O execution test
FAIL: libgomp.c++/reduction-4.C -O3 -fomit-frame-pointer (internal compiler error)
FAIL: libgomp.c++/reduction-4.C -O3 -fomit-frame-pointer (test for excess errors)
WARNING: libgomp.c++/reduction-4.C -O3 -fomit-frame-pointer compilation failed to produce executable
WARNING: program timed out.
FAIL: libgomp.c++/reduction-4.C -O3 -g (test for excess errors)
WARNING: libgomp.c++/reduction-4.C -O3 -g compilation failed to produce executable
=== libgomp Summary ===
# of expected passes 2926
# of unexpected failures 5
=== libjava tests ===
Running target unix
FAIL: getlocalvartable output
FAIL: N19990310_3 -O3 -findirect-dispatch compilation from source
FAIL: PR29495 -O3 -findirect-dispatch compilation from source
FAIL: StringBuffer_overflow -O3 -findirect-dispatch compilation from source
FAIL: String_overflow -O3 -findirect-dispatch compilation from source
FAIL: Throw_3 -O3 output - source compiled test
FAIL: Throw_3 -O3 -findirect-dispatch output - source compiled test
FAIL: err2 -O3 -findirect-dispatch compilation from source
FAIL: newarray_overflow -O3 -findirect-dispatch compilation from source
FAIL: sourcelocation output - source compiled test
FAIL: sourcelocation -findirect-dispatch output - source compiled test
FAIL: sourcelocation -O3 output - source compiled test
FAIL: sourcelocation -O3 -findirect-dispatch output - source compiled test
=== libjava Summary ===
# of expected passes 2561
# of unexpected failures 13
# of untested testcases 12
=== libmudflap tests ===
Running target unix
FAIL: libmudflap.c/fail17-frag.c (-static) (test for excess errors)
FAIL: libmudflap.c/fail23-frag.c (-static) (test for excess errors)
FAIL: libmudflap.c/fail25-frag.c (-static) (test for excess errors)
FAIL: libmudflap.c/fail4-frag.c (-static) (test for excess errors)
FAIL: libmudflap.c/fail5-frag.c (-static) (test for excess errors)
FAIL: libmudflap.c/fail6-frag.c (-static) (test for excess errors)
FAIL: libmudflap.c/fail7-frag.c (-static) (test for excess errors)
FAIL: libmudflap.c/fail8-frag.c (-static) (test for excess errors)
FAIL: libmudflap.c/fail9-frag.c (-static) (test for excess errors)
FAIL: libmudflap.c/heap-scalestress.c (-static) (test for excess errors)
FAIL: libmudflap.c/hook-allocstuff.c (-static) (test for excess errors)
FAIL: libmudflap.c/pass-stratcliff.c (-static) (test for excess errors)
FAIL: libmudflap.c/pass30-frag.c (-static) (test for excess errors)
FAIL: libmudflap.c/pass30-frag.c (-static) (test for excess errors)
FAIL: libmudflap.c/pass4-frag.c (-static) (test for excess errors)
FAIL: libmudflap.c/pass4-frag.c (-static) (test for excess errors)
FAIL: libmudflap.c/pass45-frag.c (-static) (test for excess errors)
FAIL: libmudflap.c/pass45-frag.c (-static) (test for excess errors)
FAIL: libmudflap.c/pass46-frag.c (-static) (test for excess errors)
FAIL: libmudflap.c/pass46-frag.c (-static) (test for excess errors)
FAIL: libmudflap.c/pass47-frag.c (-static) (test for excess errors)
FAIL: libmudflap.c/pass47-frag.c (-static) (test for excess errors)
FAIL: libmudflap.c/pass49-frag.c (-static) (test for excess errors)
FAIL: libmudflap.c/pass49-frag.c (-static) (test for excess errors)
FAIL: libmudflap.c/pass5-frag.c (-static) (test for excess errors)
FAIL: libmudflap.c/pass5-frag.c (-static) (test for excess errors)
FAIL: libmudflap.c/pass51-frag.c (-static) (test for excess errors)
FAIL: libmudflap.c/pass51-frag.c (-static) (test for excess errors)
FAIL: libmudflap.c/pass52-frag.c (-static) (test for excess errors)
FAIL: libmudflap.c/pass52-frag.c (-static) (test for excess errors)
FAIL: libmudflap.c/pass6-frag.c (-static) (test for excess errors)
FAIL: libmudflap.c/pass6-frag.c (-static) (test for excess errors)
FAIL: libmudflap.c/pass7-frag.c (-static) (test for excess errors)
FAIL: libmudflap.c/pass7-frag.c (-static) (test for excess errors)
FAIL: libmudflap.c/pass8-frag.c (-static) (test for excess errors)
FAIL: libmudflap.c/pass8-frag.c (-static) (test for excess errors)
FAIL: libmudflap.c/pass9-frag.c (-static) (test for excess errors)
FAIL: libmudflap.c/pass9-frag.c (-static) (test for excess errors)
FAIL: libmudflap.c/fail37-frag.c (-O2) crash test
FAIL: libmudflap.c/fail37-frag.c (-O2) output pattern test
FAIL: libmudflap.c/fail34-frag.c (-O3) (test for excess errors)
WARNING: libmudflap.c/fail34-frag.c (-O3) compilation failed to produce executable
FAIL: libmudflap.c/fail37-frag.c (-O3) crash test
FAIL: libmudflap.c/fail37-frag.c (-O3) output pattern test
FAIL: libmudflap.c/fail68-frag.c (-O3) (test for excess errors)
WARNING: libmudflap.c/fail68-frag.c (-O3) compilation failed to produce executable
FAIL: libmudflap.c/pass49-frag.c (-O3) (test for excess errors)
WARNING: libmudflap.c/pass49-frag.c (-O3) compilation failed to produce executable
FAIL: libmudflap.c/pass49-frag.c (-O3) (test for excess errors)
WARNING: libmudflap.c/pass49-frag.c (-O3) compilation failed to produce executable
FAIL: libmudflap.c++/fail24-frag.cxx (-static) (test for excess errors)
FAIL: libmudflap.c++/pass31-frag.cxx (-static) (test for excess errors)
FAIL: libmudflap.c++/pass41-frag.cxx (-static) execution test
FAIL: libmudflap.c++/pass55-frag.cxx (-static) execution test
FAIL: libmudflap.c++/pass41-frag.cxx ( -O) execution test
FAIL: libmudflap.c++/pass55-frag.cxx ( -O) execution test
FAIL: libmudflap.c++/pass41-frag.cxx (-O2) execution test
FAIL: libmudflap.c++/pass55-frag.cxx (-O2) execution test
FAIL: libmudflap.c++/pass41-frag.cxx (-O3) execution test
FAIL: libmudflap.c++/pass55-frag.cxx (-O3) execution test
FAIL: libmudflap.cth/pass37-frag.c (-static -DSTATIC) (test for excess errors)
FAIL: libmudflap.cth/pass39-frag.c (-static -DSTATIC) (test for excess errors)
FAIL: libmudflap.cth/pass40-frag.c (-static -DSTATIC) (test for excess errors)
FAIL: libmudflap.cth/pass59-frag.c (-static -DSTATIC) (test for excess errors)
=== libmudflap Summary ===
# of expected passes 1838
# of unexpected failures 60
=== libstdc++ tests ===
Running target unix
FAIL: libstdc++-abi/abi_check
=== libstdc++ Summary ===
# of expected passes 8914
# of unexpected failures 1
# of expected failures 43
# of unsupported tests 234
Compiler version: 4.8.0 20121202 (experimental) [trunk revision 194049] (GCC)
Platform: ia64-suse-linux-gnu
configure flags: --prefix=/usr --build=ia64-suse-linux --host=ia64-suse-linux --enable-checking=release --enable-shared --enable-threads --enable-__cxa_atexit --with-system-zlib CFLAGS='-O2 -g' CXXFLAGS='-O2 -g'
More information about the Gcc-testresults
mailing list