Results for 4.7.2 20120829 (prerelease) (GCC) testsuite on x86_64-unknown-linux-gnu (-m32)
Edoardo P.
ed0.88.prez@gmail.com
Thu Aug 30 19:21:00 GMT 2012
Native configuration is x86_64-unknown-linux-gnu
=== gcc tests ===
Running target unix/-m32
XPASS: gcc.dg/inline_3.c (test for excess errors)
XPASS: gcc.dg/inline_4.c (test for excess errors)
XPASS: gcc.dg/unroll_2.c (test for excess errors)
XPASS: gcc.dg/unroll_3.c (test for excess errors)
XPASS: gcc.dg/unroll_4.c (test for excess errors)
=== gcc Summary for unix/-m32 ===
# of expected passes 85729
# of unexpected successes 5
# of expected failures 262
# of unsupported tests 896
Running target unix/-m32/-ffast-math
FAIL: gcc.c-torture/execute/conversion.c execution, -O0
FAIL: gcc.c-torture/execute/conversion.c execution, -O1
FAIL: gcc.c-torture/execute/pr35456.c execution, -O0
FAIL: gcc.c-torture/execute/pr35456.c execution, -O1
FAIL: gcc.c-torture/execute/pr35456.c execution, -O2
FAIL: gcc.c-torture/execute/pr35456.c execution, -O3 -fomit-frame-pointer
FAIL: gcc.c-torture/execute/pr35456.c execution, -O3 -g
FAIL: gcc.c-torture/execute/pr35456.c execution, -Os
FAIL: gcc.c-torture/execute/pr35456.c execution, -O2 -flto
-fno-use-linker-plugin -flto-partition=none
FAIL: gcc.c-torture/execute/pr35456.c execution, -O2 -flto
-fuse-linker-plugin -fno-fat-lto-objects
FAIL: gcc.c-torture/execute/pr39228.c execution, -O0
FAIL: gcc.c-torture/execute/pr39228.c execution, -O1
FAIL: gcc.c-torture/execute/pr39228.c execution, -O2
FAIL: gcc.c-torture/execute/pr39228.c execution, -O3 -fomit-frame-pointer
FAIL: gcc.c-torture/execute/pr39228.c execution, -O3 -g
FAIL: gcc.c-torture/execute/pr39228.c execution, -Os
FAIL: gcc.c-torture/execute/pr39228.c execution, -O2 -flto
-fno-use-linker-plugin -flto-partition=none
FAIL: gcc.c-torture/execute/pr39228.c execution, -O2 -flto
-fuse-linker-plugin -fno-fat-lto-objects
FAIL: gcc.c-torture/execute/pr44683.c execution, -O1
FAIL: gcc.c-torture/execute/pr44683.c execution, -O2
FAIL: gcc.c-torture/execute/pr44683.c execution, -O3 -fomit-frame-pointer
FAIL: gcc.c-torture/execute/pr44683.c execution, -O3 -g
FAIL: gcc.c-torture/execute/pr44683.c execution, -Os
FAIL: gcc.c-torture/execute/pr44683.c execution, -O2 -flto
-fno-use-linker-plugin -flto-partition=none
FAIL: gcc.c-torture/execute/pr44683.c execution, -O2 -flto
-fuse-linker-plugin -fno-fat-lto-objects
FAIL: gcc.c-torture/execute/ieee/20030331-1.c execution, -O1
FAIL: gcc.c-torture/execute/ieee/20030331-1.c execution, -O2
FAIL: gcc.c-torture/execute/ieee/20030331-1.c execution, -O3
-fomit-frame-pointer
FAIL: gcc.c-torture/execute/ieee/20030331-1.c execution, -O3 -g
FAIL: gcc.c-torture/execute/ieee/20030331-1.c execution, -Os
FAIL: gcc.c-torture/execute/ieee/20030331-1.c execution, -O2 -flto
-fno-use-linker-plugin -flto-partition=none
FAIL: gcc.c-torture/execute/ieee/20030331-1.c execution, -O2 -flto
-fuse-linker-plugin -fno-fat-lto-objects
FAIL: gcc.c-torture/execute/ieee/920810-1.c execution, -O1
FAIL: gcc.c-torture/execute/ieee/920810-1.c execution, -O2
FAIL: gcc.c-torture/execute/ieee/920810-1.c execution, -O3
-fomit-frame-pointer
FAIL: gcc.c-torture/execute/ieee/920810-1.c execution, -O3 -g
FAIL: gcc.c-torture/execute/ieee/920810-1.c execution, -Os
FAIL: gcc.c-torture/execute/ieee/920810-1.c execution, -O2 -flto
-fno-use-linker-plugin -flto-partition=none
FAIL: gcc.c-torture/execute/ieee/980619-1.c execution, -O1
FAIL: gcc.c-torture/execute/ieee/980619-1.c execution, -O2
FAIL: gcc.c-torture/execute/ieee/980619-1.c execution, -O3
-fomit-frame-pointer
FAIL: gcc.c-torture/execute/ieee/980619-1.c execution, -O3
-fomit-frame-pointer -funroll-loops
FAIL: gcc.c-torture/execute/ieee/980619-1.c execution, -O3
-fomit-frame-pointer -funroll-all-loops -finline-functions
FAIL: gcc.c-torture/execute/ieee/980619-1.c execution, -O3 -g
FAIL: gcc.c-torture/execute/ieee/980619-1.c execution, -Os
FAIL: gcc.c-torture/execute/ieee/980619-1.c execution, -O2 -flto
-fno-use-linker-plugin -flto-partition=none
FAIL: gcc.c-torture/execute/ieee/980619-1.c execution, -O2 -flto
-fuse-linker-plugin -fno-fat-lto-objects
FAIL: gcc.c-torture/execute/ieee/acc1.c execution, -O2
FAIL: gcc.c-torture/execute/ieee/acc1.c execution, -O3 -fomit-frame-pointer
FAIL: gcc.c-torture/execute/ieee/acc1.c execution, -O3 -g
FAIL: gcc.c-torture/execute/ieee/acc1.c execution, -Os
FAIL: gcc.c-torture/execute/ieee/acc1.c execution, -O2 -flto
-fno-use-linker-plugin -flto-partition=none
FAIL: gcc.c-torture/execute/ieee/acc1.c execution, -O2 -flto
-fuse-linker-plugin -fno-fat-lto-objects
FAIL: gcc.c-torture/execute/ieee/acc2.c execution, -O2
FAIL: gcc.c-torture/execute/ieee/acc2.c execution, -O3 -fomit-frame-pointer
FAIL: gcc.c-torture/execute/ieee/acc2.c execution, -O3 -g
FAIL: gcc.c-torture/execute/ieee/acc2.c execution, -Os
FAIL: gcc.c-torture/execute/ieee/acc2.c execution, -O2 -flto
-fno-use-linker-plugin -flto-partition=none
FAIL: gcc.c-torture/execute/ieee/acc2.c execution, -O2 -flto
-fuse-linker-plugin -fno-fat-lto-objects
FAIL: gcc.c-torture/execute/ieee/compare-fp-1.c execution, -O0
FAIL: gcc.c-torture/execute/ieee/compare-fp-1.c execution, -O1
FAIL: gcc.c-torture/execute/ieee/compare-fp-1.c execution, -O2
FAIL: gcc.c-torture/execute/ieee/compare-fp-1.c execution, -O3
-fomit-frame-pointer
FAIL: gcc.c-torture/execute/ieee/compare-fp-1.c execution, -O3 -g
FAIL: gcc.c-torture/execute/ieee/compare-fp-1.c execution, -Os
FAIL: gcc.c-torture/execute/ieee/compare-fp-1.c execution, -O2 -flto
-fno-use-linker-plugin -flto-partition=none
FAIL: gcc.c-torture/execute/ieee/compare-fp-1.c execution, -O2 -flto
-fuse-linker-plugin -fno-fat-lto-objects
FAIL: gcc.c-torture/execute/ieee/compare-fp-4.c execution, -O0
FAIL: gcc.c-torture/execute/ieee/compare-fp-4.c execution, -O1
FAIL: gcc.c-torture/execute/ieee/compare-fp-4.c execution, -O2
FAIL: gcc.c-torture/execute/ieee/compare-fp-4.c execution, -O3
-fomit-frame-pointer
FAIL: gcc.c-torture/execute/ieee/compare-fp-4.c execution, -O3 -g
FAIL: gcc.c-torture/execute/ieee/compare-fp-4.c execution, -Os
FAIL: gcc.c-torture/execute/ieee/compare-fp-4.c execution, -O2 -flto
-fno-use-linker-plugin -flto-partition=none
FAIL: gcc.c-torture/execute/ieee/compare-fp-4.c execution, -O2 -flto
-fuse-linker-plugin -fno-fat-lto-objects
FAIL: gcc.c-torture/execute/ieee/copysign2.c execution, -O1
FAIL: gcc.c-torture/execute/ieee/copysign2.c execution, -O2
FAIL: gcc.c-torture/execute/ieee/copysign2.c execution, -O3
-fomit-frame-pointer
FAIL: gcc.c-torture/execute/ieee/copysign2.c execution, -O3
-fomit-frame-pointer -funroll-loops
FAIL: gcc.c-torture/execute/ieee/copysign2.c execution, -O3
-fomit-frame-pointer -funroll-all-loops -finline-functions
FAIL: gcc.c-torture/execute/ieee/copysign2.c execution, -O3 -g
FAIL: gcc.c-torture/execute/ieee/copysign2.c execution, -Os
FAIL: gcc.c-torture/execute/ieee/copysign2.c execution, -O2 -flto
-fno-use-linker-plugin -flto-partition=none
FAIL: gcc.c-torture/execute/ieee/copysign2.c execution, -O2 -flto
-fuse-linker-plugin -fno-fat-lto-objects
FAIL: gcc.c-torture/execute/ieee/fp-cmp-1.c execution, -O0
FAIL: gcc.c-torture/execute/ieee/fp-cmp-1.c execution, -O1
FAIL: gcc.c-torture/execute/ieee/fp-cmp-1.c execution, -O2
FAIL: gcc.c-torture/execute/ieee/fp-cmp-1.c execution, -O3
-fomit-frame-pointer
FAIL: gcc.c-torture/execute/ieee/fp-cmp-1.c execution, -O3
-fomit-frame-pointer -funroll-loops
FAIL: gcc.c-torture/execute/ieee/fp-cmp-1.c execution, -O3
-fomit-frame-pointer -funroll-all-loops -finline-functions
FAIL: gcc.c-torture/execute/ieee/fp-cmp-1.c execution, -O3 -g
FAIL: gcc.c-torture/execute/ieee/fp-cmp-1.c execution, -Os
FAIL: gcc.c-torture/execute/ieee/fp-cmp-1.c execution, -O2 -flto
-fno-use-linker-plugin -flto-partition=none
FAIL: gcc.c-torture/execute/ieee/fp-cmp-1.c execution, -O2 -flto
-fuse-linker-plugin -fno-fat-lto-objects
FAIL: gcc.c-torture/execute/ieee/fp-cmp-2.c execution, -O0
FAIL: gcc.c-torture/execute/ieee/fp-cmp-2.c execution, -O1
FAIL: gcc.c-torture/execute/ieee/fp-cmp-2.c execution, -O2
FAIL: gcc.c-torture/execute/ieee/fp-cmp-2.c execution, -O3
-fomit-frame-pointer
FAIL: gcc.c-torture/execute/ieee/fp-cmp-2.c execution, -O3
-fomit-frame-pointer -funroll-loops
FAIL: gcc.c-torture/execute/ieee/fp-cmp-2.c execution, -O3
-fomit-frame-pointer -funroll-all-loops -finline-functions
FAIL: gcc.c-torture/execute/ieee/fp-cmp-2.c execution, -O3 -g
FAIL: gcc.c-torture/execute/ieee/fp-cmp-2.c execution, -Os
FAIL: gcc.c-torture/execute/ieee/fp-cmp-2.c execution, -O2 -flto
-fno-use-linker-plugin -flto-partition=none
FAIL: gcc.c-torture/execute/ieee/fp-cmp-2.c execution, -O2 -flto
-fuse-linker-plugin -fno-fat-lto-objects
FAIL: gcc.c-torture/execute/ieee/fp-cmp-3.c execution, -O0
FAIL: gcc.c-torture/execute/ieee/fp-cmp-3.c execution, -O1
FAIL: gcc.c-torture/execute/ieee/fp-cmp-3.c execution, -O2
FAIL: gcc.c-torture/execute/ieee/fp-cmp-3.c execution, -O3
-fomit-frame-pointer
FAIL: gcc.c-torture/execute/ieee/fp-cmp-3.c execution, -O3
-fomit-frame-pointer -funroll-loops
FAIL: gcc.c-torture/execute/ieee/fp-cmp-3.c execution, -O3
-fomit-frame-pointer -funroll-all-loops -finline-functions
FAIL: gcc.c-torture/execute/ieee/fp-cmp-3.c execution, -O3 -g
FAIL: gcc.c-torture/execute/ieee/fp-cmp-3.c execution, -Os
FAIL: gcc.c-torture/execute/ieee/fp-cmp-3.c execution, -O2 -flto
-fno-use-linker-plugin -flto-partition=none
FAIL: gcc.c-torture/execute/ieee/fp-cmp-3.c execution, -O2 -flto
-fuse-linker-plugin -fno-fat-lto-objects
FAIL: gcc.c-torture/execute/ieee/fp-cmp-4.c execution, -O0
FAIL: gcc.c-torture/execute/ieee/fp-cmp-4.c execution, -O1
FAIL: gcc.c-torture/execute/ieee/fp-cmp-4.c execution, -O2
FAIL: gcc.c-torture/execute/ieee/fp-cmp-4.c execution, -O3
-fomit-frame-pointer
FAIL: gcc.c-torture/execute/ieee/fp-cmp-4.c execution, -O3
-fomit-frame-pointer -funroll-loops
FAIL: gcc.c-torture/execute/ieee/fp-cmp-4.c execution, -O3
-fomit-frame-pointer -funroll-all-loops -finline-functions
FAIL: gcc.c-torture/execute/ieee/fp-cmp-4.c execution, -O3 -g
FAIL: gcc.c-torture/execute/ieee/fp-cmp-4.c execution, -Os
FAIL: gcc.c-torture/execute/ieee/fp-cmp-4.c execution, -O2 -flto
-fno-use-linker-plugin -flto-partition=none
FAIL: gcc.c-torture/execute/ieee/fp-cmp-4.c execution, -O2 -flto
-fuse-linker-plugin -fno-fat-lto-objects
FAIL: gcc.c-torture/execute/ieee/fp-cmp-4f.c execution, -O0
FAIL: gcc.c-torture/execute/ieee/fp-cmp-4f.c execution, -O1
FAIL: gcc.c-torture/execute/ieee/fp-cmp-4f.c execution, -O2
FAIL: gcc.c-torture/execute/ieee/fp-cmp-4f.c execution, -O3
-fomit-frame-pointer
FAIL: gcc.c-torture/execute/ieee/fp-cmp-4f.c execution, -O3 -g
FAIL: gcc.c-torture/execute/ieee/fp-cmp-4f.c execution, -Os
FAIL: gcc.c-torture/execute/ieee/fp-cmp-4f.c execution, -O2 -flto
-fno-use-linker-plugin -flto-partition=none
FAIL: gcc.c-torture/execute/ieee/fp-cmp-4f.c execution, -O2 -flto
-fuse-linker-plugin -fno-fat-lto-objects
FAIL: gcc.c-torture/execute/ieee/fp-cmp-4l.c execution, -O0
FAIL: gcc.c-torture/execute/ieee/fp-cmp-4l.c execution, -O1
FAIL: gcc.c-torture/execute/ieee/fp-cmp-4l.c execution, -O2
FAIL: gcc.c-torture/execute/ieee/fp-cmp-4l.c execution, -O3
-fomit-frame-pointer
FAIL: gcc.c-torture/execute/ieee/fp-cmp-4l.c execution, -O3 -g
FAIL: gcc.c-torture/execute/ieee/fp-cmp-4l.c execution, -Os
FAIL: gcc.c-torture/execute/ieee/fp-cmp-4l.c execution, -O2 -flto
-fno-use-linker-plugin -flto-partition=none
FAIL: gcc.c-torture/execute/ieee/fp-cmp-4l.c execution, -O2 -flto
-fuse-linker-plugin -fno-fat-lto-objects
FAIL: gcc.c-torture/execute/ieee/fp-cmp-5.c execution, -O0
FAIL: gcc.c-torture/execute/ieee/fp-cmp-5.c execution, -O1
FAIL: gcc.c-torture/execute/ieee/fp-cmp-5.c execution, -O2
FAIL: gcc.c-torture/execute/ieee/fp-cmp-5.c execution, -O3
-fomit-frame-pointer
FAIL: gcc.c-torture/execute/ieee/fp-cmp-5.c execution, -O3
-fomit-frame-pointer -funroll-loops
FAIL: gcc.c-torture/execute/ieee/fp-cmp-5.c execution, -O3
-fomit-frame-pointer -funroll-all-loops -finline-functions
FAIL: gcc.c-torture/execute/ieee/fp-cmp-5.c execution, -O3 -g
FAIL: gcc.c-torture/execute/ieee/fp-cmp-5.c execution, -Os
FAIL: gcc.c-torture/execute/ieee/fp-cmp-5.c execution, -O2 -flto
-fno-use-linker-plugin -flto-partition=none
FAIL: gcc.c-torture/execute/ieee/fp-cmp-5.c execution, -O2 -flto
-fuse-linker-plugin -fno-fat-lto-objects
FAIL: gcc.c-torture/execute/ieee/fp-cmp-6.c execution, -O0
FAIL: gcc.c-torture/execute/ieee/fp-cmp-8.c execution, -O0
FAIL: gcc.c-torture/execute/ieee/fp-cmp-8.c execution, -O1
FAIL: gcc.c-torture/execute/ieee/fp-cmp-8.c execution, -O2
FAIL: gcc.c-torture/execute/ieee/fp-cmp-8.c execution, -O3
-fomit-frame-pointer
FAIL: gcc.c-torture/execute/ieee/fp-cmp-8.c execution, -O3
-fomit-frame-pointer -funroll-loops
FAIL: gcc.c-torture/execute/ieee/fp-cmp-8.c execution, -O3
-fomit-frame-pointer -funroll-all-loops -finline-functions
FAIL: gcc.c-torture/execute/ieee/fp-cmp-8.c execution, -O3 -g
FAIL: gcc.c-torture/execute/ieee/fp-cmp-8.c execution, -Os
FAIL: gcc.c-torture/execute/ieee/fp-cmp-8.c execution, -O2 -flto
-fno-use-linker-plugin -flto-partition=none
FAIL: gcc.c-torture/execute/ieee/fp-cmp-8.c execution, -O2 -flto
-fuse-linker-plugin -fno-fat-lto-objects
FAIL: gcc.c-torture/execute/ieee/fp-cmp-8f.c execution, -O0
FAIL: gcc.c-torture/execute/ieee/fp-cmp-8f.c execution, -O1
FAIL: gcc.c-torture/execute/ieee/fp-cmp-8f.c execution, -O2
FAIL: gcc.c-torture/execute/ieee/fp-cmp-8f.c execution, -O3
-fomit-frame-pointer
FAIL: gcc.c-torture/execute/ieee/fp-cmp-8f.c execution, -O3 -g
FAIL: gcc.c-torture/execute/ieee/fp-cmp-8f.c execution, -Os
FAIL: gcc.c-torture/execute/ieee/fp-cmp-8f.c execution, -O2 -flto
-fno-use-linker-plugin -flto-partition=none
FAIL: gcc.c-torture/execute/ieee/fp-cmp-8f.c execution, -O2 -flto
-fuse-linker-plugin -fno-fat-lto-objects
FAIL: gcc.c-torture/execute/ieee/fp-cmp-8l.c execution, -O0
FAIL: gcc.c-torture/execute/ieee/fp-cmp-8l.c execution, -O1
FAIL: gcc.c-torture/execute/ieee/fp-cmp-8l.c execution, -O2
FAIL: gcc.c-torture/execute/ieee/fp-cmp-8l.c execution, -O3
-fomit-frame-pointer
FAIL: gcc.c-torture/execute/ieee/fp-cmp-8l.c execution, -O3 -g
FAIL: gcc.c-torture/execute/ieee/fp-cmp-8l.c execution, -Os
FAIL: gcc.c-torture/execute/ieee/fp-cmp-8l.c execution, -O2 -flto
-fno-use-linker-plugin -flto-partition=none
FAIL: gcc.c-torture/execute/ieee/fp-cmp-8l.c execution, -O2 -flto
-fuse-linker-plugin -fno-fat-lto-objects
FAIL: gcc.c-torture/execute/ieee/minuszero.c execution, -O1
FAIL: gcc.c-torture/execute/ieee/minuszero.c execution, -O2
FAIL: gcc.c-torture/execute/ieee/minuszero.c execution, -O3
-fomit-frame-pointer
FAIL: gcc.c-torture/execute/ieee/minuszero.c execution, -O3
-fomit-frame-pointer -funroll-loops
FAIL: gcc.c-torture/execute/ieee/minuszero.c execution, -O3
-fomit-frame-pointer -funroll-all-loops -finline-functions
FAIL: gcc.c-torture/execute/ieee/minuszero.c execution, -O3 -g
FAIL: gcc.c-torture/execute/ieee/minuszero.c execution, -Os
FAIL: gcc.c-torture/execute/ieee/minuszero.c execution, -O2 -flto
-fno-use-linker-plugin -flto-partition=none
FAIL: gcc.c-torture/execute/ieee/minuszero.c execution, -O2 -flto
-fuse-linker-plugin -fno-fat-lto-objects
FAIL: gcc.c-torture/execute/ieee/mzero2.c execution, -O0
FAIL: gcc.c-torture/execute/ieee/mzero2.c execution, -O1
FAIL: gcc.c-torture/execute/ieee/mzero2.c execution, -O2
FAIL: gcc.c-torture/execute/ieee/mzero2.c execution, -O3 -fomit-frame-pointer
FAIL: gcc.c-torture/execute/ieee/mzero2.c execution, -O3 -g
FAIL: gcc.c-torture/execute/ieee/mzero2.c execution, -Os
FAIL: gcc.c-torture/execute/ieee/mzero2.c execution, -O2 -flto
-fno-use-linker-plugin -flto-partition=none
FAIL: gcc.c-torture/execute/ieee/mzero2.c execution, -O2 -flto
-fuse-linker-plugin -fno-fat-lto-objects
FAIL: gcc.c-torture/execute/ieee/mzero3.c execution, -O2 -flto
-fuse-linker-plugin -fno-fat-lto-objects
FAIL: gcc.c-torture/execute/ieee/mzero5.c execution, -O1
FAIL: gcc.c-torture/execute/ieee/mzero5.c execution, -O2
FAIL: gcc.c-torture/execute/ieee/mzero5.c execution, -O3 -fomit-frame-pointer
FAIL: gcc.c-torture/execute/ieee/mzero5.c execution, -O3 -g
FAIL: gcc.c-torture/execute/ieee/mzero5.c execution, -Os
FAIL: gcc.c-torture/execute/ieee/mzero5.c execution, -O2 -flto
-fno-use-linker-plugin -flto-partition=none
FAIL: gcc.c-torture/execute/ieee/mzero5.c execution, -O2 -flto
-fuse-linker-plugin -fno-fat-lto-objects
FAIL: gcc.c-torture/execute/ieee/mzero6.c execution, -O2
FAIL: gcc.c-torture/execute/ieee/mzero6.c execution, -O3 -fomit-frame-pointer
FAIL: gcc.c-torture/execute/ieee/mzero6.c execution, -O3
-fomit-frame-pointer -funroll-loops
FAIL: gcc.c-torture/execute/ieee/mzero6.c execution, -O3
-fomit-frame-pointer -funroll-all-loops -finline-functions
FAIL: gcc.c-torture/execute/ieee/mzero6.c execution, -O3 -g
FAIL: gcc.c-torture/execute/ieee/mzero6.c execution, -Os
FAIL: gcc.c-torture/execute/ieee/mzero6.c execution, -O2 -flto
-fno-use-linker-plugin -flto-partition=none
FAIL: gcc.c-torture/execute/ieee/mzero6.c execution, -O2 -flto
-fuse-linker-plugin -fno-fat-lto-objects
FAIL: gcc.c-torture/execute/ieee/pr38016.c execution, -O0
FAIL: gcc.c-torture/execute/ieee/pr38016.c execution, -O1
FAIL: gcc.c-torture/execute/ieee/pr38016.c execution, -O2
FAIL: gcc.c-torture/execute/ieee/pr38016.c execution, -O3 -fomit-frame-pointer
FAIL: gcc.c-torture/execute/ieee/pr38016.c execution, -O3 -g
FAIL: gcc.c-torture/execute/ieee/pr38016.c execution, -Os
FAIL: gcc.c-torture/execute/ieee/pr38016.c execution, -O2 -flto
-fno-use-linker-plugin -flto-partition=none
FAIL: gcc.c-torture/execute/ieee/pr38016.c execution, -O2 -flto
-fuse-linker-plugin -fno-fat-lto-objects
FAIL: gcc.c-torture/execute/ieee/pr50310.c execution, -O0
FAIL: gcc.c-torture/execute/ieee/pr50310.c execution, -O1
FAIL: gcc.c-torture/execute/ieee/pr50310.c execution, -O2
FAIL: gcc.c-torture/execute/ieee/pr50310.c execution, -O3 -fomit-frame-pointer
FAIL: gcc.c-torture/execute/ieee/pr50310.c execution, -O3
-fomit-frame-pointer -funroll-loops
FAIL: gcc.c-torture/execute/ieee/pr50310.c execution, -O3
-fomit-frame-pointer -funroll-all-loops -finline-functions
FAIL: gcc.c-torture/execute/ieee/pr50310.c execution, -O3 -g
FAIL: gcc.c-torture/execute/ieee/pr50310.c execution, -Os
FAIL: gcc.c-torture/execute/ieee/pr50310.c execution, -O2 -flto
-fno-use-linker-plugin -flto-partition=none
FAIL: gcc.c-torture/execute/ieee/pr50310.c execution, -O2 -flto
-fuse-linker-plugin -fno-fat-lto-objects
FAIL: gcc.dg/autopar/reduc-6.c scan-tree-dump-times parloops "Detected
reduction" 0
FAIL: gcc.dg/autopar/reduc-6.c scan-tree-dump-times parloops "SUCCESS:
may be parallelized" 1
FAIL: gcc.dg/autopar/reduc-6.c scan-tree-dump-times parloops "FAILED:
it is not a part of reduction" 3
FAIL: c-c++-common/dfp/compare-rel-const.c (test for excess errors)
UNRESOLVED: c-c++-common/dfp/compare-rel-const.c compilation failed to
produce executable
FAIL: c-c++-common/dfp/convert-bfp-3.c execution test
FAIL: c-c++-common/dfp/convert-bfp-4.c execution test
FAIL: c-c++-common/dfp/convert-bfp-5.c execution test
FAIL: c-c++-common/dfp/convert-bfp-7.c execution test
FAIL: c-c++-common/dfp/inf-1.c execution test
FAIL: c-c++-common/dfp/nan-1.c execution test
FAIL: c-c++-common/dfp/nan-2.c execution test
FAIL: gcc.dg/builtins-43.c scan-tree-dump-times optimized "link_error" 0
FAIL: gcc.dg/builtins-44.c scan-tree-dump-times optimized "link_error" 0
FAIL: gcc.dg/builtins-45.c scan-tree-dump-times optimized "link_error" 0
FAIL: gcc.dg/c99-const-expr-13.c (test for excess errors)
FAIL: gcc.dg/cdce1.c scan-tree-dump cdce "cdce1.c:16: note: function
call is shrink-wrapped into error conditions."
FAIL: gcc.dg/cdce2.c scan-tree-dump cdce "cdce2.c:16: note: function
call is shrink-wrapped into error conditions."
FAIL: gcc.dg/errno-1.c scan-assembler do_not_optimize_away
FAIL: gcc.dg/fold-overflow-1.c scan-assembler-times 2139095040 2
XPASS: gcc.dg/inline_3.c (test for excess errors)
XPASS: gcc.dg/inline_4.c (test for excess errors)
FAIL: gcc.dg/pr15784-3.c scan-tree-dump-times gimple "ABS_EXPR" 1
FAIL: gcc.dg/pr20922-5.c scan-tree-dump-times gimple " = 0" 0
FAIL: gcc.dg/pr28796-2.c execution test
FAIL: gcc.dg/pr30360.c execution test
FAIL: gcc.dg/pr33007.c (test for warnings, line 1)
FAIL: gcc.dg/pr43419.c execution test
FAIL: gcc.dg/unordered-3.c (test for excess errors)
XPASS: gcc.dg/unroll_2.c (test for excess errors)
XPASS: gcc.dg/unroll_3.c (test for excess errors)
XPASS: gcc.dg/unroll_4.c (test for excess errors)
FAIL: c-c++-common/torture/complex-sign-add.c -O0 execution test
FAIL: c-c++-common/torture/complex-sign-add.c -O1 execution test
FAIL: c-c++-common/torture/complex-sign-add.c -O2 execution test
FAIL: c-c++-common/torture/complex-sign-add.c -O3
-fomit-frame-pointer execution test
FAIL: c-c++-common/torture/complex-sign-add.c -O3
-fomit-frame-pointer -funroll-loops execution test
FAIL: c-c++-common/torture/complex-sign-add.c -O3
-fomit-frame-pointer -funroll-all-loops -finline-functions execution
test
FAIL: c-c++-common/torture/complex-sign-add.c -O3 -g execution test
FAIL: c-c++-common/torture/complex-sign-add.c -Os execution test
FAIL: c-c++-common/torture/complex-sign-add.c -O2 -flto
-fno-use-linker-plugin -flto-partition=none execution test
FAIL: c-c++-common/torture/complex-sign-add.c -O2 -flto
-fuse-linker-plugin -fno-fat-lto-objects execution test
FAIL: c-c++-common/torture/complex-sign-mixed-add.c -O0 execution test
FAIL: c-c++-common/torture/complex-sign-mixed-add.c -O1 execution test
FAIL: c-c++-common/torture/complex-sign-mixed-add.c -O2 execution test
FAIL: c-c++-common/torture/complex-sign-mixed-add.c -O3
-fomit-frame-pointer execution test
FAIL: c-c++-common/torture/complex-sign-mixed-add.c -O3
-fomit-frame-pointer -funroll-loops execution test
FAIL: c-c++-common/torture/complex-sign-mixed-add.c -O3
-fomit-frame-pointer -funroll-all-loops -finline-functions execution
test
FAIL: c-c++-common/torture/complex-sign-mixed-add.c -O3 -g execution test
FAIL: c-c++-common/torture/complex-sign-mixed-add.c -Os execution test
FAIL: c-c++-common/torture/complex-sign-mixed-add.c -O2 -flto
-fno-use-linker-plugin -flto-partition=none execution test
FAIL: c-c++-common/torture/complex-sign-mixed-add.c -O2 -flto
-fuse-linker-plugin -fno-fat-lto-objects execution test
FAIL: c-c++-common/torture/complex-sign-mixed-div.c -O0 execution test
FAIL: c-c++-common/torture/complex-sign-mixed-div.c -O1 execution test
FAIL: c-c++-common/torture/complex-sign-mixed-div.c -O2 execution test
FAIL: c-c++-common/torture/complex-sign-mixed-div.c -O3
-fomit-frame-pointer execution test
FAIL: c-c++-common/torture/complex-sign-mixed-div.c -O3
-fomit-frame-pointer -funroll-loops execution test
FAIL: c-c++-common/torture/complex-sign-mixed-div.c -O3
-fomit-frame-pointer -funroll-all-loops -finline-functions execution
test
FAIL: c-c++-common/torture/complex-sign-mixed-div.c -O3 -g execution test
FAIL: c-c++-common/torture/complex-sign-mixed-div.c -Os execution test
FAIL: c-c++-common/torture/complex-sign-mixed-div.c -O2 -flto
-fno-use-linker-plugin -flto-partition=none execution test
FAIL: c-c++-common/torture/complex-sign-mixed-div.c -O2 -flto
-fuse-linker-plugin -fno-fat-lto-objects execution test
FAIL: c-c++-common/torture/complex-sign-mixed-mul.c -O0 execution test
FAIL: c-c++-common/torture/complex-sign-mixed-mul.c -O1 execution test
FAIL: c-c++-common/torture/complex-sign-mixed-mul.c -O2 execution test
FAIL: c-c++-common/torture/complex-sign-mixed-mul.c -O3
-fomit-frame-pointer execution test
FAIL: c-c++-common/torture/complex-sign-mixed-mul.c -O3
-fomit-frame-pointer -funroll-loops execution test
FAIL: c-c++-common/torture/complex-sign-mixed-mul.c -O3
-fomit-frame-pointer -funroll-all-loops -finline-functions execution
test
FAIL: c-c++-common/torture/complex-sign-mixed-mul.c -O3 -g execution test
FAIL: c-c++-common/torture/complex-sign-mixed-mul.c -Os execution test
FAIL: c-c++-common/torture/complex-sign-mixed-mul.c -O2 -flto
-fno-use-linker-plugin -flto-partition=none execution test
FAIL: c-c++-common/torture/complex-sign-mixed-mul.c -O2 -flto
-fuse-linker-plugin -fno-fat-lto-objects execution test
FAIL: c-c++-common/torture/complex-sign-mixed-sub.c -O0 execution test
FAIL: c-c++-common/torture/complex-sign-mixed-sub.c -O1 execution test
FAIL: c-c++-common/torture/complex-sign-mixed-sub.c -O2 execution test
FAIL: c-c++-common/torture/complex-sign-mixed-sub.c -O3
-fomit-frame-pointer execution test
FAIL: c-c++-common/torture/complex-sign-mixed-sub.c -O3
-fomit-frame-pointer -funroll-loops execution test
FAIL: c-c++-common/torture/complex-sign-mixed-sub.c -O3
-fomit-frame-pointer -funroll-all-loops -finline-functions execution
test
FAIL: c-c++-common/torture/complex-sign-mixed-sub.c -O3 -g execution test
FAIL: c-c++-common/torture/complex-sign-mixed-sub.c -Os execution test
FAIL: c-c++-common/torture/complex-sign-mixed-sub.c -O2 -flto
-fno-use-linker-plugin -flto-partition=none execution test
FAIL: c-c++-common/torture/complex-sign-mixed-sub.c -O2 -flto
-fuse-linker-plugin -fno-fat-lto-objects execution test
FAIL: c-c++-common/torture/complex-sign-mul-minus-one.c -O0 execution test
FAIL: c-c++-common/torture/complex-sign-mul-minus-one.c -O1 execution test
FAIL: c-c++-common/torture/complex-sign-mul-minus-one.c -O2 execution test
FAIL: c-c++-common/torture/complex-sign-mul-minus-one.c -O3
-fomit-frame-pointer execution test
FAIL: c-c++-common/torture/complex-sign-mul-minus-one.c -O3
-fomit-frame-pointer -funroll-loops execution test
FAIL: c-c++-common/torture/complex-sign-mul-minus-one.c -O3
-fomit-frame-pointer -funroll-all-loops -finline-functions execution
test
FAIL: c-c++-common/torture/complex-sign-mul-minus-one.c -O3 -g execution test
FAIL: c-c++-common/torture/complex-sign-mul-minus-one.c -Os execution test
FAIL: c-c++-common/torture/complex-sign-mul-minus-one.c -O2 -flto
-fno-use-linker-plugin -flto-partition=none execution test
FAIL: c-c++-common/torture/complex-sign-mul-minus-one.c -O2 -flto
-fuse-linker-plugin -fno-fat-lto-objects execution test
FAIL: c-c++-common/torture/complex-sign-mul-one.c -O0 execution test
FAIL: c-c++-common/torture/complex-sign-mul-one.c -O1 execution test
FAIL: c-c++-common/torture/complex-sign-mul-one.c -O2 execution test
FAIL: c-c++-common/torture/complex-sign-mul-one.c -O3
-fomit-frame-pointer execution test
FAIL: c-c++-common/torture/complex-sign-mul-one.c -O3
-fomit-frame-pointer -funroll-loops execution test
FAIL: c-c++-common/torture/complex-sign-mul-one.c -O3
-fomit-frame-pointer -funroll-all-loops -finline-functions execution
test
FAIL: c-c++-common/torture/complex-sign-mul-one.c -O3 -g execution test
FAIL: c-c++-common/torture/complex-sign-mul-one.c -Os execution test
FAIL: c-c++-common/torture/complex-sign-mul-one.c -O2 -flto
-fno-use-linker-plugin -flto-partition=none execution test
FAIL: c-c++-common/torture/complex-sign-mul-one.c -O2 -flto
-fuse-linker-plugin -fno-fat-lto-objects execution test
FAIL: c-c++-common/torture/complex-sign-mul.c -O0 execution test
FAIL: c-c++-common/torture/complex-sign-mul.c -O1 execution test
FAIL: c-c++-common/torture/complex-sign-mul.c -O2 execution test
FAIL: c-c++-common/torture/complex-sign-mul.c -O3
-fomit-frame-pointer execution test
FAIL: c-c++-common/torture/complex-sign-mul.c -O3
-fomit-frame-pointer -funroll-loops execution test
FAIL: c-c++-common/torture/complex-sign-mul.c -O3
-fomit-frame-pointer -funroll-all-loops -finline-functions execution
test
FAIL: c-c++-common/torture/complex-sign-mul.c -O3 -g execution test
FAIL: c-c++-common/torture/complex-sign-mul.c -Os execution test
FAIL: c-c++-common/torture/complex-sign-mul.c -O2 -flto
-fno-use-linker-plugin -flto-partition=none execution test
FAIL: c-c++-common/torture/complex-sign-mul.c -O2 -flto
-fuse-linker-plugin -fno-fat-lto-objects execution test
FAIL: c-c++-common/torture/complex-sign-sub.c -O0 execution test
FAIL: c-c++-common/torture/complex-sign-sub.c -O1 execution test
FAIL: c-c++-common/torture/complex-sign-sub.c -O2 execution test
FAIL: c-c++-common/torture/complex-sign-sub.c -O3
-fomit-frame-pointer execution test
FAIL: c-c++-common/torture/complex-sign-sub.c -O3
-fomit-frame-pointer -funroll-loops execution test
FAIL: c-c++-common/torture/complex-sign-sub.c -O3
-fomit-frame-pointer -funroll-all-loops -finline-functions execution
test
FAIL: c-c++-common/torture/complex-sign-sub.c -O3 -g execution test
FAIL: c-c++-common/torture/complex-sign-sub.c -Os execution test
FAIL: c-c++-common/torture/complex-sign-sub.c -O2 -flto
-fno-use-linker-plugin -flto-partition=none execution test
FAIL: c-c++-common/torture/complex-sign-sub.c -O2 -flto
-fuse-linker-plugin -fno-fat-lto-objects execution test
FAIL: gcc.dg/torture/builtin-complex-1.c -O1 execution test
FAIL: gcc.dg/torture/builtin-complex-1.c -O2 execution test
FAIL: gcc.dg/torture/builtin-complex-1.c -O3 -fomit-frame-pointer
execution test
FAIL: gcc.dg/torture/builtin-complex-1.c -O3 -fomit-frame-pointer
-funroll-loops execution test
FAIL: gcc.dg/torture/builtin-complex-1.c -O3 -fomit-frame-pointer
-funroll-all-loops -finline-functions execution test
FAIL: gcc.dg/torture/builtin-complex-1.c -O3 -g execution test
FAIL: gcc.dg/torture/builtin-complex-1.c -Os execution test
FAIL: gcc.dg/torture/builtin-complex-1.c -O2 -flto
-fno-use-linker-plugin -flto-partition=none execution test
FAIL: gcc.dg/torture/builtin-complex-1.c -O2 -flto
-fuse-linker-plugin -fno-fat-lto-objects execution test
FAIL: gcc.dg/torture/builtin-convert-4.c -O1 scan-tree-dump-times
original "nearbyint " 1
FAIL: gcc.dg/torture/builtin-convert-4.c -O1 scan-tree-dump-times
original "nearbyintf" 1
FAIL: gcc.dg/torture/builtin-convert-4.c -O1 scan-tree-dump-times
original "nearbyintl" 1
FAIL: gcc.dg/torture/builtin-convert-4.c -O2 scan-tree-dump-times
original "nearbyint " 1
FAIL: gcc.dg/torture/builtin-convert-4.c -O2 scan-tree-dump-times
original "nearbyintf" 1
FAIL: gcc.dg/torture/builtin-convert-4.c -O2 scan-tree-dump-times
original "nearbyintl" 1
FAIL: gcc.dg/torture/builtin-convert-4.c -O3 -fomit-frame-pointer
scan-tree-dump-times original "nearbyint " 1
FAIL: gcc.dg/torture/builtin-convert-4.c -O3 -fomit-frame-pointer
scan-tree-dump-times original "nearbyintf" 1
FAIL: gcc.dg/torture/builtin-convert-4.c -O3 -fomit-frame-pointer
scan-tree-dump-times original "nearbyintl" 1
FAIL: gcc.dg/torture/builtin-convert-4.c -O3 -fomit-frame-pointer
-funroll-loops scan-tree-dump-times original "nearbyint " 1
FAIL: gcc.dg/torture/builtin-convert-4.c -O3 -fomit-frame-pointer
-funroll-loops scan-tree-dump-times original "nearbyintf" 1
FAIL: gcc.dg/torture/builtin-convert-4.c -O3 -fomit-frame-pointer
-funroll-loops scan-tree-dump-times original "nearbyintl" 1
FAIL: gcc.dg/torture/builtin-convert-4.c -O3 -fomit-frame-pointer
-funroll-all-loops -finline-functions scan-tree-dump-times original
"nearbyint " 1
FAIL: gcc.dg/torture/builtin-convert-4.c -O3 -fomit-frame-pointer
-funroll-all-loops -finline-functions scan-tree-dump-times original
"nearbyintf" 1
FAIL: gcc.dg/torture/builtin-convert-4.c -O3 -fomit-frame-pointer
-funroll-all-loops -finline-functions scan-tree-dump-times original
"nearbyintl" 1
FAIL: gcc.dg/torture/builtin-convert-4.c -O3 -g
scan-tree-dump-times original "nearbyint " 1
FAIL: gcc.dg/torture/builtin-convert-4.c -O3 -g
scan-tree-dump-times original "nearbyintf" 1
FAIL: gcc.dg/torture/builtin-convert-4.c -O3 -g
scan-tree-dump-times original "nearbyintl" 1
FAIL: gcc.dg/torture/builtin-convert-4.c -Os scan-tree-dump-times
original "nearbyint " 1
FAIL: gcc.dg/torture/builtin-convert-4.c -Os scan-tree-dump-times
original "nearbyintf" 1
FAIL: gcc.dg/torture/builtin-convert-4.c -Os scan-tree-dump-times
original "nearbyintl" 1
FAIL: gcc.dg/torture/builtin-convert-4.c -O2 -flto
-fno-use-linker-plugin -flto-partition=none scan-tree-dump-times
original "nearbyint " 1
FAIL: gcc.dg/torture/builtin-convert-4.c -O2 -flto
-fno-use-linker-plugin -flto-partition=none scan-tree-dump-times
original "nearbyintf" 1
FAIL: gcc.dg/torture/builtin-convert-4.c -O2 -flto
-fno-use-linker-plugin -flto-partition=none scan-tree-dump-times
original "nearbyintl" 1
FAIL: gcc.dg/torture/builtin-convert-4.c -O2 -flto
-fuse-linker-plugin -fno-fat-lto-objects scan-tree-dump-times
original "nearbyint " 1
FAIL: gcc.dg/torture/builtin-convert-4.c -O2 -flto
-fuse-linker-plugin -fno-fat-lto-objects scan-tree-dump-times
original "nearbyintf" 1
FAIL: gcc.dg/torture/builtin-convert-4.c -O2 -flto
-fuse-linker-plugin -fno-fat-lto-objects scan-tree-dump-times
original "nearbyintl" 1
FAIL: gcc.dg/torture/builtin-cproj-1.c -O0 (test for excess errors)
FAIL: gcc.dg/torture/builtin-cproj-1.c -O1 (test for excess errors)
FAIL: gcc.dg/torture/builtin-cproj-1.c -O2 (test for excess errors)
FAIL: gcc.dg/torture/builtin-cproj-1.c -O3 -fomit-frame-pointer
(test for excess errors)
FAIL: gcc.dg/torture/builtin-cproj-1.c -O3 -fomit-frame-pointer
-funroll-loops (test for excess errors)
FAIL: gcc.dg/torture/builtin-cproj-1.c -O3 -fomit-frame-pointer
-funroll-all-loops -finline-functions (test for excess errors)
FAIL: gcc.dg/torture/builtin-cproj-1.c -O3 -g (test for excess errors)
FAIL: gcc.dg/torture/builtin-cproj-1.c -Os (test for excess errors)
FAIL: gcc.dg/torture/builtin-cproj-1.c -O2 -flto
-fno-use-linker-plugin -flto-partition=none (test for excess errors)
FAIL: gcc.dg/torture/builtin-frexp-1.c -O0 (test for excess errors)
FAIL: gcc.dg/torture/builtin-frexp-1.c -O1 (test for excess errors)
FAIL: gcc.dg/torture/builtin-frexp-1.c -O2 (test for excess errors)
FAIL: gcc.dg/torture/builtin-frexp-1.c -O3 -fomit-frame-pointer
(test for excess errors)
FAIL: gcc.dg/torture/builtin-frexp-1.c -O3 -fomit-frame-pointer
-funroll-loops (test for excess errors)
FAIL: gcc.dg/torture/builtin-frexp-1.c -O3 -fomit-frame-pointer
-funroll-all-loops -finline-functions (test for excess errors)
FAIL: gcc.dg/torture/builtin-frexp-1.c -O3 -g (test for excess errors)
FAIL: gcc.dg/torture/builtin-frexp-1.c -Os (test for excess errors)
FAIL: gcc.dg/torture/builtin-frexp-1.c -O2 -flto
-fno-use-linker-plugin -flto-partition=none (test for excess errors)
FAIL: gcc.dg/torture/builtin-frexp-1.c -O2 -flto -fuse-linker-plugin
-fno-fat-lto-objects (test for excess errors)
FAIL: gcc.dg/torture/builtin-ldexp-1.c -O0 (test for excess errors)
FAIL: gcc.dg/torture/builtin-ldexp-1.c -O1 (test for excess errors)
FAIL: gcc.dg/torture/builtin-ldexp-1.c -O2 (test for excess errors)
FAIL: gcc.dg/torture/builtin-ldexp-1.c -O3 -fomit-frame-pointer
(test for excess errors)
FAIL: gcc.dg/torture/builtin-ldexp-1.c -O3 -fomit-frame-pointer
-funroll-loops (test for excess errors)
FAIL: gcc.dg/torture/builtin-ldexp-1.c -O3 -fomit-frame-pointer
-funroll-all-loops -finline-functions (test for excess errors)
FAIL: gcc.dg/torture/builtin-ldexp-1.c -O3 -g (test for excess errors)
FAIL: gcc.dg/torture/builtin-ldexp-1.c -Os (test for excess errors)
FAIL: gcc.dg/torture/builtin-ldexp-1.c -O2 -flto
-fno-use-linker-plugin -flto-partition=none (test for excess errors)
FAIL: gcc.dg/torture/builtin-ldexp-1.c -O2 -flto -fuse-linker-plugin
-fno-fat-lto-objects (test for excess errors)
FAIL: gcc.dg/torture/builtin-logb-1.c -O0 (test for excess errors)
FAIL: gcc.dg/torture/builtin-logb-1.c -O1 (test for excess errors)
FAIL: gcc.dg/torture/builtin-logb-1.c -O2 (test for excess errors)
FAIL: gcc.dg/torture/builtin-logb-1.c -O3 -fomit-frame-pointer (test
for excess errors)
FAIL: gcc.dg/torture/builtin-logb-1.c -O3 -fomit-frame-pointer
-funroll-loops (test for excess errors)
FAIL: gcc.dg/torture/builtin-logb-1.c -O3 -fomit-frame-pointer
-funroll-all-loops -finline-functions (test for excess errors)
FAIL: gcc.dg/torture/builtin-logb-1.c -O3 -g (test for excess errors)
FAIL: gcc.dg/torture/builtin-logb-1.c -Os (test for excess errors)
FAIL: gcc.dg/torture/builtin-logb-1.c -O2 -flto
-fno-use-linker-plugin -flto-partition=none (test for excess errors)
FAIL: gcc.dg/torture/builtin-logb-1.c -O2 -flto -fuse-linker-plugin
-fno-fat-lto-objects (test for excess errors)
FAIL: gcc.dg/torture/builtin-math-2.c -O0 scan-tree-dump-times
original "pow " 13
FAIL: gcc.dg/torture/builtin-math-2.c -O0 scan-tree-dump-times
original "powf" 13
FAIL: gcc.dg/torture/builtin-math-2.c -O0 scan-tree-dump-times
original "powl" 13
FAIL: gcc.dg/torture/builtin-math-2.c -O1 scan-tree-dump-times
original "pow " 13
FAIL: gcc.dg/torture/builtin-math-2.c -O1 scan-tree-dump-times
original "powf" 13
FAIL: gcc.dg/torture/builtin-math-2.c -O1 scan-tree-dump-times
original "powl" 13
FAIL: gcc.dg/torture/builtin-math-2.c -O2 scan-tree-dump-times
original "pow " 13
FAIL: gcc.dg/torture/builtin-math-2.c -O2 scan-tree-dump-times
original "powf" 13
FAIL: gcc.dg/torture/builtin-math-2.c -O2 scan-tree-dump-times
original "powl" 13
FAIL: gcc.dg/torture/builtin-math-2.c -O3 -fomit-frame-pointer
scan-tree-dump-times original "pow " 13
FAIL: gcc.dg/torture/builtin-math-2.c -O3 -fomit-frame-pointer
scan-tree-dump-times original "powf" 13
FAIL: gcc.dg/torture/builtin-math-2.c -O3 -fomit-frame-pointer
scan-tree-dump-times original "powl" 13
FAIL: gcc.dg/torture/builtin-math-2.c -O3 -fomit-frame-pointer
-funroll-loops scan-tree-dump-times original "pow " 13
FAIL: gcc.dg/torture/builtin-math-2.c -O3 -fomit-frame-pointer
-funroll-loops scan-tree-dump-times original "powf" 13
FAIL: gcc.dg/torture/builtin-math-2.c -O3 -fomit-frame-pointer
-funroll-loops scan-tree-dump-times original "powl" 13
FAIL: gcc.dg/torture/builtin-math-2.c -O3 -fomit-frame-pointer
-funroll-all-loops -finline-functions scan-tree-dump-times original
"pow " 13
FAIL: gcc.dg/torture/builtin-math-2.c -O3 -fomit-frame-pointer
-funroll-all-loops -finline-functions scan-tree-dump-times original
"powf" 13
FAIL: gcc.dg/torture/builtin-math-2.c -O3 -fomit-frame-pointer
-funroll-all-loops -finline-functions scan-tree-dump-times original
"powl" 13
FAIL: gcc.dg/torture/builtin-math-2.c -O3 -g scan-tree-dump-times
original "pow " 13
FAIL: gcc.dg/torture/builtin-math-2.c -O3 -g scan-tree-dump-times
original "powf" 13
FAIL: gcc.dg/torture/builtin-math-2.c -O3 -g scan-tree-dump-times
original "powl" 13
FAIL: gcc.dg/torture/builtin-math-2.c -Os scan-tree-dump-times
original "pow " 13
FAIL: gcc.dg/torture/builtin-math-2.c -Os scan-tree-dump-times
original "powf" 13
FAIL: gcc.dg/torture/builtin-math-2.c -Os scan-tree-dump-times
original "powl" 13
FAIL: gcc.dg/torture/builtin-math-2.c -O2 -flto
-fno-use-linker-plugin -flto-partition=none scan-tree-dump-times
original "pow " 13
FAIL: gcc.dg/torture/builtin-math-2.c -O2 -flto
-fno-use-linker-plugin -flto-partition=none scan-tree-dump-times
original "powf" 13
FAIL: gcc.dg/torture/builtin-math-2.c -O2 -flto
-fno-use-linker-plugin -flto-partition=none scan-tree-dump-times
original "powl" 13
FAIL: gcc.dg/torture/builtin-math-2.c -O2 -flto -fuse-linker-plugin
-fno-fat-lto-objects scan-tree-dump-times original "pow " 13
FAIL: gcc.dg/torture/builtin-math-2.c -O2 -flto -fuse-linker-plugin
-fno-fat-lto-objects scan-tree-dump-times original "powf" 13
FAIL: gcc.dg/torture/builtin-math-2.c -O2 -flto -fuse-linker-plugin
-fno-fat-lto-objects scan-tree-dump-times original "powl" 13
FAIL: gcc.dg/torture/builtin-math-5.c -O0 scan-tree-dump-times
original "cexpf" 2
FAIL: gcc.dg/torture/builtin-math-5.c -O0 scan-tree-dump-times
original "cexp " 2
FAIL: gcc.dg/torture/builtin-math-5.c -O0 scan-tree-dump-times
original "cexpl" 2
FAIL: gcc.dg/torture/builtin-math-5.c -O1 scan-tree-dump-times
original "cexpf" 2
FAIL: gcc.dg/torture/builtin-math-5.c -O1 scan-tree-dump-times
original "cexp " 2
FAIL: gcc.dg/torture/builtin-math-5.c -O1 scan-tree-dump-times
original "cexpl" 2
FAIL: gcc.dg/torture/builtin-math-5.c -O2 scan-tree-dump-times
original "cexpf" 2
FAIL: gcc.dg/torture/builtin-math-5.c -O2 scan-tree-dump-times
original "cexp " 2
FAIL: gcc.dg/torture/builtin-math-5.c -O2 scan-tree-dump-times
original "cexpl" 2
FAIL: gcc.dg/torture/builtin-math-5.c -O3 -fomit-frame-pointer
scan-tree-dump-times original "cexpf" 2
FAIL: gcc.dg/torture/builtin-math-5.c -O3 -fomit-frame-pointer
scan-tree-dump-times original "cexp " 2
FAIL: gcc.dg/torture/builtin-math-5.c -O3 -fomit-frame-pointer
scan-tree-dump-times original "cexpl" 2
FAIL: gcc.dg/torture/builtin-math-5.c -O3 -fomit-frame-pointer
-funroll-loops scan-tree-dump-times original "cexpf" 2
FAIL: gcc.dg/torture/builtin-math-5.c -O3 -fomit-frame-pointer
-funroll-loops scan-tree-dump-times original "cexp " 2
FAIL: gcc.dg/torture/builtin-math-5.c -O3 -fomit-frame-pointer
-funroll-loops scan-tree-dump-times original "cexpl" 2
FAIL: gcc.dg/torture/builtin-math-5.c -O3 -fomit-frame-pointer
-funroll-all-loops -finline-functions scan-tree-dump-times original
"cexpf" 2
FAIL: gcc.dg/torture/builtin-math-5.c -O3 -fomit-frame-pointer
-funroll-all-loops -finline-functions scan-tree-dump-times original
"cexp " 2
FAIL: gcc.dg/torture/builtin-math-5.c -O3 -fomit-frame-pointer
-funroll-all-loops -finline-functions scan-tree-dump-times original
"cexpl" 2
FAIL: gcc.dg/torture/builtin-math-5.c -O3 -g scan-tree-dump-times
original "cexpf" 2
FAIL: gcc.dg/torture/builtin-math-5.c -O3 -g scan-tree-dump-times
original "cexp " 2
FAIL: gcc.dg/torture/builtin-math-5.c -O3 -g scan-tree-dump-times
original "cexpl" 2
FAIL: gcc.dg/torture/builtin-math-5.c -Os scan-tree-dump-times
original "cexpf" 2
FAIL: gcc.dg/torture/builtin-math-5.c -Os scan-tree-dump-times
original "cexp " 2
FAIL: gcc.dg/torture/builtin-math-5.c -Os scan-tree-dump-times
original "cexpl" 2
FAIL: gcc.dg/torture/builtin-math-5.c -O2 -flto
-fno-use-linker-plugin -flto-partition=none scan-tree-dump-times
original "cexpf" 2
FAIL: gcc.dg/torture/builtin-math-5.c -O2 -flto
-fno-use-linker-plugin -flto-partition=none scan-tree-dump-times
original "cexp " 2
FAIL: gcc.dg/torture/builtin-math-5.c -O2 -flto
-fno-use-linker-plugin -flto-partition=none scan-tree-dump-times
original "cexpl" 2
FAIL: gcc.dg/torture/builtin-math-5.c -O2 -flto -fuse-linker-plugin
-fno-fat-lto-objects scan-tree-dump-times original "cexpf" 2
FAIL: gcc.dg/torture/builtin-math-5.c -O2 -flto -fuse-linker-plugin
-fno-fat-lto-objects scan-tree-dump-times original "cexp " 2
FAIL: gcc.dg/torture/builtin-math-5.c -O2 -flto -fuse-linker-plugin
-fno-fat-lto-objects scan-tree-dump-times original "cexpl" 2
FAIL: gcc.dg/torture/builtin-math-7.c -O0 execution test
FAIL: gcc.dg/torture/builtin-math-7.c -O1 (test for excess errors)
UNRESOLVED: gcc.dg/torture/builtin-math-7.c -O1 compilation failed
to produce executable
FAIL: gcc.dg/torture/builtin-math-7.c -O2 (test for excess errors)
UNRESOLVED: gcc.dg/torture/builtin-math-7.c -O2 compilation failed
to produce executable
FAIL: gcc.dg/torture/builtin-math-7.c -O3 -fomit-frame-pointer (test
for excess errors)
UNRESOLVED: gcc.dg/torture/builtin-math-7.c -O3 -fomit-frame-pointer
compilation failed to produce executable
FAIL: gcc.dg/torture/builtin-math-7.c -O3 -fomit-frame-pointer
-funroll-loops (test for excess errors)
UNRESOLVED: gcc.dg/torture/builtin-math-7.c -O3 -fomit-frame-pointer
-funroll-loops compilation failed to produce executable
FAIL: gcc.dg/torture/builtin-math-7.c -O3 -fomit-frame-pointer
-funroll-all-loops -finline-functions (test for excess errors)
UNRESOLVED: gcc.dg/torture/builtin-math-7.c -O3 -fomit-frame-pointer
-funroll-all-loops -finline-functions compilation failed to produce
executable
FAIL: gcc.dg/torture/builtin-math-7.c -O3 -g (test for excess errors)
UNRESOLVED: gcc.dg/torture/builtin-math-7.c -O3 -g compilation
failed to produce executable
FAIL: gcc.dg/torture/builtin-math-7.c -Os (test for excess errors)
UNRESOLVED: gcc.dg/torture/builtin-math-7.c -Os compilation failed
to produce executable
FAIL: gcc.dg/torture/builtin-math-7.c -O2 -flto
-fno-use-linker-plugin -flto-partition=none (test for excess errors)
UNRESOLVED: gcc.dg/torture/builtin-math-7.c -O2 -flto
-fno-use-linker-plugin -flto-partition=none compilation failed to
produce executable
FAIL: gcc.dg/torture/builtin-math-7.c -O2 -flto -fuse-linker-plugin
-fno-fat-lto-objects (test for excess errors)
UNRESOLVED: gcc.dg/torture/builtin-math-7.c -O2 -flto
-fuse-linker-plugin -fno-fat-lto-objects compilation failed to
produce executable
FAIL: gcc.dg/torture/builtin-modf-1.c -O1 (test for excess errors)
FAIL: gcc.dg/torture/builtin-modf-1.c -O2 (test for excess errors)
FAIL: gcc.dg/torture/builtin-modf-1.c -O3 -fomit-frame-pointer (test
for excess errors)
FAIL: gcc.dg/torture/builtin-modf-1.c -O3 -fomit-frame-pointer
-funroll-loops (test for excess errors)
FAIL: gcc.dg/torture/builtin-modf-1.c -O3 -fomit-frame-pointer
-funroll-all-loops -finline-functions (test for excess errors)
FAIL: gcc.dg/torture/builtin-modf-1.c -O3 -g (test for excess errors)
FAIL: gcc.dg/torture/builtin-modf-1.c -Os (test for excess errors)
FAIL: gcc.dg/torture/builtin-modf-1.c -O2 -flto
-fno-use-linker-plugin -flto-partition=none (test for excess errors)
FAIL: gcc.dg/torture/builtin-modf-1.c -O2 -flto -fuse-linker-plugin
-fno-fat-lto-objects (test for excess errors)
FAIL: gcc.dg/torture/type-generic-1.c -O0 execution test
FAIL: gcc.dg/torture/type-generic-1.c -O1 execution test
FAIL: gcc.dg/torture/type-generic-1.c -O2 execution test
FAIL: gcc.dg/torture/type-generic-1.c -O3 -fomit-frame-pointer execution test
FAIL: gcc.dg/torture/type-generic-1.c -O3 -g execution test
FAIL: gcc.dg/torture/type-generic-1.c -Os execution test
FAIL: gcc.dg/torture/type-generic-1.c -O2 -flto
-fno-use-linker-plugin -flto-partition=none execution test
FAIL: gcc.dg/torture/type-generic-1.c -O2 -flto -fuse-linker-plugin
-fno-fat-lto-objects execution test
FAIL: gcc.dg/tree-ssa/20030807-6.c scan-tree-dump-times vrp1 "ABS_EXPR " 0
FAIL: gcc.dg/tree-ssa/pr23109.c (test for warnings, line 1)
FAIL: gcc.dg/tree-ssa/recip-5.c (test for warnings, line 1)
FAIL: gcc.dg/tree-ssa/scev-1.c (internal compiler error)
FAIL: gcc.dg/tree-ssa/scev-1.c (test for excess errors)
UNRESOLVED: gcc.dg/tree-ssa/scev-1.c compilation failed to produce executable
FAIL: gcc.dg/tree-ssa/scev-2.c (internal compiler error)
FAIL: gcc.dg/tree-ssa/scev-2.c (test for excess errors)
UNRESOLVED: gcc.dg/tree-ssa/scev-2.c compilation failed to produce executable
FAIL: gcc.dg/vect/vect-float-truncate-1.c execution test
FAIL: gcc.dg/vect/vect-reduc-6.c scan-tree-dump-times vect "vectorized
0 loops" 1
FAIL: gcc.dg/vect/vect-float-truncate-1.c -flto execution test
FAIL: gcc.dg/vect/vect-reduc-6.c -flto scan-tree-dump-times vect
"vectorized 0 loops" 1
XPASS: gcc.dg/vect/no-fast-math-vect16.c scan-tree-dump-times vect
"vectorized 1 loops" 1
FAIL: gcc.dg/vect/no-math-errno-slp-32.c scan-tree-dump vect "pattern
recognized"
FAIL: gcc.dg/vect/no-math-errno-vect-pow-1.c scan-tree-dump vect
"pattern recognized"
XPASS: gcc.target/i386/builtin-apply-mmx.c execution test
FAIL: gcc.target/i386/excess-precision-1.c execution test
FAIL: gcc.target/i386/excess-precision-2.c execution test
FAIL: gcc.target/i386/excess-precision-3.c execution test
FAIL: gcc.target/i386/excess-precision-6.c scan-assembler-not fsqrt
FAIL: gcc.target/i386/fma_double_1.c scan-assembler-times vfmadd132sd 4
FAIL: gcc.target/i386/fma_double_1.c scan-assembler-times vfmadd231sd 4
FAIL: gcc.target/i386/fma_double_1.c scan-assembler-times vfmsub132sd 4
FAIL: gcc.target/i386/fma_double_1.c scan-assembler-times vfnmadd132sd 4
FAIL: gcc.target/i386/fma_double_1.c scan-assembler-times vfnmsub132sd 4
FAIL: gcc.target/i386/fma_double_1.c scan-assembler-times vfnmsub231sd 4
FAIL: gcc.target/i386/fma_double_2.c scan-assembler-times vfmadd132sd 8
FAIL: gcc.target/i386/fma_double_2.c scan-assembler-times vfmsub132sd 8
FAIL: gcc.target/i386/fma_double_2.c scan-assembler-times vfnmadd132sd 8
FAIL: gcc.target/i386/fma_double_2.c scan-assembler-times vfnmsub132sd 8
FAIL: gcc.target/i386/fma_double_3.c scan-assembler-times vfmadd132sd 4
FAIL: gcc.target/i386/fma_double_3.c scan-assembler-times vfmadd231sd 4
FAIL: gcc.target/i386/fma_double_3.c scan-assembler-times vfmsub132sd 4
FAIL: gcc.target/i386/fma_double_3.c scan-assembler-times vfnmadd132sd 4
FAIL: gcc.target/i386/fma_double_3.c scan-assembler-times vfnmsub132sd 4
FAIL: gcc.target/i386/fma_double_3.c scan-assembler-times vfnmsub231sd 4
FAIL: gcc.target/i386/fma_double_4.c scan-assembler-times vfmadd132sd 8
FAIL: gcc.target/i386/fma_double_4.c scan-assembler-times vfmsub132sd 8
FAIL: gcc.target/i386/fma_double_4.c scan-assembler-times vfnmadd132sd 8
FAIL: gcc.target/i386/fma_double_4.c scan-assembler-times vfnmsub132sd 8
FAIL: gcc.target/i386/fma_double_5.c scan-assembler-times vfmadd132sd 8
FAIL: gcc.target/i386/fma_double_5.c scan-assembler-times vfmsub132sd 8
FAIL: gcc.target/i386/fma_double_5.c scan-assembler-times vfnmadd132sd 8
FAIL: gcc.target/i386/fma_double_5.c scan-assembler-times vfnmsub132sd 8
FAIL: gcc.target/i386/fma_double_6.c scan-assembler-times vfmadd132sd 8
FAIL: gcc.target/i386/fma_double_6.c scan-assembler-times vfmsub132sd 8
FAIL: gcc.target/i386/fma_double_6.c scan-assembler-times vfnmadd132sd 8
FAIL: gcc.target/i386/fma_double_6.c scan-assembler-times vfnmsub132sd 8
FAIL: gcc.target/i386/fma_float_1.c scan-assembler-times vfmadd132ss 4
FAIL: gcc.target/i386/fma_float_1.c scan-assembler-times vfmadd231ss 4
FAIL: gcc.target/i386/fma_float_1.c scan-assembler-times vfmsub132ss 4
FAIL: gcc.target/i386/fma_float_1.c scan-assembler-times vfnmadd132ss 4
FAIL: gcc.target/i386/fma_float_1.c scan-assembler-times vfnmsub132ss 4
FAIL: gcc.target/i386/fma_float_1.c scan-assembler-times vfnmsub231ss 4
FAIL: gcc.target/i386/fma_float_2.c scan-assembler-times vfmadd132ss 8
FAIL: gcc.target/i386/fma_float_2.c scan-assembler-times vfmsub132ss 8
FAIL: gcc.target/i386/fma_float_2.c scan-assembler-times vfnmadd132ss 8
FAIL: gcc.target/i386/fma_float_2.c scan-assembler-times vfnmsub132ss 8
FAIL: gcc.target/i386/fma_float_3.c scan-assembler-times vfmadd132ss 4
FAIL: gcc.target/i386/fma_float_3.c scan-assembler-times vfmadd231ss 4
FAIL: gcc.target/i386/fma_float_3.c scan-assembler-times vfmsub132ss 4
FAIL: gcc.target/i386/fma_float_3.c scan-assembler-times vfnmadd132ss 4
FAIL: gcc.target/i386/fma_float_3.c scan-assembler-times vfnmsub132ss 4
FAIL: gcc.target/i386/fma_float_3.c scan-assembler-times vfnmsub231ss 4
FAIL: gcc.target/i386/fma_float_4.c scan-assembler-times vfmadd132ss 8
FAIL: gcc.target/i386/fma_float_4.c scan-assembler-times vfmsub132ss 8
FAIL: gcc.target/i386/fma_float_4.c scan-assembler-times vfnmadd132ss 8
FAIL: gcc.target/i386/fma_float_4.c scan-assembler-times vfnmsub132ss 8
FAIL: gcc.target/i386/fma_float_5.c scan-assembler-times vfmadd132ss 8
FAIL: gcc.target/i386/fma_float_5.c scan-assembler-times vfmsub132ss 8
FAIL: gcc.target/i386/fma_float_5.c scan-assembler-times vfnmadd132ss 8
FAIL: gcc.target/i386/fma_float_5.c scan-assembler-times vfnmsub132ss 8
FAIL: gcc.target/i386/fma_float_6.c scan-assembler-times vfmadd132ss 8
FAIL: gcc.target/i386/fma_float_6.c scan-assembler-times vfmsub132ss 8
FAIL: gcc.target/i386/fma_float_6.c scan-assembler-times vfnmadd132ss 8
FAIL: gcc.target/i386/fma_float_6.c scan-assembler-times vfnmsub132ss 8
FAIL: gcc.target/i386/l_fma_double_1.c scan-assembler-times vfmadd132pd 4
FAIL: gcc.target/i386/l_fma_double_1.c scan-assembler-times vfmadd231pd 4
FAIL: gcc.target/i386/l_fma_double_1.c scan-assembler-times vfmsub132pd 4
FAIL: gcc.target/i386/l_fma_double_1.c scan-assembler-times vfnmadd132pd 4
FAIL: gcc.target/i386/l_fma_double_1.c scan-assembler-times vfnmsub132pd 4
FAIL: gcc.target/i386/l_fma_double_1.c scan-assembler-times vfnmsub231pd 4
FAIL: gcc.target/i386/l_fma_double_1.c scan-assembler-times vfmadd132sd 4
FAIL: gcc.target/i386/l_fma_double_1.c scan-assembler-times vfmadd213sd 4
FAIL: gcc.target/i386/l_fma_double_1.c scan-assembler-times vfmsub132sd 4
FAIL: gcc.target/i386/l_fma_double_1.c scan-assembler-times vfnmadd132sd 4
FAIL: gcc.target/i386/l_fma_double_1.c scan-assembler-times vfnmsub132sd 4
FAIL: gcc.target/i386/l_fma_double_1.c scan-assembler-times vfnmsub213sd 4
FAIL: gcc.target/i386/l_fma_double_2.c scan-assembler-times vfmadd132pd 8
FAIL: gcc.target/i386/l_fma_double_2.c scan-assembler-times vfmsub132pd 8
FAIL: gcc.target/i386/l_fma_double_2.c scan-assembler-times vfnmadd132pd 8
FAIL: gcc.target/i386/l_fma_double_2.c scan-assembler-times vfnmsub132pd 8
FAIL: gcc.target/i386/l_fma_double_2.c scan-assembler-times vfmadd132sd 8
FAIL: gcc.target/i386/l_fma_double_2.c scan-assembler-times vfmsub132sd 8
FAIL: gcc.target/i386/l_fma_double_2.c scan-assembler-times vfnmadd132sd 8
FAIL: gcc.target/i386/l_fma_double_2.c scan-assembler-times vfnmsub132sd 8
FAIL: gcc.target/i386/l_fma_double_3.c scan-assembler-times vfmadd132pd 4
FAIL: gcc.target/i386/l_fma_double_3.c scan-assembler-times vfmadd231pd 4
FAIL: gcc.target/i386/l_fma_double_3.c scan-assembler-times vfmsub132pd 4
FAIL: gcc.target/i386/l_fma_double_3.c scan-assembler-times vfnmadd132pd 4
FAIL: gcc.target/i386/l_fma_double_3.c scan-assembler-times vfnmsub132pd 4
FAIL: gcc.target/i386/l_fma_double_3.c scan-assembler-times vfnmsub231pd 4
FAIL: gcc.target/i386/l_fma_double_3.c scan-assembler-times vfmadd132sd 4
FAIL: gcc.target/i386/l_fma_double_3.c scan-assembler-times vfmadd213sd 4
FAIL: gcc.target/i386/l_fma_double_3.c scan-assembler-times vfmsub132sd 4
FAIL: gcc.target/i386/l_fma_double_3.c scan-assembler-times vfnmadd132sd 4
FAIL: gcc.target/i386/l_fma_double_3.c scan-assembler-times vfnmsub132sd 4
FAIL: gcc.target/i386/l_fma_double_3.c scan-assembler-times vfnmsub213sd 4
FAIL: gcc.target/i386/l_fma_double_4.c scan-assembler-times vfmadd132pd 8
FAIL: gcc.target/i386/l_fma_double_4.c scan-assembler-times vfmsub132pd 8
FAIL: gcc.target/i386/l_fma_double_4.c scan-assembler-times vfnmadd132pd 8
FAIL: gcc.target/i386/l_fma_double_4.c scan-assembler-times vfnmsub132pd 8
FAIL: gcc.target/i386/l_fma_double_4.c scan-assembler-times vfmadd132sd 8
FAIL: gcc.target/i386/l_fma_double_4.c scan-assembler-times vfmsub132sd 8
FAIL: gcc.target/i386/l_fma_double_4.c scan-assembler-times vfnmadd132sd 8
FAIL: gcc.target/i386/l_fma_double_4.c scan-assembler-times vfnmsub132sd 8
FAIL: gcc.target/i386/l_fma_double_5.c scan-assembler-times vfmadd132pd 8
FAIL: gcc.target/i386/l_fma_double_5.c scan-assembler-times vfmsub132pd 8
FAIL: gcc.target/i386/l_fma_double_5.c scan-assembler-times vfnmadd132pd 8
FAIL: gcc.target/i386/l_fma_double_5.c scan-assembler-times vfnmsub132pd 8
FAIL: gcc.target/i386/l_fma_double_5.c scan-assembler-times vfmadd132sd 8
FAIL: gcc.target/i386/l_fma_double_5.c scan-assembler-times vfmsub132sd 8
FAIL: gcc.target/i386/l_fma_double_5.c scan-assembler-times vfnmadd132sd 8
FAIL: gcc.target/i386/l_fma_double_5.c scan-assembler-times vfnmsub132sd 8
FAIL: gcc.target/i386/l_fma_double_6.c scan-assembler-times vfmadd132pd 8
FAIL: gcc.target/i386/l_fma_double_6.c scan-assembler-times vfmsub132pd 8
FAIL: gcc.target/i386/l_fma_double_6.c scan-assembler-times vfnmadd132pd 8
FAIL: gcc.target/i386/l_fma_double_6.c scan-assembler-times vfnmsub132pd 8
FAIL: gcc.target/i386/l_fma_double_6.c scan-assembler-times vfmadd132sd 8
FAIL: gcc.target/i386/l_fma_double_6.c scan-assembler-times vfmsub132sd 8
FAIL: gcc.target/i386/l_fma_double_6.c scan-assembler-times vfnmadd132sd 8
FAIL: gcc.target/i386/l_fma_double_6.c scan-assembler-times vfnmsub132sd 8
FAIL: gcc.target/i386/l_fma_float_1.c scan-assembler-times vfmadd132ps 4
FAIL: gcc.target/i386/l_fma_float_1.c scan-assembler-times vfmadd231ps 4
FAIL: gcc.target/i386/l_fma_float_1.c scan-assembler-times vfmsub132ps 4
FAIL: gcc.target/i386/l_fma_float_1.c scan-assembler-times vfnmadd132ps 4
FAIL: gcc.target/i386/l_fma_float_1.c scan-assembler-times vfnmsub132ps 4
FAIL: gcc.target/i386/l_fma_float_1.c scan-assembler-times vfnmsub231ps 4
FAIL: gcc.target/i386/l_fma_float_1.c scan-assembler-times vfmadd132ss 4
FAIL: gcc.target/i386/l_fma_float_1.c scan-assembler-times vfmadd213ss 4
FAIL: gcc.target/i386/l_fma_float_1.c scan-assembler-times vfmsub132ss 4
FAIL: gcc.target/i386/l_fma_float_1.c scan-assembler-times vfnmadd132ss 4
FAIL: gcc.target/i386/l_fma_float_1.c scan-assembler-times vfnmsub132ss 4
FAIL: gcc.target/i386/l_fma_float_1.c scan-assembler-times vfnmsub213ss 4
FAIL: gcc.target/i386/l_fma_float_2.c scan-assembler-times vfmadd132ps 8
FAIL: gcc.target/i386/l_fma_float_2.c scan-assembler-times vfmsub132ps 8
FAIL: gcc.target/i386/l_fma_float_2.c scan-assembler-times vfnmadd132ps 8
FAIL: gcc.target/i386/l_fma_float_2.c scan-assembler-times vfnmsub132ps 8
FAIL: gcc.target/i386/l_fma_float_2.c scan-assembler-times vfmadd132ss 8
FAIL: gcc.target/i386/l_fma_float_2.c scan-assembler-times vfmsub132ss 8
FAIL: gcc.target/i386/l_fma_float_2.c scan-assembler-times vfnmadd132ss 8
FAIL: gcc.target/i386/l_fma_float_2.c scan-assembler-times vfnmsub132ss 8
FAIL: gcc.target/i386/l_fma_float_3.c scan-assembler-times vfmadd132ps 4
FAIL: gcc.target/i386/l_fma_float_3.c scan-assembler-times vfmadd231ps 4
FAIL: gcc.target/i386/l_fma_float_3.c scan-assembler-times vfmsub132ps 4
FAIL: gcc.target/i386/l_fma_float_3.c scan-assembler-times vfnmadd132ps 4
FAIL: gcc.target/i386/l_fma_float_3.c scan-assembler-times vfnmsub132ps 4
FAIL: gcc.target/i386/l_fma_float_3.c scan-assembler-times vfnmsub231ps 4
FAIL: gcc.target/i386/l_fma_float_3.c scan-assembler-times vfmadd132ss 4
FAIL: gcc.target/i386/l_fma_float_3.c scan-assembler-times vfmadd213ss 4
FAIL: gcc.target/i386/l_fma_float_3.c scan-assembler-times vfmsub132ss 4
FAIL: gcc.target/i386/l_fma_float_3.c scan-assembler-times vfnmadd132ss 4
FAIL: gcc.target/i386/l_fma_float_3.c scan-assembler-times vfnmsub132ss 4
FAIL: gcc.target/i386/l_fma_float_3.c scan-assembler-times vfnmsub213ss 4
FAIL: gcc.target/i386/l_fma_float_4.c scan-assembler-times vfmadd132ps 8
FAIL: gcc.target/i386/l_fma_float_4.c scan-assembler-times vfmsub132ps 8
FAIL: gcc.target/i386/l_fma_float_4.c scan-assembler-times vfnmadd132ps 8
FAIL: gcc.target/i386/l_fma_float_4.c scan-assembler-times vfnmsub132ps 8
FAIL: gcc.target/i386/l_fma_float_4.c scan-assembler-times vfmadd132ss 8
FAIL: gcc.target/i386/l_fma_float_4.c scan-assembler-times vfmsub132ss 8
FAIL: gcc.target/i386/l_fma_float_4.c scan-assembler-times vfnmadd132ss 8
FAIL: gcc.target/i386/l_fma_float_4.c scan-assembler-times vfnmsub132ss 8
FAIL: gcc.target/i386/l_fma_float_5.c scan-assembler-times vfmadd132ps 8
FAIL: gcc.target/i386/l_fma_float_5.c scan-assembler-times vfmsub132ps 8
FAIL: gcc.target/i386/l_fma_float_5.c scan-assembler-times vfnmadd132ps 8
FAIL: gcc.target/i386/l_fma_float_5.c scan-assembler-times vfnmsub132ps 8
FAIL: gcc.target/i386/l_fma_float_5.c scan-assembler-times vfmadd132ss 8
FAIL: gcc.target/i386/l_fma_float_5.c scan-assembler-times vfmsub132ss 8
FAIL: gcc.target/i386/l_fma_float_5.c scan-assembler-times vfnmadd132ss 8
FAIL: gcc.target/i386/l_fma_float_5.c scan-assembler-times vfnmsub132ss 8
FAIL: gcc.target/i386/l_fma_float_6.c scan-assembler-times vfmadd132ps 8
FAIL: gcc.target/i386/l_fma_float_6.c scan-assembler-times vfmsub132ps 8
FAIL: gcc.target/i386/l_fma_float_6.c scan-assembler-times vfnmadd132ps 8
FAIL: gcc.target/i386/l_fma_float_6.c scan-assembler-times vfnmsub132ps 8
FAIL: gcc.target/i386/l_fma_float_6.c scan-assembler-times vfmadd132ss 8
FAIL: gcc.target/i386/l_fma_float_6.c scan-assembler-times vfmsub132ss 8
FAIL: gcc.target/i386/l_fma_float_6.c scan-assembler-times vfnmadd132ss 8
FAIL: gcc.target/i386/l_fma_float_6.c scan-assembler-times vfnmsub132ss 8
FAIL: gcc.target/i386/pr27827.c scan-assembler fmul[ \\t]*%st
FAIL: gcc.target/i386/pr36578-1.c execution test
FAIL: gcc.target/i386/pr36578-2.c execution test
FAIL: gcc.target/i386/unordcmp-1.c scan-assembler cmpunordps
FAIL: gcc.target/i386/unordcmp-1.c scan-assembler cmpunordpd
=== gcc Summary for unix/-m32/-ffast-math ===
# of expected passes 85031
# of unexpected failures 696
# of unexpected successes 7
# of expected failures 260
# of unresolved testcases 12
# of unsupported tests 896
=== gcc Summary ===
# of expected passes 170760
# of unexpected failures 696
# of unexpected successes 14
# of expected failures 522
# of unresolved testcases 12
# of unsupported tests 1792
/home/edward-san/objgcc/gcc/xgcc version 4.7.2 20120829 (prerelease) (GCC)
=== g++ tests ===
Running target unix/-m32
=== g++ Summary for unix/-m32 ===
# of expected passes 47804
# of expected failures 286
# of unsupported tests 308
Running target unix/-m32/-ffast-math
FAIL: c-c++-common/dfp/compare-rel-const.c -std=c++98 (test for excess errors)
UNRESOLVED: c-c++-common/dfp/compare-rel-const.c -std=c++98
compilation failed to produce executable
FAIL: c-c++-common/dfp/compare-rel-const.c -std=c++11 (test for excess errors)
UNRESOLVED: c-c++-common/dfp/compare-rel-const.c -std=c++11
compilation failed to produce executable
FAIL: c-c++-common/dfp/convert-bfp-3.c -std=c++98 execution test
FAIL: c-c++-common/dfp/convert-bfp-3.c -std=c++11 execution test
FAIL: c-c++-common/dfp/convert-bfp-4.c -std=c++98 execution test
FAIL: c-c++-common/dfp/convert-bfp-4.c -std=c++11 execution test
FAIL: c-c++-common/dfp/convert-bfp-5.c -std=c++98 execution test
FAIL: c-c++-common/dfp/convert-bfp-5.c -std=c++11 execution test
FAIL: c-c++-common/dfp/convert-bfp-7.c -std=gnu++98 execution test
FAIL: c-c++-common/dfp/convert-bfp-7.c -std=gnu++11 execution test
FAIL: c-c++-common/dfp/inf-1.c -std=c++98 execution test
FAIL: c-c++-common/dfp/inf-1.c -std=c++11 execution test
FAIL: c-c++-common/dfp/nan-1.c -std=c++98 execution test
FAIL: c-c++-common/dfp/nan-1.c -std=c++11 execution test
FAIL: c-c++-common/dfp/nan-2.c -std=c++98 execution test
FAIL: c-c++-common/dfp/nan-2.c -std=c++11 execution test
FAIL: g++.dg/cdce3.C -std=gnu++98 scan-tree-dump cdce "cdce3.C:93:
note: function call is shrink-wrapped into error conditions."
FAIL: g++.dg/cdce3.C -std=gnu++98 scan-tree-dump cdce "cdce3.C:94:
note: function call is shrink-wrapped into error conditions."
FAIL: g++.dg/cdce3.C -std=gnu++98 scan-tree-dump cdce "cdce3.C:96:
note: function call is shrink-wrapped into error conditions."
FAIL: g++.dg/cdce3.C -std=gnu++98 scan-tree-dump cdce "cdce3.C:97:
note: function call is shrink-wrapped into error conditions."
FAIL: g++.dg/cdce3.C -std=gnu++98 scan-tree-dump cdce "cdce3.C:98:
note: function call is shrink-wrapped into error conditions."
FAIL: g++.dg/cdce3.C -std=gnu++98 scan-tree-dump cdce "cdce3.C:99:
note: function call is shrink-wrapped into error conditions."
FAIL: g++.dg/cdce3.C -std=gnu++98 scan-tree-dump cdce "cdce3.C:100:
note: function call is shrink-wrapped into error conditions."
FAIL: g++.dg/cdce3.C -std=gnu++98 scan-tree-dump cdce "cdce3.C:101:
note: function call is shrink-wrapped into error conditions."
FAIL: g++.dg/cdce3.C -std=gnu++98 scan-tree-dump cdce "cdce3.C:102:
note: function call is shrink-wrapped into error conditions."
FAIL: g++.dg/cdce3.C -std=gnu++98 scan-tree-dump cdce "cdce3.C:103:
note: function call is shrink-wrapped into error conditions."
FAIL: g++.dg/cdce3.C -std=gnu++98 scan-tree-dump cdce "cdce3.C:104:
note: function call is shrink-wrapped into error conditions."
FAIL: g++.dg/cdce3.C -std=gnu++98 scan-tree-dump cdce "cdce3.C:105:
note: function call is shrink-wrapped into error conditions."
FAIL: g++.dg/cdce3.C -std=gnu++98 scan-tree-dump cdce "cdce3.C:106:
note: function call is shrink-wrapped into error conditions."
FAIL: g++.dg/cdce3.C -std=gnu++98 scan-tree-dump cdce "cdce3.C:107:
note: function call is shrink-wrapped into error conditions."
FAIL: g++.dg/cdce3.C -std=gnu++98 scan-tree-dump cdce "cdce3.C:108:
note: function call is shrink-wrapped into error conditions."
FAIL: g++.dg/cdce3.C -std=gnu++98 scan-tree-dump cdce "cdce3.C:109:
note: function call is shrink-wrapped into error conditions."
FAIL: g++.dg/cdce3.C -std=gnu++11 scan-tree-dump cdce "cdce3.C:93:
note: function call is shrink-wrapped into error conditions."
FAIL: g++.dg/cdce3.C -std=gnu++11 scan-tree-dump cdce "cdce3.C:94:
note: function call is shrink-wrapped into error conditions."
FAIL: g++.dg/cdce3.C -std=gnu++11 scan-tree-dump cdce "cdce3.C:96:
note: function call is shrink-wrapped into error conditions."
FAIL: g++.dg/cdce3.C -std=gnu++11 scan-tree-dump cdce "cdce3.C:97:
note: function call is shrink-wrapped into error conditions."
FAIL: g++.dg/cdce3.C -std=gnu++11 scan-tree-dump cdce "cdce3.C:98:
note: function call is shrink-wrapped into error conditions."
FAIL: g++.dg/cdce3.C -std=gnu++11 scan-tree-dump cdce "cdce3.C:99:
note: function call is shrink-wrapped into error conditions."
FAIL: g++.dg/cdce3.C -std=gnu++11 scan-tree-dump cdce "cdce3.C:100:
note: function call is shrink-wrapped into error conditions."
FAIL: g++.dg/cdce3.C -std=gnu++11 scan-tree-dump cdce "cdce3.C:101:
note: function call is shrink-wrapped into error conditions."
FAIL: g++.dg/cdce3.C -std=gnu++11 scan-tree-dump cdce "cdce3.C:102:
note: function call is shrink-wrapped into error conditions."
FAIL: g++.dg/cdce3.C -std=gnu++11 scan-tree-dump cdce "cdce3.C:103:
note: function call is shrink-wrapped into error conditions."
FAIL: g++.dg/cdce3.C -std=gnu++11 scan-tree-dump cdce "cdce3.C:104:
note: function call is shrink-wrapped into error conditions."
FAIL: g++.dg/cdce3.C -std=gnu++11 scan-tree-dump cdce "cdce3.C:105:
note: function call is shrink-wrapped into error conditions."
FAIL: g++.dg/cdce3.C -std=gnu++11 scan-tree-dump cdce "cdce3.C:106:
note: function call is shrink-wrapped into error conditions."
FAIL: g++.dg/cdce3.C -std=gnu++11 scan-tree-dump cdce "cdce3.C:107:
note: function call is shrink-wrapped into error conditions."
FAIL: g++.dg/cdce3.C -std=gnu++11 scan-tree-dump cdce "cdce3.C:108:
note: function call is shrink-wrapped into error conditions."
FAIL: g++.dg/cdce3.C -std=gnu++11 scan-tree-dump cdce "cdce3.C:109:
note: function call is shrink-wrapped into error conditions."
FAIL: g++.dg/ext/builtin6.C -std=c++98 scan-assembler fancy_sin
FAIL: g++.dg/ext/builtin6.C -std=c++11 scan-assembler fancy_sin
FAIL: g++.dg/opt/pr34036.C -std=gnu++98 (test for warnings, line 1)
FAIL: g++.dg/opt/pr34036.C -std=gnu++11 (test for warnings, line 1)
FAIL: c-c++-common/torture/complex-sign-add.c -O0 execution test
FAIL: c-c++-common/torture/complex-sign-add.c -O1 execution test
FAIL: c-c++-common/torture/complex-sign-add.c -O2 execution test
FAIL: c-c++-common/torture/complex-sign-add.c -O3
-fomit-frame-pointer execution test
FAIL: c-c++-common/torture/complex-sign-add.c -O3
-fomit-frame-pointer -funroll-loops execution test
FAIL: c-c++-common/torture/complex-sign-add.c -O3
-fomit-frame-pointer -funroll-all-loops -finline-functions execution
test
FAIL: c-c++-common/torture/complex-sign-add.c -O3 -g execution test
FAIL: c-c++-common/torture/complex-sign-add.c -Os execution test
FAIL: c-c++-common/torture/complex-sign-add.c -O2 -flto
-fno-use-linker-plugin -flto-partition=none execution test
FAIL: c-c++-common/torture/complex-sign-add.c -O2 -flto
-fuse-linker-plugin -fno-fat-lto-objects execution test
FAIL: c-c++-common/torture/complex-sign-mixed-add.c -O0 execution test
FAIL: c-c++-common/torture/complex-sign-mixed-add.c -O1 execution test
FAIL: c-c++-common/torture/complex-sign-mixed-add.c -O2 execution test
FAIL: c-c++-common/torture/complex-sign-mixed-add.c -O3
-fomit-frame-pointer execution test
FAIL: c-c++-common/torture/complex-sign-mixed-add.c -O3
-fomit-frame-pointer -funroll-loops execution test
FAIL: c-c++-common/torture/complex-sign-mixed-add.c -O3
-fomit-frame-pointer -funroll-all-loops -finline-functions execution
test
FAIL: c-c++-common/torture/complex-sign-mixed-add.c -O3 -g execution test
FAIL: c-c++-common/torture/complex-sign-mixed-add.c -Os execution test
FAIL: c-c++-common/torture/complex-sign-mixed-add.c -O2 -flto
-fno-use-linker-plugin -flto-partition=none execution test
FAIL: c-c++-common/torture/complex-sign-mixed-add.c -O2 -flto
-fuse-linker-plugin -fno-fat-lto-objects execution test
FAIL: c-c++-common/torture/complex-sign-mixed-div.c -O0 execution test
FAIL: c-c++-common/torture/complex-sign-mixed-div.c -O1 execution test
FAIL: c-c++-common/torture/complex-sign-mixed-div.c -O2 execution test
FAIL: c-c++-common/torture/complex-sign-mixed-div.c -O3
-fomit-frame-pointer execution test
FAIL: c-c++-common/torture/complex-sign-mixed-div.c -O3
-fomit-frame-pointer -funroll-loops execution test
FAIL: c-c++-common/torture/complex-sign-mixed-div.c -O3
-fomit-frame-pointer -funroll-all-loops -finline-functions execution
test
FAIL: c-c++-common/torture/complex-sign-mixed-div.c -O3 -g execution test
FAIL: c-c++-common/torture/complex-sign-mixed-div.c -Os execution test
FAIL: c-c++-common/torture/complex-sign-mixed-div.c -O2 -flto
-fno-use-linker-plugin -flto-partition=none execution test
FAIL: c-c++-common/torture/complex-sign-mixed-div.c -O2 -flto
-fuse-linker-plugin -fno-fat-lto-objects execution test
FAIL: c-c++-common/torture/complex-sign-mixed-mul.c -O0 execution test
FAIL: c-c++-common/torture/complex-sign-mixed-mul.c -O1 execution test
FAIL: c-c++-common/torture/complex-sign-mixed-mul.c -O2 execution test
FAIL: c-c++-common/torture/complex-sign-mixed-mul.c -O3
-fomit-frame-pointer execution test
FAIL: c-c++-common/torture/complex-sign-mixed-mul.c -O3
-fomit-frame-pointer -funroll-loops execution test
FAIL: c-c++-common/torture/complex-sign-mixed-mul.c -O3
-fomit-frame-pointer -funroll-all-loops -finline-functions execution
test
FAIL: c-c++-common/torture/complex-sign-mixed-mul.c -O3 -g execution test
FAIL: c-c++-common/torture/complex-sign-mixed-mul.c -Os execution test
FAIL: c-c++-common/torture/complex-sign-mixed-mul.c -O2 -flto
-fno-use-linker-plugin -flto-partition=none execution test
FAIL: c-c++-common/torture/complex-sign-mixed-mul.c -O2 -flto
-fuse-linker-plugin -fno-fat-lto-objects execution test
FAIL: c-c++-common/torture/complex-sign-mixed-sub.c -O0 execution test
FAIL: c-c++-common/torture/complex-sign-mixed-sub.c -O1 execution test
FAIL: c-c++-common/torture/complex-sign-mixed-sub.c -O2 execution test
FAIL: c-c++-common/torture/complex-sign-mixed-sub.c -O3
-fomit-frame-pointer execution test
FAIL: c-c++-common/torture/complex-sign-mixed-sub.c -O3
-fomit-frame-pointer -funroll-loops execution test
FAIL: c-c++-common/torture/complex-sign-mixed-sub.c -O3
-fomit-frame-pointer -funroll-all-loops -finline-functions execution
test
FAIL: c-c++-common/torture/complex-sign-mixed-sub.c -O3 -g execution test
FAIL: c-c++-common/torture/complex-sign-mixed-sub.c -Os execution test
FAIL: c-c++-common/torture/complex-sign-mixed-sub.c -O2 -flto
-fno-use-linker-plugin -flto-partition=none execution test
FAIL: c-c++-common/torture/complex-sign-mixed-sub.c -O2 -flto
-fuse-linker-plugin -fno-fat-lto-objects execution test
FAIL: c-c++-common/torture/complex-sign-mul-minus-one.c -O0 execution test
FAIL: c-c++-common/torture/complex-sign-mul-minus-one.c -O1 execution test
FAIL: c-c++-common/torture/complex-sign-mul-minus-one.c -O2 execution test
FAIL: c-c++-common/torture/complex-sign-mul-minus-one.c -O3
-fomit-frame-pointer execution test
FAIL: c-c++-common/torture/complex-sign-mul-minus-one.c -O3
-fomit-frame-pointer -funroll-loops execution test
FAIL: c-c++-common/torture/complex-sign-mul-minus-one.c -O3
-fomit-frame-pointer -funroll-all-loops -finline-functions execution
test
FAIL: c-c++-common/torture/complex-sign-mul-minus-one.c -O3 -g execution test
FAIL: c-c++-common/torture/complex-sign-mul-minus-one.c -Os execution test
FAIL: c-c++-common/torture/complex-sign-mul-minus-one.c -O2 -flto
-fno-use-linker-plugin -flto-partition=none execution test
FAIL: c-c++-common/torture/complex-sign-mul-minus-one.c -O2 -flto
-fuse-linker-plugin -fno-fat-lto-objects execution test
FAIL: c-c++-common/torture/complex-sign-mul-one.c -O0 execution test
FAIL: c-c++-common/torture/complex-sign-mul-one.c -O1 execution test
FAIL: c-c++-common/torture/complex-sign-mul-one.c -O2 execution test
FAIL: c-c++-common/torture/complex-sign-mul-one.c -O3
-fomit-frame-pointer execution test
FAIL: c-c++-common/torture/complex-sign-mul-one.c -O3
-fomit-frame-pointer -funroll-loops execution test
FAIL: c-c++-common/torture/complex-sign-mul-one.c -O3
-fomit-frame-pointer -funroll-all-loops -finline-functions execution
test
FAIL: c-c++-common/torture/complex-sign-mul-one.c -O3 -g execution test
FAIL: c-c++-common/torture/complex-sign-mul-one.c -Os execution test
FAIL: c-c++-common/torture/complex-sign-mul-one.c -O2 -flto
-fno-use-linker-plugin -flto-partition=none execution test
FAIL: c-c++-common/torture/complex-sign-mul-one.c -O2 -flto
-fuse-linker-plugin -fno-fat-lto-objects execution test
FAIL: c-c++-common/torture/complex-sign-mul.c -O0 execution test
FAIL: c-c++-common/torture/complex-sign-mul.c -O1 execution test
FAIL: c-c++-common/torture/complex-sign-mul.c -O2 execution test
FAIL: c-c++-common/torture/complex-sign-mul.c -O3
-fomit-frame-pointer execution test
FAIL: c-c++-common/torture/complex-sign-mul.c -O3
-fomit-frame-pointer -funroll-loops execution test
FAIL: c-c++-common/torture/complex-sign-mul.c -O3
-fomit-frame-pointer -funroll-all-loops -finline-functions execution
test
FAIL: c-c++-common/torture/complex-sign-mul.c -O3 -g execution test
FAIL: c-c++-common/torture/complex-sign-mul.c -Os execution test
FAIL: c-c++-common/torture/complex-sign-mul.c -O2 -flto
-fno-use-linker-plugin -flto-partition=none execution test
FAIL: c-c++-common/torture/complex-sign-mul.c -O2 -flto
-fuse-linker-plugin -fno-fat-lto-objects execution test
FAIL: c-c++-common/torture/complex-sign-sub.c -O0 execution test
FAIL: c-c++-common/torture/complex-sign-sub.c -O1 execution test
FAIL: c-c++-common/torture/complex-sign-sub.c -O2 execution test
FAIL: c-c++-common/torture/complex-sign-sub.c -O3
-fomit-frame-pointer execution test
FAIL: c-c++-common/torture/complex-sign-sub.c -O3
-fomit-frame-pointer -funroll-loops execution test
FAIL: c-c++-common/torture/complex-sign-sub.c -O3
-fomit-frame-pointer -funroll-all-loops -finline-functions execution
test
FAIL: c-c++-common/torture/complex-sign-sub.c -O3 -g execution test
FAIL: c-c++-common/torture/complex-sign-sub.c -Os execution test
FAIL: c-c++-common/torture/complex-sign-sub.c -O2 -flto
-fno-use-linker-plugin -flto-partition=none execution test
FAIL: c-c++-common/torture/complex-sign-sub.c -O2 -flto
-fuse-linker-plugin -fno-fat-lto-objects execution test
FAIL: g++.dg/torture/type-generic-1.C -O0 execution test
FAIL: g++.dg/torture/type-generic-1.C -O1 execution test
FAIL: g++.dg/torture/type-generic-1.C -O2 execution test
FAIL: g++.dg/torture/type-generic-1.C -O3 -fomit-frame-pointer execution test
FAIL: g++.dg/torture/type-generic-1.C -O3 -g execution test
FAIL: g++.dg/torture/type-generic-1.C -Os execution test
FAIL: g++.dg/torture/type-generic-1.C -O2 -flto
-fno-use-linker-plugin -flto-partition=none execution test
FAIL: g++.dg/torture/type-generic-1.C -O2 -flto -fuse-linker-plugin
-fno-fat-lto-objects execution test
=== g++ Summary for unix/-m32/-ffast-math ===
# of expected passes 47652
# of unexpected failures 150
# of expected failures 286
# of unresolved testcases 2
# of unsupported tests 308
=== g++ Summary ===
# of expected passes 95456
# of unexpected failures 150
# of expected failures 572
# of unresolved testcases 2
# of unsupported tests 616
/home/edward-san/objgcc/gcc/testsuite/g++/../../g++ version 4.7.2
20120829 (prerelease) (GCC)
=== libgomp tests ===
Running target unix/-m32
=== libgomp Summary for unix/-m32 ===
# of expected passes 1287
Running target unix/-m32/-ffast-math
=== libgomp Summary for unix/-m32/-ffast-math ===
# of expected passes 1287
=== libgomp Summary ===
# of expected passes 2574
=== libitm tests ===
Running target unix/-m32
=== libitm Summary for unix/-m32 ===
# of expected passes 26
# of expected failures 3
# of unsupported tests 1
Running target unix/-m32/-ffast-math
=== libitm Summary for unix/-m32/-ffast-math ===
# of expected passes 26
# of expected failures 3
# of unsupported tests 1
=== libitm Summary ===
# of expected passes 52
# of expected failures 6
# of unsupported tests 2
=== libmudflap tests ===
Running target unix/-m32
=== libmudflap Summary for unix/-m32 ===
# of expected passes 1436
Running target unix/-m32/-ffast-math
=== libmudflap Summary for unix/-m32/-ffast-math ===
# of expected passes 1436
=== libmudflap Summary ===
# of expected passes 2872
=== libstdc++ tests ===
Running target unix/-m32
=== libstdc++ Summary for unix/-m32 ===
# of expected passes 8318
# of expected failures 43
# of unsupported tests 452
Running target unix/-m32/-ffast-math
FAIL: 18_support/numeric_limits/quiet_NaN.cc execution test
FAIL: 26_numerics/complex/cons/48760.cc execution test
FAIL: 26_numerics/complex/cons/48760_c++0x.cc execution test
FAIL: decimal/pr54036-1.cc execution test
FAIL: decimal/pr54036-2.cc execution test
FAIL: decimal/pr54036-3.cc execution test
FAIL: tr1/5_numerical_facilities/special_functions/01_assoc_laguerre/check_nan.cc
execution test
FAIL: tr1/5_numerical_facilities/special_functions/02_assoc_legendre/check_nan.cc
execution test
FAIL: tr1/5_numerical_facilities/special_functions/03_beta/check_nan.cc
execution test
FAIL: tr1/5_numerical_facilities/special_functions/04_comp_ellint_1/check_nan.cc
execution test
FAIL: tr1/5_numerical_facilities/special_functions/05_comp_ellint_2/check_nan.cc
execution test
FAIL: tr1/5_numerical_facilities/special_functions/06_comp_ellint_3/check_nan.cc
execution test
FAIL: tr1/5_numerical_facilities/special_functions/07_conf_hyperg/check_nan.cc
execution test
FAIL: tr1/5_numerical_facilities/special_functions/08_cyl_bessel_i/check_nan.cc
execution test
FAIL: tr1/5_numerical_facilities/special_functions/09_cyl_bessel_j/check_nan.cc
execution test
FAIL: tr1/5_numerical_facilities/special_functions/10_cyl_bessel_k/check_nan.cc
execution test
FAIL: tr1/5_numerical_facilities/special_functions/11_cyl_neumann/check_nan.cc
execution test
FAIL: tr1/5_numerical_facilities/special_functions/12_ellint_1/check_nan.cc
execution test
FAIL: tr1/5_numerical_facilities/special_functions/13_ellint_2/check_nan.cc
execution test
FAIL: tr1/5_numerical_facilities/special_functions/14_ellint_3/check_nan.cc
execution test
FAIL: tr1/5_numerical_facilities/special_functions/15_expint/check_nan.cc
execution test
FAIL: tr1/5_numerical_facilities/special_functions/16_hermite/check_nan.cc
execution test
FAIL: tr1/5_numerical_facilities/special_functions/17_hyperg/check_nan.cc
execution test
FAIL: tr1/5_numerical_facilities/special_functions/18_laguerre/check_nan.cc
execution test
FAIL: tr1/5_numerical_facilities/special_functions/19_legendre/check_nan.cc
execution test
FAIL: tr1/5_numerical_facilities/special_functions/20_riemann_zeta/check_nan.cc
execution test
FAIL: tr1/5_numerical_facilities/special_functions/21_sph_bessel/check_nan.cc
execution test
FAIL: tr1/5_numerical_facilities/special_functions/22_sph_legendre/check_nan.cc
execution test
FAIL: tr1/5_numerical_facilities/special_functions/23_sph_neumann/check_nan.cc
execution test
=== libstdc++ Summary for unix/-m32/-ffast-math ===
# of expected passes 8289
# of unexpected failures 29
# of expected failures 43
# of unsupported tests 452
=== libstdc++ Summary ===
# of expected passes 16607
# of unexpected failures 29
# of expected failures 86
# of unsupported tests 904
Compiler version: 4.7.2 20120829 (prerelease) (GCC)
Platform: x86_64-unknown-linux-gnu
configure flags: --enable-languages=c,c++,lto
--prefix=/home/edward-san/buildgcc --program-suffix=-4.7-svn
More information about the Gcc-testresults
mailing list