Results for 4.8.0 20120802 (experimental) (GCC) testsuite on x86_64-unknown-freebsd8.3
Gerald Pfeifer
gerald@FreeBSD.org
Thu Aug 2 23:43:00 GMT 2012
Native configuration is x86_64-unknown-freebsd8.3
=== g++ tests ===
Running target unix
FAIL: g++.dg/plugin/attribute_plugin.c compilation
FAIL: g++.dg/plugin/pragma_plugin.c compilation
FAIL: g++.dg/plugin/selfassign.c compilation
FAIL: g++.dg/plugin/dumb_plugin.c compilation
FAIL: g++.dg/plugin/header_plugin.c compilation
FAIL: g++.dg/plugin/decl_plugin.c compilation
FAIL: g++.old-deja/g++.other/init18.C -std=c++98 execution test
FAIL: g++.old-deja/g++.other/init18.C -std=c++11 execution test
FAIL: g++.old-deja/g++.other/init19.C -std=c++98 execution test
FAIL: g++.old-deja/g++.other/init19.C -std=c++11 execution test
=== g++ Summary ===
# of expected passes 48717
# of unexpected failures 10
# of expected failures 284
# of unsupported tests 679
/scratch2/scratch/gerald/OBJ-0802-1848/gcc/testsuite/g++/../../g++ version 4.8.0 20120802 (experimental) (GCC)
=== gcc tests ===
Running target unix
XPASS: gcc.dg/Wstrict-overflow-18.c (test for bogus messages, line 20)
FAIL: gcc.dg/attr-weakref-1.c (test for excess errors)
UNRESOLVED: gcc.dg/attr-weakref-1.c compilation failed to produce executable
FAIL: gcc.dg/c99-stdint-1.c (test for excess errors)
FAIL: gcc.dg/c99-stdint-2.c (test for excess errors)
FAIL: gcc.dg/c99-stdint-5.c (test for excess errors)
FAIL: gcc.dg/c99-stdint-6.c (test for excess errors)
FAIL: gcc.dg/mallign.c execution test
FAIL: gcc.dg/pr52558-1.c scan-tree-dump-times lim1 "MEM count_lsm.. count_lsm_flag" 1
FAIL: gcc.dg/pr52558-2.c scan-tree-dump-times lim1 "MEM.*g_2_lsm_flag" 1
FAIL: gcc.dg/utf-array-short-wchar.c (test for errors, line 39)
FAIL: gcc.dg/utf-array-short-wchar.c (test for errors, line 41)
FAIL: gcc.dg/utf-array-short-wchar.c (test for excess errors)
FAIL: largefile.c -O0 -I. -Dwith_PCH (internal compiler error)
FAIL: largefile.c -O0 -I. -Dwith_PCH (test for excess errors)
FAIL: gcc.dg/pch/largefile.c -O0 assembly comparison
FAIL: largefile.c -O1 -I. -Dwith_PCH (internal compiler error)
FAIL: largefile.c -O1 -I. -Dwith_PCH (test for excess errors)
FAIL: gcc.dg/pch/largefile.c -O1 assembly comparison
FAIL: largefile.c -O2 -I. -Dwith_PCH (internal compiler error)
FAIL: largefile.c -O2 -I. -Dwith_PCH (test for excess errors)
FAIL: gcc.dg/pch/largefile.c -O2 assembly comparison
FAIL: largefile.c -Os -I. -Dwith_PCH (internal compiler error)
FAIL: largefile.c -Os -I. -Dwith_PCH (test for excess errors)
FAIL: gcc.dg/pch/largefile.c -Os assembly comparison
FAIL: gcc.dg/plugin/selfassign.c compilation
FAIL: gcc.dg/plugin/ggcplug.c compilation
FAIL: gcc.dg/plugin/one_time_plugin.c compilation
FAIL: gcc.dg/plugin/start_unit_plugin.c compilation
FAIL: gcc.dg/plugin/finish_unit_plugin.c compilation
FAIL: gcc.dg/tm/reg-promotion.c scan-tree-dump-times lim1 "MEM count_lsm.. count_lsm_flag" 1
FAIL: gcc.dg/torture/pr51106-2.c -O0 (internal compiler error)
FAIL: gcc.dg/torture/pr51106-2.c -O0 (test for excess errors)
FAIL: gcc.dg/torture/pr51106-2.c -O1 (internal compiler error)
FAIL: gcc.dg/torture/pr51106-2.c -O1 (test for excess errors)
FAIL: gcc.dg/torture/pr51106-2.c -O2 (internal compiler error)
FAIL: gcc.dg/torture/pr51106-2.c -O2 (test for excess errors)
FAIL: gcc.dg/torture/pr51106-2.c -O3 -fomit-frame-pointer (internal compiler error)
FAIL: gcc.dg/torture/pr51106-2.c -O3 -fomit-frame-pointer (test for excess errors)
FAIL: gcc.dg/torture/pr51106-2.c -O3 -g (internal compiler error)
FAIL: gcc.dg/torture/pr51106-2.c -O3 -g (test for excess errors)
FAIL: gcc.dg/torture/pr51106-2.c -Os (internal compiler error)
FAIL: gcc.dg/torture/pr51106-2.c -Os (test for excess errors)
FAIL: gcc.dg/torture/pr51106-2.c -O2 -flto -fno-use-linker-plugin -flto-partition=none (internal compiler error)
FAIL: gcc.dg/torture/pr51106-2.c -O2 -flto -fno-use-linker-plugin -flto-partition=none (test for excess errors)
=== gcc Summary ===
# of expected passes 84946
# of unexpected failures 43
# of unexpected successes 1
# of expected failures 258
# of unresolved testcases 1
# of unsupported tests 1439
/scratch2/scratch/gerald/OBJ-0802-1848/gcc/xgcc version 4.8.0 20120802 (experimental) (GCC)
=== gfortran tests ===
Running target unix
UNRESOLVED: gfortran.dg/large_real_kind_2.F90 -O0 compilation failed to produce executable
UNRESOLVED: gfortran.dg/large_real_kind_2.F90 -O1 compilation failed to produce executable
UNRESOLVED: gfortran.dg/large_real_kind_2.F90 -O2 compilation failed to produce executable
UNRESOLVED: gfortran.dg/large_real_kind_2.F90 -O3 -fomit-frame-pointer compilation failed to produce executable
UNRESOLVED: gfortran.dg/large_real_kind_2.F90 -O3 -fomit-frame-pointer -funroll-loops compilation failed to produce executable
UNRESOLVED: gfortran.dg/large_real_kind_2.F90 -O3 -fomit-frame-pointer -funroll-all-loops -finline-functions compilation failed to produce executable
UNRESOLVED: gfortran.dg/large_real_kind_2.F90 -O3 -g compilation failed to produce executable
UNRESOLVED: gfortran.dg/large_real_kind_2.F90 -Os compilation failed to produce executable
UNRESOLVED: gfortran.dg/large_real_kind_3.F90 -O0 compilation failed to produce executable
XPASS: gfortran.dg/large_real_kind_3.F90 -O1 (test for excess errors)
XPASS: gfortran.dg/large_real_kind_3.F90 -O2 (test for excess errors)
XPASS: gfortran.dg/large_real_kind_3.F90 -O3 -fomit-frame-pointer (test for excess errors)
XPASS: gfortran.dg/large_real_kind_3.F90 -O3 -fomit-frame-pointer -funroll-loops (test for excess errors)
XPASS: gfortran.dg/large_real_kind_3.F90 -O3 -fomit-frame-pointer -funroll-all-loops -finline-functions (test for excess errors)
XPASS: gfortran.dg/large_real_kind_3.F90 -O3 -g (test for excess errors)
XPASS: gfortran.dg/large_real_kind_3.F90 -Os (test for excess errors)
FAIL: gfortran.dg/lto/pr45586-2 f_lto_pr45586-2_0.o-f_lto_pr45586-2_0.o link, -O0 -flto -flto-partition=none -fuse-linker-plugin (internal compiler error)
UNRESOLVED: gfortran.dg/lto/pr45586-2 f_lto_pr45586-2_0.o-f_lto_pr45586-2_0.o execute -O0 -flto -flto-partition=none -fuse-linker-plugin
FAIL: gfortran.dg/lto/pr45586-2 f_lto_pr45586-2_0.o-f_lto_pr45586-2_0.o link, -O0 -flto -flto-partition=1to1 -fno-use-linker-plugin (internal compiler error)
UNRESOLVED: gfortran.dg/lto/pr45586-2 f_lto_pr45586-2_0.o-f_lto_pr45586-2_0.o execute -O0 -flto -flto-partition=1to1 -fno-use-linker-plugin
FAIL: gfortran.dg/lto/pr45586-2 f_lto_pr45586-2_0.o-f_lto_pr45586-2_0.o link, -O0 -flto -fuse-linker-plugin -fno-fat-lto-objects (internal compiler error)
UNRESOLVED: gfortran.dg/lto/pr45586-2 f_lto_pr45586-2_0.o-f_lto_pr45586-2_0.o execute -O0 -flto -fuse-linker-plugin -fno-fat-lto-objects
FAIL: gfortran.dg/lto/pr45586 f_lto_pr45586_0.o-f_lto_pr45586_0.o link, -O0 -flto -flto-partition=none -fuse-linker-plugin (internal compiler error)
UNRESOLVED: gfortran.dg/lto/pr45586 f_lto_pr45586_0.o-f_lto_pr45586_0.o execute -O0 -flto -flto-partition=none -fuse-linker-plugin
FAIL: gfortran.dg/lto/pr45586 f_lto_pr45586_0.o-f_lto_pr45586_0.o link, -O0 -flto -flto-partition=1to1 -fno-use-linker-plugin (internal compiler error)
UNRESOLVED: gfortran.dg/lto/pr45586 f_lto_pr45586_0.o-f_lto_pr45586_0.o execute -O0 -flto -flto-partition=1to1 -fno-use-linker-plugin
FAIL: gfortran.dg/lto/pr45586 f_lto_pr45586_0.o-f_lto_pr45586_0.o link, -O0 -flto -fuse-linker-plugin -fno-fat-lto-objects (internal compiler error)
UNRESOLVED: gfortran.dg/lto/pr45586 f_lto_pr45586_0.o-f_lto_pr45586_0.o execute -O0 -flto -fuse-linker-plugin -fno-fat-lto-objects
=== gfortran Summary ===
# of expected passes 41837
# of unexpected failures 6
# of unexpected successes 7
# of expected failures 51
# of unresolved testcases 15
# of unsupported tests 77
/scratch2/scratch/gerald/OBJ-0802-1848/gcc/testsuite/gfortran/../../gfortran version 4.8.0 20120802 (experimental) (GCC)
=== objc tests ===
Running target unix
=== objc Summary ===
# of expected passes 2988
# of expected failures 6
# of unsupported tests 74
/scratch2/scratch/gerald/OBJ-0802-1848/gcc/xgcc version 4.8.0 20120802 (experimental) (GCC)
=== boehm-gc tests ===
Running target unix
=== boehm-gc Summary ===
# of expected passes 12
# of unsupported tests 1
=== libatomic tests ===
Running target unix
=== libatomic Summary ===
# of expected passes 54
=== libffi tests ===
Running target unix
=== libffi Summary ===
# of expected passes 1659
# of unsupported tests 55
=== libgomp tests ===
Running target unix
FAIL: libgomp.fortran/allocatable1.f90 -O0 (test for excess errors)
FAIL: libgomp.fortran/allocatable1.f90 -O1 (test for excess errors)
FAIL: libgomp.fortran/allocatable1.f90 -O2 (test for excess errors)
FAIL: libgomp.fortran/allocatable1.f90 -O3 -fomit-frame-pointer (test for excess errors)
FAIL: libgomp.fortran/allocatable1.f90 -O3 -fomit-frame-pointer -funroll-loops (test for excess errors)
FAIL: libgomp.fortran/allocatable1.f90 -O3 -fomit-frame-pointer -funroll-all-loops -finline-functions (test for excess errors)
FAIL: libgomp.fortran/allocatable1.f90 -O3 -g (test for excess errors)
FAIL: libgomp.fortran/allocatable1.f90 -Os (test for excess errors)
FAIL: libgomp.fortran/allocatable2.f90 -O0 (test for excess errors)
FAIL: libgomp.fortran/allocatable2.f90 -O1 (test for excess errors)
FAIL: libgomp.fortran/allocatable2.f90 -O2 (test for excess errors)
FAIL: libgomp.fortran/allocatable2.f90 -O3 -fomit-frame-pointer (test for excess errors)
FAIL: libgomp.fortran/allocatable2.f90 -O3 -fomit-frame-pointer -funroll-loops (test for excess errors)
FAIL: libgomp.fortran/allocatable2.f90 -O3 -fomit-frame-pointer -funroll-all-loops -finline-functions (test for excess errors)
FAIL: libgomp.fortran/allocatable2.f90 -O3 -g (test for excess errors)
FAIL: libgomp.fortran/allocatable2.f90 -Os (test for excess errors)
FAIL: libgomp.fortran/allocatable3.f90 -O0 (test for excess errors)
FAIL: libgomp.fortran/allocatable3.f90 -O1 (test for excess errors)
FAIL: libgomp.fortran/allocatable3.f90 -O2 (test for excess errors)
FAIL: libgomp.fortran/allocatable3.f90 -O3 -fomit-frame-pointer (test for excess errors)
FAIL: libgomp.fortran/allocatable3.f90 -O3 -fomit-frame-pointer -funroll-loops (test for excess errors)
FAIL: libgomp.fortran/allocatable3.f90 -O3 -fomit-frame-pointer -funroll-all-loops -finline-functions (test for excess errors)
FAIL: libgomp.fortran/allocatable3.f90 -O3 -g (test for excess errors)
FAIL: libgomp.fortran/allocatable3.f90 -Os (test for excess errors)
FAIL: libgomp.fortran/allocatable4.f90 -O0 (test for excess errors)
FAIL: libgomp.fortran/allocatable4.f90 -O1 (test for excess errors)
FAIL: libgomp.fortran/allocatable4.f90 -O2 (test for excess errors)
FAIL: libgomp.fortran/allocatable4.f90 -O3 -fomit-frame-pointer (test for excess errors)
FAIL: libgomp.fortran/allocatable4.f90 -O3 -fomit-frame-pointer -funroll-loops (test for excess errors)
FAIL: libgomp.fortran/allocatable4.f90 -O3 -fomit-frame-pointer -funroll-all-loops -finline-functions (test for excess errors)
FAIL: libgomp.fortran/allocatable4.f90 -O3 -g (test for excess errors)
FAIL: libgomp.fortran/allocatable4.f90 -Os (test for excess errors)
FAIL: libgomp.fortran/allocatable5.f90 -O0 (test for excess errors)
FAIL: libgomp.fortran/allocatable5.f90 -O1 (test for excess errors)
FAIL: libgomp.fortran/allocatable5.f90 -O2 (test for excess errors)
FAIL: libgomp.fortran/allocatable5.f90 -O3 -fomit-frame-pointer (test for excess errors)
FAIL: libgomp.fortran/allocatable5.f90 -O3 -fomit-frame-pointer -funroll-loops (test for excess errors)
FAIL: libgomp.fortran/allocatable5.f90 -O3 -fomit-frame-pointer -funroll-all-loops -finline-functions (test for excess errors)
FAIL: libgomp.fortran/allocatable5.f90 -O3 -g (test for excess errors)
FAIL: libgomp.fortran/allocatable5.f90 -Os (test for excess errors)
FAIL: libgomp.fortran/allocatable6.f90 -O0 (test for excess errors)
FAIL: libgomp.fortran/allocatable6.f90 -O1 (test for excess errors)
FAIL: libgomp.fortran/allocatable6.f90 -O2 (test for excess errors)
FAIL: libgomp.fortran/allocatable6.f90 -O3 -fomit-frame-pointer (test for excess errors)
FAIL: libgomp.fortran/allocatable6.f90 -O3 -fomit-frame-pointer -funroll-loops (test for excess errors)
FAIL: libgomp.fortran/allocatable6.f90 -O3 -fomit-frame-pointer -funroll-all-loops -finline-functions (test for excess errors)
FAIL: libgomp.fortran/allocatable6.f90 -O3 -g (test for excess errors)
FAIL: libgomp.fortran/allocatable6.f90 -Os (test for excess errors)
FAIL: libgomp.fortran/allocatable7.f90 -O0 (test for excess errors)
FAIL: libgomp.fortran/allocatable7.f90 -O1 (test for excess errors)
FAIL: libgomp.fortran/allocatable7.f90 -O2 (test for excess errors)
FAIL: libgomp.fortran/allocatable7.f90 -O3 -fomit-frame-pointer (test for excess errors)
FAIL: libgomp.fortran/allocatable7.f90 -O3 -fomit-frame-pointer -funroll-loops (test for excess errors)
FAIL: libgomp.fortran/allocatable7.f90 -O3 -fomit-frame-pointer -funroll-all-loops -finline-functions (test for excess errors)
FAIL: libgomp.fortran/allocatable7.f90 -O3 -g (test for excess errors)
FAIL: libgomp.fortran/allocatable7.f90 -Os (test for excess errors)
FAIL: libgomp.fortran/allocatable8.f90 -O0 (test for excess errors)
FAIL: libgomp.fortran/allocatable8.f90 -O1 (test for excess errors)
FAIL: libgomp.fortran/allocatable8.f90 -O2 (test for excess errors)
FAIL: libgomp.fortran/allocatable8.f90 -O3 -fomit-frame-pointer (test for excess errors)
FAIL: libgomp.fortran/allocatable8.f90 -O3 -fomit-frame-pointer -funroll-loops (test for excess errors)
FAIL: libgomp.fortran/allocatable8.f90 -O3 -fomit-frame-pointer -funroll-all-loops -finline-functions (test for excess errors)
FAIL: libgomp.fortran/allocatable8.f90 -O3 -g (test for excess errors)
FAIL: libgomp.fortran/allocatable8.f90 -Os (test for excess errors)
FAIL: libgomp.fortran/appendix-a/a.15.1.f90 -O (test for excess errors)
FAIL: libgomp.fortran/appendix-a/a.16.1.f90 -O0 (test for excess errors)
FAIL: libgomp.fortran/appendix-a/a.16.1.f90 -O1 (test for excess errors)
FAIL: libgomp.fortran/appendix-a/a.16.1.f90 -O2 (test for excess errors)
FAIL: libgomp.fortran/appendix-a/a.16.1.f90 -O3 -fomit-frame-pointer (test for excess errors)
FAIL: libgomp.fortran/appendix-a/a.16.1.f90 -O3 -fomit-frame-pointer -funroll-loops (test for excess errors)
FAIL: libgomp.fortran/appendix-a/a.16.1.f90 -O3 -fomit-frame-pointer -funroll-all-loops -finline-functions (test for excess errors)
FAIL: libgomp.fortran/appendix-a/a.16.1.f90 -O3 -g (test for excess errors)
FAIL: libgomp.fortran/appendix-a/a.16.1.f90 -Os (test for excess errors)
FAIL: libgomp.fortran/appendix-a/a.18.1.f90 -O0 (test for excess errors)
FAIL: libgomp.fortran/appendix-a/a.18.1.f90 -O1 (test for excess errors)
FAIL: libgomp.fortran/appendix-a/a.18.1.f90 -O2 (test for excess errors)
FAIL: libgomp.fortran/appendix-a/a.18.1.f90 -O3 -fomit-frame-pointer (test for excess errors)
FAIL: libgomp.fortran/appendix-a/a.18.1.f90 -O3 -fomit-frame-pointer -funroll-loops (test for excess errors)
FAIL: libgomp.fortran/appendix-a/a.18.1.f90 -O3 -fomit-frame-pointer -funroll-all-loops -finline-functions (test for excess errors)
FAIL: libgomp.fortran/appendix-a/a.18.1.f90 -O3 -g (test for excess errors)
FAIL: libgomp.fortran/appendix-a/a.18.1.f90 -Os (test for excess errors)
FAIL: libgomp.fortran/appendix-a/a.19.1.f90 -O0 (test for excess errors)
FAIL: libgomp.fortran/appendix-a/a.19.1.f90 -O1 (test for excess errors)
FAIL: libgomp.fortran/appendix-a/a.19.1.f90 -O2 (test for excess errors)
FAIL: libgomp.fortran/appendix-a/a.19.1.f90 -O3 -fomit-frame-pointer (test for excess errors)
FAIL: libgomp.fortran/appendix-a/a.19.1.f90 -O3 -fomit-frame-pointer -funroll-loops (test for excess errors)
FAIL: libgomp.fortran/appendix-a/a.19.1.f90 -O3 -fomit-frame-pointer -funroll-all-loops -finline-functions (test for excess errors)
FAIL: libgomp.fortran/appendix-a/a.19.1.f90 -O3 -g (test for excess errors)
FAIL: libgomp.fortran/appendix-a/a.19.1.f90 -Os (test for excess errors)
FAIL: libgomp.fortran/appendix-a/a.2.1.f90 -O0 (test for excess errors)
FAIL: libgomp.fortran/appendix-a/a.2.1.f90 -O1 (test for excess errors)
FAIL: libgomp.fortran/appendix-a/a.2.1.f90 -O2 (test for excess errors)
FAIL: libgomp.fortran/appendix-a/a.2.1.f90 -O3 -fomit-frame-pointer (test for excess errors)
FAIL: libgomp.fortran/appendix-a/a.2.1.f90 -O3 -fomit-frame-pointer -funroll-loops (test for excess errors)
FAIL: libgomp.fortran/appendix-a/a.2.1.f90 -O3 -fomit-frame-pointer -funroll-all-loops -finline-functions (test for excess errors)
FAIL: libgomp.fortran/appendix-a/a.2.1.f90 -O3 -g (test for excess errors)
FAIL: libgomp.fortran/appendix-a/a.2.1.f90 -Os (test for excess errors)
FAIL: libgomp.fortran/appendix-a/a.21.1.f90 -O (test for excess errors)
FAIL: libgomp.fortran/appendix-a/a.22.7.f90 -O0 (test for excess errors)
FAIL: libgomp.fortran/appendix-a/a.22.7.f90 -O1 (test for excess errors)
FAIL: libgomp.fortran/appendix-a/a.22.7.f90 -O2 (test for excess errors)
FAIL: libgomp.fortran/appendix-a/a.22.7.f90 -O3 -fomit-frame-pointer (test for excess errors)
FAIL: libgomp.fortran/appendix-a/a.22.7.f90 -O3 -fomit-frame-pointer -funroll-loops (test for excess errors)
FAIL: libgomp.fortran/appendix-a/a.22.7.f90 -O3 -fomit-frame-pointer -funroll-all-loops -finline-functions (test for excess errors)
FAIL: libgomp.fortran/appendix-a/a.22.7.f90 -O3 -g (test for excess errors)
FAIL: libgomp.fortran/appendix-a/a.22.7.f90 -Os (test for excess errors)
FAIL: libgomp.fortran/appendix-a/a.22.8.f90 -O0 (test for excess errors)
FAIL: libgomp.fortran/appendix-a/a.22.8.f90 -O1 (test for excess errors)
FAIL: libgomp.fortran/appendix-a/a.22.8.f90 -O2 (test for excess errors)
FAIL: libgomp.fortran/appendix-a/a.22.8.f90 -O3 -fomit-frame-pointer (test for excess errors)
FAIL: libgomp.fortran/appendix-a/a.22.8.f90 -O3 -fomit-frame-pointer -funroll-loops (test for excess errors)
FAIL: libgomp.fortran/appendix-a/a.22.8.f90 -O3 -fomit-frame-pointer -funroll-all-loops -finline-functions (test for excess errors)
FAIL: libgomp.fortran/appendix-a/a.22.8.f90 -O3 -g (test for excess errors)
FAIL: libgomp.fortran/appendix-a/a.22.8.f90 -Os (test for excess errors)
FAIL: libgomp.fortran/appendix-a/a.26.1.f90 -O0 (test for excess errors)
FAIL: libgomp.fortran/appendix-a/a.26.1.f90 -O1 (test for excess errors)
FAIL: libgomp.fortran/appendix-a/a.26.1.f90 -O2 (test for excess errors)
FAIL: libgomp.fortran/appendix-a/a.26.1.f90 -O3 -fomit-frame-pointer (test for excess errors)
FAIL: libgomp.fortran/appendix-a/a.26.1.f90 -O3 -fomit-frame-pointer -funroll-loops (test for excess errors)
FAIL: libgomp.fortran/appendix-a/a.26.1.f90 -O3 -fomit-frame-pointer -funroll-all-loops -finline-functions (test for excess errors)
FAIL: libgomp.fortran/appendix-a/a.26.1.f90 -O3 -g (test for excess errors)
FAIL: libgomp.fortran/appendix-a/a.26.1.f90 -Os (test for excess errors)
FAIL: libgomp.fortran/appendix-a/a.28.1.f90 -O0 (test for excess errors)
FAIL: libgomp.fortran/appendix-a/a.28.1.f90 -O1 (test for excess errors)
FAIL: libgomp.fortran/appendix-a/a.28.1.f90 -O2 (test for excess errors)
FAIL: libgomp.fortran/appendix-a/a.28.1.f90 -O3 -fomit-frame-pointer (test for excess errors)
FAIL: libgomp.fortran/appendix-a/a.28.1.f90 -O3 -fomit-frame-pointer -funroll-loops (test for excess errors)
FAIL: libgomp.fortran/appendix-a/a.28.1.f90 -O3 -fomit-frame-pointer -funroll-all-loops -finline-functions (test for excess errors)
FAIL: libgomp.fortran/appendix-a/a.28.1.f90 -O3 -g (test for excess errors)
FAIL: libgomp.fortran/appendix-a/a.28.1.f90 -Os (test for excess errors)
FAIL: libgomp.fortran/appendix-a/a.28.2.f90 -O0 (test for excess errors)
FAIL: libgomp.fortran/appendix-a/a.28.2.f90 -O1 (test for excess errors)
FAIL: libgomp.fortran/appendix-a/a.28.2.f90 -O2 (test for excess errors)
FAIL: libgomp.fortran/appendix-a/a.28.2.f90 -O3 -fomit-frame-pointer (test for excess errors)
FAIL: libgomp.fortran/appendix-a/a.28.2.f90 -O3 -fomit-frame-pointer -funroll-loops (test for excess errors)
FAIL: libgomp.fortran/appendix-a/a.28.2.f90 -O3 -fomit-frame-pointer -funroll-all-loops -finline-functions (test for excess errors)
FAIL: libgomp.fortran/appendix-a/a.28.2.f90 -O3 -g (test for excess errors)
FAIL: libgomp.fortran/appendix-a/a.28.2.f90 -Os (test for excess errors)
FAIL: libgomp.fortran/appendix-a/a.28.3.f90 -O0 (test for excess errors)
FAIL: libgomp.fortran/appendix-a/a.28.3.f90 -O1 (test for excess errors)
FAIL: libgomp.fortran/appendix-a/a.28.3.f90 -O2 (test for excess errors)
FAIL: libgomp.fortran/appendix-a/a.28.3.f90 -O3 -fomit-frame-pointer (test for excess errors)
FAIL: libgomp.fortran/appendix-a/a.28.3.f90 -O3 -fomit-frame-pointer -funroll-loops (test for excess errors)
FAIL: libgomp.fortran/appendix-a/a.28.3.f90 -O3 -fomit-frame-pointer -funroll-all-loops -finline-functions (test for excess errors)
FAIL: libgomp.fortran/appendix-a/a.28.3.f90 -O3 -g (test for excess errors)
FAIL: libgomp.fortran/appendix-a/a.28.3.f90 -Os (test for excess errors)
FAIL: libgomp.fortran/appendix-a/a.28.4.f90 -O0 (test for excess errors)
FAIL: libgomp.fortran/appendix-a/a.28.4.f90 -O1 (test for excess errors)
FAIL: libgomp.fortran/appendix-a/a.28.4.f90 -O2 (test for excess errors)
FAIL: libgomp.fortran/appendix-a/a.28.4.f90 -O3 -fomit-frame-pointer (test for excess errors)
FAIL: libgomp.fortran/appendix-a/a.28.4.f90 -O3 -fomit-frame-pointer -funroll-loops (test for excess errors)
FAIL: libgomp.fortran/appendix-a/a.28.4.f90 -O3 -fomit-frame-pointer -funroll-all-loops -finline-functions (test for excess errors)
FAIL: libgomp.fortran/appendix-a/a.28.4.f90 -O3 -g (test for excess errors)
FAIL: libgomp.fortran/appendix-a/a.28.4.f90 -Os (test for excess errors)
FAIL: libgomp.fortran/appendix-a/a.3.1.f90 -O0 (test for excess errors)
FAIL: libgomp.fortran/appendix-a/a.3.1.f90 -O1 (test for excess errors)
FAIL: libgomp.fortran/appendix-a/a.3.1.f90 -O2 (test for excess errors)
FAIL: libgomp.fortran/appendix-a/a.3.1.f90 -O3 -fomit-frame-pointer (test for excess errors)
FAIL: libgomp.fortran/appendix-a/a.3.1.f90 -O3 -fomit-frame-pointer -funroll-loops (test for excess errors)
FAIL: libgomp.fortran/appendix-a/a.3.1.f90 -O3 -fomit-frame-pointer -funroll-all-loops -finline-functions (test for excess errors)
FAIL: libgomp.fortran/appendix-a/a.3.1.f90 -O3 -g (test for excess errors)
FAIL: libgomp.fortran/appendix-a/a.3.1.f90 -Os (test for excess errors)
FAIL: libgomp.fortran/appendix-a/a.31.4.f90 -O0 (test for excess errors)
FAIL: libgomp.fortran/appendix-a/a.31.4.f90 -O1 (test for excess errors)
FAIL: libgomp.fortran/appendix-a/a.31.4.f90 -O2 (test for excess errors)
FAIL: libgomp.fortran/appendix-a/a.31.4.f90 -O3 -fomit-frame-pointer (test for excess errors)
FAIL: libgomp.fortran/appendix-a/a.31.4.f90 -O3 -fomit-frame-pointer -funroll-loops (test for excess errors)
FAIL: libgomp.fortran/appendix-a/a.31.4.f90 -O3 -fomit-frame-pointer -funroll-all-loops -finline-functions (test for excess errors)
FAIL: libgomp.fortran/appendix-a/a.31.4.f90 -O3 -g (test for excess errors)
FAIL: libgomp.fortran/appendix-a/a.31.4.f90 -Os (test for excess errors)
FAIL: libgomp.fortran/appendix-a/a.31.5.f90 -O0 (test for excess errors)
FAIL: libgomp.fortran/appendix-a/a.31.5.f90 -O1 (test for excess errors)
FAIL: libgomp.fortran/appendix-a/a.31.5.f90 -O2 (test for excess errors)
FAIL: libgomp.fortran/appendix-a/a.31.5.f90 -O3 -fomit-frame-pointer (test for excess errors)
FAIL: libgomp.fortran/appendix-a/a.31.5.f90 -O3 -fomit-frame-pointer -funroll-loops (test for excess errors)
FAIL: libgomp.fortran/appendix-a/a.31.5.f90 -O3 -fomit-frame-pointer -funroll-all-loops -finline-functions (test for excess errors)
FAIL: libgomp.fortran/appendix-a/a.31.5.f90 -O3 -g (test for excess errors)
FAIL: libgomp.fortran/appendix-a/a.31.5.f90 -Os (test for excess errors)
FAIL: libgomp.fortran/appendix-a/a.33.3.f90 -O (test for excess errors)
FAIL: libgomp.fortran/appendix-a/a.38.1.f90 -O (test for excess errors)
FAIL: libgomp.fortran/appendix-a/a.39.1.f90 -O0 (test for excess errors)
FAIL: libgomp.fortran/appendix-a/a.39.1.f90 -O1 (test for excess errors)
FAIL: libgomp.fortran/appendix-a/a.39.1.f90 -O2 (test for excess errors)
FAIL: libgomp.fortran/appendix-a/a.39.1.f90 -O3 -fomit-frame-pointer (test for excess errors)
FAIL: libgomp.fortran/appendix-a/a.39.1.f90 -O3 -fomit-frame-pointer -funroll-loops (test for excess errors)
FAIL: libgomp.fortran/appendix-a/a.39.1.f90 -O3 -fomit-frame-pointer -funroll-all-loops -finline-functions (test for excess errors)
FAIL: libgomp.fortran/appendix-a/a.39.1.f90 -O3 -g (test for excess errors)
FAIL: libgomp.fortran/appendix-a/a.39.1.f90 -Os (test for excess errors)
FAIL: libgomp.fortran/appendix-a/a.4.1.f90 -O0 (test for excess errors)
FAIL: libgomp.fortran/appendix-a/a.4.1.f90 -O1 (test for excess errors)
FAIL: libgomp.fortran/appendix-a/a.4.1.f90 -O2 (test for excess errors)
FAIL: libgomp.fortran/appendix-a/a.4.1.f90 -O3 -fomit-frame-pointer (test for excess errors)
FAIL: libgomp.fortran/appendix-a/a.4.1.f90 -O3 -fomit-frame-pointer -funroll-loops (test for excess errors)
FAIL: libgomp.fortran/appendix-a/a.4.1.f90 -O3 -fomit-frame-pointer -funroll-all-loops -finline-functions (test for excess errors)
FAIL: libgomp.fortran/appendix-a/a.4.1.f90 -O3 -g (test for excess errors)
FAIL: libgomp.fortran/appendix-a/a.4.1.f90 -Os (test for excess errors)
FAIL: libgomp.fortran/appendix-a/a.40.1.f90 -O (test for excess errors)
FAIL: libgomp.fortran/appendix-a/a.5.1.f90 -O0 (test for excess errors)
FAIL: libgomp.fortran/appendix-a/a.5.1.f90 -O1 (test for excess errors)
FAIL: libgomp.fortran/appendix-a/a.5.1.f90 -O2 (test for excess errors)
FAIL: libgomp.fortran/appendix-a/a.5.1.f90 -O3 -fomit-frame-pointer (test for excess errors)
FAIL: libgomp.fortran/appendix-a/a.5.1.f90 -O3 -fomit-frame-pointer -funroll-loops (test for excess errors)
FAIL: libgomp.fortran/appendix-a/a.5.1.f90 -O3 -fomit-frame-pointer -funroll-all-loops -finline-functions (test for excess errors)
FAIL: libgomp.fortran/appendix-a/a.5.1.f90 -O3 -g (test for excess errors)
FAIL: libgomp.fortran/appendix-a/a.5.1.f90 -Os (test for excess errors)
FAIL: libgomp.fortran/appendix-a/a10.1.f90 -O0 (test for excess errors)
FAIL: libgomp.fortran/appendix-a/a10.1.f90 -O1 (test for excess errors)
FAIL: libgomp.fortran/appendix-a/a10.1.f90 -O2 (test for excess errors)
FAIL: libgomp.fortran/appendix-a/a10.1.f90 -O3 -fomit-frame-pointer (test for excess errors)
FAIL: libgomp.fortran/appendix-a/a10.1.f90 -O3 -fomit-frame-pointer -funroll-loops (test for excess errors)
FAIL: libgomp.fortran/appendix-a/a10.1.f90 -O3 -fomit-frame-pointer -funroll-all-loops -finline-functions (test for excess errors)
FAIL: libgomp.fortran/appendix-a/a10.1.f90 -O3 -g (test for excess errors)
FAIL: libgomp.fortran/appendix-a/a10.1.f90 -Os (test for excess errors)
FAIL: libgomp.fortran/character1.f90 -O0 (test for excess errors)
FAIL: libgomp.fortran/character1.f90 -O1 (test for excess errors)
FAIL: libgomp.fortran/character1.f90 -O2 (test for excess errors)
FAIL: libgomp.fortran/character1.f90 -O3 -fomit-frame-pointer (test for excess errors)
FAIL: libgomp.fortran/character1.f90 -O3 -fomit-frame-pointer -funroll-loops (test for excess errors)
FAIL: libgomp.fortran/character1.f90 -O3 -fomit-frame-pointer -funroll-all-loops -finline-functions (test for excess errors)
FAIL: libgomp.fortran/character1.f90 -O3 -g (test for excess errors)
FAIL: libgomp.fortran/character1.f90 -Os (test for excess errors)
FAIL: libgomp.fortran/character2.f90 -O0 (test for excess errors)
FAIL: libgomp.fortran/character2.f90 -O1 (test for excess errors)
FAIL: libgomp.fortran/character2.f90 -O2 (test for excess errors)
FAIL: libgomp.fortran/character2.f90 -O3 -fomit-frame-pointer (test for excess errors)
FAIL: libgomp.fortran/character2.f90 -O3 -fomit-frame-pointer -funroll-loops (test for excess errors)
FAIL: libgomp.fortran/character2.f90 -O3 -fomit-frame-pointer -funroll-all-loops -finline-functions (test for excess errors)
FAIL: libgomp.fortran/character2.f90 -O3 -g (test for excess errors)
FAIL: libgomp.fortran/character2.f90 -Os (test for excess errors)
FAIL: libgomp.fortran/collapse1.f90 -O0 (test for excess errors)
FAIL: libgomp.fortran/collapse1.f90 -O1 (test for excess errors)
FAIL: libgomp.fortran/collapse1.f90 -O2 (test for excess errors)
FAIL: libgomp.fortran/collapse1.f90 -O3 -fomit-frame-pointer (test for excess errors)
FAIL: libgomp.fortran/collapse1.f90 -O3 -fomit-frame-pointer -funroll-loops (test for excess errors)
FAIL: libgomp.fortran/collapse1.f90 -O3 -fomit-frame-pointer -funroll-all-loops -finline-functions (test for excess errors)
FAIL: libgomp.fortran/collapse1.f90 -O3 -g (test for excess errors)
FAIL: libgomp.fortran/collapse1.f90 -Os (test for excess errors)
FAIL: libgomp.fortran/collapse2.f90 -O0 (test for excess errors)
FAIL: libgomp.fortran/collapse2.f90 -O1 (test for excess errors)
FAIL: libgomp.fortran/collapse2.f90 -O2 (test for excess errors)
FAIL: libgomp.fortran/collapse2.f90 -O3 -fomit-frame-pointer (test for excess errors)
FAIL: libgomp.fortran/collapse2.f90 -O3 -fomit-frame-pointer -funroll-loops (test for excess errors)
FAIL: libgomp.fortran/collapse2.f90 -O3 -fomit-frame-pointer -funroll-all-loops -finline-functions (test for excess errors)
FAIL: libgomp.fortran/collapse2.f90 -O3 -g (test for excess errors)
FAIL: libgomp.fortran/collapse2.f90 -Os (test for excess errors)
FAIL: libgomp.fortran/collapse3.f90 -O0 (test for excess errors)
FAIL: libgomp.fortran/collapse3.f90 -O1 (test for excess errors)
FAIL: libgomp.fortran/collapse3.f90 -O2 (test for excess errors)
FAIL: libgomp.fortran/collapse3.f90 -O3 -fomit-frame-pointer (test for excess errors)
FAIL: libgomp.fortran/collapse3.f90 -O3 -fomit-frame-pointer -funroll-loops (test for excess errors)
FAIL: libgomp.fortran/collapse3.f90 -O3 -fomit-frame-pointer -funroll-all-loops -finline-functions (test for excess errors)
FAIL: libgomp.fortran/collapse3.f90 -O3 -g (test for excess errors)
FAIL: libgomp.fortran/collapse3.f90 -Os (test for excess errors)
FAIL: libgomp.fortran/collapse4.f90 -O0 (test for excess errors)
FAIL: libgomp.fortran/collapse4.f90 -O1 (test for excess errors)
FAIL: libgomp.fortran/collapse4.f90 -O2 (test for excess errors)
FAIL: libgomp.fortran/collapse4.f90 -O3 -fomit-frame-pointer (test for excess errors)
FAIL: libgomp.fortran/collapse4.f90 -O3 -fomit-frame-pointer -funroll-loops (test for excess errors)
FAIL: libgomp.fortran/collapse4.f90 -O3 -fomit-frame-pointer -funroll-all-loops -finline-functions (test for excess errors)
FAIL: libgomp.fortran/collapse4.f90 -O3 -g (test for excess errors)
FAIL: libgomp.fortran/collapse4.f90 -Os (test for excess errors)
FAIL: libgomp.fortran/condinc1.f -O (test for excess errors)
FAIL: libgomp.fortran/condinc2.f -O (test for excess errors)
FAIL: libgomp.fortran/condinc3.f90 -O (test for excess errors)
FAIL: libgomp.fortran/condinc4.f90 -O (test for excess errors)
FAIL: libgomp.fortran/crayptr1.f90 -O0 (test for excess errors)
FAIL: libgomp.fortran/crayptr1.f90 -O1 (test for excess errors)
FAIL: libgomp.fortran/crayptr1.f90 -O2 (test for excess errors)
FAIL: libgomp.fortran/crayptr1.f90 -O3 -fomit-frame-pointer (test for excess errors)
FAIL: libgomp.fortran/crayptr1.f90 -O3 -fomit-frame-pointer -funroll-loops (test for excess errors)
FAIL: libgomp.fortran/crayptr1.f90 -O3 -fomit-frame-pointer -funroll-all-loops -finline-functions (test for excess errors)
FAIL: libgomp.fortran/crayptr1.f90 -O3 -g (test for excess errors)
FAIL: libgomp.fortran/crayptr1.f90 -Os (test for excess errors)
FAIL: libgomp.fortran/crayptr2.f90 -O0 (test for excess errors)
FAIL: libgomp.fortran/crayptr2.f90 -O1 (test for excess errors)
FAIL: libgomp.fortran/crayptr2.f90 -O2 (test for excess errors)
FAIL: libgomp.fortran/crayptr2.f90 -O3 -fomit-frame-pointer (test for excess errors)
FAIL: libgomp.fortran/crayptr2.f90 -O3 -fomit-frame-pointer -funroll-loops (test for excess errors)
FAIL: libgomp.fortran/crayptr2.f90 -O3 -fomit-frame-pointer -funroll-all-loops -finline-functions (test for excess errors)
FAIL: libgomp.fortran/crayptr2.f90 -O3 -g (test for excess errors)
FAIL: libgomp.fortran/crayptr2.f90 -Os (test for excess errors)
FAIL: libgomp.fortran/crayptr3.f90 -O0 (test for excess errors)
FAIL: libgomp.fortran/crayptr3.f90 -O1 (test for excess errors)
FAIL: libgomp.fortran/crayptr3.f90 -O2 (test for excess errors)
FAIL: libgomp.fortran/crayptr3.f90 -O3 -fomit-frame-pointer (test for excess errors)
FAIL: libgomp.fortran/crayptr3.f90 -O3 -fomit-frame-pointer -funroll-loops (test for excess errors)
FAIL: libgomp.fortran/crayptr3.f90 -O3 -fomit-frame-pointer -funroll-all-loops -finline-functions (test for excess errors)
FAIL: libgomp.fortran/crayptr3.f90 -O3 -g (test for excess errors)
FAIL: libgomp.fortran/crayptr3.f90 -Os (test for excess errors)
FAIL: libgomp.fortran/do1.f90 -O0 (test for excess errors)
FAIL: libgomp.fortran/do1.f90 -O1 (test for excess errors)
FAIL: libgomp.fortran/do1.f90 -O2 (test for excess errors)
FAIL: libgomp.fortran/do1.f90 -O3 -fomit-frame-pointer (test for excess errors)
FAIL: libgomp.fortran/do1.f90 -O3 -fomit-frame-pointer -funroll-loops (test for excess errors)
FAIL: libgomp.fortran/do1.f90 -O3 -fomit-frame-pointer -funroll-all-loops -finline-functions (test for excess errors)
FAIL: libgomp.fortran/do1.f90 -O3 -g (test for excess errors)
FAIL: libgomp.fortran/do1.f90 -Os (test for excess errors)
FAIL: libgomp.fortran/do2.f90 -O0 (test for excess errors)
FAIL: libgomp.fortran/do2.f90 -O1 (test for excess errors)
FAIL: libgomp.fortran/do2.f90 -O2 (test for excess errors)
FAIL: libgomp.fortran/do2.f90 -O3 -fomit-frame-pointer (test for excess errors)
FAIL: libgomp.fortran/do2.f90 -O3 -fomit-frame-pointer -funroll-loops (test for excess errors)
FAIL: libgomp.fortran/do2.f90 -O3 -fomit-frame-pointer -funroll-all-loops -finline-functions (test for excess errors)
FAIL: libgomp.fortran/do2.f90 -O3 -g (test for excess errors)
FAIL: libgomp.fortran/do2.f90 -Os (test for excess errors)
FAIL: libgomp.fortran/jacobi.f -O0 (test for excess errors)
FAIL: libgomp.fortran/jacobi.f -O1 (test for excess errors)
FAIL: libgomp.fortran/jacobi.f -O2 (test for excess errors)
FAIL: libgomp.fortran/jacobi.f -O3 -fomit-frame-pointer (test for excess errors)
FAIL: libgomp.fortran/jacobi.f -O3 -fomit-frame-pointer -funroll-loops (test for excess errors)
FAIL: libgomp.fortran/jacobi.f -O3 -fomit-frame-pointer -funroll-all-loops -finline-functions (test for excess errors)
FAIL: libgomp.fortran/jacobi.f -O3 -g (test for excess errors)
FAIL: libgomp.fortran/jacobi.f -Os (test for excess errors)
FAIL: libgomp.fortran/lastprivate1.f90 -O (test for excess errors)
FAIL: libgomp.fortran/lastprivate2.f90 -O (test for excess errors)
FAIL: libgomp.fortran/lib1.f90 -O0 (test for excess errors)
FAIL: libgomp.fortran/lib1.f90 -O1 (test for excess errors)
FAIL: libgomp.fortran/lib1.f90 -O2 (test for excess errors)
FAIL: libgomp.fortran/lib1.f90 -O3 -fomit-frame-pointer (test for excess errors)
FAIL: libgomp.fortran/lib1.f90 -O3 -fomit-frame-pointer -funroll-loops (test for excess errors)
FAIL: libgomp.fortran/lib1.f90 -O3 -fomit-frame-pointer -funroll-all-loops -finline-functions (test for excess errors)
FAIL: libgomp.fortran/lib1.f90 -O3 -g (test for excess errors)
FAIL: libgomp.fortran/lib1.f90 -Os (test for excess errors)
FAIL: libgomp.fortran/lib2.f -O0 (test for excess errors)
FAIL: libgomp.fortran/lib2.f -O1 (test for excess errors)
FAIL: libgomp.fortran/lib2.f -O2 (test for excess errors)
FAIL: libgomp.fortran/lib2.f -O3 -fomit-frame-pointer (test for excess errors)
FAIL: libgomp.fortran/lib2.f -O3 -fomit-frame-pointer -funroll-loops (test for excess errors)
FAIL: libgomp.fortran/lib2.f -O3 -fomit-frame-pointer -funroll-all-loops -finline-functions (test for excess errors)
FAIL: libgomp.fortran/lib2.f -O3 -g (test for excess errors)
FAIL: libgomp.fortran/lib2.f -Os (test for excess errors)
FAIL: libgomp.fortran/lib3.f -O0 (test for excess errors)
FAIL: libgomp.fortran/lib3.f -O1 (test for excess errors)
FAIL: libgomp.fortran/lib3.f -O2 (test for excess errors)
FAIL: libgomp.fortran/lib3.f -O3 -fomit-frame-pointer (test for excess errors)
FAIL: libgomp.fortran/lib3.f -O3 -fomit-frame-pointer -funroll-loops (test for excess errors)
FAIL: libgomp.fortran/lib3.f -O3 -fomit-frame-pointer -funroll-all-loops -finline-functions (test for excess errors)
FAIL: libgomp.fortran/lib3.f -O3 -g (test for excess errors)
FAIL: libgomp.fortran/lib3.f -Os (test for excess errors)
FAIL: libgomp.fortran/lib4.f90 -O0 (test for excess errors)
FAIL: libgomp.fortran/lib4.f90 -O1 (test for excess errors)
FAIL: libgomp.fortran/lib4.f90 -O2 (test for excess errors)
FAIL: libgomp.fortran/lib4.f90 -O3 -fomit-frame-pointer (test for excess errors)
FAIL: libgomp.fortran/lib4.f90 -O3 -fomit-frame-pointer -funroll-loops (test for excess errors)
FAIL: libgomp.fortran/lib4.f90 -O3 -fomit-frame-pointer -funroll-all-loops -finline-functions (test for excess errors)
FAIL: libgomp.fortran/lib4.f90 -O3 -g (test for excess errors)
FAIL: libgomp.fortran/lib4.f90 -Os (test for excess errors)
FAIL: libgomp.fortran/lock-1.f90 -O0 (test for excess errors)
FAIL: libgomp.fortran/lock-1.f90 -O1 (test for excess errors)
FAIL: libgomp.fortran/lock-1.f90 -O2 (test for excess errors)
FAIL: libgomp.fortran/lock-1.f90 -O3 -fomit-frame-pointer (test for excess errors)
FAIL: libgomp.fortran/lock-1.f90 -O3 -fomit-frame-pointer -funroll-loops (test for excess errors)
FAIL: libgomp.fortran/lock-1.f90 -O3 -fomit-frame-pointer -funroll-all-loops -finline-functions (test for excess errors)
FAIL: libgomp.fortran/lock-1.f90 -O3 -g (test for excess errors)
FAIL: libgomp.fortran/lock-1.f90 -Os (test for excess errors)
FAIL: libgomp.fortran/lock-2.f90 -O0 (test for excess errors)
FAIL: libgomp.fortran/lock-2.f90 -O1 (test for excess errors)
FAIL: libgomp.fortran/lock-2.f90 -O2 (test for excess errors)
FAIL: libgomp.fortran/lock-2.f90 -O3 -fomit-frame-pointer (test for excess errors)
FAIL: libgomp.fortran/lock-2.f90 -O3 -fomit-frame-pointer -funroll-loops (test for excess errors)
FAIL: libgomp.fortran/lock-2.f90 -O3 -fomit-frame-pointer -funroll-all-loops -finline-functions (test for excess errors)
FAIL: libgomp.fortran/lock-2.f90 -O3 -g (test for excess errors)
FAIL: libgomp.fortran/lock-2.f90 -Os (test for excess errors)
FAIL: libgomp.fortran/nested1.f90 -O0 (test for excess errors)
FAIL: libgomp.fortran/nested1.f90 -O1 (test for excess errors)
FAIL: libgomp.fortran/nested1.f90 -O2 (test for excess errors)
FAIL: libgomp.fortran/nested1.f90 -O3 -fomit-frame-pointer (test for excess errors)
FAIL: libgomp.fortran/nested1.f90 -O3 -fomit-frame-pointer -funroll-loops (test for excess errors)
FAIL: libgomp.fortran/nested1.f90 -O3 -fomit-frame-pointer -funroll-all-loops -finline-functions (test for excess errors)
FAIL: libgomp.fortran/nested1.f90 -O3 -g (test for excess errors)
FAIL: libgomp.fortran/nested1.f90 -Os (test for excess errors)
FAIL: libgomp.fortran/nestedfn1.f90 -O0 (test for excess errors)
FAIL: libgomp.fortran/nestedfn1.f90 -O1 (test for excess errors)
FAIL: libgomp.fortran/nestedfn1.f90 -O2 (test for excess errors)
FAIL: libgomp.fortran/nestedfn1.f90 -O3 -fomit-frame-pointer (test for excess errors)
FAIL: libgomp.fortran/nestedfn1.f90 -O3 -fomit-frame-pointer -funroll-loops (test for excess errors)
FAIL: libgomp.fortran/nestedfn1.f90 -O3 -fomit-frame-pointer -funroll-all-loops -finline-functions (test for excess errors)
FAIL: libgomp.fortran/nestedfn1.f90 -O3 -g (test for excess errors)
FAIL: libgomp.fortran/nestedfn1.f90 -Os (test for excess errors)
FAIL: libgomp.fortran/nestedfn2.f90 -O0 (test for excess errors)
FAIL: libgomp.fortran/nestedfn2.f90 -O1 (test for excess errors)
FAIL: libgomp.fortran/nestedfn2.f90 -O2 (test for excess errors)
FAIL: libgomp.fortran/nestedfn2.f90 -O3 -fomit-frame-pointer (test for excess errors)
FAIL: libgomp.fortran/nestedfn2.f90 -O3 -fomit-frame-pointer -funroll-loops (test for excess errors)
FAIL: libgomp.fortran/nestedfn2.f90 -O3 -fomit-frame-pointer -funroll-all-loops -finline-functions (test for excess errors)
FAIL: libgomp.fortran/nestedfn2.f90 -O3 -g (test for excess errors)
FAIL: libgomp.fortran/nestedfn2.f90 -Os (test for excess errors)
FAIL: libgomp.fortran/nestedfn3.f90 -O0 (test for excess errors)
FAIL: libgomp.fortran/nestedfn3.f90 -O1 (test for excess errors)
FAIL: libgomp.fortran/nestedfn3.f90 -O2 (test for excess errors)
FAIL: libgomp.fortran/nestedfn3.f90 -O3 -fomit-frame-pointer (test for excess errors)
FAIL: libgomp.fortran/nestedfn3.f90 -O3 -fomit-frame-pointer -funroll-loops (test for excess errors)
FAIL: libgomp.fortran/nestedfn3.f90 -O3 -fomit-frame-pointer -funroll-all-loops -finline-functions (test for excess errors)
FAIL: libgomp.fortran/nestedfn3.f90 -O3 -g (test for excess errors)
FAIL: libgomp.fortran/nestedfn3.f90 -Os (test for excess errors)
FAIL: libgomp.fortran/nestedfn4.f90 -O (test for excess errors)
FAIL: libgomp.fortran/omp_atomic1.f90 -O0 (test for excess errors)
FAIL: libgomp.fortran/omp_atomic1.f90 -O1 (test for excess errors)
FAIL: libgomp.fortran/omp_atomic1.f90 -O2 (test for excess errors)
FAIL: libgomp.fortran/omp_atomic1.f90 -O3 -fomit-frame-pointer (test for excess errors)
FAIL: libgomp.fortran/omp_atomic1.f90 -O3 -fomit-frame-pointer -funroll-loops (test for excess errors)
FAIL: libgomp.fortran/omp_atomic1.f90 -O3 -fomit-frame-pointer -funroll-all-loops -finline-functions (test for excess errors)
FAIL: libgomp.fortran/omp_atomic1.f90 -O3 -g (test for excess errors)
FAIL: libgomp.fortran/omp_atomic1.f90 -Os (test for excess errors)
FAIL: libgomp.fortran/omp_atomic2.f90 -O0 (test for excess errors)
FAIL: libgomp.fortran/omp_atomic2.f90 -O1 (test for excess errors)
FAIL: libgomp.fortran/omp_atomic2.f90 -O2 (test for excess errors)
FAIL: libgomp.fortran/omp_atomic2.f90 -O3 -fomit-frame-pointer (test for excess errors)
FAIL: libgomp.fortran/omp_atomic2.f90 -O3 -fomit-frame-pointer -funroll-loops (test for excess errors)
FAIL: libgomp.fortran/omp_atomic2.f90 -O3 -fomit-frame-pointer -funroll-all-loops -finline-functions (test for excess errors)
FAIL: libgomp.fortran/omp_atomic2.f90 -O3 -g (test for excess errors)
FAIL: libgomp.fortran/omp_atomic2.f90 -Os (test for excess errors)
FAIL: libgomp.fortran/omp_atomic3.f90 -O0 (test for excess errors)
FAIL: libgomp.fortran/omp_atomic3.f90 -O1 (test for excess errors)
FAIL: libgomp.fortran/omp_atomic3.f90 -O2 (test for excess errors)
FAIL: libgomp.fortran/omp_atomic3.f90 -O3 -fomit-frame-pointer (test for excess errors)
FAIL: libgomp.fortran/omp_atomic3.f90 -O3 -fomit-frame-pointer -funroll-loops (test for excess errors)
FAIL: libgomp.fortran/omp_atomic3.f90 -O3 -fomit-frame-pointer -funroll-all-loops -finline-functions (test for excess errors)
FAIL: libgomp.fortran/omp_atomic3.f90 -O3 -g (test for excess errors)
FAIL: libgomp.fortran/omp_atomic3.f90 -Os (test for excess errors)
FAIL: libgomp.fortran/omp_atomic4.f90 -O0 (test for excess errors)
FAIL: libgomp.fortran/omp_atomic4.f90 -O1 (test for excess errors)
FAIL: libgomp.fortran/omp_atomic4.f90 -O2 (test for excess errors)
FAIL: libgomp.fortran/omp_atomic4.f90 -O3 -fomit-frame-pointer (test for excess errors)
FAIL: libgomp.fortran/omp_atomic4.f90 -O3 -fomit-frame-pointer -funroll-loops (test for excess errors)
FAIL: libgomp.fortran/omp_atomic4.f90 -O3 -fomit-frame-pointer -funroll-all-loops -finline-functions (test for excess errors)
FAIL: libgomp.fortran/omp_atomic4.f90 -O3 -g (test for excess errors)
FAIL: libgomp.fortran/omp_atomic4.f90 -Os (test for excess errors)
FAIL: libgomp.fortran/omp_cond1.f -O (test for excess errors)
FAIL: libgomp.fortran/omp_cond2.f -O (test for excess errors)
FAIL: libgomp.fortran/omp_cond3.F90 -O (test for excess errors)
FAIL: libgomp.fortran/omp_cond4.F90 -O (test for excess errors)
FAIL: libgomp.fortran/omp_hello.f -O (test for excess errors)
FAIL: libgomp.fortran/omp_orphan.f -O (test for excess errors)
FAIL: libgomp.fortran/omp_parse1.f90 -O0 (test for excess errors)
FAIL: libgomp.fortran/omp_parse1.f90 -O1 (test for excess errors)
FAIL: libgomp.fortran/omp_parse1.f90 -O2 (test for excess errors)
FAIL: libgomp.fortran/omp_parse1.f90 -O3 -fomit-frame-pointer (test for excess errors)
FAIL: libgomp.fortran/omp_parse1.f90 -O3 -fomit-frame-pointer -funroll-loops (test for excess errors)
FAIL: libgomp.fortran/omp_parse1.f90 -O3 -fomit-frame-pointer -funroll-all-loops -finline-functions (test for excess errors)
FAIL: libgomp.fortran/omp_parse1.f90 -O3 -g (test for excess errors)
FAIL: libgomp.fortran/omp_parse1.f90 -Os (test for excess errors)
FAIL: libgomp.fortran/omp_parse2.f90 -O0 (test for excess errors)
FAIL: libgomp.fortran/omp_parse2.f90 -O1 (test for excess errors)
FAIL: libgomp.fortran/omp_parse2.f90 -O2 (test for excess errors)
FAIL: libgomp.fortran/omp_parse2.f90 -O3 -fomit-frame-pointer (test for excess errors)
FAIL: libgomp.fortran/omp_parse2.f90 -O3 -fomit-frame-pointer -funroll-loops (test for excess errors)
FAIL: libgomp.fortran/omp_parse2.f90 -O3 -fomit-frame-pointer -funroll-all-loops -finline-functions (test for excess errors)
FAIL: libgomp.fortran/omp_parse2.f90 -O3 -g (test for excess errors)
FAIL: libgomp.fortran/omp_parse2.f90 -Os (test for excess errors)
FAIL: libgomp.fortran/omp_parse3.f90 -O0 (test for excess errors)
FAIL: libgomp.fortran/omp_parse3.f90 -O1 (test for excess errors)
FAIL: libgomp.fortran/omp_parse3.f90 -O2 (test for excess errors)
FAIL: libgomp.fortran/omp_parse3.f90 -O3 -fomit-frame-pointer (test for excess errors)
FAIL: libgomp.fortran/omp_parse3.f90 -O3 -fomit-frame-pointer -funroll-loops (test for excess errors)
FAIL: libgomp.fortran/omp_parse3.f90 -O3 -fomit-frame-pointer -funroll-all-loops -finline-functions (test for excess errors)
FAIL: libgomp.fortran/omp_parse3.f90 -O3 -g (test for excess errors)
FAIL: libgomp.fortran/omp_parse3.f90 -Os (test for excess errors)
FAIL: libgomp.fortran/omp_parse4.f90 -O0 (test for excess errors)
FAIL: libgomp.fortran/omp_parse4.f90 -O1 (test for excess errors)
FAIL: libgomp.fortran/omp_parse4.f90 -O2 (test for excess errors)
FAIL: libgomp.fortran/omp_parse4.f90 -O3 -fomit-frame-pointer (test for excess errors)
FAIL: libgomp.fortran/omp_parse4.f90 -O3 -fomit-frame-pointer -funroll-loops (test for excess errors)
FAIL: libgomp.fortran/omp_parse4.f90 -O3 -fomit-frame-pointer -funroll-all-loops -finline-functions (test for excess errors)
FAIL: libgomp.fortran/omp_parse4.f90 -O3 -g (test for excess errors)
FAIL: libgomp.fortran/omp_parse4.f90 -Os (test for excess errors)
FAIL: libgomp.fortran/omp_reduction.f -O (test for excess errors)
FAIL: libgomp.fortran/omp_workshare1.f -O (test for excess errors)
FAIL: libgomp.fortran/omp_workshare2.f -O (test for excess errors)
FAIL: libgomp.fortran/pointer1.f90 -O0 (test for excess errors)
FAIL: libgomp.fortran/pointer1.f90 -O1 (test for excess errors)
FAIL: libgomp.fortran/pointer1.f90 -O2 (test for excess errors)
FAIL: libgomp.fortran/pointer1.f90 -O3 -fomit-frame-pointer (test for excess errors)
FAIL: libgomp.fortran/pointer1.f90 -O3 -fomit-frame-pointer -funroll-loops (test for excess errors)
FAIL: libgomp.fortran/pointer1.f90 -O3 -fomit-frame-pointer -funroll-all-loops -finline-functions (test for excess errors)
FAIL: libgomp.fortran/pointer1.f90 -O3 -g (test for excess errors)
FAIL: libgomp.fortran/pointer1.f90 -Os (test for excess errors)
FAIL: libgomp.fortran/pointer2.f90 -O0 (test for excess errors)
FAIL: libgomp.fortran/pointer2.f90 -O1 (test for excess errors)
FAIL: libgomp.fortran/pointer2.f90 -O2 (test for excess errors)
FAIL: libgomp.fortran/pointer2.f90 -O3 -fomit-frame-pointer (test for excess errors)
FAIL: libgomp.fortran/pointer2.f90 -O3 -fomit-frame-pointer -funroll-loops (test for excess errors)
FAIL: libgomp.fortran/pointer2.f90 -O3 -fomit-frame-pointer -funroll-all-loops -finline-functions (test for excess errors)
FAIL: libgomp.fortran/pointer2.f90 -O3 -g (test for excess errors)
FAIL: libgomp.fortran/pointer2.f90 -Os (test for excess errors)
FAIL: libgomp.fortran/pr25162.f -O0 (test for excess errors)
FAIL: libgomp.fortran/pr25162.f -O1 (test for excess errors)
FAIL: libgomp.fortran/pr25162.f -O2 (test for excess errors)
FAIL: libgomp.fortran/pr25162.f -O3 -fomit-frame-pointer (test for excess errors)
FAIL: libgomp.fortran/pr25162.f -O3 -fomit-frame-pointer execution test
FAIL: libgomp.fortran/pr25162.f -O3 -fomit-frame-pointer -funroll-loops (test for excess errors)
FAIL: libgomp.fortran/pr25162.f -O3 -fomit-frame-pointer -funroll-loops execution test
FAIL: libgomp.fortran/pr25162.f -O3 -fomit-frame-pointer -funroll-all-loops -finline-functions (test for excess errors)
FAIL: libgomp.fortran/pr25162.f -O3 -fomit-frame-pointer -funroll-all-loops -finline-functions execution test
FAIL: libgomp.fortran/pr25162.f -O3 -g (test for excess errors)
FAIL: libgomp.fortran/pr25162.f -O3 -g execution test
FAIL: libgomp.fortran/pr25162.f -Os (test for excess errors)
FAIL: libgomp.fortran/pr25219.f90 -O (test for excess errors)
FAIL: libgomp.fortran/pr27395-1.f90 -O0 (test for excess errors)
FAIL: libgomp.fortran/pr27395-1.f90 -O1 (test for excess errors)
FAIL: libgomp.fortran/pr27395-1.f90 -O2 (test for excess errors)
FAIL: libgomp.fortran/pr27395-1.f90 -O3 -fomit-frame-pointer (test for excess errors)
FAIL: libgomp.fortran/pr27395-1.f90 -O3 -fomit-frame-pointer -funroll-loops (test for excess errors)
FAIL: libgomp.fortran/pr27395-1.f90 -O3 -fomit-frame-pointer -funroll-all-loops -finline-functions (test for excess errors)
FAIL: libgomp.fortran/pr27395-1.f90 -O3 -g (test for excess errors)
FAIL: libgomp.fortran/pr27395-1.f90 -Os (test for excess errors)
FAIL: libgomp.fortran/pr27395-2.f90 -O0 (test for excess errors)
FAIL: libgomp.fortran/pr27395-2.f90 -O1 (test for excess errors)
FAIL: libgomp.fortran/pr27395-2.f90 -O2 (test for excess errors)
FAIL: libgomp.fortran/pr27395-2.f90 -O3 -fomit-frame-pointer (test for excess errors)
FAIL: libgomp.fortran/pr27395-2.f90 -O3 -fomit-frame-pointer -funroll-loops (test for excess errors)
FAIL: libgomp.fortran/pr27395-2.f90 -O3 -fomit-frame-pointer -funroll-all-loops -finline-functions (test for excess errors)
FAIL: libgomp.fortran/pr27395-2.f90 -O3 -g (test for excess errors)
FAIL: libgomp.fortran/pr27395-2.f90 -Os (test for excess errors)
FAIL: libgomp.fortran/pr27416-1.f90 -O0 (test for excess errors)
FAIL: libgomp.fortran/pr27416-1.f90 -O1 (test for excess errors)
FAIL: libgomp.fortran/pr27416-1.f90 -O2 (test for excess errors)
FAIL: libgomp.fortran/pr27416-1.f90 -O3 -fomit-frame-pointer (test for excess errors)
FAIL: libgomp.fortran/pr27416-1.f90 -O3 -fomit-frame-pointer -funroll-loops (test for excess errors)
FAIL: libgomp.fortran/pr27416-1.f90 -O3 -fomit-frame-pointer -funroll-all-loops -finline-functions (test for excess errors)
FAIL: libgomp.fortran/pr27416-1.f90 -O3 -g (test for excess errors)
FAIL: libgomp.fortran/pr27416-1.f90 -Os (test for excess errors)
FAIL: libgomp.fortran/pr27916-1.f90 -O0 (test for excess errors)
FAIL: libgomp.fortran/pr27916-1.f90 -O1 (test for excess errors)
FAIL: libgomp.fortran/pr27916-1.f90 -O2 (test for excess errors)
FAIL: libgomp.fortran/pr27916-1.f90 -O3 -fomit-frame-pointer (test for excess errors)
FAIL: libgomp.fortran/pr27916-1.f90 -O3 -fomit-frame-pointer -funroll-loops (test for excess errors)
FAIL: libgomp.fortran/pr27916-1.f90 -O3 -fomit-frame-pointer -funroll-all-loops -finline-functions (test for excess errors)
FAIL: libgomp.fortran/pr27916-1.f90 -O3 -g (test for excess errors)
FAIL: libgomp.fortran/pr27916-1.f90 -Os (test for excess errors)
FAIL: libgomp.fortran/pr27916-2.f90 -O0 (test for excess errors)
FAIL: libgomp.fortran/pr27916-2.f90 -O1 (test for excess errors)
FAIL: libgomp.fortran/pr27916-2.f90 -O2 (test for excess errors)
FAIL: libgomp.fortran/pr27916-2.f90 -O3 -fomit-frame-pointer (test for excess errors)
FAIL: libgomp.fortran/pr27916-2.f90 -O3 -fomit-frame-pointer -funroll-loops (test for excess errors)
FAIL: libgomp.fortran/pr27916-2.f90 -O3 -fomit-frame-pointer -funroll-all-loops -finline-functions (test for excess errors)
FAIL: libgomp.fortran/pr27916-2.f90 -O3 -g (test for excess errors)
FAIL: libgomp.fortran/pr27916-2.f90 -Os (test for excess errors)
FAIL: libgomp.fortran/pr28390.f -O (test for excess errors)
FAIL: libgomp.fortran/pr29629.f90 -O0 (test for excess errors)
FAIL: libgomp.fortran/pr29629.f90 -O1 (test for excess errors)
FAIL: libgomp.fortran/pr29629.f90 -O2 (test for excess errors)
FAIL: libgomp.fortran/pr29629.f90 -O3 -fomit-frame-pointer (test for excess errors)
FAIL: libgomp.fortran/pr29629.f90 -O3 -fomit-frame-pointer -funroll-loops (test for excess errors)
FAIL: libgomp.fortran/pr29629.f90 -O3 -fomit-frame-pointer -funroll-all-loops -finline-functions (test for excess errors)
FAIL: libgomp.fortran/pr29629.f90 -O3 -g (test for excess errors)
FAIL: libgomp.fortran/pr29629.f90 -Os (test for excess errors)
FAIL: libgomp.fortran/pr32359.f90 -O (test for excess errors)
FAIL: libgomp.fortran/pr32550.f90 -O0 (test for excess errors)
FAIL: libgomp.fortran/pr32550.f90 -O1 (test for excess errors)
FAIL: libgomp.fortran/pr32550.f90 -O2 (test for excess errors)
FAIL: libgomp.fortran/pr32550.f90 -O3 -fomit-frame-pointer (test for excess errors)
FAIL: libgomp.fortran/pr32550.f90 -O3 -fomit-frame-pointer -funroll-loops (test for excess errors)
FAIL: libgomp.fortran/pr32550.f90 -O3 -fomit-frame-pointer -funroll-all-loops -finline-functions (test for excess errors)
FAIL: libgomp.fortran/pr32550.f90 -O3 -g (test for excess errors)
FAIL: libgomp.fortran/pr32550.f90 -Os (test for excess errors)
FAIL: libgomp.fortran/pr33880.f90 -O0 (test for excess errors)
FAIL: libgomp.fortran/pr33880.f90 -O1 (test for excess errors)
FAIL: libgomp.fortran/pr33880.f90 -O2 (test for excess errors)
FAIL: libgomp.fortran/pr33880.f90 -O3 -fomit-frame-pointer (test for excess errors)
FAIL: libgomp.fortran/pr33880.f90 -O3 -fomit-frame-pointer -funroll-loops (test for excess errors)
FAIL: libgomp.fortran/pr33880.f90 -O3 -fomit-frame-pointer -funroll-all-loops -finline-functions (test for excess errors)
FAIL: libgomp.fortran/pr33880.f90 -O3 -g (test for excess errors)
FAIL: libgomp.fortran/pr33880.f90 -Os (test for excess errors)
FAIL: libgomp.fortran/pr34020.f90 -O0 (test for excess errors)
FAIL: libgomp.fortran/pr34020.f90 -O1 (test for excess errors)
FAIL: libgomp.fortran/pr34020.f90 -O2 (test for excess errors)
FAIL: libgomp.fortran/pr34020.f90 -O3 -fomit-frame-pointer (test for excess errors)
FAIL: libgomp.fortran/pr34020.f90 -O3 -fomit-frame-pointer -funroll-loops (test for excess errors)
FAIL: libgomp.fortran/pr34020.f90 -O3 -fomit-frame-pointer -funroll-all-loops -finline-functions (test for excess errors)
FAIL: libgomp.fortran/pr34020.f90 -O3 -g (test for excess errors)
FAIL: libgomp.fortran/pr34020.f90 -Os (test for excess errors)
FAIL: libgomp.fortran/pr35130.f90 -O (test for excess errors)
FAIL: libgomp.fortran/pr42162.f90 -O0 (test for excess errors)
FAIL: libgomp.fortran/pr42162.f90 -O1 (test for excess errors)
FAIL: libgomp.fortran/pr42162.f90 -O2 (test for excess errors)
FAIL: libgomp.fortran/pr42162.f90 -O3 -fomit-frame-pointer (test for excess errors)
FAIL: libgomp.fortran/pr42162.f90 -O3 -fomit-frame-pointer -funroll-loops (test for excess errors)
FAIL: libgomp.fortran/pr42162.f90 -O3 -fomit-frame-pointer -funroll-all-loops -finline-functions (test for excess errors)
FAIL: libgomp.fortran/pr42162.f90 -O3 -g (test for excess errors)
FAIL: libgomp.fortran/pr42162.f90 -Os (test for excess errors)
FAIL: libgomp.fortran/pr46753.f90 -O0 (test for excess errors)
FAIL: libgomp.fortran/pr46753.f90 -O1 (test for excess errors)
FAIL: libgomp.fortran/pr46753.f90 -O2 (test for excess errors)
FAIL: libgomp.fortran/pr46753.f90 -O3 -fomit-frame-pointer (test for excess errors)
FAIL: libgomp.fortran/pr46753.f90 -O3 -fomit-frame-pointer -funroll-loops (test for excess errors)
FAIL: libgomp.fortran/pr46753.f90 -O3 -fomit-frame-pointer -funroll-all-loops -finline-functions (test for excess errors)
FAIL: libgomp.fortran/pr46753.f90 -O3 -g (test for excess errors)
FAIL: libgomp.fortran/pr46753.f90 -Os (test for excess errors)
FAIL: libgomp.fortran/pr48894.f90 -O0 (test for excess errors)
FAIL: libgomp.fortran/pr48894.f90 -O1 (test for excess errors)
FAIL: libgomp.fortran/pr48894.f90 -O2 (test for excess errors)
FAIL: libgomp.fortran/pr48894.f90 -O3 -fomit-frame-pointer (test for excess errors)
FAIL: libgomp.fortran/pr48894.f90 -O3 -fomit-frame-pointer -funroll-loops (test for excess errors)
FAIL: libgomp.fortran/pr48894.f90 -O3 -fomit-frame-pointer -funroll-all-loops -finline-functions (test for excess errors)
FAIL: libgomp.fortran/pr48894.f90 -O3 -g (test for excess errors)
FAIL: libgomp.fortran/pr48894.f90 -Os (test for excess errors)
FAIL: libgomp.fortran/pr49792-1.f90 -O0 (test for excess errors)
FAIL: libgomp.fortran/pr49792-1.f90 -O1 (test for excess errors)
FAIL: libgomp.fortran/pr49792-1.f90 -O2 (test for excess errors)
FAIL: libgomp.fortran/pr49792-1.f90 -O3 -fomit-frame-pointer (test for excess errors)
FAIL: libgomp.fortran/pr49792-1.f90 -O3 -fomit-frame-pointer -funroll-loops (test for excess errors)
FAIL: libgomp.fortran/pr49792-1.f90 -O3 -fomit-frame-pointer -funroll-all-loops -finline-functions (test for excess errors)
FAIL: libgomp.fortran/pr49792-1.f90 -O3 -g (test for excess errors)
FAIL: libgomp.fortran/pr49792-1.f90 -Os (test for excess errors)
FAIL: libgomp.fortran/pr49792-2.f90 -O0 (test for excess errors)
FAIL: libgomp.fortran/pr49792-2.f90 -O1 (test for excess errors)
FAIL: libgomp.fortran/pr49792-2.f90 -O2 (test for excess errors)
FAIL: libgomp.fortran/pr49792-2.f90 -O3 -fomit-frame-pointer (test for excess errors)
FAIL: libgomp.fortran/pr49792-2.f90 -O3 -fomit-frame-pointer -funroll-loops (test for excess errors)
FAIL: libgomp.fortran/pr49792-2.f90 -O3 -fomit-frame-pointer -funroll-all-loops -finline-functions (test for excess errors)
FAIL: libgomp.fortran/pr49792-2.f90 -O3 -g (test for excess errors)
FAIL: libgomp.fortran/pr49792-2.f90 -Os (test for excess errors)
FAIL: libgomp.fortran/recursion1.f90 -O0 (test for excess errors)
FAIL: libgomp.fortran/recursion1.f90 -O1 (test for excess errors)
FAIL: libgomp.fortran/recursion1.f90 -O2 (test for excess errors)
FAIL: libgomp.fortran/recursion1.f90 -O3 -fomit-frame-pointer (test for excess errors)
FAIL: libgomp.fortran/recursion1.f90 -O3 -fomit-frame-pointer -funroll-loops (test for excess errors)
FAIL: libgomp.fortran/recursion1.f90 -O3 -fomit-frame-pointer -funroll-all-loops -finline-functions (test for excess errors)
FAIL: libgomp.fortran/recursion1.f90 -O3 -g (test for excess errors)
FAIL: libgomp.fortran/recursion1.f90 -Os (test for excess errors)
FAIL: libgomp.fortran/reduction1.f90 -O0 (test for excess errors)
FAIL: libgomp.fortran/reduction1.f90 -O1 (test for excess errors)
FAIL: libgomp.fortran/reduction1.f90 -O2 (test for excess errors)
FAIL: libgomp.fortran/reduction1.f90 -O3 -fomit-frame-pointer (test for excess errors)
FAIL: libgomp.fortran/reduction1.f90 -O3 -fomit-frame-pointer -funroll-loops (test for excess errors)
FAIL: libgomp.fortran/reduction1.f90 -O3 -fomit-frame-pointer -funroll-all-loops -finline-functions (test for excess errors)
FAIL: libgomp.fortran/reduction1.f90 -O3 -g (test for excess errors)
FAIL: libgomp.fortran/reduction1.f90 -Os (test for excess errors)
FAIL: libgomp.fortran/reduction2.f90 -O0 (test for excess errors)
FAIL: libgomp.fortran/reduction2.f90 -O1 (test for excess errors)
FAIL: libgomp.fortran/reduction2.f90 -O2 (test for excess errors)
FAIL: libgomp.fortran/reduction2.f90 -O3 -fomit-frame-pointer (test for excess errors)
FAIL: libgomp.fortran/reduction2.f90 -O3 -fomit-frame-pointer -funroll-loops (test for excess errors)
FAIL: libgomp.fortran/reduction2.f90 -O3 -fomit-frame-pointer -funroll-all-loops -finline-functions (test for excess errors)
FAIL: libgomp.fortran/reduction2.f90 -O3 -g (test for excess errors)
FAIL: libgomp.fortran/reduction2.f90 -Os (test for excess errors)
FAIL: libgomp.fortran/reduction3.f90 -O0 (test for excess errors)
FAIL: libgomp.fortran/reduction3.f90 -O1 (test for excess errors)
FAIL: libgomp.fortran/reduction3.f90 -O2 (test for excess errors)
FAIL: libgomp.fortran/reduction3.f90 -O3 -fomit-frame-pointer (test for excess errors)
FAIL: libgomp.fortran/reduction3.f90 -O3 -fomit-frame-pointer -funroll-loops (test for excess errors)
FAIL: libgomp.fortran/reduction3.f90 -O3 -fomit-frame-pointer -funroll-all-loops -finline-functions (test for excess errors)
FAIL: libgomp.fortran/reduction3.f90 -O3 -g (test for excess errors)
FAIL: libgomp.fortran/reduction3.f90 -Os (test for excess errors)
FAIL: libgomp.fortran/reduction4.f90 -O0 (test for excess errors)
FAIL: libgomp.fortran/reduction4.f90 -O1 (test for excess errors)
FAIL: libgomp.fortran/reduction4.f90 -O2 (test for excess errors)
FAIL: libgomp.fortran/reduction4.f90 -O3 -fomit-frame-pointer (test for excess errors)
FAIL: libgomp.fortran/reduction4.f90 -O3 -fomit-frame-pointer -funroll-loops (test for excess errors)
FAIL: libgomp.fortran/reduction4.f90 -O3 -fomit-frame-pointer -funroll-all-loops -finline-functions (test for excess errors)
FAIL: libgomp.fortran/reduction4.f90 -O3 -g (test for excess errors)
FAIL: libgomp.fortran/reduction4.f90 -Os (test for excess errors)
FAIL: libgomp.fortran/reduction5.f90 -O0 (test for excess errors)
FAIL: libgomp.fortran/reduction5.f90 -O1 (test for excess errors)
FAIL: libgomp.fortran/reduction5.f90 -O2 (test for excess errors)
FAIL: libgomp.fortran/reduction5.f90 -O3 -fomit-frame-pointer (test for excess errors)
FAIL: libgomp.fortran/reduction5.f90 -O3 -fomit-frame-pointer -funroll-loops (test for excess errors)
FAIL: libgomp.fortran/reduction5.f90 -O3 -fomit-frame-pointer -funroll-all-loops -finline-functions (test for excess errors)
FAIL: libgomp.fortran/reduction5.f90 -O3 -g (test for excess errors)
FAIL: libgomp.fortran/reduction5.f90 -Os (test for excess errors)
FAIL: libgomp.fortran/reduction6.f90 -O0 (test for excess errors)
FAIL: libgomp.fortran/reduction6.f90 -O1 (test for excess errors)
FAIL: libgomp.fortran/reduction6.f90 -O2 (test for excess errors)
FAIL: libgomp.fortran/reduction6.f90 -O3 -fomit-frame-pointer (test for excess errors)
FAIL: libgomp.fortran/reduction6.f90 -O3 -fomit-frame-pointer -funroll-loops (test for excess errors)
FAIL: libgomp.fortran/reduction6.f90 -O3 -fomit-frame-pointer -funroll-all-loops -finline-functions (test for excess errors)
FAIL: libgomp.fortran/reduction6.f90 -O3 -g (test for excess errors)
FAIL: libgomp.fortran/reduction6.f90 -Os (test for excess errors)
FAIL: libgomp.fortran/reference1.f90 -O0 (test for excess errors)
FAIL: libgomp.fortran/reference1.f90 -O1 (test for excess errors)
FAIL: libgomp.fortran/reference1.f90 -O2 (test for excess errors)
FAIL: libgomp.fortran/reference1.f90 -O3 -fomit-frame-pointer (test for excess errors)
FAIL: libgomp.fortran/reference1.f90 -O3 -fomit-frame-pointer -funroll-loops (test for excess errors)
FAIL: libgomp.fortran/reference1.f90 -O3 -fomit-frame-pointer -funroll-all-loops -finline-functions (test for excess errors)
FAIL: libgomp.fortran/reference1.f90 -O3 -g (test for excess errors)
FAIL: libgomp.fortran/reference1.f90 -Os (test for excess errors)
FAIL: libgomp.fortran/reference2.f90 -O0 (test for excess errors)
FAIL: libgomp.fortran/reference2.f90 -O1 (test for excess errors)
FAIL: libgomp.fortran/reference2.f90 -O2 (test for excess errors)
FAIL: libgomp.fortran/reference2.f90 -O3 -fomit-frame-pointer (test for excess errors)
FAIL: libgomp.fortran/reference2.f90 -O3 -fomit-frame-pointer -funroll-loops (test for excess errors)
FAIL: libgomp.fortran/reference2.f90 -O3 -fomit-frame-pointer -funroll-all-loops -finline-functions (test for excess errors)
FAIL: libgomp.fortran/reference2.f90 -O3 -g (test for excess errors)
FAIL: libgomp.fortran/reference2.f90 -Os (test for excess errors)
FAIL: libgomp.fortran/retval1.f90 -O0 (test for excess errors)
FAIL: libgomp.fortran/retval1.f90 -O1 (test for excess errors)
FAIL: libgomp.fortran/retval1.f90 -O2 (test for excess errors)
FAIL: libgomp.fortran/retval1.f90 -O3 -fomit-frame-pointer (test for excess errors)
FAIL: libgomp.fortran/retval1.f90 -O3 -fomit-frame-pointer -funroll-loops (test for excess errors)
FAIL: libgomp.fortran/retval1.f90 -O3 -fomit-frame-pointer -funroll-all-loops -finline-functions (test for excess errors)
FAIL: libgomp.fortran/retval1.f90 -O3 -g (test for excess errors)
FAIL: libgomp.fortran/retval1.f90 -Os (test for excess errors)
FAIL: libgomp.fortran/retval2.f90 -O0 (test for excess errors)
FAIL: libgomp.fortran/retval2.f90 -O1 (test for excess errors)
FAIL: libgomp.fortran/retval2.f90 -O2 (test for excess errors)
FAIL: libgomp.fortran/retval2.f90 -O3 -fomit-frame-pointer (test for excess errors)
FAIL: libgomp.fortran/retval2.f90 -O3 -fomit-frame-pointer -funroll-loops (test for excess errors)
FAIL: libgomp.fortran/retval2.f90 -O3 -fomit-frame-pointer -funroll-all-loops -finline-functions (test for excess errors)
FAIL: libgomp.fortran/retval2.f90 -O3 -g (test for excess errors)
FAIL: libgomp.fortran/retval2.f90 -Os (test for excess errors)
FAIL: libgomp.fortran/sharing1.f90 -O0 (test for excess errors)
FAIL: libgomp.fortran/sharing1.f90 -O1 (test for excess errors)
FAIL: libgomp.fortran/sharing1.f90 -O2 (test for excess errors)
FAIL: libgomp.fortran/sharing1.f90 -O3 -fomit-frame-pointer (test for excess errors)
FAIL: libgomp.fortran/sharing1.f90 -O3 -fomit-frame-pointer -funroll-loops (test for excess errors)
FAIL: libgomp.fortran/sharing1.f90 -O3 -fomit-frame-pointer -funroll-all-loops -finline-functions (test for excess errors)
FAIL: libgomp.fortran/sharing1.f90 -O3 -g (test for excess errors)
FAIL: libgomp.fortran/sharing1.f90 -Os (test for excess errors)
FAIL: libgomp.fortran/sharing2.f90 -O0 (test for excess errors)
FAIL: libgomp.fortran/sharing2.f90 -O1 (test for excess errors)
FAIL: libgomp.fortran/sharing2.f90 -O2 (test for excess errors)
FAIL: libgomp.fortran/sharing2.f90 -O3 -fomit-frame-pointer (test for excess errors)
FAIL: libgomp.fortran/sharing2.f90 -O3 -fomit-frame-pointer -funroll-loops (test for excess errors)
FAIL: libgomp.fortran/sharing2.f90 -O3 -fomit-frame-pointer -funroll-all-loops -finline-functions (test for excess errors)
FAIL: libgomp.fortran/sharing2.f90 -O3 -g (test for excess errors)
FAIL: libgomp.fortran/sharing2.f90 -Os (test for excess errors)
FAIL: libgomp.fortran/stack.f90 -O0 (test for excess errors)
FAIL: libgomp.fortran/stack.f90 -O1 (test for excess errors)
FAIL: libgomp.fortran/stack.f90 -O2 (test for excess errors)
FAIL: libgomp.fortran/stack.f90 -O3 -fomit-frame-pointer (test for excess errors)
FAIL: libgomp.fortran/stack.f90 -O3 -fomit-frame-pointer -funroll-loops (test for excess errors)
FAIL: libgomp.fortran/stack.f90 -O3 -fomit-frame-pointer -funroll-all-loops -finline-functions (test for excess errors)
FAIL: libgomp.fortran/stack.f90 -O3 -g (test for excess errors)
FAIL: libgomp.fortran/stack.f90 -Os (test for excess errors)
FAIL: libgomp.fortran/strassen.f90 -O (test for excess errors)
FAIL: libgomp.fortran/tabs1.f90 -O (test for excess errors)
FAIL: libgomp.fortran/tabs2.f -O (test for excess errors)
FAIL: libgomp.fortran/task1.f90 -O0 (test for excess errors)
FAIL: libgomp.fortran/task1.f90 -O1 (test for excess errors)
FAIL: libgomp.fortran/task1.f90 -O2 (test for excess errors)
FAIL: libgomp.fortran/task1.f90 -O3 -fomit-frame-pointer (test for excess errors)
FAIL: libgomp.fortran/task1.f90 -O3 -fomit-frame-pointer -funroll-loops (test for excess errors)
FAIL: libgomp.fortran/task1.f90 -O3 -fomit-frame-pointer -funroll-all-loops -finline-functions (test for excess errors)
FAIL: libgomp.fortran/task1.f90 -O3 -g (test for excess errors)
FAIL: libgomp.fortran/task1.f90 -Os (test for excess errors)
FAIL: libgomp.fortran/task2.f90 -O (test for excess errors)
FAIL: libgomp.fortran/task3.f90 -O0 (test for excess errors)
FAIL: libgomp.fortran/task3.f90 -O1 (test for excess errors)
FAIL: libgomp.fortran/task3.f90 -O2 (test for excess errors)
FAIL: libgomp.fortran/task3.f90 -O3 -fomit-frame-pointer (test for excess errors)
FAIL: libgomp.fortran/task3.f90 -O3 -fomit-frame-pointer -funroll-loops (test for excess errors)
FAIL: libgomp.fortran/task3.f90 -O3 -fomit-frame-pointer -funroll-all-loops -finline-functions (test for excess errors)
FAIL: libgomp.fortran/task3.f90 -O3 -g (test for excess errors)
FAIL: libgomp.fortran/task3.f90 -Os (test for excess errors)
FAIL: libgomp.fortran/task4.f90 -O0 (test for excess errors)
FAIL: libgomp.fortran/task4.f90 -O1 (test for excess errors)
FAIL: libgomp.fortran/task4.f90 -O2 (test for excess errors)
FAIL: libgomp.fortran/task4.f90 -O3 -fomit-frame-pointer (test for excess errors)
FAIL: libgomp.fortran/task4.f90 -O3 -fomit-frame-pointer -funroll-loops (test for excess errors)
FAIL: libgomp.fortran/task4.f90 -O3 -fomit-frame-pointer -funroll-all-loops -finline-functions (test for excess errors)
FAIL: libgomp.fortran/task4.f90 -O3 -g (test for excess errors)
FAIL: libgomp.fortran/task4.f90 -Os (test for excess errors)
FAIL: libgomp.fortran/threadprivate1.f90 -O0 (test for excess errors)
FAIL: libgomp.fortran/threadprivate1.f90 -O1 (test for excess errors)
FAIL: libgomp.fortran/threadprivate1.f90 -O2 (test for excess errors)
FAIL: libgomp.fortran/threadprivate1.f90 -O3 -fomit-frame-pointer (test for excess errors)
FAIL: libgomp.fortran/threadprivate1.f90 -O3 -fomit-frame-pointer -funroll-loops (test for excess errors)
FAIL: libgomp.fortran/threadprivate1.f90 -O3 -fomit-frame-pointer -funroll-all-loops -finline-functions (test for excess errors)
FAIL: libgomp.fortran/threadprivate1.f90 -O3 -g (test for excess errors)
FAIL: libgomp.fortran/threadprivate1.f90 -Os (test for excess errors)
FAIL: libgomp.fortran/threadprivate2.f90 -O0 (test for excess errors)
FAIL: libgomp.fortran/threadprivate2.f90 -O1 (test for excess errors)
FAIL: libgomp.fortran/threadprivate2.f90 -O2 (test for excess errors)
FAIL: libgomp.fortran/threadprivate2.f90 -O3 -fomit-frame-pointer (test for excess errors)
FAIL: libgomp.fortran/threadprivate2.f90 -O3 -fomit-frame-pointer -funroll-loops (test for excess errors)
FAIL: libgomp.fortran/threadprivate2.f90 -O3 -fomit-frame-pointer -funroll-all-loops -finline-functions (test for excess errors)
FAIL: libgomp.fortran/threadprivate2.f90 -O3 -g (test for excess errors)
FAIL: libgomp.fortran/threadprivate2.f90 -Os (test for excess errors)
FAIL: libgomp.fortran/threadprivate3.f90 -O0 (test for excess errors)
FAIL: libgomp.fortran/threadprivate3.f90 -O1 (test for excess errors)
FAIL: libgomp.fortran/threadprivate3.f90 -O2 (test for excess errors)
FAIL: libgomp.fortran/threadprivate3.f90 -O3 -fomit-frame-pointer (test for excess errors)
FAIL: libgomp.fortran/threadprivate3.f90 -O3 -fomit-frame-pointer -funroll-loops (test for excess errors)
FAIL: libgomp.fortran/threadprivate3.f90 -O3 -fomit-frame-pointer -funroll-all-loops -finline-functions (test for excess errors)
FAIL: libgomp.fortran/threadprivate3.f90 -O3 -g (test for excess errors)
FAIL: libgomp.fortran/threadprivate3.f90 -Os (test for excess errors)
FAIL: libgomp.fortran/threadprivate4.f90 -O0 (test for excess errors)
FAIL: libgomp.fortran/threadprivate4.f90 -O1 (test for excess errors)
FAIL: libgomp.fortran/threadprivate4.f90 -O2 (test for excess errors)
FAIL: libgomp.fortran/threadprivate4.f90 -O3 -fomit-frame-pointer (test for excess errors)
FAIL: libgomp.fortran/threadprivate4.f90 -O3 -fomit-frame-pointer -funroll-loops (test for excess errors)
FAIL: libgomp.fortran/threadprivate4.f90 -O3 -fomit-frame-pointer -funroll-all-loops -finline-functions (test for excess errors)
FAIL: libgomp.fortran/threadprivate4.f90 -O3 -g (test for excess errors)
FAIL: libgomp.fortran/threadprivate4.f90 -Os (test for excess errors)
FAIL: libgomp.fortran/vla1.f90 -O0 (test for excess errors)
FAIL: libgomp.fortran/vla1.f90 -O1 (test for excess errors)
FAIL: libgomp.fortran/vla1.f90 -O2 (test for excess errors)
FAIL: libgomp.fortran/vla1.f90 -O3 -fomit-frame-pointer (test for excess errors)
FAIL: libgomp.fortran/vla1.f90 -O3 -fomit-frame-pointer -funroll-loops (test for excess errors)
FAIL: libgomp.fortran/vla1.f90 -O3 -fomit-frame-pointer -funroll-all-loops -finline-functions (test for excess errors)
FAIL: libgomp.fortran/vla1.f90 -O3 -g (test for excess errors)
FAIL: libgomp.fortran/vla1.f90 -Os (test for excess errors)
FAIL: libgomp.fortran/vla2.f90 -O0 (test for excess errors)
FAIL: libgomp.fortran/vla2.f90 -O1 (test for excess errors)
FAIL: libgomp.fortran/vla2.f90 -O2 (test for excess errors)
FAIL: libgomp.fortran/vla2.f90 -O3 -fomit-frame-pointer (test for excess errors)
FAIL: libgomp.fortran/vla2.f90 -O3 -fomit-frame-pointer -funroll-loops (test for excess errors)
FAIL: libgomp.fortran/vla2.f90 -O3 -fomit-frame-pointer -funroll-all-loops -finline-functions (test for excess errors)
FAIL: libgomp.fortran/vla2.f90 -O3 -g (test for excess errors)
FAIL: libgomp.fortran/vla2.f90 -Os (test for excess errors)
FAIL: libgomp.fortran/vla3.f90 -O0 (test for excess errors)
FAIL: libgomp.fortran/vla3.f90 -O1 (test for excess errors)
FAIL: libgomp.fortran/vla3.f90 -O2 (test for excess errors)
FAIL: libgomp.fortran/vla3.f90 -O3 -fomit-frame-pointer (test for excess errors)
FAIL: libgomp.fortran/vla3.f90 -O3 -fomit-frame-pointer -funroll-loops (test for excess errors)
FAIL: libgomp.fortran/vla3.f90 -O3 -fomit-frame-pointer -funroll-all-loops -finline-functions (test for excess errors)
FAIL: libgomp.fortran/vla3.f90 -O3 -g (test for excess errors)
FAIL: libgomp.fortran/vla3.f90 -Os (test for excess errors)
FAIL: libgomp.fortran/vla4.f90 -O0 (test for excess errors)
FAIL: libgomp.fortran/vla4.f90 -O1 (test for excess errors)
FAIL: libgomp.fortran/vla4.f90 -O2 (test for excess errors)
FAIL: libgomp.fortran/vla4.f90 -O3 -fomit-frame-pointer (test for excess errors)
FAIL: libgomp.fortran/vla4.f90 -O3 -fomit-frame-pointer -funroll-loops (test for excess errors)
FAIL: libgomp.fortran/vla4.f90 -O3 -fomit-frame-pointer -funroll-all-loops -finline-functions (test for excess errors)
FAIL: libgomp.fortran/vla4.f90 -O3 -g (test for excess errors)
FAIL: libgomp.fortran/vla4.f90 -Os (test for excess errors)
FAIL: libgomp.fortran/vla5.f90 -O0 (test for excess errors)
FAIL: libgomp.fortran/vla5.f90 -O1 (test for excess errors)
FAIL: libgomp.fortran/vla5.f90 -O2 (test for excess errors)
FAIL: libgomp.fortran/vla5.f90 -O3 -fomit-frame-pointer (test for excess errors)
FAIL: libgomp.fortran/vla5.f90 -O3 -fomit-frame-pointer -funroll-loops (test for excess errors)
FAIL: libgomp.fortran/vla5.f90 -O3 -fomit-frame-pointer -funroll-all-loops -finline-functions (test for excess errors)
FAIL: libgomp.fortran/vla5.f90 -O3 -g (test for excess errors)
FAIL: libgomp.fortran/vla5.f90 -Os (test for excess errors)
FAIL: libgomp.fortran/vla6.f90 -O0 (test for excess errors)
FAIL: libgomp.fortran/vla6.f90 -O1 (test for excess errors)
FAIL: libgomp.fortran/vla6.f90 -O2 (test for excess errors)
FAIL: libgomp.fortran/vla6.f90 -O3 -fomit-frame-pointer (test for excess errors)
FAIL: libgomp.fortran/vla6.f90 -O3 -fomit-frame-pointer -funroll-loops (test for excess errors)
FAIL: libgomp.fortran/vla6.f90 -O3 -fomit-frame-pointer -funroll-all-loops -finline-functions (test for excess errors)
FAIL: libgomp.fortran/vla6.f90 -O3 -g (test for excess errors)
FAIL: libgomp.fortran/vla6.f90 -Os (test for excess errors)
FAIL: libgomp.fortran/vla8.f90 -O0 (test for excess errors)
FAIL: libgomp.fortran/vla8.f90 -O1 (test for excess errors)
FAIL: libgomp.fortran/vla8.f90 -O2 (test for excess errors)
FAIL: libgomp.fortran/vla8.f90 -O3 -fomit-frame-pointer (test for excess errors)
FAIL: libgomp.fortran/vla8.f90 -O3 -fomit-frame-pointer -funroll-loops (test for excess errors)
FAIL: libgomp.fortran/vla8.f90 -O3 -fomit-frame-pointer -funroll-all-loops -finline-functions (test for excess errors)
FAIL: libgomp.fortran/vla8.f90 -O3 -g (test for excess errors)
FAIL: libgomp.fortran/vla8.f90 -Os (test for excess errors)
FAIL: libgomp.fortran/workshare1.f90 -O (test for excess errors)
FAIL: libgomp.fortran/workshare2.f90 -O (test for excess errors)
=== libgomp Summary ===
# of expected passes 2081
# of unexpected failures 843
# of unsupported tests 3
=== libitm tests ===
Running target unix
=== libitm Summary ===
# of expected passes 26
# of expected failures 3
# of unsupported tests 1
=== libjava tests ===
Running target unix
FAIL: PR16923.c compilation
WARNING: program timed out.
FAIL: Thread_Alive execution - source compiled test
FAIL: Throw_2 execution - source compiled test
FAIL: Throw_2 -findirect-dispatch execution - source compiled test
FAIL: Throw_2 -O3 execution - source compiled test
FAIL: Throw_2 -O3 -findirect-dispatch execution - source compiled test
=== libjava Summary ===
# of expected passes 2562
# of unexpected failures 6
# of untested testcases 5
=== libmudflap tests ===
Running target unix
FAIL: libmudflap.c++/pass55-frag.cxx (-static) execution test
FAIL: libmudflap.c++/pass55-frag.cxx ( -O) execution test
FAIL: libmudflap.c++/pass55-frag.cxx (-O2) execution test
FAIL: libmudflap.c++/pass55-frag.cxx (-O3) execution test
=== libmudflap Summary ===
# of expected passes 1902
# of unexpected failures 4
=== libstdc++ tests ===
Running target unix
FAIL: 22_locale/locale/cons/12438.cc execution test
FAIL: 26_numerics/headers/cmath/c99_classification_macros_c.cc (test for excess errors)
FAIL: 27_io/basic_istream/extractors_arithmetic/char/12.cc execution test
FAIL: 27_io/basic_istream/extractors_arithmetic/wchar_t/12.cc execution test
FAIL: 27_io/objects/wchar_t/9662.cc execution test
=== libstdc++ Summary ===
# of expected passes 7830
# of unexpected failures 5
# of expected failures 41
# of unsupported tests 579
Compiler version: 4.8.0 20120802 (experimental) (GCC)
Platform: x86_64-unknown-freebsd8.3
configure flags: --prefix=/scratch/tmp/gerald/gcc-ref8-amd64 --enable-build-with-cxx --with-gmp=/home/gerald/8-amd64 --with-as=/home/gerald/8-amd64/bin/as --with-ld=/home/gerald/8-amd64/bin/ld
More information about the Gcc-testresults
mailing list