Results for 4.7.1 20120426 (prerelease) [gcc-4_7-branch revision 186883] (GCC) testsuite on powerpc64-unknown-freebsd10.0
Andreas Tobler
andreast-list@fgznet.ch
Fri Apr 27 19:37:00 GMT 2012
LAST_UPDATED: Thu Apr 26 18:15:10 UTC 2012 (revision 186883)
Native configuration is powerpc64-unknown-freebsd10.0
=== g++ tests ===
Running target unix
FAIL: tmpdir-g++.dg-struct-layout-1/t024 cp_compat_x_tst.o-cp_compat_y_tst.o execute
FAIL: g++.old-deja/g++.other/init18.C -std=c++98 execution test
FAIL: g++.old-deja/g++.other/init18.C -std=c++11 execution test
FAIL: g++.old-deja/g++.other/init19.C -std=c++98 execution test
FAIL: g++.old-deja/g++.other/init19.C -std=c++11 execution test
=== g++ Summary ===
# of expected passes 46323
# of unexpected failures 5
# of expected failures 284
# of unsupported tests 655
/export/devel/build/gcc/gcc-4.7/objdir_net/gcc/testsuite/g++/../../g++ version 4.7.1 20120426 (prerelease) [gcc-4_7-branch revision 186883] (GCC)
=== gcc tests ===
Running target unix
FAIL: tmpdir-gcc.dg-struct-layout-1/t008 c_compat_x_tst.o-c_compat_y_tst.o execute
FAIL: tmpdir-gcc.dg-struct-layout-1/t020 c_compat_x_tst.o-c_compat_y_tst.o execute
FAIL: gcc.dg/and-1.c scan-assembler-not nand
FAIL: gcc.dg/builtins-20.c (test for excess errors)
FAIL: gcc.dg/builtins-55.c (test for excess errors)
FAIL: gcc.dg/builtins-57.c (test for excess errors)
FAIL: gcc.dg/builtins-58.c scan-assembler-not pow
FAIL: gcc.dg/builtins-59.c scan-tree-dump gimple "__builtin_cexpi"
FAIL: gcc.dg/builtins-59.c scan-tree-dump-not gimple "sincos"
FAIL: gcc.dg/builtins-61.c scan-tree-dump optimized "cexpi"
FAIL: gcc.dg/builtins-61.c scan-tree-dump optimized "sin"
FAIL: gcc.dg/builtins-61.c scan-tree-dump optimized "cos"
FAIL: gcc.dg/builtins-61.c scan-tree-dump optimized "return 0.0"
FAIL: gcc.dg/builtins-62.c scan-tree-dump-times optimized "cexpi" 3
FAIL: gcc.dg/builtins-65.c (test for excess errors)
FAIL: gcc.dg/c99-stdint-1.c (test for excess errors)
FAIL: gcc.dg/c99-stdint-7.c (test for excess errors)
FAIL: gcc.dg/c99-tgmath-2.c (test for excess errors)
FAIL: gcc.dg/c99-tgmath-3.c (test for excess errors)
FAIL: gcc.dg/c99-tgmath-4.c (test for excess errors)
UNRESOLVED: gcc.dg/c99-tgmath-4.c scan-assembler cpowf
FAIL: gcc.dg/pr44194-1.c scan-rtl-dump dse1 "global deletions = 2"
FAIL: gcc.dg/utf-array-short-wchar.c (test for errors, line 39)
FAIL: gcc.dg/utf-array-short-wchar.c (test for errors, line 41)
FAIL: gcc.dg/utf-array-short-wchar.c (test for excess errors)
FAIL: largefile.c -O0 -g -I. (internal compiler error)
FAIL: largefile.c -O0 -g -I. (test for excess errors)
FAIL: gcc.dg/pch/largefile.c -O0 -g assembly comparison
FAIL: largefile.c -O0 -I. (internal compiler error)
FAIL: largefile.c -O0 -I. (test for excess errors)
FAIL: gcc.dg/pch/largefile.c -O0 assembly comparison
FAIL: largefile.c -O1 -I. (internal compiler error)
FAIL: largefile.c -O1 -I. (test for excess errors)
FAIL: gcc.dg/pch/largefile.c -O1 assembly comparison
FAIL: largefile.c -O2 -I. (internal compiler error)
FAIL: largefile.c -O2 -I. (test for excess errors)
FAIL: gcc.dg/pch/largefile.c -O2 assembly comparison
FAIL: largefile.c -O3 -fomit-frame-pointer -I. (internal compiler error)
FAIL: largefile.c -O3 -fomit-frame-pointer -I. (test for excess errors)
FAIL: gcc.dg/pch/largefile.c -O3 -fomit-frame-pointer assembly comparison
FAIL: largefile.c -O3 -g -I. (internal compiler error)
FAIL: largefile.c -O3 -g -I. (test for excess errors)
FAIL: gcc.dg/pch/largefile.c -O3 -g assembly comparison
FAIL: largefile.c -Os -I. (internal compiler error)
FAIL: largefile.c -Os -I. (test for excess errors)
FAIL: gcc.dg/pch/largefile.c -Os assembly comparison
FAIL: gcc.dg/simulate-thread/atomic-other-int.c -O0 -g thread simulation test
FAIL: gcc.dg/simulate-thread/atomic-other-int.c -O2 -g thread simulation test
FAIL: gcc.dg/simulate-thread/atomic-other-int.c -O3 -g thread simulation test
FAIL: gcc.dg/simulate-thread/atomic-other-short.c -O0 -g thread simulation test
FAIL: gcc.dg/simulate-thread/atomic-other-short.c -O2 -g thread simulation test
FAIL: gcc.dg/simulate-thread/atomic-other-short.c -O3 -g thread simulation test
FAIL: gcc.dg/simulate-thread/speculative-store.c -O0 -g thread simulation test
FAIL: gcc.dg/torture/builtin-convert-1.c -O1 (test for excess errors)
FAIL: gcc.dg/torture/builtin-convert-1.c -O2 (test for excess errors)
FAIL: gcc.dg/torture/builtin-convert-1.c -O3 -fomit-frame-pointer (test for excess errors)
FAIL: gcc.dg/torture/builtin-convert-1.c -O3 -g (test for excess errors)
FAIL: gcc.dg/torture/builtin-convert-1.c -Os (test for excess errors)
FAIL: gcc.dg/torture/builtin-convert-2.c -O1 (test for excess errors)
FAIL: gcc.dg/torture/builtin-convert-2.c -O2 (test for excess errors)
FAIL: gcc.dg/torture/builtin-convert-2.c -O3 -fomit-frame-pointer (test for excess errors)
FAIL: gcc.dg/torture/builtin-convert-2.c -O3 -g (test for excess errors)
FAIL: gcc.dg/torture/builtin-convert-2.c -Os (test for excess errors)
FAIL: gcc.dg/torture/builtin-convert-3.c -O1 (test for excess errors)
FAIL: gcc.dg/torture/builtin-convert-3.c -O2 (test for excess errors)
FAIL: gcc.dg/torture/builtin-convert-3.c -O3 -fomit-frame-pointer (test for excess errors)
FAIL: gcc.dg/torture/builtin-convert-3.c -O3 -g (test for excess errors)
FAIL: gcc.dg/torture/builtin-convert-3.c -Os (test for excess errors)
FAIL: gcc.dg/torture/builtin-power-1.c -O0 (test for excess errors)
FAIL: gcc.dg/torture/builtin-power-1.c -O1 (test for excess errors)
FAIL: gcc.dg/torture/builtin-power-1.c -O2 (test for excess errors)
FAIL: gcc.dg/torture/builtin-power-1.c -O3 -fomit-frame-pointer (test for excess errors)
FAIL: gcc.dg/torture/builtin-power-1.c -O3 -g (test for excess errors)
FAIL: gcc.dg/torture/builtin-power-1.c -Os (test for excess errors)
FAIL: gcc.dg/tree-ssa/ssa-dom-thread-4.c scan-tree-dump-times dom1 "Threaded" 3
FAIL: gcc.dg/tree-ssa/vrp47.c scan-tree-dump-times vrp1 "[xy][^ ]* !=" 0
FAIL: gcc.dg/tree-ssa/vrp47.c scan-tree-dump-times dom2 "x[^ ]* & y" 1
FAIL: gcc.target/powerpc/ppc-vector-memcpy.c scan-assembler lvx
FAIL: gcc.target/powerpc/pr46728-4.c scan-assembler-times cbrt 2
FAIL: gcc.target/powerpc/pr46728-4.c scan-assembler-not pow
FAIL: gcc.target/powerpc/pr46728-5.c scan-assembler-times cbrt 2
FAIL: gcc.target/powerpc/pr46728-8.c scan-assembler-times cbrt 5
FAIL: gcc.target/powerpc/pr46728-8.c scan-assembler-not pow
FAIL: gcc.target/powerpc/vsx-mass-1.c (internal compiler error)
FAIL: gcc.target/powerpc/vsx-mass-1.c (test for excess errors)
UNRESOLVED: gcc.target/powerpc/vsx-mass-1.c scan-assembler bl atan2d2
UNRESOLVED: gcc.target/powerpc/vsx-mass-1.c scan-assembler bl atan2f4
UNRESOLVED: gcc.target/powerpc/vsx-mass-1.c scan-assembler bl hypotd2
UNRESOLVED: gcc.target/powerpc/vsx-mass-1.c scan-assembler bl hypotf4
UNRESOLVED: gcc.target/powerpc/vsx-mass-1.c scan-assembler bl powd2
UNRESOLVED: gcc.target/powerpc/vsx-mass-1.c scan-assembler bl powf4
UNRESOLVED: gcc.target/powerpc/vsx-mass-1.c scan-assembler bl acosd2
UNRESOLVED: gcc.target/powerpc/vsx-mass-1.c scan-assembler bl acosf4
UNRESOLVED: gcc.target/powerpc/vsx-mass-1.c scan-assembler bl acoshd2
UNRESOLVED: gcc.target/powerpc/vsx-mass-1.c scan-assembler bl acoshf4
UNRESOLVED: gcc.target/powerpc/vsx-mass-1.c scan-assembler bl asind2
UNRESOLVED: gcc.target/powerpc/vsx-mass-1.c scan-assembler bl asinf4
UNRESOLVED: gcc.target/powerpc/vsx-mass-1.c scan-assembler bl asinhd2
UNRESOLVED: gcc.target/powerpc/vsx-mass-1.c scan-assembler bl asinhf4
UNRESOLVED: gcc.target/powerpc/vsx-mass-1.c scan-assembler bl atand2
UNRESOLVED: gcc.target/powerpc/vsx-mass-1.c scan-assembler bl atanf4
UNRESOLVED: gcc.target/powerpc/vsx-mass-1.c scan-assembler bl atanhd2
UNRESOLVED: gcc.target/powerpc/vsx-mass-1.c scan-assembler bl atanhf4
UNRESOLVED: gcc.target/powerpc/vsx-mass-1.c scan-assembler bl cbrtd2
UNRESOLVED: gcc.target/powerpc/vsx-mass-1.c scan-assembler bl cbrtf4
UNRESOLVED: gcc.target/powerpc/vsx-mass-1.c scan-assembler bl cosd2
UNRESOLVED: gcc.target/powerpc/vsx-mass-1.c scan-assembler bl cosf4
UNRESOLVED: gcc.target/powerpc/vsx-mass-1.c scan-assembler bl coshd2
UNRESOLVED: gcc.target/powerpc/vsx-mass-1.c scan-assembler bl coshf4
UNRESOLVED: gcc.target/powerpc/vsx-mass-1.c scan-assembler bl erfd2
UNRESOLVED: gcc.target/powerpc/vsx-mass-1.c scan-assembler bl erff4
UNRESOLVED: gcc.target/powerpc/vsx-mass-1.c scan-assembler bl erfcd2
UNRESOLVED: gcc.target/powerpc/vsx-mass-1.c scan-assembler bl erfcf4
UNRESOLVED: gcc.target/powerpc/vsx-mass-1.c scan-assembler bl exp2d2
UNRESOLVED: gcc.target/powerpc/vsx-mass-1.c scan-assembler bl exp2f4
UNRESOLVED: gcc.target/powerpc/vsx-mass-1.c scan-assembler bl expd2
UNRESOLVED: gcc.target/powerpc/vsx-mass-1.c scan-assembler bl expf4
UNRESOLVED: gcc.target/powerpc/vsx-mass-1.c scan-assembler bl expm1d2
UNRESOLVED: gcc.target/powerpc/vsx-mass-1.c scan-assembler bl expm1f4
UNRESOLVED: gcc.target/powerpc/vsx-mass-1.c scan-assembler bl lgamma
UNRESOLVED: gcc.target/powerpc/vsx-mass-1.c scan-assembler bl lgammaf
UNRESOLVED: gcc.target/powerpc/vsx-mass-1.c scan-assembler bl log10d2
UNRESOLVED: gcc.target/powerpc/vsx-mass-1.c scan-assembler bl log10f4
UNRESOLVED: gcc.target/powerpc/vsx-mass-1.c scan-assembler bl log1pd2
UNRESOLVED: gcc.target/powerpc/vsx-mass-1.c scan-assembler bl log1pf4
UNRESOLVED: gcc.target/powerpc/vsx-mass-1.c scan-assembler bl log2d2
UNRESOLVED: gcc.target/powerpc/vsx-mass-1.c scan-assembler bl log2f4
UNRESOLVED: gcc.target/powerpc/vsx-mass-1.c scan-assembler bl logd2
UNRESOLVED: gcc.target/powerpc/vsx-mass-1.c scan-assembler bl logf4
UNRESOLVED: gcc.target/powerpc/vsx-mass-1.c scan-assembler bl sind2
UNRESOLVED: gcc.target/powerpc/vsx-mass-1.c scan-assembler bl sinf4
UNRESOLVED: gcc.target/powerpc/vsx-mass-1.c scan-assembler bl sinhd2
UNRESOLVED: gcc.target/powerpc/vsx-mass-1.c scan-assembler bl sinhf4
UNRESOLVED: gcc.target/powerpc/vsx-mass-1.c scan-assembler bl tand2
UNRESOLVED: gcc.target/powerpc/vsx-mass-1.c scan-assembler bl tanf4
UNRESOLVED: gcc.target/powerpc/vsx-mass-1.c scan-assembler bl tanhd2
UNRESOLVED: gcc.target/powerpc/vsx-mass-1.c scan-assembler bl tanhf4
=== gcc Summary ===
# of expected passes 65512
# of unexpected failures 84
# of expected failures 183
# of unresolved testcases 53
# of unsupported tests 1169
/export/devel/build/gcc/gcc-4.7/objdir_net/gcc/xgcc version 4.7.1 20120426 (prerelease) [gcc-4_7-branch revision 186883] (GCC)
=== gfortran tests ===
Running target unix
=== gfortran Summary ===
# of expected passes 40280
# of expected failures 43
# of unsupported tests 230
/export/devel/build/gcc/gcc-4.7/objdir_net/gcc/testsuite/gfortran/../../gfortran version 4.7.1 20120426 (prerelease) [gcc-4_7-branch revision 186883] (GCC)
=== libgomp tests ===
Running target unix
=== libgomp Summary ===
# of expected passes 2946
# of unsupported tests 3
=== libitm tests ===
Running target unix
=== libitm Summary ===
# of expected passes 26
# of expected failures 3
# of unsupported tests 1
=== libmudflap tests ===
Running target unix
FAIL: libmudflap.cth/pass59-frag.c execution test
FAIL: libmudflap.cth/pass59-frag.c output pattern test
FAIL: libmudflap.cth/pass59-frag.c (-static -DSTATIC) execution test
FAIL: libmudflap.cth/pass59-frag.c (-static -DSTATIC) output pattern test
FAIL: libmudflap.cth/pass59-frag.c (-O2) execution test
FAIL: libmudflap.cth/pass59-frag.c (-O2) output pattern test
FAIL: libmudflap.cth/pass59-frag.c (-O3) execution test
FAIL: libmudflap.cth/pass59-frag.c (-O3) output pattern test
=== libmudflap Summary ===
# of expected passes 1898
# of unexpected failures 8
=== libstdc++ tests ===
Running target unix
FAIL: 22_locale/locale/cons/12438.cc execution test
FAIL: 26_numerics/headers/cmath/c99_classification_macros_c.cc (test for excess errors)
FAIL: 30_threads/async/42819.cc execution test
FAIL: 30_threads/async/49668.cc execution test
FAIL: 30_threads/async/any.cc execution test
FAIL: 30_threads/async/async.cc execution test
FAIL: 30_threads/async/sync.cc execution test
FAIL: 30_threads/call_once/39909.cc execution test
FAIL: 30_threads/call_once/49668.cc execution test
FAIL: 30_threads/call_once/call_once1.cc execution test
FAIL: 30_threads/future/members/45133.cc execution test
FAIL: 30_threads/future/members/get.cc execution test
FAIL: 30_threads/future/members/get2.cc execution test
FAIL: 30_threads/future/members/share.cc execution test
FAIL: 30_threads/future/members/valid.cc execution test
FAIL: 30_threads/future/members/wait.cc execution test
FAIL: 30_threads/future/members/wait_for.cc execution test
FAIL: 30_threads/future/members/wait_until.cc execution test
FAIL: 30_threads/packaged_task/49668.cc execution test
FAIL: 30_threads/packaged_task/cons/3.cc execution test
FAIL: 30_threads/packaged_task/cons/alloc.cc execution test
FAIL: 30_threads/packaged_task/members/get_future.cc execution test
FAIL: 30_threads/packaged_task/members/invoke.cc execution test
FAIL: 30_threads/packaged_task/members/invoke2.cc execution test
FAIL: 30_threads/packaged_task/members/invoke3.cc execution test
FAIL: 30_threads/packaged_task/members/invoke4.cc execution test
FAIL: 30_threads/packaged_task/members/invoke5.cc execution test
FAIL: 30_threads/packaged_task/members/reset2.cc execution test
FAIL: 30_threads/promise/cons/alloc.cc execution test
FAIL: 30_threads/promise/cons/move.cc execution test
FAIL: 30_threads/promise/cons/move_assign.cc execution test
FAIL: 30_threads/promise/members/get_future.cc execution test
FAIL: 30_threads/promise/members/set_exception.cc execution test
FAIL: 30_threads/promise/members/set_exception2.cc execution test
FAIL: 30_threads/promise/members/set_value.cc execution test
FAIL: 30_threads/promise/members/set_value2.cc execution test
FAIL: 30_threads/promise/members/set_value3.cc execution test
FAIL: 30_threads/promise/members/swap.cc execution test
FAIL: 30_threads/shared_future/members/get.cc execution test
FAIL: 30_threads/shared_future/members/get2.cc execution test
FAIL: 30_threads/shared_future/members/valid.cc execution test
FAIL: 30_threads/shared_future/members/wait.cc execution test
FAIL: 30_threads/shared_future/members/wait_for.cc execution test
FAIL: 30_threads/shared_future/members/wait_until.cc execution test
=== libstdc++ Summary ===
# of expected passes 7736
# of unexpected failures 44
# of expected failures 42
# of unsupported tests 549
=== libstdc++ Summary ===
Compiler version: 4.7.1 20120426 (prerelease) [gcc-4_7-branch revision 186883] (GCC)
Platform: powerpc64-unknown-freebsd10.0
configure flags: --prefix=/export/devel/build/gcc/branch/gcc-4.7/testbin_net --with-gmp=/usr/local --disable-lto --disable-nls --enable-languages=c,c++,fortran --disable-multilib --with-as=/usr/local/bin/as --with-ld=/usr/local/bin/ld
More information about the Gcc-testresults
mailing list