Results for 4.6.3 (Blastwave.org Inc. Mon Apr 16 15:14:44 UTC 2012) testsuite on x86_64-unknown-linux-gnu
Dennis Clarke
dclarke@blastwave.org
Mon Apr 23 12:36:00 GMT 2012
$ date
Mon Apr 23 08:08:15 EDT 2012
$
$ uname -a
Linux testy 2.6.32-5-amd64 #1 SMP Thu Mar 22 17:26:33 UTC 2012 x86_64 GNU/Linux
$
$ cat /proc/cpuinfo
processor : 0
vendor_id : AuthenticAMD
cpu family : 16
model : 9
model name : AMD Opteron(tm) Processor 6180 SE
stepping : 1
cpu MHz : 2500.112
cache size : 512 KB
fpu : yes
fpu_exception : yes
cpuid level : 5
wp : yes
flags : fpu vme de pse tsc msr pae mce cx8 apic sep mtrr pge mca
cmov pat pse36 clflush mmx fxsr sse sse2 syscall nx mmxext fxsr_opt rdtscp lm
3dnowext 3dnow constant_tsc up rep_good tsc_reliable nonstop_tsc pni cx16
popcnt hypervisor lahf_lm extapic abm sse4a misalignsse 3dnowprefetch osvw
bogomips : 4999.99
TLB size : 1024 4K pages
clflush size : 64
cache_alignment : 64
address sizes : 40 bits physical, 48 bits virtual
power management:
$
$ which gcc
/usr/bin/gcc
$
$
$ gcc --version
gcc (Debian 4.4.5-8) 4.4.5
Copyright (C) 2010 Free Software Foundation, Inc.
This is free software; see the source for copying conditions. There is NO
warranty; not even for MERCHANTABILITY or FITNESS FOR A PARTICULAR PURPOSE.
$
$
$ which as
/usr/bin/as
$
$ as --version
GNU assembler (GNU Binutils for Debian) 2.20.1-system.20100303
Copyright 2009 Free Software Foundation, Inc.
This program is free software; you may redistribute it under the terms of
the GNU General Public License version 3 or later.
This program has absolutely no warranty.
This assembler was configured for a target of `x86_64-linux-gnu'.
$
$
$ which ld
/usr/bin/ld
$
$ ld --version
GNU ld (GNU Binutils for Debian) 2.20.1-system.20100303
Copyright 2009 Free Software Foundation, Inc.
This program is free software; you may redistribute it under the terms of
the GNU General Public License version 3 or (at your option) a later version.
This program has absolutely no warranty.
$
$
$ cat /etc/debian_version
6.0.4
$
$
$ which autoconf
/usr/local/bin/autoconf
/** note - a toolchain has been built into /usr/local **/
$ ls /usr/local/bin/
aclocal autoupdate gegrep guile-tools lzdiff msgconv
pcre-config timed-run xz zegrep
aclocal-1.11 awk getdefs gunzip lzegrep msgen
pcregrep tknewsbiff xzcat zfgrep
autoconf bison gettext gzexe lzfgrep msgexec
pcretest tkpasswd xzcmp zforce
autoexpect columns gettext.sh gzip lzgrep msgfilter
pgawk unbuffer xzdec zgrep
autogen cryptdir gettextize iconv lzless msgfmt
pgawk-4.0.1 uncompress xzdiff zless
autoheader decryptdir gfgrep idn lzma msggrep
pkg-config unlzma xzegrep zmore
autom4te dgawk ggrep ifnames lzmadec msginit
recode-sr-latin unxz xzfgrep znew
automake dislocate gm4 igawk lzmainfo msgmerge
red weather xzgrep
automake-1.11 ed gmake kibitz lzmore msgunfmt
rftp xgettext xzless
autoopts-config envsubst gsed libtool mkpasswd msguniq
rlogin-cwd xkibitz xzmore
autopasswd expect guild libtoolize msgattrib multixterm
runtest xml2-config yacc
autopoint ftp-rfc guile lpunlock msgcat ngettext
tclsh xmlcatalog zcat
autoreconf gawk guile-config lzcat msgcmp passmass
tclsh8.5 xmllint zcmp
autoscan gawk-4.0.1 guile-snarf lzcmp msgcomm patch
timed-read xpstat zdiff
$
$ autoconf --version
autoconf (GNU Autoconf) 2.68
Copyright (C) 2010 Free Software Foundation, Inc.
License GPLv3+/Autoconf: GNU GPL version 3 or later
<http://gnu.org/licenses/gpl.html>, <http://gnu.org/licenses/exceptions.html>
This is free software: you are free to change and redistribute it.
There is NO WARRANTY, to the extent permitted by law.
Written by David J. MacKenzie and Akim Demaille.
$
$ which expect
/usr/local/bin/expect
$
$ expect -v
expect version 5.45
$
$ ../gcc-4.6.3/contrib/test_summary
cat <<'EOF' |
LAST_UPDATED: Obtained from SVN: tags/gcc_4_6_3_release revision 184738
Native configuration is x86_64-unknown-linux-gnu
=== g++ tests ===
Running target unix
FAIL: g++.dg/charset/asm1.c (test for excess errors)
UNRESOLVED: g++.dg/charset/asm1.c scan-assembler .ascii bar
UNRESOLVED: g++.dg/charset/asm1.c scan-assembler .ascii foo
FAIL: g++.dg/charset/asm2.c (test for excess errors)
UNRESOLVED: g++.dg/charset/asm2.c scan-assembler std
UNRESOLVED: g++.dg/charset/asm2.c scan-assembler cld
UNRESOLVED: g++.dg/charset/asm2.c scan-assembler rep
UNRESOLVED: g++.dg/charset/asm2.c scan-assembler movsb
FAIL: g++.dg/charset/asm3.c (test for excess errors)
UNRESOLVED: g++.dg/charset/asm3.c scan-assembler foo
FAIL: g++.dg/charset/asm4.c (test for excess errors)
UNRESOLVED: g++.dg/charset/asm4.c scan-assembler-not translate
FAIL: g++.dg/charset/asm5.c (test for excess errors)
UNRESOLVED: g++.dg/charset/asm5.c scan-assembler foo
FAIL: g++.dg/charset/attribute1.c (test for excess errors)
UNRESOLVED: g++.dg/charset/attribute1.c scan-assembler foo
FAIL: g++.dg/charset/attribute2.c (test for excess errors)
FAIL: g++.dg/charset/extern1.cc (test for excess errors)
FAIL: g++.dg/charset/extern2.cc (test for excess errors)
UNRESOLVED: g++.dg/charset/extern2.cc scan-assembler-not foobar
FAIL: g++.dg/charset/extern3.cc (test for excess errors)
UNRESOLVED: g++.dg/charset/extern3.cc scan-assembler-not
abcdefghijklmnopqrstuvwxyz
FAIL: g++.dg/charset/function.cc (test for excess errors)
UNRESOLVED: g++.dg/charset/function.cc scan-assembler-not "foobar"
FAIL: g++.dg/charset/string.c (test for excess errors)
UNRESOLVED: g++.dg/charset/string.c scan-assembler-not string foobar
XPASS: g++.dg/uninit-pred-3_b.C (test for excess errors)
=== g++ Summary ===
# of expected passes 27661
# of unexpected failures 12
# of unexpected successes 1
# of expected failures 168
# of unresolved testcases 14
# of unsupported tests 345
/home/dclarke/build/GCC/gcc-4.6.3-build/gcc/testsuite/g++/../../g++ version
4.6.3 (Blastwave.org Inc. Mon Apr 16 15:14:44 UTC 2012)
=== gcc tests ===
Running target unix
FAIL: gcc.dg/charset/asm1.c (test for excess errors)
UNRESOLVED: gcc.dg/charset/asm1.c scan-assembler .ascii bar
UNRESOLVED: gcc.dg/charset/asm1.c scan-assembler .ascii foo
FAIL: gcc.dg/charset/asm2.c (test for excess errors)
FAIL: gcc.dg/charset/asm4.c (test for excess errors)
UNRESOLVED: gcc.dg/charset/asm4.c scan-assembler foo
FAIL: gcc.dg/charset/asm5.c (test for excess errors)
UNRESOLVED: gcc.dg/charset/asm5.c scan-assembler-not translate
FAIL: gcc.dg/charset/asm6.c (test for excess errors)
UNRESOLVED: gcc.dg/charset/asm6.c scan-assembler foo
FAIL: gcc.dg/charset/attribute1.c (test for excess errors)
UNRESOLVED: gcc.dg/charset/attribute1.c scan-assembler foo
FAIL: gcc.dg/charset/attribute2.c (test for excess errors)
FAIL: gcc.dg/charset/builtin1.c (test for excess errors)
UNRESOLVED: gcc.dg/charset/builtin1.c compilation failed to produce executable
FAIL: gcc.dg/charset/builtin2.c (test for excess errors)
UNRESOLVED: gcc.dg/charset/builtin2.c scan-assembler-not printf
UNRESOLVED: gcc.dg/charset/builtin2.c scan-assembler-not fprintf
UNRESOLVED: gcc.dg/charset/builtin2.c scan-assembler-not sprintf
FAIL: gcc.dg/charset/extern.c (test for excess errors)
UNRESOLVED: gcc.dg/charset/extern.c scan-assembler-not abcdefghijklmnopqrstuvwxyz
FAIL: gcc.dg/charset/function.c (test for excess errors)
UNRESOLVED: gcc.dg/charset/function.c scan-assembler-not "foobar"
FAIL: gcc.dg/charset/string.c (test for excess errors)
UNRESOLVED: gcc.dg/charset/string.c scan-assembler-not string foobar
FAIL: gcc.dg/cproj-fails-with-broken-glibc.c execution test
FAIL: gcc.target/i386/avx256-unaligned-load-2.c scan-assembler vinsertf128
FAIL: gcc.target/i386/avx256-unaligned-load-4.c scan-assembler
\\\\*avx_movups256/1
FAIL: gcc.target/i386/avx256-unaligned-store-2.c scan-assembler
movdqu.*\\\\*avx_movv16qi_internal/3
FAIL: gcc.target/i386/avx256-unaligned-store-2.c scan-assembler vextractf128
=== gcc Summary ===
# of expected passes 78094
# of unexpected failures 17
# of expected failures 212
# of unresolved testcases 13
# of unsupported tests 1091
/home/dclarke/build/GCC/gcc-4.6.3-build/gcc/xgcc version 4.6.3 (Blastwave.org
Inc. Mon Apr 16 15:14:44 UTC 2012)
=== gfortran tests ===
Running target unix
=== gfortran Summary ===
# of expected passes 39075
# of expected failures 41
# of unsupported tests 76
/home/dclarke/build/GCC/gcc-4.6.3-build/gcc/testsuite/gfortran/../../gfortran
version 4.6.3 (Blastwave.org Inc. Mon Apr 16 15:14:44 UTC 2012)
=== objc tests ===
Running target unix
=== objc Summary ===
# of expected passes 2910
# of expected failures 16
# of unsupported tests 74
/home/dclarke/build/GCC/gcc-4.6.3-build/gcc/xgcc version 4.6.3 (Blastwave.org
Inc. Mon Apr 16 15:14:44 UTC 2012)
=== libgomp tests ===
Running target unix
=== libgomp Summary ===
# of expected passes 2634
=== libmudflap tests ===
Running target unix
FAIL: libmudflap.c/pass49-frag.c execution test
FAIL: libmudflap.c/pass49-frag.c output pattern test
FAIL: libmudflap.c/pass49-frag.c execution test
FAIL: libmudflap.c/pass49-frag.c output pattern test
FAIL: libmudflap.c/pass49-frag.c (-O2) execution test
FAIL: libmudflap.c/pass49-frag.c (-O2) output pattern test
FAIL: libmudflap.c/pass49-frag.c (-O2) execution test
FAIL: libmudflap.c/pass49-frag.c (-O2) output pattern test
FAIL: libmudflap.c/pass49-frag.c (-O3) execution test
FAIL: libmudflap.c/pass49-frag.c (-O3) output pattern test
FAIL: libmudflap.c/pass49-frag.c (-O3) execution test
FAIL: libmudflap.c/pass49-frag.c (-O3) output pattern test
=== libmudflap Summary ===
# of expected passes 1424
# of unexpected failures 12
=== libstdc++ tests ===
Running target unix
=== libstdc++ Summary ===
# of expected passes 7682
# of expected failures 84
# of unsupported tests 434
Compiler version: 4.6.3 (Blastwave.org Inc. Mon Apr 16 15:14:44 UTC 2012)
Platform: x86_64-unknown-linux-gnu
configure flags: --with-cpu=k8 --enable-__cxa_atexit
--enable-stage1-languages=c --enable-libssp
--enable-targets=x86_64-unknown-linux-gnu --enable-stage1-checking=all
--with-gc=page --disable-multilib --enable-nls --enable-threads=posix
--prefix=/usr/local --enable-shared --libdir=/usr/local/lib --with-system-zlib
--with-gmp-include=/usr/local/include --with-gmp-lib=/usr/local/lib
--with-mpfr-include=/usr/local/include --with-mpfr-lib=/usr/local/lib
--with-mpc-include=/usr/local/include --with-mpc-lib=/usr/local/lib
--libexecdir=/usr/local/libexec --with-local-prefix=/usr/local/include
--with-pkgversion='Blastwave.org Inc. Mon Apr 16 15:14:44 UTC 2012'
--with-bugurl=http://www.blastwave.org/support
--enable-languages=c,c++,objc,fortran --enable-bootstrap
EOF
--
--
http://pgp.mit.edu:11371/pks/lookup?op=vindex&search=0x1D936C72FA35B44B
+-------------------------+-----------------------------------+
| Dennis Clarke | Solaris and Linux and Open Source |
| dclarke@blastwave.org | Respect for open standards. |
+-------------------------+-----------------------------------+
More information about the Gcc-testresults
mailing list