Results for 4.8.0 20120413 (experimental) [trunk revision 186416] (GCC) testsuite on sparcv9-sun-solaris2.11
Rainer Orth
ro@CeBiTec.Uni-Bielefeld.DE
Mon Apr 16 09:58:00 GMT 2012
LAST_UPDATED: Fri Apr 13 12:31:14 UTC 2012 (revision 186416)
=== acats tests ===
=== acats Summary ===
# of expected passes 2320
# of unexpected failures 0
Native configuration is sparcv9-sun-solaris2.11
=== g++ tests ===
Running target unix
UNRESOLVED: selfassign.c compilation, -I. -I/vol/gcc/src/hg/trunk/local/gcc/testsuite -I/vol/gcc/src/hg/trunk/local/gcc/testsuite/../../gcc -I/var/gcc/regression/trunk/11-gcc-64/build/gcc/testsuite/g++/../../../gcc -I/vol/gcc/src/hg/trunk/local/gcc/testsuite/../../include -I/vol/gcc/src/hg/trunk/local/gcc/testsuite/../../libcpp/include -I/vol/gcc/include -I/vol/gcc/include -I/vol/gcc/include -I/var/gcc/regression/trunk/11-gcc-64/build/gcc/testsuite/g++/../../../intl -O -DIN_GCC -fPIC -shared
UNRESOLVED: dumb_plugin.c compilation, -I. -I/vol/gcc/src/hg/trunk/local/gcc/testsuite -I/vol/gcc/src/hg/trunk/local/gcc/testsuite/../../gcc -I/var/gcc/regression/trunk/11-gcc-64/build/gcc/testsuite/g++/../../../gcc -I/vol/gcc/src/hg/trunk/local/gcc/testsuite/../../include -I/vol/gcc/src/hg/trunk/local/gcc/testsuite/../../libcpp/include -I/vol/gcc/include -I/vol/gcc/include -I/vol/gcc/include -I/var/gcc/regression/trunk/11-gcc-64/build/gcc/testsuite/g++/../../../intl -DIN_GCC -fPIC -shared
=== g++ Summary for unix ===
# of expected passes 47788
# of expected failures 284
# of unresolved testcases 2
# of unsupported tests 703
Running target unix/-m32
UNRESOLVED: selfassign.c compilation, -I. -I/vol/gcc/src/hg/trunk/local/gcc/testsuite -I/vol/gcc/src/hg/trunk/local/gcc/testsuite/../../gcc -I/var/gcc/regression/trunk/11-gcc-64/build/gcc/testsuite/g++/../../../gcc -I/vol/gcc/src/hg/trunk/local/gcc/testsuite/../../include -I/vol/gcc/src/hg/trunk/local/gcc/testsuite/../../libcpp/include -I/vol/gcc/include -I/vol/gcc/include -I/vol/gcc/include -I/var/gcc/regression/trunk/11-gcc-64/build/gcc/testsuite/g++/../../../intl -O -DIN_GCC -fPIC -shared
UNRESOLVED: dumb_plugin.c compilation, -I. -I/vol/gcc/src/hg/trunk/local/gcc/testsuite -I/vol/gcc/src/hg/trunk/local/gcc/testsuite/../../gcc -I/var/gcc/regression/trunk/11-gcc-64/build/gcc/testsuite/g++/../../../gcc -I/vol/gcc/src/hg/trunk/local/gcc/testsuite/../../include -I/vol/gcc/src/hg/trunk/local/gcc/testsuite/../../libcpp/include -I/vol/gcc/include -I/vol/gcc/include -I/vol/gcc/include -I/var/gcc/regression/trunk/11-gcc-64/build/gcc/testsuite/g++/../../../intl -DIN_GCC -fPIC -shared
WARNING: program timed out.
FAIL: g++.dg/torture/pr31863.C -O1 (test for excess errors)
=== g++ Summary for unix/-m32 ===
# of expected passes 46550
# of unexpected failures 1
# of expected failures 284
# of unresolved testcases 2
# of unsupported tests 710
=== g++ Summary ===
# of expected passes 94338
# of unexpected failures 1
# of expected failures 568
# of unresolved testcases 4
# of unsupported tests 1413
/var/gcc/regression/trunk/11-gcc-64/build/gcc/testsuite/g++/../../g++ version 4.8.0 20120413 (experimental) [trunk revision 186416] (GCC)
=== gcc tests ===
Running target unix
FAIL: gcc.dg/pr44194-1.c scan-rtl-dump dse1 "global deletions = 2"
UNRESOLVED: selfassign.c compilation, -I. -I/vol/gcc/src/hg/trunk/local/gcc/testsuite -I/vol/gcc/src/hg/trunk/local/gcc/testsuite/../../gcc -I/var/gcc/regression/trunk/11-gcc-64/build/gcc/testsuite/gcc/../../../gcc -I/vol/gcc/src/hg/trunk/local/gcc/testsuite/../../include -I/vol/gcc/src/hg/trunk/local/gcc/testsuite/../../libcpp/include -I/vol/gcc/include -I/vol/gcc/include -I/vol/gcc/include -I/var/gcc/regression/trunk/11-gcc-64/build/gcc/testsuite/gcc/../../../intl -O -DIN_GCC -fPIC -shared
UNRESOLVED: one_time_plugin.c compilation, -I. -I/vol/gcc/src/hg/trunk/local/gcc/testsuite -I/vol/gcc/src/hg/trunk/local/gcc/testsuite/../../gcc -I/var/gcc/regression/trunk/11-gcc-64/build/gcc/testsuite/gcc/../../../gcc -I/vol/gcc/src/hg/trunk/local/gcc/testsuite/../../include -I/vol/gcc/src/hg/trunk/local/gcc/testsuite/../../libcpp/include -I/vol/gcc/include -I/vol/gcc/include -I/vol/gcc/include -I/var/gcc/regression/trunk/11-gcc-64/build/gcc/testsuite/gcc/../../../intl -DIN_GCC -fPIC -shared
FAIL: gcc.dg/torture/20090618-1.c -O1 execution test
FAIL: gcc.dg/torture/pr39074-3.c -O1 execution test
FAIL: gcc.dg/torture/pr39074-3.c -O2 execution test
FAIL: gcc.dg/torture/pr39074-3.c -O3 -fomit-frame-pointer execution test
FAIL: gcc.dg/torture/pr39074-3.c -O3 -g execution test
FAIL: gcc.dg/torture/pr39074-3.c -Os execution test
FAIL: gcc.dg/torture/pr39074-3.c -O2 -flto -flto-partition=none execution test
FAIL: gcc.dg/torture/pr39074-3.c -O2 -flto execution test
FAIL: gcc.dg/torture/pr51106-2.c -O0 (internal compiler error)
FAIL: gcc.dg/torture/pr51106-2.c -O0 (test for excess errors)
FAIL: gcc.dg/torture/pr51106-2.c -O1 (internal compiler error)
FAIL: gcc.dg/torture/pr51106-2.c -O1 (test for excess errors)
FAIL: gcc.dg/torture/pr51106-2.c -O2 (internal compiler error)
FAIL: gcc.dg/torture/pr51106-2.c -O2 (test for excess errors)
FAIL: gcc.dg/torture/pr51106-2.c -O3 -fomit-frame-pointer (internal compiler error)
FAIL: gcc.dg/torture/pr51106-2.c -O3 -fomit-frame-pointer (test for excess errors)
FAIL: gcc.dg/torture/pr51106-2.c -O3 -g (internal compiler error)
FAIL: gcc.dg/torture/pr51106-2.c -O3 -g (test for excess errors)
FAIL: gcc.dg/torture/pr51106-2.c -Os (internal compiler error)
FAIL: gcc.dg/torture/pr51106-2.c -Os (test for excess errors)
FAIL: gcc.dg/torture/pr51106-2.c -O2 -flto -flto-partition=none (internal compiler error)
FAIL: gcc.dg/torture/pr51106-2.c -O2 -flto -flto-partition=none (test for excess errors)
FAIL: gcc.dg/torture/pr51106-2.c -O2 -flto (internal compiler error)
FAIL: gcc.dg/torture/pr51106-2.c -O2 -flto (test for excess errors)
FAIL: gcc.dg/torture/pta-ptrarith-2.c -O1 execution test
=== gcc Summary for unix ===
# of expected passes 75974
# of unexpected failures 26
# of expected failures 306
# of unresolved testcases 2
# of unsupported tests 1559
Running target unix/-m32
UNRESOLVED: selfassign.c compilation, -I. -I/vol/gcc/src/hg/trunk/local/gcc/testsuite -I/vol/gcc/src/hg/trunk/local/gcc/testsuite/../../gcc -I/var/gcc/regression/trunk/11-gcc-64/build/gcc/testsuite/gcc/../../../gcc -I/vol/gcc/src/hg/trunk/local/gcc/testsuite/../../include -I/vol/gcc/src/hg/trunk/local/gcc/testsuite/../../libcpp/include -I/vol/gcc/include -I/vol/gcc/include -I/vol/gcc/include -I/var/gcc/regression/trunk/11-gcc-64/build/gcc/testsuite/gcc/../../../intl -O -DIN_GCC -fPIC -shared
UNRESOLVED: one_time_plugin.c compilation, -I. -I/vol/gcc/src/hg/trunk/local/gcc/testsuite -I/vol/gcc/src/hg/trunk/local/gcc/testsuite/../../gcc -I/var/gcc/regression/trunk/11-gcc-64/build/gcc/testsuite/gcc/../../../gcc -I/vol/gcc/src/hg/trunk/local/gcc/testsuite/../../include -I/vol/gcc/src/hg/trunk/local/gcc/testsuite/../../libcpp/include -I/vol/gcc/include -I/vol/gcc/include -I/vol/gcc/include -I/var/gcc/regression/trunk/11-gcc-64/build/gcc/testsuite/gcc/../../../intl -DIN_GCC -fPIC -shared
FAIL: gcc.dg/simulate-thread/atomic-other-int.c -O2 -g thread simulation test
FAIL: gcc.dg/simulate-thread/atomic-other-int.c -O3 -g thread simulation test
FAIL: gcc.dg/simulate-thread/atomic-other-short.c -O2 -g thread simulation test
FAIL: gcc.dg/simulate-thread/speculative-store.c -O0 -g thread simulation test
FAIL: gcc.dg/torture/20090618-1.c -O1 execution test
FAIL: gcc.dg/torture/pr39074-3.c -O1 execution test
FAIL: gcc.dg/torture/pr39074-3.c -O2 execution test
FAIL: gcc.dg/torture/pr39074-3.c -O3 -fomit-frame-pointer execution test
FAIL: gcc.dg/torture/pr39074-3.c -O3 -g execution test
FAIL: gcc.dg/torture/pr39074-3.c -Os execution test
FAIL: gcc.dg/torture/pr39074-3.c -O2 -flto -flto-partition=none execution test
FAIL: gcc.dg/torture/pr39074-3.c -O2 -flto execution test
FAIL: gcc.dg/torture/pr45967-3.c -O2 execution test
FAIL: gcc.dg/torture/pr45967-3.c -O3 -fomit-frame-pointer execution test
FAIL: gcc.dg/torture/pr45967-3.c -O3 -fomit-frame-pointer -funroll-loops execution test
FAIL: gcc.dg/torture/pr45967-3.c -O3 -fomit-frame-pointer -funroll-all-loops -finline-functions execution test
FAIL: gcc.dg/torture/pr45967-3.c -O3 -g execution test
FAIL: gcc.dg/torture/pr45967-3.c -O2 -flto -flto-partition=none execution test
FAIL: gcc.dg/torture/pr45967-3.c -O2 -flto execution test
FAIL: gcc.dg/torture/pr51106-2.c -O0 (internal compiler error)
FAIL: gcc.dg/torture/pr51106-2.c -O0 (test for excess errors)
FAIL: gcc.dg/torture/pr51106-2.c -O1 (internal compiler error)
FAIL: gcc.dg/torture/pr51106-2.c -O1 (test for excess errors)
FAIL: gcc.dg/torture/pr51106-2.c -O2 (internal compiler error)
FAIL: gcc.dg/torture/pr51106-2.c -O2 (test for excess errors)
FAIL: gcc.dg/torture/pr51106-2.c -O3 -fomit-frame-pointer (internal compiler error)
FAIL: gcc.dg/torture/pr51106-2.c -O3 -fomit-frame-pointer (test for excess errors)
FAIL: gcc.dg/torture/pr51106-2.c -O3 -g (internal compiler error)
FAIL: gcc.dg/torture/pr51106-2.c -O3 -g (test for excess errors)
FAIL: gcc.dg/torture/pr51106-2.c -Os (internal compiler error)
FAIL: gcc.dg/torture/pr51106-2.c -Os (test for excess errors)
FAIL: gcc.dg/torture/pr51106-2.c -O2 -flto -flto-partition=none (internal compiler error)
FAIL: gcc.dg/torture/pr51106-2.c -O2 -flto -flto-partition=none (test for excess errors)
FAIL: gcc.dg/torture/pr51106-2.c -O2 -flto (internal compiler error)
FAIL: gcc.dg/torture/pr51106-2.c -O2 -flto (test for excess errors)
FAIL: gcc.dg/torture/pta-ptrarith-2.c -O1 execution test
=== gcc Summary for unix/-m32 ===
# of expected passes 75266
# of unexpected failures 36
# of expected failures 317
# of unresolved testcases 2
# of unsupported tests 1592
=== gcc Summary ===
# of expected passes 151240
# of unexpected failures 62
# of expected failures 623
# of unresolved testcases 4
# of unsupported tests 3151
/var/gcc/regression/trunk/11-gcc-64/build/gcc/xgcc version 4.8.0 20120413 (experimental) [trunk revision 186416] (GCC)
=== gfortran tests ===
Running target unix
FAIL: gfortran.dg/lto/pr45586-2 f_lto_pr45586-2_0.o-f_lto_pr45586-2_0.o link, -O0 -flto -flto-partition=none
UNRESOLVED: gfortran.dg/lto/pr45586-2 f_lto_pr45586-2_0.o-f_lto_pr45586-2_0.o execute -O0 -flto -flto-partition=none
FAIL: gfortran.dg/lto/pr45586-2 f_lto_pr45586-2_0.o-f_lto_pr45586-2_0.o link, -O0 -flto -flto-partition=1to1
UNRESOLVED: gfortran.dg/lto/pr45586-2 f_lto_pr45586-2_0.o-f_lto_pr45586-2_0.o execute -O0 -flto -flto-partition=1to1
FAIL: gfortran.dg/lto/pr45586-2 f_lto_pr45586-2_0.o-f_lto_pr45586-2_0.o link, -O0 -flto
UNRESOLVED: gfortran.dg/lto/pr45586-2 f_lto_pr45586-2_0.o-f_lto_pr45586-2_0.o execute -O0 -flto
FAIL: gfortran.dg/lto/pr45586 f_lto_pr45586_0.o-f_lto_pr45586_0.o link, -O0 -flto -flto-partition=none
UNRESOLVED: gfortran.dg/lto/pr45586 f_lto_pr45586_0.o-f_lto_pr45586_0.o execute -O0 -flto -flto-partition=none
FAIL: gfortran.dg/lto/pr45586 f_lto_pr45586_0.o-f_lto_pr45586_0.o link, -O0 -flto -flto-partition=1to1
UNRESOLVED: gfortran.dg/lto/pr45586 f_lto_pr45586_0.o-f_lto_pr45586_0.o execute -O0 -flto -flto-partition=1to1
FAIL: gfortran.dg/lto/pr45586 f_lto_pr45586_0.o-f_lto_pr45586_0.o link, -O0 -flto
UNRESOLVED: gfortran.dg/lto/pr45586 f_lto_pr45586_0.o-f_lto_pr45586_0.o execute -O0 -flto
=== gfortran Summary for unix ===
# of expected passes 41122
# of unexpected failures 6
# of expected failures 44
# of unresolved testcases 6
# of unsupported tests 96
Running target unix/-m32
FAIL: gfortran.dg/lto/pr45586-2 f_lto_pr45586-2_0.o-f_lto_pr45586-2_0.o link, -O0 -flto -flto-partition=none
UNRESOLVED: gfortran.dg/lto/pr45586-2 f_lto_pr45586-2_0.o-f_lto_pr45586-2_0.o execute -O0 -flto -flto-partition=none
FAIL: gfortran.dg/lto/pr45586-2 f_lto_pr45586-2_0.o-f_lto_pr45586-2_0.o link, -O0 -flto -flto-partition=1to1
UNRESOLVED: gfortran.dg/lto/pr45586-2 f_lto_pr45586-2_0.o-f_lto_pr45586-2_0.o execute -O0 -flto -flto-partition=1to1
FAIL: gfortran.dg/lto/pr45586-2 f_lto_pr45586-2_0.o-f_lto_pr45586-2_0.o link, -O0 -flto
UNRESOLVED: gfortran.dg/lto/pr45586-2 f_lto_pr45586-2_0.o-f_lto_pr45586-2_0.o execute -O0 -flto
FAIL: gfortran.dg/lto/pr45586 f_lto_pr45586_0.o-f_lto_pr45586_0.o link, -O0 -flto -flto-partition=none
UNRESOLVED: gfortran.dg/lto/pr45586 f_lto_pr45586_0.o-f_lto_pr45586_0.o execute -O0 -flto -flto-partition=none
FAIL: gfortran.dg/lto/pr45586 f_lto_pr45586_0.o-f_lto_pr45586_0.o link, -O0 -flto -flto-partition=1to1
UNRESOLVED: gfortran.dg/lto/pr45586 f_lto_pr45586_0.o-f_lto_pr45586_0.o execute -O0 -flto -flto-partition=1to1
FAIL: gfortran.dg/lto/pr45586 f_lto_pr45586_0.o-f_lto_pr45586_0.o link, -O0 -flto
UNRESOLVED: gfortran.dg/lto/pr45586 f_lto_pr45586_0.o-f_lto_pr45586_0.o execute -O0 -flto
=== gfortran Summary for unix/-m32 ===
# of expected passes 40796
# of unexpected failures 6
# of expected failures 44
# of unresolved testcases 6
# of unsupported tests 256
=== gfortran Summary ===
# of expected passes 81918
# of unexpected failures 12
# of expected failures 88
# of unresolved testcases 12
# of unsupported tests 352
/var/gcc/regression/trunk/11-gcc-64/build/gcc/testsuite/gfortran/../../gfortran version 4.8.0 20120413 (experimental) [trunk revision 186416] (GCC)
=== gnat tests ===
Running target unix/-m32
FAIL: gnat.dg/renaming5.adb scan-tree-dump-times optimized "goto" 2
FAIL: gnat.dg/specs/private_with.ads (test for excess errors)
=== gnat Summary for unix/-m32 ===
# of expected passes 1075
# of unexpected failures 2
# of expected failures 13
# of unsupported tests 12
Running target unix
FAIL: gnat.dg/renaming5.adb scan-tree-dump-times optimized "goto" 2
=== gnat Summary for unix ===
# of expected passes 1076
# of unexpected failures 1
# of expected failures 13
# of unsupported tests 12
=== gnat Summary ===
# of expected passes 2151
# of unexpected failures 3
# of expected failures 26
# of unsupported tests 24
/var/gcc/regression/trunk/11-gcc-64/build/gcc/gnatmake version 4.8.0 20120413 (experimental) [trunk revision 186416]
=== go tests ===
Running target unix
=== go Summary for unix ===
# of expected passes 3290
# of expected failures 4
# of untested testcases 7
Running target unix/-m32
=== go Summary for unix/-m32 ===
# of expected passes 3290
# of expected failures 4
# of untested testcases 7
=== go Summary ===
# of expected passes 6580
# of expected failures 8
# of untested testcases 14
/var/gcc/regression/trunk/11-gcc-64/build/gcc/testsuite/go/../../gccgo version 4.8.0 20120413 (experimental) [trunk revision 186416] (GCC)
=== obj-c++ tests ===
Running target unix/-m32
=== obj-c++ Summary for unix/-m32 ===
# of expected passes 1450
# of expected failures 2
# of unsupported tests 86
Running target unix
=== obj-c++ Summary for unix ===
# of expected passes 1442
# of expected failures 10
# of unsupported tests 86
=== obj-c++ Summary ===
# of expected passes 2892
# of expected failures 12
# of unsupported tests 172
/var/gcc/regression/trunk/11-gcc-64/build/gcc/testsuite/obj-c++/../../g++ version 4.8.0 20120413 (experimental) [trunk revision 186416] (GCC)
=== objc tests ===
Running target unix
=== objc Summary for unix ===
# of expected passes 2994
# of unsupported tests 74
Running target unix/-m32
=== objc Summary for unix/-m32 ===
# of expected passes 2994
# of unsupported tests 74
=== objc Summary ===
# of expected passes 5988
# of unsupported tests 148
/var/gcc/regression/trunk/11-gcc-64/build/gcc/xgcc version 4.8.0 20120413 (experimental) [trunk revision 186416] (GCC)
=== boehm-gc tests ===
Running target unix/-m32
=== boehm-gc Summary for unix/-m32 ===
# of expected passes 12
# of unsupported tests 1
Running target unix
=== boehm-gc Summary for unix ===
# of expected passes 12
# of unsupported tests 1
=== boehm-gc Summary ===
# of expected passes 24
# of unsupported tests 2
=== libffi tests ===
Running target unix/-m32
=== libffi Summary for unix/-m32 ===
# of expected passes 1659
# of unsupported tests 55
Running target unix
=== libffi Summary for unix ===
# of expected passes 1659
# of unsupported tests 55
=== libffi Summary ===
# of expected passes 3318
# of unsupported tests 110
=== libgo tests ===
Running target unix
FAIL: log
FAIL: net
FAIL: net/http
FAIL: net/http/httputil
=== libgo Summary for unix ===
# of expected passes 119
# of unexpected failures 4
Running target unix/-m32
FAIL: net
FAIL: net/http
FAIL: net/http/httputil
FAIL: text/template
FAIL: testing/quick
=== libgo Summary for unix/-m32 ===
# of expected passes 118
# of unexpected failures 5
=== libgo Summary ===
# of expected passes 237
# of unexpected failures 9
/var/gcc/regression/trunk/11-gcc-64/build/./gcc/gccgo version 4.8.0 20120413 (experimental) [trunk revision 186416] (GCC)
=== libgomp tests ===
Running target unix/-m32
=== libgomp Summary for unix/-m32 ===
# of expected passes 2946
# of unsupported tests 3
Running target unix
=== libgomp Summary for unix ===
# of expected passes 2946
# of unsupported tests 3
=== libgomp Summary ===
# of expected passes 5892
# of unsupported tests 6
=== libitm tests ===
Running target unix/-m32
=== libitm Summary for unix/-m32 ===
# of expected passes 26
# of expected failures 3
# of unsupported tests 1
Running target unix
=== libitm Summary for unix ===
# of expected passes 26
# of expected failures 3
# of unsupported tests 1
=== libitm Summary ===
# of expected passes 52
# of expected failures 6
# of unsupported tests 2
=== libjava tests ===
Running target unix/-m32
=== libjava Summary for unix/-m32 ===
# of expected passes 2574
Running target unix
=== libjava Summary for unix ===
# of expected passes 2574
=== libjava Summary ===
# of expected passes 5148
=== libmudflap tests ===
Running target unix/-m32
=== libmudflap Summary for unix/-m32 ===
# of expected passes 1442
Running target unix
FAIL: libmudflap.c++/pass55-frag.cxx ( -O) execution test
=== libmudflap Summary for unix ===
# of expected passes 1441
# of unexpected failures 1
=== libmudflap Summary ===
# of expected passes 2883
# of unexpected failures 1
=== libstdc++ tests ===
Running target unix
=== libstdc++ Summary for unix ===
# of expected passes 7950
# of expected failures 43
# of unsupported tests 530
Running target unix/-m32
=== libstdc++ Summary for unix/-m32 ===
# of expected passes 7950
# of expected failures 43
# of unsupported tests 530
=== libstdc++ Summary ===
# of expected passes 15900
# of expected failures 86
# of unsupported tests 1060
Compiler version: 4.8.0 20120413 (experimental) [trunk revision 186416] (GCC)
Platform: sparcv9-sun-solaris2.11
configure flags: --prefix=/vol/gcc --target=sparcv9-sun-solaris2.11 --enable-objc-gc --enable-libmudflap --with-gmp-include=/vol/gcc/include --with-gmp-lib=/vol/gcc/lib/sparcv9 --with-mpfr-include=/vol/gcc/include --with-mpfr-lib=/vol/gcc/lib/sparcv9 --with-mpc-include=/vol/gcc/include --with-mpc-lib=/vol/gcc/lib/sparcv9 --enable-languages=all,ada,obj-c++,go --without-ppl --without-cloog --build=sparcv9-sun-solaris2.11 --host=sparcv9-sun-solaris2.11
BOOT_CFLAGS=-g -O2
More information about the Gcc-testresults
mailing list