Results for 4.6.4 20120405 (prerelease) [gcc-4_6-branch revision 186151] (GCC) testsuite on sparc-sun-solaris2.9
Rainer Orth
ro@CeBiTec.Uni-Bielefeld.DE
Thu Apr 12 08:27:00 GMT 2012
LAST_UPDATED: Thu Apr 5 13:23:03 UTC 2012 (revision 186151)
=== acats tests ===
=== acats Summary ===
# of expected passes 2321
# of unexpected failures 0
Native configuration is sparc-sun-solaris2.9
=== g++ tests ===
Running target unix
ERROR: g++.dg/cpp0x/variadic-value1.C: syntax error in target selector "target c++11" for " dg-do 2 run { target c++11 } "
UNRESOLVED: g++.dg/cpp0x/variadic-value1.C: syntax error in target selector "target c++11" for " dg-do 2 run { target c++11 } "
XPASS: g++.dg/uninit-pred-3_b.C (test for excess errors)
FAIL: g++.dg/lto/20091219 cp_lto_20091219_0.o-cp_lto_20091219_0.o link, -O3 -flto
UNRESOLVED: g++.dg/lto/20091219 cp_lto_20091219_0.o-cp_lto_20091219_0.o execute -O3 -flto
FAIL: g++.dg/torture/pr31863.C -O2 -flto (test for excess errors)
=== g++ Summary for unix ===
# of expected passes 26455
# of unexpected failures 2
# of unexpected successes 1
# of expected failures 169
# of unresolved testcases 2
# of unsupported tests 504
Running target unix/-m64
ERROR: g++.dg/cpp0x/variadic-value1.C: syntax error in target selector "target c++11" for " dg-do 2 run { target c++11 } "
UNRESOLVED: g++.dg/cpp0x/variadic-value1.C: syntax error in target selector "target c++11" for " dg-do 2 run { target c++11 } "
XPASS: g++.dg/uninit-pred-3_b.C (test for excess errors)
FAIL: g++.dg/lto/20091219 cp_lto_20091219_0.o-cp_lto_20091219_0.o link, -O3 -flto
UNRESOLVED: g++.dg/lto/20091219 cp_lto_20091219_0.o-cp_lto_20091219_0.o execute -O3 -flto
FAIL: g++.dg/torture/pr31863.C -O2 -flto (test for excess errors)
=== g++ Summary for unix/-m64 ===
# of expected passes 27067
# of unexpected failures 2
# of unexpected successes 1
# of expected failures 169
# of unresolved testcases 2
# of unsupported tests 501
=== g++ Summary ===
# of expected passes 53522
# of unexpected failures 4
# of unexpected successes 2
# of expected failures 338
# of unresolved testcases 4
# of unsupported tests 1005
/var/gcc/regression/gcc-4.6-branch/9-gcc/build/gcc/testsuite/g++/../../g++ version 4.6.4 20120405 (prerelease) [gcc-4_6-branch revision 186151] (GCC)
=== gcc tests ===
Running target unix
FAIL: gcc.dg/lto/20110201-1 c_lto_20110201-1_0.o-c_lto_20110201-1_0.o link, -O0 -flto
UNRESOLVED: gcc.dg/lto/20110201-1 c_lto_20110201-1_0.o-c_lto_20110201-1_0.o execute -O0 -flto
=== gcc Summary for unix ===
# of expected passes 70436
# of unexpected failures 1
# of expected failures 235
# of unresolved testcases 1
# of unsupported tests 1240
Running target unix/-m64
=== gcc Summary for unix/-m64 ===
# of expected passes 71025
# of expected failures 227
# of unsupported tests 1242
=== gcc Summary ===
# of expected passes 141461
# of unexpected failures 1
# of expected failures 462
# of unresolved testcases 1
# of unsupported tests 2482
/var/gcc/regression/gcc-4.6-branch/9-gcc/build/gcc/xgcc version 4.6.4 20120405 (prerelease) [gcc-4_6-branch revision 186151] (GCC)
=== gfortran tests ===
Running target unix
=== gfortran Summary for unix ===
# of expected passes 38405
# of expected failures 43
# of unsupported tests 396
Running target unix/-m64
=== gfortran Summary for unix/-m64 ===
# of expected passes 38691
# of expected failures 43
# of unsupported tests 252
=== gfortran Summary ===
# of expected passes 77096
# of expected failures 86
# of unsupported tests 648
/var/gcc/regression/gcc-4.6-branch/9-gcc/build/gcc/testsuite/gfortran/../../gfortran version 4.6.4 20120405 (prerelease) [gcc-4_6-branch revision 186151] (GCC)
=== gnat tests ===
Running target unix
=== gnat Summary for unix ===
# of expected passes 873
# of expected failures 10
# of unsupported tests 4
Running target unix/-m64
=== gnat Summary for unix/-m64 ===
# of expected passes 873
# of expected failures 10
# of unsupported tests 4
=== gnat Summary ===
# of expected passes 1746
# of expected failures 20
# of unsupported tests 8
/var/gcc/regression/gcc-4.6-branch/9-gcc/build/gcc/gnatmake version 4.6.4 20120405 (prerelease) [gcc-4_6-branch revision 186151]
=== objc tests ===
Running target unix
=== objc Summary for unix ===
# of expected passes 2916
# of expected failures 10
# of unsupported tests 74
Running target unix/-m64
=== objc Summary for unix/-m64 ===
# of expected passes 2916
# of expected failures 10
# of unsupported tests 74
=== objc Summary ===
# of expected passes 5832
# of expected failures 20
# of unsupported tests 148
/var/gcc/regression/gcc-4.6-branch/9-gcc/build/gcc/xgcc version 4.6.4 20120405 (prerelease) [gcc-4_6-branch revision 186151] (GCC)
=== libffi tests ===
Running target unix
=== libffi Summary for unix ===
# of expected passes 1634
# of expected failures 10
# of unsupported tests 15
Running target unix/-m64
=== libffi Summary for unix/-m64 ===
# of expected passes 1634
# of expected failures 10
# of unsupported tests 15
=== libffi Summary ===
# of expected passes 3268
# of expected failures 20
# of unsupported tests 30
=== libgomp tests ===
Running target unix
=== libgomp Summary for unix ===
# of expected passes 2614
# of unsupported tests 10
Running target unix/-m64
=== libgomp Summary for unix/-m64 ===
# of expected passes 2614
# of unsupported tests 10
=== libgomp Summary ===
# of expected passes 5228
# of unsupported tests 20
=== libjava tests ===
Running target unix
FAIL: InvokeInterface execution - source compiled test
FAIL: InvokeInterface -O3 execution - source compiled test
=== libjava Summary for unix ===
# of expected passes 2570
# of unexpected failures 2
# of untested testcases 2
Running target unix/-m64
FAIL: InvokeInterface execution - source compiled test
FAIL: InvokeInterface -O3 execution - source compiled test
=== libjava Summary for unix/-m64 ===
# of expected passes 2570
# of unexpected failures 2
# of untested testcases 2
=== libjava Summary ===
# of expected passes 5140
# of unexpected failures 4
# of untested testcases 4
=== libstdc++ tests ===
Running target unix
=== libstdc++ Summary for unix ===
# of expected passes 6907
# of expected failures 84
# of unsupported tests 743
Running target unix/-m64
=== libstdc++ Summary for unix/-m64 ===
# of expected passes 6907
# of expected failures 84
# of unsupported tests 743
=== libstdc++ Summary ===
# of expected passes 13814
# of expected failures 168
# of unsupported tests 1486
Compiler version: 4.6.4 20120405 (prerelease) [gcc-4_6-branch revision 186151] (GCC)
Platform: sparc-sun-solaris2.9
configure flags: --prefix=/vol/gcc --target=sparc-sun-solaris2.9 --with-gmp-include=/vol/gcc/include --with-gmp-lib=/vol/gcc/lib --with-mpfr-include=/vol/gcc/include --with-mpfr-lib=/vol/gcc/lib --with-mpc-include=/vol/gcc/include --with-mpc-lib=/vol/gcc/lib --enable-languages=all,ada --without-ppl --without-cloog
BOOT_CFLAGS=-g -O2
More information about the Gcc-testresults
mailing list