Results for 4.7.0 20110929 (experimental) [trunk revision 179368] (GCC) gcc testsuite on mips-unknown-elf

Mike Stein mstein.lists@googlemail.com
Fri Sep 30 23:25:00 GMT 2011


Debian 5 on x86_64
cross tool versions:
GNU assembler (GNU Binutils) 2.18.50.20080419
GNU gdb 6.8.50.20080419-cvs
GNU ld (GNU Binutils) 2.18.50.20080419

GNU Make 3.81
expect version 5.43.0
host gcc version: gcc (GCC) 4.7.0 20110929 (experimental) [trunk revision 179368]
LAST_UPDATED: Thu Sep 29 22:06:01 UTC 2011 (revision 179368)

Target is mips-unknown-elf
Host   is x86_64-unknown-linux-gnu

		=== gcc tests ===


Running target mips-sim
FAIL: gcc.c-torture/execute/scal-to-vec1.c execution,  -O0 
FAIL: gcc.c-torture/execute/scal-to-vec1.c execution,  -O1 
FAIL: gcc.c-torture/execute/scal-to-vec1.c execution,  -O2 
FAIL: gcc.c-torture/execute/scal-to-vec1.c execution,  -O3 -fomit-frame-pointer 
FAIL: gcc.c-torture/execute/scal-to-vec1.c execution,  -O3 -fomit-frame-pointer -funroll-loops 
FAIL: gcc.c-torture/execute/scal-to-vec1.c execution,  -O3 -fomit-frame-pointer -funroll-all-loops -finline-functions 
FAIL: gcc.c-torture/execute/scal-to-vec1.c execution,  -O3 -g 
FAIL: gcc.c-torture/execute/scal-to-vec1.c execution,  -Os 
FAIL: gcc.c-torture/execute/scal-to-vec1.c execution,  -O2 -flto -flto-partition=none 
FAIL: gcc.c-torture/execute/scal-to-vec1.c execution,  -O2 -flto 
FAIL: gcc.c-torture/execute/vector-compare-1.c compilation,  -O0  (internal compiler error)
UNRESOLVED: gcc.c-torture/execute/vector-compare-1.c execution,  -O0 
FAIL: gcc.c-torture/execute/vector-compare-1.c compilation,  -O1  (internal compiler error)
UNRESOLVED: gcc.c-torture/execute/vector-compare-1.c execution,  -O1 
FAIL: gcc.c-torture/execute/vector-compare-1.c compilation,  -O2  (internal compiler error)
UNRESOLVED: gcc.c-torture/execute/vector-compare-1.c execution,  -O2 
FAIL: gcc.c-torture/execute/vector-compare-1.c compilation,  -O3 -fomit-frame-pointer  (internal compiler error)
UNRESOLVED: gcc.c-torture/execute/vector-compare-1.c execution,  -O3 -fomit-frame-pointer 
FAIL: gcc.c-torture/execute/vector-compare-1.c compilation,  -O3 -fomit-frame-pointer -funroll-loops  (internal compiler error)
UNRESOLVED: gcc.c-torture/execute/vector-compare-1.c execution,  -O3 -fomit-frame-pointer -funroll-loops 
FAIL: gcc.c-torture/execute/vector-compare-1.c compilation,  -O3 -fomit-frame-pointer -funroll-all-loops -finline-functions  (internal compiler error)
UNRESOLVED: gcc.c-torture/execute/vector-compare-1.c execution,  -O3 -fomit-frame-pointer -funroll-all-loops -finline-functions 
FAIL: gcc.c-torture/execute/vector-compare-1.c compilation,  -O3 -g  (internal compiler error)
UNRESOLVED: gcc.c-torture/execute/vector-compare-1.c execution,  -O3 -g 
FAIL: gcc.c-torture/execute/vector-compare-1.c compilation,  -Os  (internal compiler error)
UNRESOLVED: gcc.c-torture/execute/vector-compare-1.c execution,  -Os 
FAIL: gcc.c-torture/execute/vector-compare-1.c compilation,  -O2 -flto -flto-partition=none  (internal compiler error)
UNRESOLVED: gcc.c-torture/execute/vector-compare-1.c execution,  -O2 -flto -flto-partition=none 
FAIL: gcc.c-torture/execute/vector-compare-1.c compilation,  -O2 -flto  (internal compiler error)
UNRESOLVED: gcc.c-torture/execute/vector-compare-1.c execution,  -O2 -flto 
FAIL: gcc.dg/20061124-1.c (test for excess errors)
UNRESOLVED: gcc.dg/20061124-1.c compilation failed to produce executable
FAIL: gcc.dg/c99-stdint-7.c (test for excess errors)
FAIL: gcc.dg/ia64-sync-1.c (test for excess errors)
UNRESOLVED: gcc.dg/ia64-sync-1.c compilation failed to produce executable
FAIL: gcc.dg/ia64-sync-2.c (test for excess errors)
UNRESOLVED: gcc.dg/ia64-sync-2.c compilation failed to produce executable
FAIL: gcc.dg/ia64-sync-3.c (test for excess errors)
UNRESOLVED: gcc.dg/ia64-sync-3.c compilation failed to produce executable
FAIL: gcc.dg/pr37908.c (test for excess errors)
UNRESOLVED: gcc.dg/pr37908.c compilation failed to produce executable
FAIL: gcc.dg/pr48774.c (test for excess errors)
FAIL: gcc.dg/sync-2.c (test for excess errors)
UNRESOLVED: gcc.dg/sync-2.c compilation failed to produce executable
FAIL: gcc.dg/sync-3.c (test for excess errors)
UNRESOLVED: gcc.dg/sync-3.c compilation failed to produce executable
XPASS: gcc.dg/uninit-B.c uninit i warning (test for warnings, line 12)
XPASS: gcc.dg/uninit-pr19430.c  (test for warnings, line 32)
XPASS: gcc.dg/uninit-pr19430.c uninitialized (test for warnings, line 41)
FAIL: gcc.dg/ipa/ipa-sra-2.c scan-tree-dump eipa_sra "About to replace expr cow_.*D.->red with \\*ISRA"
FAIL: gcc.dg/ipa/ipa-sra-2.c scan-tree-dump eipa_sra "About to replace expr cow_.*D.->green with ISRA"
FAIL: gcc.dg/ipa/ipa-sra-2.c scan-tree-dump eipa_sra "About to replace expr calf_.*D.->red with \\*ISRA"
FAIL: gcc.dg/ipa/ipa-sra-2.c scan-tree-dump eipa_sra "About to replace expr calf_.*D.->green with ISRA"
FAIL: gcc.dg/ipa/ipa-sra-6.c scan-tree-dump-times eipa_sra "foo " 1
FAIL: gcc.dg/lto/20090313 c_lto_20090313_0.o-c_lto_20090313_0.o link, -O0 -flto -flto-partition=none 
UNRESOLVED: gcc.dg/lto/20090313 c_lto_20090313_0.o-c_lto_20090313_0.o execute -O0 -flto -flto-partition=none 
FAIL: gcc.dg/lto/20090313 c_lto_20090313_0.o-c_lto_20090313_0.o link, -O2 -flto -flto-partition=none 
UNRESOLVED: gcc.dg/lto/20090313 c_lto_20090313_0.o-c_lto_20090313_0.o execute -O2 -flto -flto-partition=none 
FAIL: gcc.dg/lto/20090313 c_lto_20090313_0.o-c_lto_20090313_0.o link, -O0 -flto -flto-partition=1to1 
UNRESOLVED: gcc.dg/lto/20090313 c_lto_20090313_0.o-c_lto_20090313_0.o execute -O0 -flto -flto-partition=1to1 
FAIL: gcc.dg/lto/20090313 c_lto_20090313_0.o-c_lto_20090313_0.o link, -O2 -flto -flto-partition=1to1 
UNRESOLVED: gcc.dg/lto/20090313 c_lto_20090313_0.o-c_lto_20090313_0.o execute -O2 -flto -flto-partition=1to1 
FAIL: gcc.dg/lto/20090313 c_lto_20090313_0.o-c_lto_20090313_0.o link, -O0 -flto
UNRESOLVED: gcc.dg/lto/20090313 c_lto_20090313_0.o-c_lto_20090313_0.o execute -O0 -flto
FAIL: gcc.dg/lto/20090313 c_lto_20090313_0.o-c_lto_20090313_0.o link, -O2 -flto
UNRESOLVED: gcc.dg/lto/20090313 c_lto_20090313_0.o-c_lto_20090313_0.o execute -O2 -flto
FAIL: gcc.dg/torture/pr47917.c  -O0  (test for excess errors)
FAIL: gcc.dg/torture/pr47917.c  -O1  (test for excess errors)
FAIL: gcc.dg/torture/pr47917.c  -O2  (test for excess errors)
FAIL: gcc.dg/torture/pr47917.c  -O3 -fomit-frame-pointer  (test for excess errors)
FAIL: gcc.dg/torture/pr47917.c  -O3 -g  (test for excess errors)
FAIL: gcc.dg/torture/pr47917.c  -Os  (test for excess errors)
FAIL: gcc.dg/torture/pr47917.c  -O2 -flto -flto-partition=none  (test for excess errors)
FAIL: gcc.dg/torture/pr47917.c  -O2 -flto  (test for excess errors)
FAIL: gcc.dg/tree-ssa/ssa-dom-thread-4.c scan-tree-dump-times dom1 "Threaded" 3
FAIL: gcc.target/mips/20020620-1.c (test for excess errors)
UNRESOLVED: gcc.target/mips/20020620-1.c scan-assembler-not move
FAIL: gcc.target/mips/atomic-memory-1.c  (test for warnings, line )
FAIL: gcc.target/mips/dpaq_sa_l_w.c scan-assembler-times \\tdpaq_sa.l.w\\t\\\\\$ac 3
FAIL: gcc.target/mips/dpsq_sa_l_w.c scan-assembler-times \\tdpsq_sa.l.w\\t\\\\\$ac 2
FAIL: gcc.target/mips/dspr2-MULT.c (internal compiler error)
FAIL: gcc.target/mips/dspr2-MULT.c (test for excess errors)
UNRESOLVED: gcc.target/mips/dspr2-MULT.c scan-assembler \\tmult\\t
UNRESOLVED: gcc.target/mips/dspr2-MULT.c scan-assembler ac1
UNRESOLVED: gcc.target/mips/dspr2-MULT.c scan-assembler ac2
FAIL: gcc.target/mips/dspr2-MULTU.c (internal compiler error)
FAIL: gcc.target/mips/dspr2-MULTU.c (test for excess errors)
UNRESOLVED: gcc.target/mips/dspr2-MULTU.c scan-assembler \\tmultu\\t
UNRESOLVED: gcc.target/mips/dspr2-MULTU.c scan-assembler ac1
UNRESOLVED: gcc.target/mips/dspr2-MULTU.c scan-assembler ac2
FAIL: gcc.target/mips/interrupt_handler-2.c scan-assembler \\t\\\\.cfi_restore 64\\n
FAIL: gcc.target/mips/interrupt_handler-2.c scan-assembler \\t\\\\.cfi_restore 65\\n
FAIL: gcc.target/mips/interrupt_handler-3.c scan-assembler \\t\\\\.cfi_restore 1\\n
FAIL: gcc.target/mips/interrupt_handler-3.c scan-assembler \\t\\\\.cfi_restore 2\\n
FAIL: gcc.target/mips/interrupt_handler-3.c scan-assembler \\t\\\\.cfi_restore 3\\n
FAIL: gcc.target/mips/interrupt_handler-3.c scan-assembler \\t\\\\.cfi_restore 4\\n
FAIL: gcc.target/mips/interrupt_handler-3.c scan-assembler \\t\\\\.cfi_restore 5\\n
FAIL: gcc.target/mips/interrupt_handler-3.c scan-assembler \\t\\\\.cfi_restore 6\\n
FAIL: gcc.target/mips/interrupt_handler-3.c scan-assembler \\t\\\\.cfi_restore 7\\n
FAIL: gcc.target/mips/interrupt_handler-3.c scan-assembler \\t\\\\.cfi_restore 8\\n
FAIL: gcc.target/mips/interrupt_handler-3.c scan-assembler \\t\\\\.cfi_restore 9\\n
FAIL: gcc.target/mips/interrupt_handler-3.c scan-assembler \\t\\\\.cfi_restore 10\\n
FAIL: gcc.target/mips/interrupt_handler-3.c scan-assembler \\t\\\\.cfi_restore 11\\n
FAIL: gcc.target/mips/interrupt_handler-3.c scan-assembler \\t\\\\.cfi_restore 12\\n
FAIL: gcc.target/mips/interrupt_handler-3.c scan-assembler \\t\\\\.cfi_restore 13\\n
FAIL: gcc.target/mips/interrupt_handler-3.c scan-assembler \\t\\\\.cfi_restore 14\\n
FAIL: gcc.target/mips/interrupt_handler-3.c scan-assembler \\t\\\\.cfi_restore 15\\n
FAIL: gcc.target/mips/interrupt_handler-3.c scan-assembler \\t\\\\.cfi_restore 24\\n
FAIL: gcc.target/mips/interrupt_handler-3.c scan-assembler \\t\\\\.cfi_restore 25\\n
FAIL: gcc.target/mips/interrupt_handler-3.c scan-assembler \\t\\\\.cfi_restore 31\\n
FAIL: gcc.target/mips/interrupt_handler-3.c scan-assembler \\t\\\\.cfi_restore 64\\n
FAIL: gcc.target/mips/interrupt_handler-3.c scan-assembler \\t\\\\.cfi_restore 65\\n
FAIL: gcc.target/mips/interrupt_handler-3.c scan-assembler \\t\\\\.cfi_def_cfa_offset 0\\n
FAIL: gcc.target/mips/loongson-shift-count-truncated-1.c (test for excess errors)

		=== gcc Summary ===

# of expected passes		71337
# of unexpected failures	81
# of unexpected successes	3
# of expected failures		96
# of unresolved testcases	30
# of unsupported tests		1176
/home/mstein/sim/trunk/mips-elf/build/gcc/xgcc  version 4.7.0 20110929 (experimental) [trunk revision 179368] (GCC) 


Compiler version: 4.7.0 20110929 (experimental) [trunk revision 179368] (GCC) gcc 
Platform: mips-unknown-elf
configure flags: --target=mips-elf --prefix=/home/mstein/cross-local/mips-elf --enable-languages=c --disable-nls --disable-build-warnings --with-sysroot=/home/mstein/cross-local/mips-elf --with-build-sysroot=/home/mstein/cross-local/mips-elf --with-ld=/home/mstein/cross-local/mips-elf/usr/bin/ld --with-as=/home/mstein/cross-local/mips-elf/usr/bin/as --disable-libssp --with-mpfr=/opt/cfarm/mpfr-2.4.1 --with-gmp=/opt/cfarm/gmp-4.2.4 --with-libelf=/opt/cfarm/libelf-0.8.12 --with-mpc=/opt/cfarm/mpc-0.8



More information about the Gcc-testresults mailing list