Results for 4.7.0 20110926 (experimental) [trunk revision 179186] (GCC) testsuite on i386-pc-solaris2.10
Rainer Orth
ro@CeBiTec.Uni-Bielefeld.DE
Mon Sep 26 12:51:00 GMT 2011
LAST_UPDATED: Mon Sep 26 10:00:27 UTC 2011 (revision 179186)
=== acats tests ===
=== acats Summary ===
# of expected passes 2321
# of unexpected failures 0
Native configuration is i386-pc-solaris2.10
=== g++ tests ===
Running target unix
FAIL: g++.dg/lto/20091219 cp_lto_20091219_0.o-cp_lto_20091219_0.o link, -O3 -flto
UNRESOLVED: g++.dg/lto/20091219 cp_lto_20091219_0.o-cp_lto_20091219_0.o execute -O3 -flto
=== g++ Summary for unix ===
# of expected passes 27708
# of unexpected failures 1
# of expected failures 163
# of unresolved testcases 1
# of unsupported tests 193
Running target unix/-m64
FAIL: g++.dg/lto/20091219 cp_lto_20091219_0.o-cp_lto_20091219_0.o link, -O3 -flto
UNRESOLVED: g++.dg/lto/20091219 cp_lto_20091219_0.o-cp_lto_20091219_0.o execute -O3 -flto
=== g++ Summary for unix/-m64 ===
# of expected passes 27943
# of unexpected failures 1
# of expected failures 163
# of unresolved testcases 1
# of unsupported tests 391
=== g++ Summary ===
# of expected passes 55651
# of unexpected failures 2
# of expected failures 326
# of unresolved testcases 2
# of unsupported tests 584
/var/gcc/regression/trunk/10-gcc/build/gcc/testsuite/g++/../../g++ version 4.7.0 20110926 (experimental) [trunk revision 179186] (GCC)
=== gcc tests ===
Running target unix
XPASS: gcc.dg/uninit-B.c uninit i warning (test for warnings, line 12)
XPASS: gcc.dg/uninit-pr19430.c (test for warnings, line 32)
XPASS: gcc.dg/uninit-pr19430.c uninitialized (test for warnings, line 41)
XPASS: gcc.dg/graphite/interchange-14.c scan-tree-dump-times graphite "will be interchanged" 1
XPASS: gcc.dg/graphite/interchange-15.c scan-tree-dump-times graphite "will be interchanged" 1
XPASS: gcc.dg/graphite/interchange-mvt.c scan-tree-dump-times graphite "will be interchanged" 1
FAIL: gcc.dg/tree-ssa/vrp47.c scan-tree-dump-times dom1 "x[^ ]* & y" 1
=== gcc Summary for unix ===
# of expected passes 79928
# of unexpected failures 1
# of unexpected successes 6
# of expected failures 244
# of unsupported tests 1121
Running target unix/-m64
XPASS: gcc.dg/uninit-B.c uninit i warning (test for warnings, line 12)
XPASS: gcc.dg/uninit-pr19430.c (test for warnings, line 32)
XPASS: gcc.dg/uninit-pr19430.c uninitialized (test for warnings, line 41)
XPASS: gcc.dg/graphite/interchange-14.c scan-tree-dump-times graphite "will be interchanged" 1
XPASS: gcc.dg/graphite/interchange-15.c scan-tree-dump-times graphite "will be interchanged" 1
XPASS: gcc.dg/graphite/interchange-mvt.c scan-tree-dump-times graphite "will be interchanged" 1
FAIL: gcc.dg/tree-prof/bb-reorg.c execution, -fprofile-use -D_PROFILE_USE
FAIL: gcc.dg/tree-ssa/vrp47.c scan-tree-dump-times dom1 "x[^ ]* & y" 1
=== gcc Summary for unix/-m64 ===
# of expected passes 80109
# of unexpected failures 2
# of unexpected successes 6
# of expected failures 244
# of unsupported tests 1509
=== gcc Summary ===
# of expected passes 160037
# of unexpected failures 3
# of unexpected successes 12
# of expected failures 488
# of unsupported tests 2630
/var/gcc/regression/trunk/10-gcc/build/gcc/xgcc version 4.7.0 20110926 (experimental) [trunk revision 179186] (GCC)
=== gfortran tests ===
Running target unix
=== gfortran Summary for unix ===
# of expected passes 39465
# of expected failures 52
# of unsupported tests 228
Running target unix/-m64
=== gfortran Summary for unix/-m64 ===
# of expected passes 39760
# of expected failures 52
# of unsupported tests 90
=== gfortran Summary ===
# of expected passes 79225
# of expected failures 104
# of unsupported tests 318
/var/gcc/regression/trunk/10-gcc/build/gcc/testsuite/gfortran/../../gfortran version 4.7.0 20110926 (experimental) [trunk revision 179186] (GCC)
=== gnat tests ===
Running target unix
=== gnat Summary for unix ===
# of expected passes 917
# of expected failures 11
# of unsupported tests 5
Running target unix/-m64
=== gnat Summary for unix/-m64 ===
# of expected passes 917
# of expected failures 11
# of unsupported tests 5
=== gnat Summary ===
# of expected passes 1834
# of expected failures 22
# of unsupported tests 10
/var/gcc/regression/trunk/10-gcc/build/gcc/gnatmake version 4.7.0 20110926 (experimental) [trunk revision 179186]
=== go tests ===
Running target unix
FAIL: go.test/test/chan/select2.go execution, -O2 -g
FAIL: go.test/test/fixedbugs/bug273.go execution, -O2 -g
=== go Summary for unix ===
# of expected passes 3156
# of unexpected failures 2
# of expected failures 22
# of untested testcases 2
# of unsupported tests 4
Running target unix/-m64
FAIL: go.test/test/chan/select2.go execution, -O2 -g
=== go Summary for unix/-m64 ===
# of expected passes 3157
# of unexpected failures 1
# of expected failures 22
# of untested testcases 2
# of unsupported tests 4
=== go Summary ===
# of expected passes 6313
# of unexpected failures 3
# of expected failures 44
# of untested testcases 4
# of unsupported tests 8
/var/gcc/regression/trunk/10-gcc/build/gcc/testsuite/go/../../gccgo version 4.7.0 20110926 (experimental) [trunk revision 179186] (GCC)
=== obj-c++ tests ===
Running target unix
=== obj-c++ Summary for unix ===
# of expected passes 1448
# of expected failures 2
# of unsupported tests 86
Running target unix/-m64
=== obj-c++ Summary for unix/-m64 ===
# of expected passes 1440
# of expected failures 10
# of unsupported tests 86
=== obj-c++ Summary ===
# of expected passes 2888
# of expected failures 12
# of unsupported tests 172
/var/gcc/regression/trunk/10-gcc/build/gcc/testsuite/obj-c++/../../g++ version 4.7.0 20110926 (experimental) [trunk revision 179186] (GCC)
=== objc tests ===
Running target unix
=== objc Summary for unix ===
# of expected passes 2976
# of expected failures 6
# of unsupported tests 74
Running target unix/-m64
=== objc Summary for unix/-m64 ===
# of expected passes 2976
# of expected failures 6
# of unsupported tests 74
=== objc Summary ===
# of expected passes 5952
# of expected failures 12
# of unsupported tests 148
/var/gcc/regression/trunk/10-gcc/build/gcc/xgcc version 4.7.0 20110926 (experimental) [trunk revision 179186] (GCC)
=== boehm-gc tests ===
Running target unix
=== boehm-gc Summary for unix ===
# of expected passes 12
# of unsupported tests 1
Running target unix/-m64
=== boehm-gc Summary for unix/-m64 ===
# of expected passes 12
# of unsupported tests 1
=== boehm-gc Summary ===
# of expected passes 24
# of unsupported tests 2
=== libffi tests ===
Running target unix
=== libffi Summary for unix ===
# of expected passes 1634
# of expected failures 10
# of unsupported tests 15
Running target unix/-m64
=== libffi Summary for unix/-m64 ===
# of expected passes 1634
# of expected failures 10
# of unsupported tests 15
=== libffi Summary ===
# of expected passes 3268
# of expected failures 20
# of unsupported tests 30
=== libgo tests ===
Running target unix
FAIL: net
FAIL: crypto/rand
=== libgo Summary for unix ===
# of expected passes 133
# of unexpected failures 2
Running target unix/-m64
FAIL: exec
FAIL: html
FAIL: http
FAIL: image
FAIL: log
FAIL: mail
FAIL: mime
FAIL: net
FAIL: netchan
FAIL: os
FAIL: rpc
FAIL: strconv
FAIL: syslog
FAIL: template
FAIL: time
FAIL: websocket
FAIL: archive/tar
FAIL: archive/zip
FAIL: compress/flate
FAIL: compress/lzw
FAIL: compress/zlib
FAIL: crypto/cipher
FAIL: crypto/dsa
FAIL: crypto/ecdsa
FAIL: crypto/elliptic
FAIL: crypto/openpgp
FAIL: crypto/rand
FAIL: crypto/rsa
FAIL: crypto/x509
FAIL: crypto/openpgp/elgamal
FAIL: crypto/openpgp/packet
FAIL: crypto/openpgp/s2k
FAIL: debug/dwarf
FAIL: debug/elf
FAIL: debug/macho
FAIL: debug/pe
FAIL: go/parser
FAIL: go/printer
FAIL: go/typechecker
FAIL: http/cgi
FAIL: image/jpeg
FAIL: image/png
FAIL: image/tiff
FAIL: io/ioutil
FAIL: mime/multipart
FAIL: old/template
FAIL: path/filepath
FAIL: rpc/jsonrpc
=== libgo Summary for unix/-m64 ===
# of expected passes 87
# of unexpected failures 48
=== libgo Summary ===
# of expected passes 220
# of unexpected failures 50
/var/gcc/regression/trunk/10-gcc/build/./gcc/gccgo version 4.7.0 20110926 (experimental) [trunk revision 179186] (GCC)
=== libgomp tests ===
Running target unix
FAIL: libgomp.graphite/force-parallel-1.c execution test
=== libgomp Summary for unix ===
# of expected passes 2987
# of unexpected failures 1
# of unsupported tests 3
Running target unix/-m64
FAIL: libgomp.graphite/force-parallel-1.c execution test
=== libgomp Summary for unix/-m64 ===
# of expected passes 2987
# of unexpected failures 1
# of unsupported tests 3
=== libgomp Summary ===
# of expected passes 5974
# of unexpected failures 2
# of unsupported tests 6
=== libjava tests ===
Running target unix
=== libjava Summary for unix ===
# of expected passes 2574
Running target unix/-m64
=== libjava Summary for unix/-m64 ===
# of expected passes 2574
=== libjava Summary ===
# of expected passes 5148
=== libstdc++ tests ===
Running target unix
XPASS: 22_locale/num_put/put/char/14220.cc execution test
XPASS: 22_locale/num_put/put/wchar_t/14220.cc execution test
=== libstdc++ Summary for unix ===
# of expected passes 7800
# of unexpected successes 2
# of expected failures 47
# of unsupported tests 495
Running target unix/-m64
=== libstdc++ Summary for unix/-m64 ===
# of expected passes 7802
# of expected failures 47
# of unsupported tests 495
=== libstdc++ Summary ===
# of expected passes 15602
# of unexpected successes 2
# of expected failures 94
# of unsupported tests 990
Compiler version: 4.7.0 20110926 (experimental) [trunk revision 179186] (GCC)
Platform: i386-pc-solaris2.10
configure flags: --prefix=/vol/gcc --target=i386-pc-solaris2.10 --enable-checking=release --enable-objc-gc --with-host-libstdcxx='-L/vol/gcc-4.4/lib -Wl,-Bstatic -lstdc++ -Wl,-Bdynamic -lm' --with-boot-ldflags='-static-libstdc++ -static-libgcc -L/vol/gcc-4.4/lib' --with-gmp-include=/vol/gcc/include --with-gmp-lib=/vol/gcc/lib --with-mpfr-include=/vol/gcc/include --with-mpfr-lib=/vol/gcc/lib --with-mpc-include=/vol/gcc/include --with-mpc-lib=/vol/gcc/lib --enable-languages=all,ada,obj-c++,go --with-ppl-include=/vol/gcc/include --with-ppl-lib=/vol/gcc/lib --with-cloog-include=/vol/gcc/include --with-cloog-lib=/vol/gcc/lib --enable-cloog-backend=ppl
BOOT_CFLAGS=-g -O2
More information about the Gcc-testresults
mailing list