Results for 4.6.2 20110923 (prerelease) [gcc-4_6-branch revision 179110] (GCC) testsuite on sparc-sun-solaris2.11
Rainer Orth
ro@CeBiTec.Uni-Bielefeld.DE
Mon Sep 26 09:39:00 GMT 2011
LAST_UPDATED: Fri Sep 23 17:44:31 UTC 2011 (revision 179110)
=== acats tests ===
=== acats Summary ===
# of expected passes 2321
# of unexpected failures 0
Native configuration is sparc-sun-solaris2.11
=== g++ tests ===
Running target unix
=== g++ Summary for unix ===
# of expected passes 26544
# of expected failures 169
# of unsupported tests 431
Running target unix/-m64
=== g++ Summary for unix/-m64 ===
# of expected passes 27156
# of expected failures 169
# of unsupported tests 428
=== g++ Summary ===
# of expected passes 53700
# of expected failures 338
# of unsupported tests 859
/var/gcc/regression/gcc-4.6-branch/11-gcc-gas/build/gcc/testsuite/g++/../../g++ version 4.6.2 20110923 (prerelease) [gcc-4_6-branch revision 179110] (GCC)
=== gcc tests ===
Running target unix
FAIL: gcc.dg/ipa/ipa-sra-2.c scan-tree-dump eipa_sra "About to replace expr cow_.*D.->red with \\*ISRA"
FAIL: gcc.dg/ipa/ipa-sra-2.c scan-tree-dump eipa_sra "About to replace expr cow_.*D.->green with ISRA"
FAIL: gcc.dg/ipa/ipa-sra-2.c scan-tree-dump eipa_sra "About to replace expr calf_.*D.->red with \\*ISRA"
FAIL: gcc.dg/ipa/ipa-sra-2.c scan-tree-dump eipa_sra "About to replace expr calf_.*D.->green with ISRA"
FAIL: gcc.dg/ipa/ipa-sra-6.c scan-tree-dump-times eipa_sra "foo " 1
FAIL: gcc.dg/lto/20110201-1 c_lto_20110201-1_0.o-c_lto_20110201-1_0.o link, -O0 -flto
UNRESOLVED: gcc.dg/lto/20110201-1 c_lto_20110201-1_0.o-c_lto_20110201-1_0.o execute -O0 -flto
=== gcc Summary for unix ===
# of expected passes 70135
# of unexpected failures 6
# of expected failures 237
# of unresolved testcases 1
# of unsupported tests 1165
Running target unix/-m64
FAIL: gcc.dg/ipa/ipa-sra-2.c scan-tree-dump eipa_sra "About to replace expr cow_.*D.->red with \\*ISRA"
FAIL: gcc.dg/ipa/ipa-sra-2.c scan-tree-dump eipa_sra "About to replace expr cow_.*D.->green with ISRA"
FAIL: gcc.dg/ipa/ipa-sra-2.c scan-tree-dump eipa_sra "About to replace expr calf_.*D.->red with \\*ISRA"
FAIL: gcc.dg/ipa/ipa-sra-2.c scan-tree-dump eipa_sra "About to replace expr calf_.*D.->green with ISRA"
FAIL: gcc.dg/ipa/ipa-sra-6.c scan-tree-dump-times eipa_sra "foo " 1
=== gcc Summary for unix/-m64 ===
# of expected passes 70724
# of unexpected failures 5
# of expected failures 228
# of unsupported tests 1168
=== gcc Summary ===
# of expected passes 140859
# of unexpected failures 11
# of expected failures 465
# of unresolved testcases 1
# of unsupported tests 2333
/var/gcc/regression/gcc-4.6-branch/11-gcc-gas/build/gcc/xgcc version 4.6.2 20110923 (prerelease) [gcc-4_6-branch revision 179110] (GCC)
=== gfortran tests ===
Running target unix
=== gfortran Summary for unix ===
# of expected passes 38463
# of expected failures 43
# of unsupported tests 265
Running target unix/-m64
=== gfortran Summary for unix/-m64 ===
# of expected passes 38790
# of expected failures 43
# of unsupported tests 104
=== gfortran Summary ===
# of expected passes 77253
# of expected failures 86
# of unsupported tests 369
/var/gcc/regression/gcc-4.6-branch/11-gcc-gas/build/gcc/testsuite/gfortran/../../gfortran version 4.6.2 20110923 (prerelease) [gcc-4_6-branch revision 179110] (GCC)
=== gnat tests ===
Running target unix
=== gnat Summary for unix ===
# of expected passes 871
# of expected failures 10
# of unsupported tests 4
Running target unix/-m64
=== gnat Summary for unix/-m64 ===
# of expected passes 871
# of expected failures 10
# of unsupported tests 4
=== gnat Summary ===
# of expected passes 1742
# of expected failures 20
# of unsupported tests 8
/var/gcc/regression/gcc-4.6-branch/11-gcc-gas/build/gcc/gnatmake version 4.6.2 20110923 (prerelease) [gcc-4_6-branch revision 179110]
=== objc tests ===
Running target unix
=== objc Summary for unix ===
# of expected passes 2916
# of expected failures 10
# of unsupported tests 74
Running target unix/-m64
=== objc Summary for unix/-m64 ===
# of expected passes 2916
# of expected failures 10
# of unsupported tests 74
=== objc Summary ===
# of expected passes 5832
# of expected failures 20
# of unsupported tests 148
/var/gcc/regression/gcc-4.6-branch/11-gcc-gas/build/gcc/xgcc version 4.6.2 20110923 (prerelease) [gcc-4_6-branch revision 179110] (GCC)
=== libffi tests ===
Running target unix
=== libffi Summary for unix ===
# of expected passes 1634
# of expected failures 10
# of unsupported tests 15
Running target unix/-m64
=== libffi Summary for unix/-m64 ===
# of expected passes 1634
# of expected failures 10
# of unsupported tests 15
=== libffi Summary ===
# of expected passes 3268
# of expected failures 20
# of unsupported tests 30
=== libgomp tests ===
Running target unix
=== libgomp Summary for unix ===
# of expected passes 2612
# of unsupported tests 10
Running target unix/-m64
=== libgomp Summary for unix/-m64 ===
# of expected passes 2612
# of unsupported tests 10
=== libgomp Summary ===
# of expected passes 5224
# of unsupported tests 20
=== libjava tests ===
Running target unix
=== libjava Summary for unix ===
# of expected passes 2574
Running target unix/-m64
=== libjava Summary for unix/-m64 ===
# of expected passes 2574
=== libjava Summary ===
# of expected passes 5148
=== libstdc++ tests ===
Running target unix
=== libstdc++ Summary for unix ===
# of expected passes 7395
# of expected failures 82
# of unsupported tests 460
Running target unix/-m64
=== libstdc++ Summary for unix/-m64 ===
# of expected passes 7395
# of expected failures 82
# of unsupported tests 460
=== libstdc++ Summary ===
# of expected passes 14790
# of expected failures 164
# of unsupported tests 920
Compiler version: 4.6.2 20110923 (prerelease) [gcc-4_6-branch revision 179110] (GCC)
Platform: sparc-sun-solaris2.11
configure flags: --prefix=/vol/gcc --target=sparc-sun-solaris2.11 --with-as=/vol/gcc/bin/gas-2.21.1 --with-gnu-as --with-gmp-include=/vol/gcc/include --with-gmp-lib=/vol/gcc/lib --with-mpfr-include=/vol/gcc/include --with-mpfr-lib=/vol/gcc/lib --with-mpc-include=/vol/gcc/include --with-mpc-lib=/vol/gcc/lib --enable-languages=all,ada --without-ppl --without-cloog
BOOT_CFLAGS=-g -O2
More information about the Gcc-testresults
mailing list