Results for 4.6.3 20111028 (prerelease) [gcc-4_6-branch revision 180587] (GCC) testsuite on i386-pc-solaris2.9
Rainer Orth
ro@CeBiTec.Uni-Bielefeld.DE
Mon Oct 31 12:53:00 GMT 2011
LAST_UPDATED: Fri Oct 28 15:21:44 UTC 2011 (revision 180587)
=== acats tests ===
=== acats Summary ===
# of expected passes 2321
# of unexpected failures 0
Native configuration is i386-pc-solaris2.9
=== g++ tests ===
Running target unix
XPASS: g++.dg/uninit-pred-3_b.C (test for excess errors)
=== g++ Summary ===
# of expected passes 27040
# of unexpected successes 1
# of expected failures 168
# of unsupported tests 191
/var/gcc/regression/gcc-4.6-branch/9-gcc-gas/build/gcc/testsuite/g++/../../g++ version 4.6.3 20111028 (prerelease) [gcc-4_6-branch revision 180587] (GCC)
=== gcc tests ===
Running target unix
FAIL: gcc.dg/lto/20110201-1 c_lto_20110201-1_0.o-c_lto_20110201-1_0.o link, -O0 -flto
UNRESOLVED: gcc.dg/lto/20110201-1 c_lto_20110201-1_0.o-c_lto_20110201-1_0.o execute -O0 -flto
=== gcc Summary ===
# of expected passes 76382
# of unexpected failures 1
# of expected failures 212
# of unresolved testcases 1
# of unsupported tests 844
/var/gcc/regression/gcc-4.6-branch/9-gcc-gas/build/gcc/xgcc version 4.6.3 20111028 (prerelease) [gcc-4_6-branch revision 180587] (GCC)
=== gfortran tests ===
Running target unix
=== gfortran Summary ===
# of expected passes 38338
# of expected failures 41
# of unsupported tests 372
/var/gcc/regression/gcc-4.6-branch/9-gcc-gas/build/gcc/testsuite/gfortran/../../gfortran version 4.6.3 20111028 (prerelease) [gcc-4_6-branch revision 180587] (GCC)
=== gnat tests ===
Running target unix
=== gnat Summary ===
# of expected passes 872
# of expected failures 10
# of unsupported tests 3
/var/gcc/regression/gcc-4.6-branch/9-gcc-gas/build/gcc/gnatmake version 4.6.3 20111028 (prerelease) [gcc-4_6-branch revision 180587]
=== obj-c++ tests ===
Running target unix
=== obj-c++ Summary ===
# of expected passes 1388
# of expected failures 2
# of unsupported tests 86
/var/gcc/regression/gcc-4.6-branch/9-gcc-gas/build/gcc/testsuite/obj-c++/../../g++ version 4.6.3 20111028 (prerelease) [gcc-4_6-branch revision 180587] (GCC)
=== objc tests ===
Running target unix
=== objc Summary ===
# of expected passes 2872
# of expected failures 6
# of unsupported tests 98
/var/gcc/regression/gcc-4.6-branch/9-gcc-gas/build/gcc/xgcc version 4.6.3 20111028 (prerelease) [gcc-4_6-branch revision 180587] (GCC)
=== libffi tests ===
Running target unix
=== libffi Summary ===
# of expected passes 1634
# of expected failures 10
# of unsupported tests 15
=== libgomp tests ===
Running target unix
=== libgomp Summary ===
# of expected passes 2626
# of unsupported tests 3
=== libjava tests ===
Running target unix
FAIL: Divide_1 output - source compiled test
FAIL: Divide_1 -findirect-dispatch output - source compiled test
FAIL: Divide_1 -O3 output - source compiled test
FAIL: Divide_1 -O3 -findirect-dispatch output - source compiled test
=== libjava Summary ===
# of expected passes 2570
# of unexpected failures 4
=== libstdc++ tests ===
Running target unix
=== libstdc++ Summary ===
# of expected passes 6879
# of expected failures 86
# of unsupported tests 742
Compiler version: 4.6.3 20111028 (prerelease) [gcc-4_6-branch revision 180587] (GCC)
Platform: i386-pc-solaris2.9
configure flags: --prefix=/vol/gcc --target=i386-pc-solaris2.9 --with-as=/vol/gcc/bin/gas-2.21.1 --with-gnu-as --with-gmp-include=/vol/gcc/include --with-gmp-lib=/vol/gcc/lib --with-mpfr-include=/vol/gcc/include --with-mpfr-lib=/vol/gcc/lib --with-mpc-include=/vol/gcc/include --with-mpc-lib=/vol/gcc/lib --enable-languages=all,ada --without-ppl --without-cloog --enable-languages=all,ada,obj-c++
BOOT_CFLAGS=-g -O2
More information about the Gcc-testresults
mailing list