Results for 4.7.0 20111028 (experimental) [trunk revision 180617] (GCC) testsuite on i386-pc-solaris2.9
Rainer Orth
ro@CeBiTec.Uni-Bielefeld.DE
Mon Oct 31 10:13:00 GMT 2011
LAST_UPDATED: Fri Oct 28 15:20:30 UTC 2011 (revision 180617)
=== acats tests ===
=== acats Summary ===
# of expected passes 2321
# of unexpected failures 0
Native configuration is i386-pc-solaris2.9
=== g++ tests ===
Running target unix
FAIL: g++.dg/lto/20091219 cp_lto_20091219_0.o-cp_lto_20091219_0.o link, -O3 -flto
UNRESOLVED: g++.dg/lto/20091219 cp_lto_20091219_0.o-cp_lto_20091219_0.o execute -O3 -flto
FAIL: g++.dg/lto/20100302 cp_lto_20100302_0.o-cp_lto_20100302_1.o link, -flto -fabi-version=2 (internal compiler error)
UNRESOLVED: g++.dg/lto/20100302 cp_lto_20100302_0.o-cp_lto_20100302_1.o execute -flto -fabi-version=2
FAIL: g++.dg/torture/pr31863.C -O2 -flto (test for excess errors)
=== g++ Summary ===
# of expected passes 27797
# of unexpected failures 3
# of expected failures 154
# of unresolved testcases 2
# of unsupported tests 261
/var/gcc/regression/trunk/9-gcc/build/gcc/testsuite/g++/../../g++ version 4.7.0 20111028 (experimental) [trunk revision 180617] (GCC)
=== gcc tests ===
Running target unix
FAIL: gcc.dg/strlenopt-22.c (test for excess errors)
WARNING: gcc.dg/strlenopt-22.c compilation failed to produce executable
FAIL: gcc.dg/tree-ssa/vrp47.c scan-tree-dump-times dom1 "x[^ ]* & y" 1
XPASS: gcc.dg/vect/no-scevccp-outer-6-global.c scan-tree-dump-times vect "OUTER LOOP VECTORIZED." 1
XPASS: gcc.target/i386/vectorize4-avx.c scan-assembler vsqrtpd[ \\\\t]+[^\\n]*%ymm
=== gcc Summary ===
# of expected passes 79582
# of unexpected failures 2
# of unexpected successes 2
# of expected failures 240
# of unsupported tests 1995
/var/gcc/regression/trunk/9-gcc/build/gcc/xgcc version 4.7.0 20111028 (experimental) [trunk revision 180617] (GCC)
=== gfortran tests ===
Running target unix
FAIL: gfortran.dg/select_type_12.f03 -O (internal compiler error)
FAIL: gfortran.dg/select_type_12.f03 -O (test for excess errors)
=== gfortran Summary ===
# of expected passes 39372
# of unexpected failures 2
# of expected failures 52
# of unsupported tests 366
/var/gcc/regression/trunk/9-gcc/build/gcc/testsuite/gfortran/../../gfortran version 4.7.0 20111028 (experimental) [trunk revision 180617] (GCC)
=== gnat tests ===
Running target unix
=== gnat Summary ===
# of expected passes 944
# of expected failures 11
# of unsupported tests 5
/var/gcc/regression/trunk/9-gcc/build/gcc/gnatmake version 4.7.0 20111028 (experimental) [trunk revision 180617]
=== obj-c++ tests ===
Running target unix
=== obj-c++ Summary ===
# of expected passes 1450
# of expected failures 2
# of unsupported tests 86
/var/gcc/regression/trunk/9-gcc/build/gcc/testsuite/obj-c++/../../g++ version 4.7.0 20111028 (experimental) [trunk revision 180617] (GCC)
=== objc tests ===
Running target unix
=== objc Summary ===
# of expected passes 2988
# of expected failures 6
# of unsupported tests 74
/var/gcc/regression/trunk/9-gcc/build/gcc/xgcc version 4.7.0 20111028 (experimental) [trunk revision 180617] (GCC)
=== boehm-gc tests ===
Running target unix
=== boehm-gc Summary ===
# of expected passes 12
# of unsupported tests 1
=== libffi tests ===
Running target unix
=== libffi Summary ===
# of expected passes 1634
# of expected failures 10
# of unsupported tests 15
=== libgomp tests ===
Running target unix
FAIL: libgomp.c++/pr24455.C -O0 (test for excess errors)
WARNING: libgomp.c++/pr24455.C -O0 compilation failed to produce executable
FAIL: libgomp.c++/pr24455.C -O1 (test for excess errors)
WARNING: libgomp.c++/pr24455.C -O1 compilation failed to produce executable
FAIL: libgomp.c++/pr24455.C -O2 (test for excess errors)
WARNING: libgomp.c++/pr24455.C -O2 compilation failed to produce executable
FAIL: libgomp.c++/pr24455.C -O3 -fomit-frame-pointer (test for excess errors)
WARNING: libgomp.c++/pr24455.C -O3 -fomit-frame-pointer compilation failed to produce executable
FAIL: libgomp.c++/pr24455.C -O3 -fomit-frame-pointer -funroll-loops (test for excess errors)
WARNING: libgomp.c++/pr24455.C -O3 -fomit-frame-pointer -funroll-loops compilation failed to produce executable
FAIL: libgomp.c++/pr24455.C -O3 -fomit-frame-pointer -funroll-all-loops -finline-functions (test for excess errors)
WARNING: libgomp.c++/pr24455.C -O3 -fomit-frame-pointer -funroll-all-loops -finline-functions compilation failed to produce executable
FAIL: libgomp.c++/pr24455.C -O3 -g (test for excess errors)
WARNING: libgomp.c++/pr24455.C -O3 -g compilation failed to produce executable
FAIL: libgomp.c++/pr24455.C -Os (test for excess errors)
WARNING: libgomp.c++/pr24455.C -Os compilation failed to produce executable
FAIL: libgomp.fortran/threadprivate4.f90 -O0 (test for excess errors)
WARNING: libgomp.fortran/threadprivate4.f90 -O0 compilation failed to produce executable
FAIL: libgomp.fortran/threadprivate4.f90 -O1 (test for excess errors)
WARNING: libgomp.fortran/threadprivate4.f90 -O1 compilation failed to produce executable
FAIL: libgomp.fortran/threadprivate4.f90 -O2 (test for excess errors)
WARNING: libgomp.fortran/threadprivate4.f90 -O2 compilation failed to produce executable
FAIL: libgomp.fortran/threadprivate4.f90 -O3 -fomit-frame-pointer (test for excess errors)
WARNING: libgomp.fortran/threadprivate4.f90 -O3 -fomit-frame-pointer compilation failed to produce executable
FAIL: libgomp.fortran/threadprivate4.f90 -O3 -fomit-frame-pointer -funroll-loops (test for excess errors)
WARNING: libgomp.fortran/threadprivate4.f90 -O3 -fomit-frame-pointer -funroll-loops compilation failed to produce executable
FAIL: libgomp.fortran/threadprivate4.f90 -O3 -fomit-frame-pointer -funroll-all-loops -finline-functions (test for excess errors)
WARNING: libgomp.fortran/threadprivate4.f90 -O3 -fomit-frame-pointer -funroll-all-loops -finline-functions compilation failed to produce executable
FAIL: libgomp.fortran/threadprivate4.f90 -O3 -g (test for excess errors)
WARNING: libgomp.fortran/threadprivate4.f90 -O3 -g compilation failed to produce executable
FAIL: libgomp.fortran/threadprivate4.f90 -Os (test for excess errors)
WARNING: libgomp.fortran/threadprivate4.f90 -Os compilation failed to produce executable
FAIL: libgomp.graphite/force-parallel-1.c execution test
=== libgomp Summary ===
# of expected passes 2955
# of unexpected failures 17
# of unsupported tests 3
=== libjava tests ===
Running target unix
FAIL: Divide_1 output - source compiled test
FAIL: Divide_1 -findirect-dispatch output - source compiled test
FAIL: Divide_1 -O3 output - source compiled test
FAIL: Divide_1 -O3 -findirect-dispatch output - source compiled test
FAIL: InvokeInterface execution - source compiled test
FAIL: InvokeInterface -O3 execution - source compiled test
=== libjava Summary ===
# of expected passes 2566
# of unexpected failures 6
# of untested testcases 2
=== libstdc++ tests ===
Running target unix
FAIL: 30_threads/async/42819.cc (test for excess errors)
WARNING: 30_threads/async/42819.cc compilation failed to produce executable
FAIL: 30_threads/async/49668.cc (test for excess errors)
WARNING: 30_threads/async/49668.cc compilation failed to produce executable
FAIL: 30_threads/async/any.cc (test for excess errors)
WARNING: 30_threads/async/any.cc compilation failed to produce executable
FAIL: 30_threads/async/async.cc (test for excess errors)
WARNING: 30_threads/async/async.cc compilation failed to produce executable
FAIL: 30_threads/async/sync.cc (test for excess errors)
WARNING: 30_threads/async/sync.cc compilation failed to produce executable
FAIL: 30_threads/call_once/39909.cc (test for excess errors)
WARNING: 30_threads/call_once/39909.cc compilation failed to produce executable
FAIL: 30_threads/call_once/49668.cc (test for excess errors)
WARNING: 30_threads/call_once/49668.cc compilation failed to produce executable
FAIL: 30_threads/call_once/call_once1.cc (test for excess errors)
WARNING: 30_threads/call_once/call_once1.cc compilation failed to produce executable
FAIL: 30_threads/future/members/45133.cc (test for excess errors)
WARNING: 30_threads/future/members/45133.cc compilation failed to produce executable
FAIL: 30_threads/future/members/get.cc (test for excess errors)
WARNING: 30_threads/future/members/get.cc compilation failed to produce executable
FAIL: 30_threads/future/members/get2.cc (test for excess errors)
WARNING: 30_threads/future/members/get2.cc compilation failed to produce executable
FAIL: 30_threads/future/members/share.cc (test for excess errors)
WARNING: 30_threads/future/members/share.cc compilation failed to produce executable
FAIL: 30_threads/future/members/valid.cc (test for excess errors)
WARNING: 30_threads/future/members/valid.cc compilation failed to produce executable
FAIL: 30_threads/future/members/wait.cc (test for excess errors)
WARNING: 30_threads/future/members/wait.cc compilation failed to produce executable
FAIL: 30_threads/future/members/wait_for.cc (test for excess errors)
WARNING: 30_threads/future/members/wait_for.cc compilation failed to produce executable
FAIL: 30_threads/future/members/wait_until.cc (test for excess errors)
WARNING: 30_threads/future/members/wait_until.cc compilation failed to produce executable
FAIL: 30_threads/packaged_task/49668.cc (test for excess errors)
WARNING: 30_threads/packaged_task/49668.cc compilation failed to produce executable
FAIL: 30_threads/packaged_task/cons/alloc.cc (test for excess errors)
WARNING: 30_threads/packaged_task/cons/alloc.cc compilation failed to produce executable
FAIL: 30_threads/packaged_task/members/get_future.cc (test for excess errors)
WARNING: 30_threads/packaged_task/members/get_future.cc compilation failed to produce executable
FAIL: 30_threads/packaged_task/members/invoke.cc (test for excess errors)
WARNING: 30_threads/packaged_task/members/invoke.cc compilation failed to produce executable
FAIL: 30_threads/packaged_task/members/invoke2.cc (test for excess errors)
WARNING: 30_threads/packaged_task/members/invoke2.cc compilation failed to produce executable
FAIL: 30_threads/packaged_task/members/invoke3.cc (test for excess errors)
WARNING: 30_threads/packaged_task/members/invoke3.cc compilation failed to produce executable
FAIL: 30_threads/packaged_task/members/invoke4.cc (test for excess errors)
WARNING: 30_threads/packaged_task/members/invoke4.cc compilation failed to produce executable
FAIL: 30_threads/packaged_task/members/invoke5.cc (test for excess errors)
WARNING: 30_threads/packaged_task/members/invoke5.cc compilation failed to produce executable
FAIL: 30_threads/packaged_task/members/reset2.cc (test for excess errors)
WARNING: 30_threads/packaged_task/members/reset2.cc compilation failed to produce executable
FAIL: 30_threads/promise/cons/alloc.cc (test for excess errors)
WARNING: 30_threads/promise/cons/alloc.cc compilation failed to produce executable
FAIL: 30_threads/promise/cons/move.cc (test for excess errors)
WARNING: 30_threads/promise/cons/move.cc compilation failed to produce executable
FAIL: 30_threads/promise/cons/move_assign.cc (test for excess errors)
WARNING: 30_threads/promise/cons/move_assign.cc compilation failed to produce executable
FAIL: 30_threads/promise/members/get_future.cc (test for excess errors)
WARNING: 30_threads/promise/members/get_future.cc compilation failed to produce executable
FAIL: 30_threads/promise/members/set_exception.cc (test for excess errors)
WARNING: 30_threads/promise/members/set_exception.cc compilation failed to produce executable
FAIL: 30_threads/promise/members/set_exception2.cc (test for excess errors)
WARNING: 30_threads/promise/members/set_exception2.cc compilation failed to produce executable
FAIL: 30_threads/promise/members/set_value.cc (test for excess errors)
WARNING: 30_threads/promise/members/set_value.cc compilation failed to produce executable
FAIL: 30_threads/promise/members/set_value2.cc (test for excess errors)
WARNING: 30_threads/promise/members/set_value2.cc compilation failed to produce executable
FAIL: 30_threads/promise/members/set_value3.cc (test for excess errors)
WARNING: 30_threads/promise/members/set_value3.cc compilation failed to produce executable
FAIL: 30_threads/promise/members/swap.cc (test for excess errors)
WARNING: 30_threads/promise/members/swap.cc compilation failed to produce executable
FAIL: 30_threads/shared_future/members/get.cc (test for excess errors)
WARNING: 30_threads/shared_future/members/get.cc compilation failed to produce executable
FAIL: 30_threads/shared_future/members/get2.cc (test for excess errors)
WARNING: 30_threads/shared_future/members/get2.cc compilation failed to produce executable
FAIL: 30_threads/shared_future/members/valid.cc (test for excess errors)
WARNING: 30_threads/shared_future/members/valid.cc compilation failed to produce executable
FAIL: 30_threads/shared_future/members/wait.cc (test for excess errors)
WARNING: 30_threads/shared_future/members/wait.cc compilation failed to produce executable
FAIL: 30_threads/shared_future/members/wait_for.cc (test for excess errors)
WARNING: 30_threads/shared_future/members/wait_for.cc compilation failed to produce executable
FAIL: 30_threads/shared_future/members/wait_until.cc (test for excess errors)
WARNING: 30_threads/shared_future/members/wait_until.cc compilation failed to produce executable
=== libstdc++ Summary ===
# of expected passes 7430
# of unexpected failures 41
# of expected failures 50
# of unsupported tests 625
Compiler version: 4.7.0 20111028 (experimental) [trunk revision 180617] (GCC)
Platform: i386-pc-solaris2.9
configure flags: --prefix=/vol/gcc --target=i386-pc-solaris2.9 --enable-objc-gc --with-host-libstdcxx='-L/vol/gcc-4.4/lib -Wl,-Bstatic -lstdc++ -Wl,-Bdynamic -lm' --with-boot-ldflags='-static-libstdc++ -static-libgcc -L/vol/gcc-4.4/lib' --with-gmp-include=/vol/gcc/include --with-gmp-lib=/vol/gcc/lib --with-mpfr-include=/vol/gcc/include --with-mpfr-lib=/vol/gcc/lib --with-mpc-include=/vol/gcc/include --with-mpc-lib=/vol/gcc/lib --enable-languages=all,ada,obj-c++,go --with-ppl-include=/vol/gcc/include --with-ppl-lib=/vol/gcc/lib --with-cloog-include=/vol/gcc/include --with-cloog-lib=/vol/gcc/lib --enable-cloog-backend=ppl --enable-languages=all,ada,obj-c++
BOOT_CFLAGS=-g -O2
More information about the Gcc-testresults
mailing list