Results for 4.6.2 20111023 (prerelease) (GCC) testsuite on arm-unknown-rtemseabi4.11
Sebastian Huber
sebastian.huber@embedded-brains.de
Mon Oct 24 14:35:00 GMT 2011
=== g++ tests ===
Schedule of variations:
rtems-arm-edb7312
Running target rtems-arm-edb7312
Using /home/sh/rtems-testing/dejagnu/boards/rtems-arm-edb7312.exp as board
description file for target.
Using /usr/share/dejagnu/config/sim.exp as generic interface file for target.
Using /usr/share/dejagnu/baseboards/basic-sim.exp as board description file for
target.
Using /home/sh/archive/gcc-4.6-20111021-work/gcc/testsuite/config/default.exp
as tool-and-target-specific interface file.
Running
/home/sh/archive/gcc-4.6-20111021-work/gcc/testsuite/g++.dg/bprob/bprob.exp ...
Running
/home/sh/archive/gcc-4.6-20111021-work/gcc/testsuite/g++.dg/charset/charset.exp ...
Running
/home/sh/archive/gcc-4.6-20111021-work/gcc/testsuite/g++.dg/compat/compat.exp ...
Running
/home/sh/archive/gcc-4.6-20111021-work/gcc/testsuite/g++.dg/compat/struct-layout-1.exp
...
FAIL: tmpdir-g++.dg-struct-layout-1/t004 cp_compat_x_tst.o compile
FAIL: tmpdir-g++.dg-struct-layout-1/t004 cp_compat_y_tst.o compile
Running
/home/sh/archive/gcc-4.6-20111021-work/gcc/testsuite/g++.dg/debug/debug.exp ...
Running
/home/sh/archive/gcc-4.6-20111021-work/gcc/testsuite/g++.dg/debug/dwarf2/dwarf2.exp
...
Running /home/sh/archive/gcc-4.6-20111021-work/gcc/testsuite/g++.dg/dfp/dfp.exp ...
Running /home/sh/archive/gcc-4.6-20111021-work/gcc/testsuite/g++.dg/dg.exp ...
FAIL: g++.dg/abi/local1.C execution test
XPASS: g++.dg/uninit-pred-3_b.C (test for excess errors)
Running
/home/sh/archive/gcc-4.6-20111021-work/gcc/testsuite/g++.dg/gcov/gcov.exp ...
Running
/home/sh/archive/gcc-4.6-20111021-work/gcc/testsuite/g++.dg/gomp/gomp.exp ...
Running
/home/sh/archive/gcc-4.6-20111021-work/gcc/testsuite/g++.dg/graphite/graphite.exp
...
Running
/home/sh/archive/gcc-4.6-20111021-work/gcc/testsuite/g++.dg/guality/guality.exp ...
Running /home/sh/archive/gcc-4.6-20111021-work/gcc/testsuite/g++.dg/lto/lto.exp ...
Running /home/sh/archive/gcc-4.6-20111021-work/gcc/testsuite/g++.dg/pch/pch.exp ...
Running
/home/sh/archive/gcc-4.6-20111021-work/gcc/testsuite/g++.dg/plugin/plugin.exp ...
Running
/home/sh/archive/gcc-4.6-20111021-work/gcc/testsuite/g++.dg/special/ecos.exp ...
Running /home/sh/archive/gcc-4.6-20111021-work/gcc/testsuite/g++.dg/tls/tls.exp ...
Running
/home/sh/archive/gcc-4.6-20111021-work/gcc/testsuite/g++.dg/torture/dg-torture.exp
...
Running
/home/sh/archive/gcc-4.6-20111021-work/gcc/testsuite/g++.dg/torture/stackalign/stackalign.exp
...
Running
/home/sh/archive/gcc-4.6-20111021-work/gcc/testsuite/g++.dg/tree-prof/tree-prof.exp
...
Running
/home/sh/archive/gcc-4.6-20111021-work/gcc/testsuite/g++.dg/vect/vect.exp ...
FAIL: g++.dg/vect/pr36648.cc scan-tree-dump-times vect "vectorized 1 loops" 1
FAIL: g++.dg/vect/pr36648.cc scan-tree-dump-times vect "vectorizing stmts using
SLP" 1
Running
/home/sh/archive/gcc-4.6-20111021-work/gcc/testsuite/g++.old-deja/old-deja.exp ...
=== g++ Summary ===
# of expected passes 25902
# of unexpected failures 5
# of unexpected successes 1
# of expected failures 166
# of unsupported tests 430
/home/sh/b-arm-gcc/gcc/testsuite/g++/../../g++ version 4.6.2 20111021
(prerelease) (GCC)
--
Sebastian Huber, embedded brains GmbH
Address : Obere Lagerstr. 30, D-82178 Puchheim, Germany
Phone : +49 89 18 90 80 79-6
Fax : +49 89 18 90 80 79-9
E-Mail : sebastian.huber@embedded-brains.de
PGP : Public key available on request.
Diese Nachricht ist keine geschäftliche Mitteilung im Sinne des EHUG.
More information about the Gcc-testresults
mailing list