Results for 4.6.2 20111019 (prerelease) (GCC) testsuite on x86_64-apple-darwin11
François-Xavier Coudert
coudert@quatramaran.ens.fr
Thu Oct 20 11:31:00 GMT 2011
LAST_UPDATED: Obtained from SVN: branches/gcc-4_6-branch revision 180180
Native configuration is x86_64-apple-darwin11
=== g++ tests ===
Running target unix
WARNING: g++.dg/ext/label13.C compilation failed to produce executable
XPASS: g++.dg/uninit-pred-3_b.C (test for excess errors)
FAIL: g++.dg/tree-prof/partition1.C compilation, -g -fprofile-use
UNRESOLVED: g++.dg/tree-prof/partition1.C execution, -g -fprofile-use
FAIL: g++.dg/tree-prof/partition1.C compilation, -O0 -fprofile-use
UNRESOLVED: g++.dg/tree-prof/partition1.C execution, -O0 -fprofile-use
FAIL: g++.dg/tree-prof/partition1.C compilation, -O1 -fprofile-use
UNRESOLVED: g++.dg/tree-prof/partition1.C execution, -O1 -fprofile-use
FAIL: g++.dg/tree-prof/partition1.C compilation, -O2 -fprofile-use
UNRESOLVED: g++.dg/tree-prof/partition1.C execution, -O2 -fprofile-use
FAIL: g++.dg/tree-prof/partition1.C compilation, -O3 -fprofile-use
UNRESOLVED: g++.dg/tree-prof/partition1.C execution, -O3 -fprofile-use
FAIL: g++.dg/tree-prof/partition1.C compilation, -O3 -g -fprofile-use
UNRESOLVED: g++.dg/tree-prof/partition1.C execution, -O3 -g -fprofile-use
FAIL: g++.dg/tree-prof/partition1.C compilation, -Os -fprofile-use
UNRESOLVED: g++.dg/tree-prof/partition1.C execution, -Os -fprofile-use
=== g++ Summary ===
# of expected passes25871
# of unexpected failures7
# of unexpected successes1
# of expected failures166
# of unresolved testcases7
# of unsupported tests365
/Users/fx/devel/gcc/ibin-462-x86_64/gcc/testsuite/g++/../../g++ version 4.6.2 20111019 (prerelease) (GCC)
=== gcc tests ===
Running target unix
FAIL: gcc.c-torture/compile/20030904-1.c -O3 -g (test for excess errors)
FAIL: gcc.dg/darwin-segaddr.c execution test
FAIL: gcc.dg/matrix/transpose-3.c execution, -fprofile-use -fipa-matrix-reorg -fdump-ipa-matrix-reorg -O3 -fwhole-program
FAIL: gcc.dg/tree-prof/bb-reorg.c compilation, -fprofile-use -D_PROFILE_USE
UNRESOLVED: gcc.dg/tree-prof/bb-reorg.c execution, -fprofile-use -D_PROFILE_USE
FAIL: gcc.dg/tree-prof/pr34999.c compilation, -fprofile-use -D_PROFILE_USE
UNRESOLVED: gcc.dg/tree-prof/pr34999.c execution, -fprofile-use -D_PROFILE_USE
FAIL: gcc.dg/tree-prof/pr45354.c compilation, -fprofile-use -D_PROFILE_USE
UNRESOLVED: gcc.dg/tree-prof/pr45354.c execution, -fprofile-use -D_PROFILE_USE
FAIL: gcc.target/i386/pr49866.c (test for excess errors)
=== gcc Summary ===
# of expected passes63891
# of unexpected failures7
# of expected failures211
# of unresolved testcases3
# of unsupported tests1624
/Users/fx/devel/gcc/ibin-462-x86_64/gcc/xgcc version 4.6.2 20111019 (prerelease) (GCC)
=== gfortran tests ===
Running target unix
FAIL: gfortran.dg/entry_array_specs_2.f -O3 -g (test for excess errors)
WARNING: gfortran.dg/entry_array_specs_2.f -O3 -g compilation failed to produce executable
=== gfortran Summary ===
# of expected passes38674
# of unexpected failures1
# of expected failures41
# of unsupported tests69
/Users/fx/devel/gcc/ibin-462-x86_64/gcc/testsuite/gfortran/../../gfortran version 4.6.2 20111019 (prerelease) (GCC)
=== obj-c++ tests ===
Running target unix
FAIL: obj-c++.dg/torture/strings/const-cfstring-1.mm -O0 -fnext-runtime execution test
FAIL: obj-c++.dg/torture/strings/const-cfstring-1.mm -O1 -fnext-runtime execution test
FAIL: obj-c++.dg/torture/strings/const-cfstring-1.mm -O2 -fnext-runtime execution test
FAIL: obj-c++.dg/torture/strings/const-cfstring-1.mm -O3 -fomit-frame-pointer -fnext-runtime execution test
FAIL: obj-c++.dg/torture/strings/const-cfstring-1.mm -O3 -g -fnext-runtime execution test
FAIL: obj-c++.dg/torture/strings/const-cfstring-1.mm -Os -fnext-runtime execution test
=== obj-c++ Summary ===
# of expected passes2867
# of unexpected failures6
# of expected failures19
# of unsupported tests59
/Users/fx/devel/gcc/ibin-462-x86_64/gcc/testsuite/obj-c++/../../g++ version 4.6.2 20111019 (prerelease) (GCC)
=== objc tests ===
Running target unix
FAIL: objc.dg/no-extra-load.m -fnext-runtime (test for excess errors)
UNRESOLVED: objc.dg/no-extra-load.m scan-assembler-not L_objc_msgSend\\\\\$non_lazy_ptr
FAIL: objc.dg/objc-foreach-4.m -fnext-runtime (test for excess errors)
FAIL: objc.dg/objc-foreach-5.m -fnext-runtime (test for excess errors)
UNRESOLVED: objc.dg/objc-foreach-5.m scan-assembler _addStuffUp:
FAIL: objc.dg/torture/strings/const-cfstring-1.m -O0 -fnext-runtime execution test
FAIL: objc.dg/torture/strings/const-cfstring-1.m -O1 -fnext-runtime execution test
FAIL: objc.dg/torture/strings/const-cfstring-1.m -O2 -fnext-runtime execution test
FAIL: objc.dg/torture/strings/const-cfstring-1.m -O3 -fomit-frame-pointer -fnext-runtime execution test
FAIL: objc.dg/torture/strings/const-cfstring-1.m -O3 -g -fnext-runtime execution test
FAIL: objc.dg/torture/strings/const-cfstring-1.m -Os -fnext-runtime execution test
=== objc Summary ===
# of expected passes5732
# of unexpected failures9
# of expected failures22
# of unresolved testcases2
# of unsupported tests86
/Users/fx/devel/gcc/ibin-462-x86_64/gcc/xgcc version 4.6.2 20111019 (prerelease) (GCC)
Compiler version: 4.6.2 20111019 (prerelease) (GCC)
Platform: x86_64-apple-darwin11
configure flags: --prefix=/usr/local/gfortran --with-gmp=/Users/fx/devel/gcc/deps-static/x86_64 --enable-languages=c,c++,fortran,objc,obj-c++ --build=x86_64-apple-darwin11
More information about the Gcc-testresults
mailing list