Results for 4.7.0 20111018 (experimental) (GCC) testsuite on x86_64-apple-darwin11.2.0
Jack Howarth
howarth@bromo.med.uc.edu
Tue Oct 18 23:03:00 GMT 2011
r180136 with http://gcc.gnu.org/ml/gcc-bugs/2011-09/msg01500.html and
http://gcc.gnu.org/ml/gcc-patches/2011-10/msg01622.html.
Native configuration is x86_64-apple-darwin11.2.0
=== g++ tests ===
Running target unix/-m32
WARNING: g++.dg/ext/label13.C compilation failed to produce executable
FAIL: c-c++-common/cxxbitfields-3.c scan-assembler movl.*, var
=== g++ Summary for unix/-m32 ===
# of expected passes 27864
# of unexpected failures 1
# of expected failures 156
# of unsupported tests 180
Running target unix/-m64
WARNING: g++.dg/ext/label13.C compilation failed to produce executable
FAIL: c-c++-common/cxxbitfields-3.c scan-assembler movl.*, var
=== g++ Summary for unix/-m64 ===
# of expected passes 28101
# of unexpected failures 1
# of expected failures 156
# of unsupported tests 376
=== g++ Summary ===
# of expected passes 55965
# of unexpected failures 2
# of expected failures 312
# of unsupported tests 556
/sw/src/fink.build/gcc47-4.7.0-1/darwin_objdir/gcc/testsuite/g++/../../g++ version 4.7.0 20111018 (experimental) (GCC)
=== gcc tests ===
Running target unix/-m32
FAIL: gcc.dg/20020312-2.c (test for excess errors)
FAIL: gcc.dg/darwin-segaddr.c execution test
FAIL: c-c++-common/cxxbitfields-3.c scan-assembler movl.*, var
FAIL: gcc.dg/matrix/transpose-3.c execution, -fprofile-use -fipa-matrix-reorg -fdump-ipa-matrix-reorg -O3 -fwhole-program -fno-tree-fre
FAIL: gcc.dg/torture/vector-shift2.c -O0 execution test
FAIL: gcc.dg/tree-ssa/builtin-expect-1.c scan-tree-dump-times gimple "builtin_expect[^\\n]*, 0\\);\\n[^\\n]*if" 2
FAIL: gcc.dg/tree-ssa/builtin-expect-2.c scan-tree-dump-times gimple "builtin_expect[^\\n]*, 0\\);\\n[^\\n]*if" 2
FAIL: gcc.dg/tree-ssa/builtin-expect-3.c scan-tree-dump-times gimple "builtin_expect[^\\n]*, 0\\);\\n[^\\n]*if" 2
FAIL: gcc.dg/tree-ssa/builtin-expect-4.c scan-tree-dump-times gimple "builtin_expect[^\\n]*, 0\\);\\n[^\\n]*if" 2
FAIL: gcc.dg/tree-ssa/vrp47.c scan-tree-dump-times dom1 "x[^ ]* & y" 1
XPASS: gcc.dg/vect/no-scevccp-outer-6-global.c scan-tree-dump-times vect "OUTER LOOP VECTORIZED." 1
=== gcc Summary for unix/-m32 ===
# of expected passes 79889
# of unexpected failures 10
# of unexpected successes 1
# of expected failures 240
# of unsupported tests 1857
Running target unix/-m64
FAIL: gcc.dg/darwin-segaddr.c execution test
FAIL: gcc.dg/sibcall-6.c execution test
FAIL: c-c++-common/cxxbitfields-3.c scan-assembler movl.*, var
FAIL: gcc.dg/matrix/transpose-3.c execution, -fprofile-use -fipa-matrix-reorg -fdump-ipa-matrix-reorg -O3 -fwhole-program -fno-tree-fre
FAIL: gcc.dg/torture/vector-shift2.c -O0 execution test
FAIL: gcc.dg/tree-prof/pr34999.c compilation, -fprofile-use -D_PROFILE_USE
UNRESOLVED: gcc.dg/tree-prof/pr34999.c execution, -fprofile-use -D_PROFILE_USE
FAIL: gcc.dg/tree-ssa/builtin-expect-1.c scan-tree-dump-times gimple "builtin_expect[^\\n]*, 0\\);\\n[^\\n]*if" 2
FAIL: gcc.dg/tree-ssa/builtin-expect-2.c scan-tree-dump-times gimple "builtin_expect[^\\n]*, 0\\);\\n[^\\n]*if" 2
FAIL: gcc.dg/tree-ssa/builtin-expect-3.c scan-tree-dump-times gimple "builtin_expect[^\\n]*, 0\\);\\n[^\\n]*if" 2
FAIL: gcc.dg/tree-ssa/builtin-expect-4.c scan-tree-dump-times gimple "builtin_expect[^\\n]*, 0\\);\\n[^\\n]*if" 2
FAIL: gcc.dg/tree-ssa/vrp47.c scan-tree-dump-times dom1 "x[^ ]* & y" 1
XPASS: gcc.dg/vect/no-scevccp-outer-6-global.c scan-tree-dump-times vect "OUTER LOOP VECTORIZED." 1
FAIL: gcc.target/i386/pr49866.c (test for excess errors)
=== gcc Summary for unix/-m64 ===
# of expected passes 80086
# of unexpected failures 12
# of unexpected successes 1
# of expected failures 241
# of unresolved testcases 1
# of unsupported tests 2203
=== gcc Summary ===
# of expected passes 159975
# of unexpected failures 22
# of unexpected successes 2
# of expected failures 481
# of unresolved testcases 1
# of unsupported tests 4060
/sw/src/fink.build/gcc47-4.7.0-1/darwin_objdir/gcc/xgcc version 4.7.0 20111018 (experimental) (GCC)
=== gfortran tests ===
Running target unix/-m32
FAIL: gfortran.dg/select_type_12.f03 -O (internal compiler error)
FAIL: gfortran.dg/select_type_12.f03 -O (test for excess errors)
FAIL: gfortran.fortran-torture/execute/entry_4.f90 execution, -O2
FAIL: gfortran.fortran-torture/execute/entry_4.f90 execution, -O2 -fomit-frame-pointer -finline-functions
FAIL: gfortran.fortran-torture/execute/entry_4.f90 execution, -O2 -fomit-frame-pointer -finline-functions -funroll-loops
FAIL: gfortran.fortran-torture/execute/entry_4.f90 execution, -O2 -fbounds-check
FAIL: gfortran.fortran-torture/execute/entry_4.f90 execution, -O3 -g
FAIL: gfortran.fortran-torture/execute/entry_4.f90 execution, -O2 -ftree-vectorize -msse2
=== gfortran Summary for unix/-m32 ===
# of expected passes 39599
# of unexpected failures 8
# of expected failures 52
# of unsupported tests 209
Running target unix/-m64
FAIL: gfortran.dg/select_type_12.f03 -O (internal compiler error)
FAIL: gfortran.dg/select_type_12.f03 -O (test for excess errors)
FAIL: gfortran.fortran-torture/execute/entry_4.f90 execution, -O2
FAIL: gfortran.fortran-torture/execute/entry_4.f90 execution, -O2 -fomit-frame-pointer -finline-functions
FAIL: gfortran.fortran-torture/execute/entry_4.f90 execution, -O2 -fomit-frame-pointer -finline-functions -funroll-loops
FAIL: gfortran.fortran-torture/execute/entry_4.f90 execution, -O2 -fbounds-check
FAIL: gfortran.fortran-torture/execute/entry_4.f90 execution, -O3 -g
FAIL: gfortran.fortran-torture/execute/entry_4.f90 execution, -O2 -ftree-vectorize -msse2
=== gfortran Summary for unix/-m64 ===
# of expected passes 39886
# of unexpected failures 8
# of expected failures 52
# of unsupported tests 71
=== gfortran Summary ===
# of expected passes 79485
# of unexpected failures 16
# of expected failures 104
# of unsupported tests 280
/sw/src/fink.build/gcc47-4.7.0-1/darwin_objdir/gcc/testsuite/gfortran/../../gfortran version 4.7.0 20111018 (experimental) (GCC)
=== obj-c++ tests ===
Running target unix/-m32
FAIL: obj-c++.dg/cxx-ivars-3.mm -fnext-runtime execution test
FAIL: obj-c++.dg/lto/trivial-1 obj_cpp_lto_trivial-1_0.o-obj_cpp_lto_trivial-1_0.o link, -O0 -flto -fnext-runtime
UNRESOLVED: obj-c++.dg/lto/trivial-1 obj_cpp_lto_trivial-1_0.o-obj_cpp_lto_trivial-1_0.o execute -O0 -flto -fnext-runtime
FAIL: obj-c++.dg/lto/trivial-1 obj_cpp_lto_trivial-1_0.o-obj_cpp_lto_trivial-1_0.o link, -O2 -flto -fnext-runtime
UNRESOLVED: obj-c++.dg/lto/trivial-1 obj_cpp_lto_trivial-1_0.o-obj_cpp_lto_trivial-1_0.o execute -O2 -flto -fnext-runtime
FAIL: obj-c++.dg/lto/trivial-1 obj_cpp_lto_trivial-1_0.o-obj_cpp_lto_trivial-1_0.o link, -O0 -flto -flto-partition=none -fnext-runtime
UNRESOLVED: obj-c++.dg/lto/trivial-1 obj_cpp_lto_trivial-1_0.o-obj_cpp_lto_trivial-1_0.o execute -O0 -flto -flto-partition=none -fnext-runtime
FAIL: obj-c++.dg/lto/trivial-1 obj_cpp_lto_trivial-1_0.o-obj_cpp_lto_trivial-1_0.o link, -O2 -flto -flto-partition=none -fnext-runtime
UNRESOLVED: obj-c++.dg/lto/trivial-1 obj_cpp_lto_trivial-1_0.o-obj_cpp_lto_trivial-1_0.o execute -O2 -flto -flto-partition=none -fnext-runtime
FAIL: obj-c++.dg/torture/trivial.mm -O2 -flto -flto-partition=none -fnext-runtime (test for excess errors)
WARNING: obj-c++.dg/torture/trivial.mm -O2 -flto -flto-partition=none -fnext-runtime compilation failed to produce executable
FAIL: obj-c++.dg/torture/trivial.mm -O2 -flto -fnext-runtime (test for excess errors)
WARNING: obj-c++.dg/torture/trivial.mm -O2 -flto -fnext-runtime compilation failed to produce executable
FAIL: obj-c++.dg/torture/strings/const-cfstring-1.mm -O0 -fnext-runtime execution test
FAIL: obj-c++.dg/torture/strings/const-cfstring-1.mm -O1 -fnext-runtime execution test
FAIL: obj-c++.dg/torture/strings/const-cfstring-1.mm -O2 -fnext-runtime execution test
FAIL: obj-c++.dg/torture/strings/const-cfstring-1.mm -O3 -fomit-frame-pointer -fnext-runtime execution test
FAIL: obj-c++.dg/torture/strings/const-cfstring-1.mm -O3 -g -fnext-runtime execution test
FAIL: obj-c++.dg/torture/strings/const-cfstring-1.mm -Os -fnext-runtime execution test
FAIL: obj-c++.dg/torture/strings/const-cfstring-1.mm -O2 -flto -flto-partition=none -fnext-runtime execution test
FAIL: obj-c++.dg/torture/strings/const-cfstring-1.mm -O2 -flto -fnext-runtime execution test
FAIL: obj-c++.dg/torture/strings/string1.mm -O2 -flto -flto-partition=none -fnext-runtime (test for excess errors)
FAIL: obj-c++.dg/torture/strings/string1.mm -O2 -flto -fnext-runtime (test for excess errors)
FAIL: obj-c++.dg/torture/tls/thr-init-3.mm -O2 -flto -flto-partition=none -fnext-runtime (test for excess errors)
WARNING: obj-c++.dg/torture/tls/thr-init-3.mm -O2 -flto -flto-partition=none -fnext-runtime compilation failed to produce executable
FAIL: obj-c++.dg/torture/tls/thr-init-3.mm -O2 -flto -fnext-runtime (test for excess errors)
WARNING: obj-c++.dg/torture/tls/thr-init-3.mm -O2 -flto -fnext-runtime compilation failed to produce executable
=== obj-c++ Summary for unix/-m32 ===
# of expected passes 3132
# of unexpected failures 19
# of expected failures 2
# of unresolved testcases 4
# of unsupported tests 68
Running target unix/-m64
FAIL: obj-c++.dg/torture/strings/const-cfstring-1.mm -O0 -fnext-runtime execution test
FAIL: obj-c++.dg/torture/strings/const-cfstring-1.mm -O1 -fnext-runtime execution test
FAIL: obj-c++.dg/torture/strings/const-cfstring-1.mm -O2 -fnext-runtime execution test
FAIL: obj-c++.dg/torture/strings/const-cfstring-1.mm -O3 -fomit-frame-pointer -fnext-runtime execution test
FAIL: obj-c++.dg/torture/strings/const-cfstring-1.mm -O3 -g -fnext-runtime execution test
FAIL: obj-c++.dg/torture/strings/const-cfstring-1.mm -Os -fnext-runtime execution test
FAIL: obj-c++.dg/torture/strings/const-cfstring-1.mm -O2 -flto -flto-partition=none -fnext-runtime execution test
FAIL: obj-c++.dg/torture/strings/const-cfstring-1.mm -O2 -flto -fnext-runtime execution test
FAIL: obj-c++.dg/torture/strings/string1.mm -O2 -flto -flto-partition=none -fnext-runtime (test for excess errors)
FAIL: obj-c++.dg/torture/strings/string1.mm -O2 -flto -fnext-runtime (test for excess errors)
=== obj-c++ Summary for unix/-m64 ===
# of expected passes 3099
# of unexpected failures 10
# of expected failures 19
# of unsupported tests 73
=== obj-c++ Summary ===
# of expected passes 6231
# of unexpected failures 29
# of expected failures 21
# of unresolved testcases 4
# of unsupported tests 141
/sw/src/fink.build/gcc47-4.7.0-1/darwin_objdir/gcc/testsuite/obj-c++/../../g++ version 4.7.0 20111018 (experimental) (GCC)
=== objc tests ===
Running target unix/-m32
FAIL: objc.dg/no-extra-load.m -fnext-runtime (test for excess errors)
UNRESOLVED: objc.dg/no-extra-load.m scan-assembler-not L_objc_msgSend\\\\\$non_lazy_ptr
FAIL: objc.dg/objc-foreach-4.m -fnext-runtime (test for excess errors)
FAIL: objc.dg/objc-foreach-5.m -fnext-runtime (test for excess errors)
UNRESOLVED: objc.dg/objc-foreach-5.m scan-assembler _addStuffUp:
FAIL: objc.dg/lto/trivial-1 objc_lto_trivial-1_0.o-objc_lto_trivial-1_0.o link, -O0 -flto -fnext-runtime
UNRESOLVED: objc.dg/lto/trivial-1 objc_lto_trivial-1_0.o-objc_lto_trivial-1_0.o execute -O0 -flto -fnext-runtime
FAIL: objc.dg/lto/trivial-1 objc_lto_trivial-1_0.o-objc_lto_trivial-1_0.o link, -O2 -flto -fnext-runtime
UNRESOLVED: objc.dg/lto/trivial-1 objc_lto_trivial-1_0.o-objc_lto_trivial-1_0.o execute -O2 -flto -fnext-runtime
FAIL: objc.dg/lto/trivial-1 objc_lto_trivial-1_0.o-objc_lto_trivial-1_0.o link, -O0 -flto -flto-partition=none -fnext-runtime
UNRESOLVED: objc.dg/lto/trivial-1 objc_lto_trivial-1_0.o-objc_lto_trivial-1_0.o execute -O0 -flto -flto-partition=none -fnext-runtime
FAIL: objc.dg/lto/trivial-1 objc_lto_trivial-1_0.o-objc_lto_trivial-1_0.o link, -O2 -flto -flto-partition=none -fnext-runtime
UNRESOLVED: objc.dg/lto/trivial-1 objc_lto_trivial-1_0.o-objc_lto_trivial-1_0.o execute -O2 -flto -flto-partition=none -fnext-runtime
FAIL: objc.dg/torture/forward-1.m -O2 -flto -flto-partition=none -fnext-runtime (test for excess errors)
WARNING: objc.dg/torture/forward-1.m -O2 -flto -flto-partition=none -fnext-runtime compilation failed to produce executable
FAIL: objc.dg/torture/forward-1.m -O2 -flto -fnext-runtime (test for excess errors)
WARNING: objc.dg/torture/forward-1.m -O2 -flto -fnext-runtime compilation failed to produce executable
FAIL: objc.dg/torture/trivial.m -O2 -flto -flto-partition=none -fnext-runtime (test for excess errors)
WARNING: objc.dg/torture/trivial.m -O2 -flto -flto-partition=none -fnext-runtime compilation failed to produce executable
FAIL: objc.dg/torture/trivial.m -O2 -flto -fnext-runtime (test for excess errors)
WARNING: objc.dg/torture/trivial.m -O2 -flto -fnext-runtime compilation failed to produce executable
FAIL: objc.dg/torture/strings/const-cfstring-1.m -O0 -fnext-runtime execution test
FAIL: objc.dg/torture/strings/const-cfstring-1.m -O1 -fnext-runtime execution test
FAIL: objc.dg/torture/strings/const-cfstring-1.m -O2 -fnext-runtime execution test
FAIL: objc.dg/torture/strings/const-cfstring-1.m -O3 -fomit-frame-pointer -fnext-runtime execution test
FAIL: objc.dg/torture/strings/const-cfstring-1.m -O3 -g -fnext-runtime execution test
FAIL: objc.dg/torture/strings/const-cfstring-1.m -Os -fnext-runtime execution test
FAIL: objc.dg/torture/strings/const-cfstring-1.m -O2 -flto -flto-partition=none -fnext-runtime execution test
FAIL: objc.dg/torture/strings/const-cfstring-1.m -O2 -flto -fnext-runtime execution test
FAIL: objc.dg/torture/strings/string1.m -O2 -flto -flto-partition=none -fnext-runtime (test for excess errors)
FAIL: objc.dg/torture/strings/string1.m -O2 -flto -fnext-runtime (test for excess errors)
FAIL: objc.dg/torture/strings/string2.m -O2 -flto -flto-partition=none -fnext-runtime (test for excess errors)
FAIL: objc.dg/torture/strings/string2.m -O2 -flto -fnext-runtime (test for excess errors)
FAIL: objc.dg/torture/strings/string3.m -O2 -flto -flto-partition=none -fnext-runtime (test for excess errors)
FAIL: objc.dg/torture/strings/string3.m -O2 -flto -fnext-runtime (test for excess errors)
FAIL: objc.dg/torture/strings/string4.m -O2 -flto -flto-partition=none -fnext-runtime (test for excess errors)
FAIL: objc.dg/torture/strings/string4.m -O2 -flto -fnext-runtime (test for excess errors)
FAIL: objc.dg/torture/tls/thr-init-3.m -O2 -flto -flto-partition=none -fnext-runtime (test for excess errors)
WARNING: objc.dg/torture/tls/thr-init-3.m -O2 -flto -flto-partition=none -fnext-runtime compilation failed to produce executable
FAIL: objc.dg/torture/tls/thr-init-3.m -O2 -flto -fnext-runtime (test for excess errors)
WARNING: objc.dg/torture/tls/thr-init-3.m -O2 -flto -fnext-runtime compilation failed to produce executable
=== objc Summary for unix/-m32 ===
# of expected passes 6058
# of unexpected failures 29
# of expected failures 6
# of unresolved testcases 6
# of unsupported tests 85
Running target unix/-m64
FAIL: objc.dg/no-extra-load.m -fnext-runtime (test for excess errors)
UNRESOLVED: objc.dg/no-extra-load.m scan-assembler-not L_objc_msgSend\\\\\$non_lazy_ptr
FAIL: objc.dg/objc-foreach-4.m -fnext-runtime (test for excess errors)
FAIL: objc.dg/objc-foreach-5.m -fnext-runtime (test for excess errors)
UNRESOLVED: objc.dg/objc-foreach-5.m scan-assembler _addStuffUp:
FAIL: objc.dg/torture/strings/const-cfstring-1.m -O0 -fnext-runtime execution test
FAIL: objc.dg/torture/strings/const-cfstring-1.m -O1 -fnext-runtime execution test
FAIL: objc.dg/torture/strings/const-cfstring-1.m -O2 -fnext-runtime execution test
FAIL: objc.dg/torture/strings/const-cfstring-1.m -O3 -fomit-frame-pointer -fnext-runtime execution test
FAIL: objc.dg/torture/strings/const-cfstring-1.m -O3 -g -fnext-runtime execution test
FAIL: objc.dg/torture/strings/const-cfstring-1.m -Os -fnext-runtime execution test
FAIL: objc.dg/torture/strings/const-cfstring-1.m -O2 -flto -flto-partition=none -fnext-runtime execution test
FAIL: objc.dg/torture/strings/const-cfstring-1.m -O2 -flto -fnext-runtime execution test
FAIL: objc.dg/torture/strings/string1.m -O2 -flto -flto-partition=none -fnext-runtime (test for excess errors)
FAIL: objc.dg/torture/strings/string1.m -O2 -flto -fnext-runtime (test for excess errors)
FAIL: objc.dg/torture/strings/string2.m -O2 -flto -flto-partition=none -fnext-runtime (test for excess errors)
FAIL: objc.dg/torture/strings/string2.m -O2 -flto -fnext-runtime (test for excess errors)
FAIL: objc.dg/torture/strings/string3.m -O2 -flto -flto-partition=none -fnext-runtime (test for excess errors)
FAIL: objc.dg/torture/strings/string3.m -O2 -flto -fnext-runtime (test for excess errors)
FAIL: objc.dg/torture/strings/string4.m -O2 -flto -flto-partition=none -fnext-runtime (test for excess errors)
FAIL: objc.dg/torture/strings/string4.m -O2 -flto -fnext-runtime (test for excess errors)
=== objc Summary for unix/-m64 ===
# of expected passes 6030
# of unexpected failures 19
# of expected failures 14
# of unresolved testcases 2
# of unsupported tests 91
=== objc Summary ===
# of expected passes 12088
# of unexpected failures 48
# of expected failures 20
# of unresolved testcases 8
# of unsupported tests 176
/sw/src/fink.build/gcc47-4.7.0-1/darwin_objdir/gcc/xgcc version 4.7.0 20111018 (experimental) (GCC)
=== libffi tests ===
Running target unix/-m32
=== libffi Summary for unix/-m32 ===
# of expected passes 1634
# of expected failures 10
# of unsupported tests 15
Running target unix/-m64
=== libffi Summary for unix/-m64 ===
# of expected passes 1634
# of expected failures 10
# of unsupported tests 15
=== libffi Summary ===
# of expected passes 3268
# of expected failures 20
# of unsupported tests 30
=== libjava tests ===
Running target unix/-m32
FAIL: PR16923.c compilation
=== libstdc++ tests ===
Running target unix/-m32
=== libstdc++ Summary for unix/-m32 ===
# of expected passes 7383
# of expected failures 46
# of unsupported tests 727
Running target unix/-m64
=== libstdc++ Summary for unix/-m64 ===
# of expected passes 7381
# of expected failures 46
# of unsupported tests 728
=== libstdc++ Summary ===
# of expected passes 14764
# of expected failures 92
# of unsupported tests 1455
Compiler version: 4.7.0 20111018 (experimental) (GCC)
Platform: x86_64-apple-darwin11.2.0
configure flags: --prefix=/sw --prefix=/sw/lib/gcc4.7 --mandir=/sw/share/man --infodir=/sw/lib/gcc4.7/info --with-build-config=bootstrap-lto --enable-stage1-languages=c,lto --enable-languages=c,c++,fortran,lto,objc,obj-c++,java --with-gmp=/sw --with-libiconv-prefix=/sw --with-ppl=/sw --with-cloog=/sw --with-mpc=/sw --with-system-zlib --x-includes=/usr/X11R6/include --x-libraries=/usr/X11R6/lib --program-suffix=-fsf-4.7 --enable-checking=yes --enable-cloog-backend=isl
More information about the Gcc-testresults
mailing list