Results for 4.7.0 20111017 (experimental) [trunk revision 180097] (GCC) testsuite on x86_64-apple-darwin10.8.0
Sean McGovern
sean@seanmcgovern.ca
Tue Oct 18 04:16:00 GMT 2011
\$ uname -a
Darwin homura 10.8.0 Darwin Kernel Version 10.8.0: Tue Jun 7 16:32:41 PDT 2011; root:xnu-1504.15.3~1/RELEASE_X86_64 x86_64
********
LAST_UPDATED: Mon Oct 17 21:12:20 UTC 2011 (revision 180097)
Native configuration is x86_64-apple-darwin10.8.0
=== g++ tests ===
Running target unix/-m32
UNRESOLVED: g++.dg/ext/label13.C compilation failed to produce executable
FAIL: c-c++-common/cxxbitfields-3.c scan-assembler movl.*, var
=== g++ Summary for unix/-m32 ===
# of expected passes 26336
# of unexpected failures 1
# of expected failures 154
# of unresolved testcases 1
# of unsupported tests 216
Running target unix/-m64
UNRESOLVED: g++.dg/ext/label13.C compilation failed to produce executable
FAIL: c-c++-common/cxxbitfields-3.c scan-assembler movl.*, var
=== g++ Summary for unix/-m64 ===
# of expected passes 26649
# of unexpected failures 1
# of expected failures 154
# of unresolved testcases 1
# of unsupported tests 372
=== g++ Summary ===
# of expected passes 52985
# of unexpected failures 2
# of expected failures 308
# of unresolved testcases 2
# of unsupported tests 588
/BUILD/gcc/obj-180097/gcc/testsuite/g++/../../g++ version 4.7.0 20111017 (experimental) [trunk revision 180097] (GCC)
=== gcc tests ===
Running target unix/-m32
FAIL: c-c++-common/cxxbitfields-3.c scan-assembler movl.*, var
FAIL: gcc.dg/torture/vector-shift2.c -O0 execution test
FAIL: gcc.dg/tree-ssa/vrp47.c scan-tree-dump-times dom1 "x[^ ]* & y" 1
=== gcc Summary for unix/-m32 ===
# of expected passes 66519
# of unexpected failures 3
# of expected failures 185
# of unsupported tests 1668
Running target unix/-m64
FAIL: gcc.dg/sibcall-6.c execution test
FAIL: c-c++-common/cxxbitfields-3.c scan-assembler movl.*, var
FAIL: gcc.dg/matrix/transpose-3.c execution, -fprofile-use -fipa-matrix-reorg -fdump-ipa-matrix-reorg -O3 -fwhole-program -fno-tree-fre
FAIL: gcc.dg/torture/vector-shift2.c -O0 execution test
FAIL: gcc.dg/tree-ssa/vrp47.c scan-tree-dump-times dom1 "x[^ ]* & y" 1
FAIL: gcc.target/i386/pr49866.c (test for excess errors)
=== gcc Summary for unix/-m64 ===
# of expected passes 66863
# of unexpected failures 6
# of expected failures 186
# of unsupported tests 1942
=== gcc Summary ===
# of expected passes 133382
# of unexpected failures 9
# of expected failures 371
# of unsupported tests 3610
/BUILD/gcc/obj-180097/gcc/xgcc version 4.7.0 20111017 (experimental) [trunk revision 180097] (GCC)
=== libgomp tests ===
Running target unix/-m64
FAIL: libgomp.c++/pr24455.C -O0 (test for excess errors)
UNRESOLVED: libgomp.c++/pr24455.C -O0 compilation failed to produce executable
FAIL: libgomp.c++/pr24455.C -O1 (test for excess errors)
UNRESOLVED: libgomp.c++/pr24455.C -O1 compilation failed to produce executable
FAIL: libgomp.c++/pr24455.C -O2 (test for excess errors)
UNRESOLVED: libgomp.c++/pr24455.C -O2 compilation failed to produce executable
FAIL: libgomp.c++/pr24455.C -O3 -fomit-frame-pointer (test for excess errors)
UNRESOLVED: libgomp.c++/pr24455.C -O3 -fomit-frame-pointer compilation failed to produce executable
FAIL: libgomp.c++/pr24455.C -O3 -fomit-frame-pointer -funroll-loops (test for excess errors)
UNRESOLVED: libgomp.c++/pr24455.C -O3 -fomit-frame-pointer -funroll-loops compilation failed to produce executable
FAIL: libgomp.c++/pr24455.C -O3 -fomit-frame-pointer -funroll-all-loops -finline-functions (test for excess errors)
UNRESOLVED: libgomp.c++/pr24455.C -O3 -fomit-frame-pointer -funroll-all-loops -finline-functions compilation failed to produce executable
FAIL: libgomp.c++/pr24455.C -O3 -g (test for excess errors)
UNRESOLVED: libgomp.c++/pr24455.C -O3 -g compilation failed to produce executable
FAIL: libgomp.c++/pr24455.C -Os (test for excess errors)
UNRESOLVED: libgomp.c++/pr24455.C -Os compilation failed to produce executable
=== libgomp Summary for unix/-m64 ===
# of expected passes 1267
# of unexpected failures 8
# of unresolved testcases 8
# of unsupported tests 3
Running target unix/-m32
FAIL: libgomp.c++/pr24455.C -O0 (test for excess errors)
UNRESOLVED: libgomp.c++/pr24455.C -O0 compilation failed to produce executable
FAIL: libgomp.c++/pr24455.C -O1 (test for excess errors)
UNRESOLVED: libgomp.c++/pr24455.C -O1 compilation failed to produce executable
FAIL: libgomp.c++/pr24455.C -O2 (test for excess errors)
UNRESOLVED: libgomp.c++/pr24455.C -O2 compilation failed to produce executable
FAIL: libgomp.c++/pr24455.C -O3 -fomit-frame-pointer (test for excess errors)
UNRESOLVED: libgomp.c++/pr24455.C -O3 -fomit-frame-pointer compilation failed to produce executable
FAIL: libgomp.c++/pr24455.C -O3 -fomit-frame-pointer -funroll-loops (test for excess errors)
UNRESOLVED: libgomp.c++/pr24455.C -O3 -fomit-frame-pointer -funroll-loops compilation failed to produce executable
FAIL: libgomp.c++/pr24455.C -O3 -fomit-frame-pointer -funroll-all-loops -finline-functions (test for excess errors)
UNRESOLVED: libgomp.c++/pr24455.C -O3 -fomit-frame-pointer -funroll-all-loops -finline-functions compilation failed to produce executable
FAIL: libgomp.c++/pr24455.C -O3 -g (test for excess errors)
UNRESOLVED: libgomp.c++/pr24455.C -O3 -g compilation failed to produce executable
FAIL: libgomp.c++/pr24455.C -Os (test for excess errors)
UNRESOLVED: libgomp.c++/pr24455.C -Os compilation failed to produce executable
=== libgomp Summary for unix/-m32 ===
# of expected passes 1267
# of unexpected failures 8
# of unresolved testcases 8
# of unsupported tests 3
=== libgomp Summary ===
# of expected passes 2534
# of unexpected failures 16
# of unresolved testcases 16
# of unsupported tests 6
=== libstdc++ tests ===
Running target unix/-m32
=== libstdc++ Summary for unix/-m32 ===
# of expected passes 7313
# of expected failures 46
# of unsupported tests 723
Running target unix/-m64
=== libstdc++ Summary for unix/-m64 ===
# of expected passes 7311
# of expected failures 46
# of unsupported tests 724
=== libstdc++ Summary ===
# of expected passes 14624
# of expected failures 92
# of unsupported tests 1447
=== libstdc++ Summary ===
Compiler version: 4.7.0 20111017 (experimental) [trunk revision 180097] (GCC)
Platform: x86_64-apple-darwin10.8.0
configure flags: --prefix=/BUILD/gcc/180097 --target=x86_64-apple-darwin10.8.0 --host=x86_64-apple-darwin10.8.0 --build=x86_64-apple-darwin10.8.0 --with-tune=core2 --with-gmp=/opt/gnu --with-mpfr=/opt/gnu --with-mpc=/opt/gnu --with-ppl=/opt/gnu --with-cloog=/opt/gnu --enable-cloog-backend=isl --disable-libmudflap --disable-libssp --enable-languages=c,c++ --program-suffix=-trunk
BOOT_CFLAGS=-g -O2
More information about the Gcc-testresults
mailing list