Results for 4.7.0 20111009 (experimental) [trunk revision 179718] (GCC) testsuite on powerpc-ibm-aix5.3.0.0
David Edelsohn
dje@watson.ibm.com
Mon Oct 10 14:14:00 GMT 2011
LAST_UPDATED: Sun Oct 9 01:50:25 UTC 2011 (revision 179718)
Native configuration is powerpc-ibm-aix5.3.0.0
=== g++ tests ===
Running target unix
FAIL: g++.dg/bprob/g++-bprob-2.C compilation, -g -fbranch-probabilities
UNRESOLVED: g++.dg/bprob/g++-bprob-2.C execution, -g -fbranch-probabilities
FAIL: g++.dg/bprob/g++-bprob-2.C compilation, -O0 -fbranch-probabilities
UNRESOLVED: g++.dg/bprob/g++-bprob-2.C execution, -O0 -fbranch-probabilities
FAIL: g++.dg/bprob/g++-bprob-2.C compilation, -O1 -fbranch-probabilities
UNRESOLVED: g++.dg/bprob/g++-bprob-2.C execution, -O1 -fbranch-probabilities
FAIL: g++.dg/bprob/g++-bprob-2.C compilation, -O2 -fbranch-probabilities
UNRESOLVED: g++.dg/bprob/g++-bprob-2.C execution, -O2 -fbranch-probabilities
FAIL: g++.dg/bprob/g++-bprob-2.C compilation, -O3 -fbranch-probabilities
UNRESOLVED: g++.dg/bprob/g++-bprob-2.C execution, -O3 -fbranch-probabilities
FAIL: g++.dg/bprob/g++-bprob-2.C compilation, -O3 -g -fbranch-probabilities
UNRESOLVED: g++.dg/bprob/g++-bprob-2.C execution, -O3 -g -fbranch-probabilities
FAIL: g++.dg/bprob/g++-bprob-2.C compilation, -Os -fbranch-probabilities
UNRESOLVED: g++.dg/bprob/g++-bprob-2.C execution, -Os -fbranch-probabilities
FAIL: tmpdir-g++.dg-struct-layout-1/t024 cp_compat_x_tst.o-cp_compat_y_tst.o execute
FAIL: tmpdir-g++.dg-struct-layout-1/t026 cp_compat_x_tst.o-cp_compat_y_tst.o execute
FAIL: tmpdir-g++.dg-struct-layout-1/t027 cp_compat_x_tst.o-cp_compat_y_tst.o execute
FAIL: tmpdir-g++.dg-struct-layout-1/t028 cp_compat_x_tst.o-cp_compat_y_tst.o execute
FAIL: tmpdir-g++.dg-struct-layout-1/t029 cp_compat_x_tst.o-cp_compat_y_tst.o execute
FAIL: tmpdir-g++.dg-struct-layout-1/t030 cp_compat_x_tst.o-cp_compat_y_tst.o execute
FAIL: g++.dg/debug/pr46583.C -gxcoff1 (test for excess errors)
FAIL: g++.dg/debug/pr46583.C -gxcoff1 -O2 (test for excess errors)
FAIL: g++.dg/debug/pr46583.C -gxcoff1 -O3 (test for excess errors)
FAIL: g++.dg/debug/pr46583.C -gxcoff (test for excess errors)
FAIL: g++.dg/debug/pr46583.C -gxcoff -O2 (test for excess errors)
FAIL: g++.dg/debug/pr46583.C -gxcoff -O3 (test for excess errors)
FAIL: g++.dg/debug/pr46583.C -gxcoff3 (test for excess errors)
FAIL: g++.dg/debug/pr46583.C -gxcoff3 -O2 (test for excess errors)
FAIL: g++.dg/debug/pr46583.C -gxcoff3 -O3 (test for excess errors)
FAIL: g++.dg/debug/pr46583.C -gxcoff+1 (test for excess errors)
FAIL: g++.dg/debug/pr46583.C -gxcoff+1 -O2 (test for excess errors)
FAIL: g++.dg/debug/pr46583.C -gxcoff+1 -O3 (test for excess errors)
FAIL: g++.dg/debug/pr46583.C -gxcoff+ (test for excess errors)
FAIL: g++.dg/debug/pr46583.C -gxcoff+ -O2 (test for excess errors)
FAIL: g++.dg/debug/pr46583.C -gxcoff+ -O3 (test for excess errors)
FAIL: g++.dg/debug/pr46583.C -gxcoff+3 (test for excess errors)
FAIL: g++.dg/debug/pr46583.C -gxcoff+3 -O2 (test for excess errors)
FAIL: g++.dg/debug/pr46583.C -gxcoff+3 -O3 (test for excess errors)
FAIL: g++.dg/cpp/ucn-1.C (test for excess errors)
FAIL: g++.dg/ext/alignof2.C execution test
FAIL: g++.dg/ext/visibility/anon1.C scan-assembler-not globl.*_ZN.*1fEv
FAIL: g++.dg/ext/visibility/anon2.C scan-assembler-not globl.*_Z1fv
FAIL: g++.dg/init/copy7.C execution test
FAIL: g++.dg/opt/pr48549.C (test for excess errors)
FAIL: g++.dg/other/anon5.C undefined (test for warnings, line )
FAIL: g++.dg/other/anon5.C (test for excess errors)
FAIL: g++.dg/other/pr42685.C (test for excess errors)
FAIL: g++.dg/other/unused1.C scan-assembler (string|ascii?)z?[\\t ]"printer("|\\\\\\\\0)
FAIL: g++.dg/warn/pr31246.C (test for excess errors)
FAIL: c-c++-common/pr43942.c (test for excess errors)
FAIL: g++.dg/guality/redeclaration1.C -O0 line 17 i == 24
FAIL: g++.dg/tls/diag-1.C (internal compiler error)
FAIL: g++.dg/tls/diag-1.C (test for excess errors)
FAIL: g++.dg/tls/static-1.C (internal compiler error)
FAIL: g++.dg/tls/static-1.C (test for excess errors)
WARNING: g++.dg/tls/static-1.C compilation failed to produce executable
FAIL: g++.dg/tree-prof/partition1.C compilation, -g -fprofile-use
UNRESOLVED: g++.dg/tree-prof/partition1.C execution, -g -fprofile-use
FAIL: g++.dg/tree-prof/partition1.C compilation, -O3 -g -fprofile-use
UNRESOLVED: g++.dg/tree-prof/partition1.C execution, -O3 -g -fprofile-use
FAIL: g++.dg/tree-prof/partition2.C compilation, -O3 -g -fprofile-use
UNRESOLVED: g++.dg/tree-prof/partition2.C execution, -O3 -g -fprofile-use
FAIL: g++.dg/tree-prof/partition3.C compilation, -g -fprofile-use (internal compiler error)
UNRESOLVED: g++.dg/tree-prof/partition3.C execution, -g -fprofile-use
FAIL: g++.dg/tree-prof/partition3.C compilation, -O3 -g -fprofile-use (internal compiler error)
UNRESOLVED: g++.dg/tree-prof/partition3.C execution, -O3 -g -fprofile-use
XPASS: g++.old-deja/g++.other/init19.C execution test
=== g++ Summary ===
# of expected passes 24356
# of unexpected failures 53
# of unexpected successes 1
# of expected failures 157
# of unresolved testcases 12
# of unsupported tests 490
/tmp/20111008/gcc/testsuite/g++/../../g++ version 4.7.0 20111009 (experimental) [trunk revision 179718] (GCC)
=== gcc tests ===
Running target unix
FAIL: gcc.c-torture/compile/pr44707.c -O0 (test for excess errors)
FAIL: gcc.c-torture/compile/pr44707.c -O1 (test for excess errors)
FAIL: gcc.c-torture/compile/pr44707.c -O2 (test for excess errors)
FAIL: gcc.c-torture/compile/pr44707.c -O3 -fomit-frame-pointer (test for excess errors)
FAIL: gcc.c-torture/compile/pr44707.c -O3 -g (test for excess errors)
FAIL: gcc.c-torture/compile/pr44707.c -Os (test for excess errors)
XPASS: gcc.c-torture/execute/eeprof-1.c execution, -O0
XPASS: gcc.c-torture/execute/eeprof-1.c execution, -O1
XPASS: gcc.c-torture/execute/eeprof-1.c execution, -O2
XPASS: gcc.c-torture/execute/eeprof-1.c execution, -O3 -fomit-frame-pointer
XPASS: gcc.c-torture/execute/eeprof-1.c execution, -O3 -g
XPASS: gcc.c-torture/execute/eeprof-1.c execution, -Os
FAIL: gcc.dg/cpp/assert4.c (test for excess errors)
FAIL: gcc.dg/debug/tls-1.c -gxcoff1 (internal compiler error)
FAIL: gcc.dg/debug/tls-1.c -gxcoff1 (test for excess errors)
FAIL: gcc.dg/debug/tls-1.c -gxcoff1 -O (internal compiler error)
FAIL: gcc.dg/debug/tls-1.c -gxcoff1 -O (test for excess errors)
FAIL: gcc.dg/debug/tls-1.c -gxcoff1 -O3 (internal compiler error)
FAIL: gcc.dg/debug/tls-1.c -gxcoff1 -O3 (test for excess errors)
FAIL: gcc.dg/debug/tls-1.c -gxcoff (internal compiler error)
FAIL: gcc.dg/debug/tls-1.c -gxcoff (test for excess errors)
FAIL: gcc.dg/debug/tls-1.c -gxcoff -O (internal compiler error)
FAIL: gcc.dg/debug/tls-1.c -gxcoff -O (test for excess errors)
FAIL: gcc.dg/debug/tls-1.c -gxcoff -O3 (internal compiler error)
FAIL: gcc.dg/debug/tls-1.c -gxcoff -O3 (test for excess errors)
FAIL: gcc.dg/debug/tls-1.c -gxcoff3 (internal compiler error)
FAIL: gcc.dg/debug/tls-1.c -gxcoff3 (test for excess errors)
FAIL: gcc.dg/debug/tls-1.c -gxcoff3 -O (internal compiler error)
FAIL: gcc.dg/debug/tls-1.c -gxcoff3 -O (test for excess errors)
FAIL: gcc.dg/debug/tls-1.c -gxcoff3 -O3 (internal compiler error)
FAIL: gcc.dg/debug/tls-1.c -gxcoff3 -O3 (test for excess errors)
FAIL: gcc.dg/debug/tls-1.c -gxcoff+1 (internal compiler error)
FAIL: gcc.dg/debug/tls-1.c -gxcoff+1 (test for excess errors)
FAIL: gcc.dg/debug/tls-1.c -gxcoff+1 -O (internal compiler error)
FAIL: gcc.dg/debug/tls-1.c -gxcoff+1 -O (test for excess errors)
FAIL: gcc.dg/debug/tls-1.c -gxcoff+1 -O3 (internal compiler error)
FAIL: gcc.dg/debug/tls-1.c -gxcoff+1 -O3 (test for excess errors)
FAIL: gcc.dg/debug/tls-1.c -gxcoff+ (internal compiler error)
FAIL: gcc.dg/debug/tls-1.c -gxcoff+ (test for excess errors)
FAIL: gcc.dg/debug/tls-1.c -gxcoff+ -O (internal compiler error)
FAIL: gcc.dg/debug/tls-1.c -gxcoff+ -O (test for excess errors)
FAIL: gcc.dg/debug/tls-1.c -gxcoff+ -O3 (internal compiler error)
FAIL: gcc.dg/debug/tls-1.c -gxcoff+ -O3 (test for excess errors)
FAIL: gcc.dg/debug/tls-1.c -gxcoff+3 (internal compiler error)
FAIL: gcc.dg/debug/tls-1.c -gxcoff+3 (test for excess errors)
FAIL: gcc.dg/debug/tls-1.c -gxcoff+3 -O (internal compiler error)
FAIL: gcc.dg/debug/tls-1.c -gxcoff+3 -O (test for excess errors)
FAIL: gcc.dg/debug/tls-1.c -gxcoff+3 -O3 (internal compiler error)
FAIL: gcc.dg/debug/tls-1.c -gxcoff+3 -O3 (test for excess errors)
FAIL: gcc.dg/alias-7.c execution test
FAIL: gcc.dg/asm-names.c scan-assembler-not ____frob14
FAIL: gcc.dg/const-uniq-1.c scan-tree-dump-times gimple "L\\\$?C0" 2
FAIL: gcc.dg/pr41241.c (test for excess errors)
FAIL: gcc.dg/pr41345.c (test for excess errors)
FAIL: gcc.dg/pr42629.c (test for excess errors)
FAIL: gcc.dg/pr42630.c (test for excess errors)
FAIL: gcc.dg/pr42631.c (test for excess errors)
FAIL: gcc.dg/pr42719.c (test for excess errors)
FAIL: gcc.dg/pr42728.c (test for excess errors)
FAIL: gcc.dg/pr42889.c (test for excess errors)
FAIL: gcc.dg/pr42916.c (test for excess errors)
FAIL: gcc.dg/pr43084.c (test for excess errors)
FAIL: gcc.dg/pr43670.c (test for excess errors)
FAIL: gcc.dg/pr44023.c (test for excess errors)
FAIL: gcc.dg/pr44971.c (test for excess errors)
FAIL: gcc.dg/pr45449.c (test for excess errors)
FAIL: gcc.dg/pr46771.c (test for excess errors)
FAIL: gcc.dg/pr47684.c (test for excess errors)
FAIL: gcc.dg/pr47881.c (test for excess errors)
FAIL: gcc.dg/pr48768.c (test for excess errors)
FAIL: gcc.dg/pr50017.c (test for excess errors)
FAIL: gcc.dg/pthread-init-1.c (test for excess errors)
FAIL: gcc.dg/pthread-init-2.c (test for excess errors)
FAIL: gcc.dg/scal-to-vec2.c (test for excess errors)
FAIL: gcc.dg/sms-2.c scan-rtl-dump-times sms "SMS succeeded" 1
FAIL: gcc.dg/sms-4.c scan-rtl-dump-times sms "SMS succeeded" 1
FAIL: gcc.dg/sms-5.c scan-rtl-dump-times sms "SMS succeeded" 1
FAIL: gcc.dg/sms-7.c scan-rtl-dump-times sms "SMS succeeded" 3
FAIL: gcc.dg/sms-8.c scan-rtl-dump-times sms "SMS succeeded" 1
FAIL: gcc.dg/stack-usage-1.c scan-file foo\\t(256|264)\\tstatic
FAIL: gcc.dg/ucnid-10.c (test for warnings, line 8)
FAIL: gcc.dg/ucnid-10.c (test for warnings, line 9)
FAIL: gcc.dg/ucnid-10.c (test for excess errors)
FAIL: gcc.dg/ucnid-13.c (test for warnings, line 7)
FAIL: gcc.dg/ucnid-13.c (test for warnings, line 10)
FAIL: gcc.dg/ucnid-13.c (test for warnings, line 12)
FAIL: gcc.dg/ucnid-13.c (test for errors, line 14)
FAIL: gcc.dg/ucnid-13.c (test for excess errors)
XPASS: gcc.dg/ucnid-5.c (test for excess errors)
FAIL: gcc.dg/ucnid-7.c (test for errors, line 7)
FAIL: gcc.dg/ucnid-7.c (test for errors, line 8)
FAIL: gcc.dg/ucnid-7.c (test for excess errors)
FAIL: gcc.dg/ucnid-8.c (test for errors, line 7)
FAIL: gcc.dg/ucnid-8.c (test for errors, line 8)
FAIL: gcc.dg/ucnid-8.c (test for warnings, line 10)
FAIL: gcc.dg/ucnid-8.c (test for errors, line 12)
FAIL: gcc.dg/ucnid-8.c UCN diag (test for warnings, line 14)
FAIL: gcc.dg/ucnid-8.c (test for excess errors)
FAIL: gcc.dg/vector-compare-1.c (test for excess errors)
FAIL: gcc.dg/vector-compare-2.c (test for excess errors)
FAIL: c-c++-common/pr43942.c -Wc++-compat (test for excess errors)
FAIL: gcc.dg/graphite/id-pr46845.c (test for excess errors)
FAIL: gcc.dg/graphite/block-mvt.c (test for excess errors)
WARNING: gcc.dg/graphite/block-mvt.c compilation failed to produce executable
FAIL: gcc.dg/graphite/pr42729.c (test for excess errors)
FAIL: gcc.dg/graphite/pr42917.c (test for excess errors)
FAIL: gcc.dg/tls/nonpic-1.c (internal compiler error)
FAIL: gcc.dg/tls/nonpic-1.c (test for excess errors)
FAIL: gcc.dg/tls/opt-10.c (internal compiler error)
FAIL: gcc.dg/tls/opt-10.c (test for excess errors)
FAIL: gcc.dg/tls/opt-12.c (internal compiler error)
FAIL: gcc.dg/tls/opt-12.c (test for excess errors)
WARNING: gcc.dg/tls/opt-12.c compilation failed to produce executable
FAIL: gcc.dg/tls/opt-13.c (internal compiler error)
FAIL: gcc.dg/tls/opt-13.c (test for excess errors)
FAIL: gcc.dg/tls/opt-14.c (internal compiler error)
FAIL: gcc.dg/tls/opt-14.c (test for excess errors)
FAIL: gcc.dg/tls/opt-15.c (internal compiler error)
FAIL: gcc.dg/tls/opt-15.c (test for excess errors)
FAIL: gcc.dg/tls/opt-3.c (internal compiler error)
FAIL: gcc.dg/tls/opt-3.c (test for excess errors)
FAIL: gcc.dg/tls/opt-5.c (internal compiler error)
FAIL: gcc.dg/tls/opt-5.c (test for excess errors)
FAIL: gcc.dg/tls/opt-6.c (internal compiler error)
FAIL: gcc.dg/tls/opt-6.c (test for excess errors)
FAIL: gcc.dg/tls/opt-7.c (internal compiler error)
FAIL: gcc.dg/tls/opt-7.c (test for excess errors)
FAIL: gcc.dg/tls/opt-8.c (internal compiler error)
FAIL: gcc.dg/tls/opt-8.c (test for excess errors)
FAIL: gcc.dg/tls/opt-9.c (internal compiler error)
FAIL: gcc.dg/tls/opt-9.c (test for excess errors)
FAIL: gcc.dg/tls/pic-1.c (internal compiler error)
FAIL: gcc.dg/tls/pic-1.c (test for excess errors)
FAIL: gcc.dg/tls/pr24428-2.c (internal compiler error)
FAIL: gcc.dg/tls/pr24428-2.c (test for excess errors)
WARNING: gcc.dg/tls/pr24428-2.c compilation failed to produce executable
FAIL: gcc.dg/tls/pr24428.c (internal compiler error)
FAIL: gcc.dg/tls/pr24428.c (test for excess errors)
WARNING: gcc.dg/tls/pr24428.c compilation failed to produce executable
FAIL: gcc.dg/tls/pr45870.c (internal compiler error)
FAIL: gcc.dg/tls/pr45870.c (test for excess errors)
FAIL: gcc.dg/tls/pr47715-1.c (internal compiler error)
FAIL: gcc.dg/tls/pr47715-1.c (test for excess errors)
FAIL: gcc.dg/tls/pr47715-2.c (internal compiler error)
FAIL: gcc.dg/tls/pr47715-2.c (test for excess errors)
FAIL: gcc.dg/tls/pr47715-3.c (internal compiler error)
FAIL: gcc.dg/tls/pr47715-3.c (test for excess errors)
FAIL: gcc.dg/tls/pr47715-5.c (internal compiler error)
FAIL: gcc.dg/tls/pr47715-5.c (test for excess errors)
FAIL: gcc.dg/tls/struct-1.c (internal compiler error)
FAIL: gcc.dg/tls/struct-1.c (test for excess errors)
FAIL: gcc.dg/tls/thr-cse-1.c (internal compiler error)
FAIL: gcc.dg/tls/thr-cse-1.c (test for excess errors)
UNRESOLVED: gcc.dg/tls/thr-cse-1.c scan-assembler-not emutls_get_address.*emutls_get_address.*
FAIL: gcc.dg/torture/tls/run-gd.c -O1 (internal compiler error)
FAIL: gcc.dg/torture/tls/run-gd.c -O1 (test for excess errors)
WARNING: gcc.dg/torture/tls/run-gd.c -O1 compilation failed to produce executable
FAIL: gcc.dg/torture/tls/run-gd.c -O2 (internal compiler error)
FAIL: gcc.dg/torture/tls/run-gd.c -O2 (test for excess errors)
WARNING: gcc.dg/torture/tls/run-gd.c -O2 compilation failed to produce executable
FAIL: gcc.dg/torture/tls/run-gd.c -O3 -fomit-frame-pointer (internal compiler error)
FAIL: gcc.dg/torture/tls/run-gd.c -O3 -fomit-frame-pointer (test for excess errors)
WARNING: gcc.dg/torture/tls/run-gd.c -O3 -fomit-frame-pointer compilation failed to produce executable
FAIL: gcc.dg/torture/tls/run-gd.c -O3 -g (internal compiler error)
FAIL: gcc.dg/torture/tls/run-gd.c -O3 -g (test for excess errors)
WARNING: gcc.dg/torture/tls/run-gd.c -O3 -g compilation failed to produce executable
FAIL: gcc.dg/torture/tls/run-gd.c -Os (internal compiler error)
FAIL: gcc.dg/torture/tls/run-gd.c -Os (test for excess errors)
WARNING: gcc.dg/torture/tls/run-gd.c -Os compilation failed to produce executable
FAIL: gcc.dg/torture/tls/run-gd.c -O1 -fpic (internal compiler error)
FAIL: gcc.dg/torture/tls/run-gd.c -O1 -fpic (test for excess errors)
WARNING: gcc.dg/torture/tls/run-gd.c -O1 -fpic compilation failed to produce executable
FAIL: gcc.dg/torture/tls/run-gd.c -O2 -fpic (internal compiler error)
FAIL: gcc.dg/torture/tls/run-gd.c -O2 -fpic (test for excess errors)
WARNING: gcc.dg/torture/tls/run-gd.c -O2 -fpic compilation failed to produce executable
FAIL: gcc.dg/torture/tls/run-gd.c -O3 -fomit-frame-pointer -fpic (internal compiler error)
FAIL: gcc.dg/torture/tls/run-gd.c -O3 -fomit-frame-pointer -fpic (test for excess errors)
WARNING: gcc.dg/torture/tls/run-gd.c -O3 -fomit-frame-pointer -fpic compilation failed to produce executable
FAIL: gcc.dg/torture/tls/run-gd.c -O3 -g -fpic (internal compiler error)
FAIL: gcc.dg/torture/tls/run-gd.c -O3 -g -fpic (test for excess errors)
WARNING: gcc.dg/torture/tls/run-gd.c -O3 -g -fpic compilation failed to produce executable
FAIL: gcc.dg/torture/tls/run-gd.c -Os -fpic (internal compiler error)
FAIL: gcc.dg/torture/tls/run-gd.c -Os -fpic (test for excess errors)
WARNING: gcc.dg/torture/tls/run-gd.c -Os -fpic compilation failed to produce executable
FAIL: gcc.dg/torture/tls/run-gd.c -O1 -fPIC (internal compiler error)
FAIL: gcc.dg/torture/tls/run-gd.c -O1 -fPIC (test for excess errors)
WARNING: gcc.dg/torture/tls/run-gd.c -O1 -fPIC compilation failed to produce executable
FAIL: gcc.dg/torture/tls/run-gd.c -O2 -fPIC (internal compiler error)
FAIL: gcc.dg/torture/tls/run-gd.c -O2 -fPIC (test for excess errors)
WARNING: gcc.dg/torture/tls/run-gd.c -O2 -fPIC compilation failed to produce executable
FAIL: gcc.dg/torture/tls/run-gd.c -O3 -fomit-frame-pointer -fPIC (internal compiler error)
FAIL: gcc.dg/torture/tls/run-gd.c -O3 -fomit-frame-pointer -fPIC (test for excess errors)
WARNING: gcc.dg/torture/tls/run-gd.c -O3 -fomit-frame-pointer -fPIC compilation failed to produce executable
FAIL: gcc.dg/torture/tls/run-gd.c -O3 -g -fPIC (internal compiler error)
FAIL: gcc.dg/torture/tls/run-gd.c -O3 -g -fPIC (test for excess errors)
WARNING: gcc.dg/torture/tls/run-gd.c -O3 -g -fPIC compilation failed to produce executable
FAIL: gcc.dg/torture/tls/run-gd.c -Os -fPIC (internal compiler error)
FAIL: gcc.dg/torture/tls/run-gd.c -Os -fPIC (test for excess errors)
WARNING: gcc.dg/torture/tls/run-gd.c -Os -fPIC compilation failed to produce executable
FAIL: gcc.dg/torture/tls/run-ie.c -O1 (internal compiler error)
FAIL: gcc.dg/torture/tls/run-ie.c -O1 (test for excess errors)
WARNING: gcc.dg/torture/tls/run-ie.c -O1 compilation failed to produce executable
FAIL: gcc.dg/torture/tls/run-ie.c -O2 (internal compiler error)
FAIL: gcc.dg/torture/tls/run-ie.c -O2 (test for excess errors)
WARNING: gcc.dg/torture/tls/run-ie.c -O2 compilation failed to produce executable
FAIL: gcc.dg/torture/tls/run-ie.c -O3 -fomit-frame-pointer (internal compiler error)
FAIL: gcc.dg/torture/tls/run-ie.c -O3 -fomit-frame-pointer (test for excess errors)
WARNING: gcc.dg/torture/tls/run-ie.c -O3 -fomit-frame-pointer compilation failed to produce executable
FAIL: gcc.dg/torture/tls/run-ie.c -O3 -g (internal compiler error)
FAIL: gcc.dg/torture/tls/run-ie.c -O3 -g (test for excess errors)
WARNING: gcc.dg/torture/tls/run-ie.c -O3 -g compilation failed to produce executable
FAIL: gcc.dg/torture/tls/run-ie.c -Os (internal compiler error)
FAIL: gcc.dg/torture/tls/run-ie.c -Os (test for excess errors)
WARNING: gcc.dg/torture/tls/run-ie.c -Os compilation failed to produce executable
FAIL: gcc.dg/torture/tls/run-ie.c -O1 -fpic (internal compiler error)
FAIL: gcc.dg/torture/tls/run-ie.c -O1 -fpic (test for excess errors)
WARNING: gcc.dg/torture/tls/run-ie.c -O1 -fpic compilation failed to produce executable
FAIL: gcc.dg/torture/tls/run-ie.c -O2 -fpic (internal compiler error)
FAIL: gcc.dg/torture/tls/run-ie.c -O2 -fpic (test for excess errors)
WARNING: gcc.dg/torture/tls/run-ie.c -O2 -fpic compilation failed to produce executable
FAIL: gcc.dg/torture/tls/run-ie.c -O3 -fomit-frame-pointer -fpic (internal compiler error)
FAIL: gcc.dg/torture/tls/run-ie.c -O3 -fomit-frame-pointer -fpic (test for excess errors)
WARNING: gcc.dg/torture/tls/run-ie.c -O3 -fomit-frame-pointer -fpic compilation failed to produce executable
FAIL: gcc.dg/torture/tls/run-ie.c -O3 -g -fpic (internal compiler error)
FAIL: gcc.dg/torture/tls/run-ie.c -O3 -g -fpic (test for excess errors)
WARNING: gcc.dg/torture/tls/run-ie.c -O3 -g -fpic compilation failed to produce executable
FAIL: gcc.dg/torture/tls/run-ie.c -Os -fpic (internal compiler error)
FAIL: gcc.dg/torture/tls/run-ie.c -Os -fpic (test for excess errors)
WARNING: gcc.dg/torture/tls/run-ie.c -Os -fpic compilation failed to produce executable
FAIL: gcc.dg/torture/tls/run-ie.c -O1 -fPIC (internal compiler error)
FAIL: gcc.dg/torture/tls/run-ie.c -O1 -fPIC (test for excess errors)
WARNING: gcc.dg/torture/tls/run-ie.c -O1 -fPIC compilation failed to produce executable
FAIL: gcc.dg/torture/tls/run-ie.c -O2 -fPIC (internal compiler error)
FAIL: gcc.dg/torture/tls/run-ie.c -O2 -fPIC (test for excess errors)
WARNING: gcc.dg/torture/tls/run-ie.c -O2 -fPIC compilation failed to produce executable
FAIL: gcc.dg/torture/tls/run-ie.c -O3 -fomit-frame-pointer -fPIC (internal compiler error)
FAIL: gcc.dg/torture/tls/run-ie.c -O3 -fomit-frame-pointer -fPIC (test for excess errors)
WARNING: gcc.dg/torture/tls/run-ie.c -O3 -fomit-frame-pointer -fPIC compilation failed to produce executable
FAIL: gcc.dg/torture/tls/run-ie.c -O3 -g -fPIC (internal compiler error)
FAIL: gcc.dg/torture/tls/run-ie.c -O3 -g -fPIC (test for excess errors)
WARNING: gcc.dg/torture/tls/run-ie.c -O3 -g -fPIC compilation failed to produce executable
FAIL: gcc.dg/torture/tls/run-ie.c -Os -fPIC (internal compiler error)
FAIL: gcc.dg/torture/tls/run-ie.c -Os -fPIC (test for excess errors)
WARNING: gcc.dg/torture/tls/run-ie.c -Os -fPIC compilation failed to produce executable
FAIL: gcc.dg/torture/tls/run-ld.c -O1 (internal compiler error)
FAIL: gcc.dg/torture/tls/run-ld.c -O1 (test for excess errors)
WARNING: gcc.dg/torture/tls/run-ld.c -O1 compilation failed to produce executable
FAIL: gcc.dg/torture/tls/run-ld.c -O2 (internal compiler error)
FAIL: gcc.dg/torture/tls/run-ld.c -O2 (test for excess errors)
WARNING: gcc.dg/torture/tls/run-ld.c -O2 compilation failed to produce executable
FAIL: gcc.dg/torture/tls/run-ld.c -O3 -fomit-frame-pointer (internal compiler error)
FAIL: gcc.dg/torture/tls/run-ld.c -O3 -fomit-frame-pointer (test for excess errors)
WARNING: gcc.dg/torture/tls/run-ld.c -O3 -fomit-frame-pointer compilation failed to produce executable
FAIL: gcc.dg/torture/tls/run-ld.c -O3 -g (internal compiler error)
FAIL: gcc.dg/torture/tls/run-ld.c -O3 -g (test for excess errors)
WARNING: gcc.dg/torture/tls/run-ld.c -O3 -g compilation failed to produce executable
FAIL: gcc.dg/torture/tls/run-ld.c -Os (internal compiler error)
FAIL: gcc.dg/torture/tls/run-ld.c -Os (test for excess errors)
WARNING: gcc.dg/torture/tls/run-ld.c -Os compilation failed to produce executable
FAIL: gcc.dg/torture/tls/run-ld.c -O1 -fpic (internal compiler error)
FAIL: gcc.dg/torture/tls/run-ld.c -O1 -fpic (test for excess errors)
WARNING: gcc.dg/torture/tls/run-ld.c -O1 -fpic compilation failed to produce executable
FAIL: gcc.dg/torture/tls/run-ld.c -O2 -fpic (internal compiler error)
FAIL: gcc.dg/torture/tls/run-ld.c -O2 -fpic (test for excess errors)
WARNING: gcc.dg/torture/tls/run-ld.c -O2 -fpic compilation failed to produce executable
FAIL: gcc.dg/torture/tls/run-ld.c -O3 -fomit-frame-pointer -fpic (internal compiler error)
FAIL: gcc.dg/torture/tls/run-ld.c -O3 -fomit-frame-pointer -fpic (test for excess errors)
WARNING: gcc.dg/torture/tls/run-ld.c -O3 -fomit-frame-pointer -fpic compilation failed to produce executable
FAIL: gcc.dg/torture/tls/run-ld.c -O3 -g -fpic (internal compiler error)
FAIL: gcc.dg/torture/tls/run-ld.c -O3 -g -fpic (test for excess errors)
WARNING: gcc.dg/torture/tls/run-ld.c -O3 -g -fpic compilation failed to produce executable
FAIL: gcc.dg/torture/tls/run-ld.c -Os -fpic (internal compiler error)
FAIL: gcc.dg/torture/tls/run-ld.c -Os -fpic (test for excess errors)
WARNING: gcc.dg/torture/tls/run-ld.c -Os -fpic compilation failed to produce executable
FAIL: gcc.dg/torture/tls/run-ld.c -O1 -fPIC (internal compiler error)
FAIL: gcc.dg/torture/tls/run-ld.c -O1 -fPIC (test for excess errors)
WARNING: gcc.dg/torture/tls/run-ld.c -O1 -fPIC compilation failed to produce executable
FAIL: gcc.dg/torture/tls/run-ld.c -O2 -fPIC (internal compiler error)
FAIL: gcc.dg/torture/tls/run-ld.c -O2 -fPIC (test for excess errors)
WARNING: gcc.dg/torture/tls/run-ld.c -O2 -fPIC compilation failed to produce executable
FAIL: gcc.dg/torture/tls/run-ld.c -O3 -fomit-frame-pointer -fPIC (internal compiler error)
FAIL: gcc.dg/torture/tls/run-ld.c -O3 -fomit-frame-pointer -fPIC (test for excess errors)
WARNING: gcc.dg/torture/tls/run-ld.c -O3 -fomit-frame-pointer -fPIC compilation failed to produce executable
FAIL: gcc.dg/torture/tls/run-ld.c -O3 -g -fPIC (internal compiler error)
FAIL: gcc.dg/torture/tls/run-ld.c -O3 -g -fPIC (test for excess errors)
WARNING: gcc.dg/torture/tls/run-ld.c -O3 -g -fPIC compilation failed to produce executable
FAIL: gcc.dg/torture/tls/run-ld.c -Os -fPIC (internal compiler error)
FAIL: gcc.dg/torture/tls/run-ld.c -Os -fPIC (test for excess errors)
WARNING: gcc.dg/torture/tls/run-ld.c -Os -fPIC compilation failed to produce executable
FAIL: gcc.dg/torture/tls/run-le.c -O1 (internal compiler error)
FAIL: gcc.dg/torture/tls/run-le.c -O1 (test for excess errors)
WARNING: gcc.dg/torture/tls/run-le.c -O1 compilation failed to produce executable
FAIL: gcc.dg/torture/tls/run-le.c -O2 (internal compiler error)
FAIL: gcc.dg/torture/tls/run-le.c -O2 (test for excess errors)
WARNING: gcc.dg/torture/tls/run-le.c -O2 compilation failed to produce executable
FAIL: gcc.dg/torture/tls/run-le.c -O3 -fomit-frame-pointer (internal compiler error)
FAIL: gcc.dg/torture/tls/run-le.c -O3 -fomit-frame-pointer (test for excess errors)
WARNING: gcc.dg/torture/tls/run-le.c -O3 -fomit-frame-pointer compilation failed to produce executable
FAIL: gcc.dg/torture/tls/run-le.c -O3 -g (internal compiler error)
FAIL: gcc.dg/torture/tls/run-le.c -O3 -g (test for excess errors)
WARNING: gcc.dg/torture/tls/run-le.c -O3 -g compilation failed to produce executable
FAIL: gcc.dg/torture/tls/run-le.c -Os (internal compiler error)
FAIL: gcc.dg/torture/tls/run-le.c -Os (test for excess errors)
WARNING: gcc.dg/torture/tls/run-le.c -Os compilation failed to produce executable
FAIL: gcc.dg/torture/tls/run-le.c -O1 -fpic (internal compiler error)
FAIL: gcc.dg/torture/tls/run-le.c -O1 -fpic (test for excess errors)
WARNING: gcc.dg/torture/tls/run-le.c -O1 -fpic compilation failed to produce executable
FAIL: gcc.dg/torture/tls/run-le.c -O2 -fpic (internal compiler error)
FAIL: gcc.dg/torture/tls/run-le.c -O2 -fpic (test for excess errors)
WARNING: gcc.dg/torture/tls/run-le.c -O2 -fpic compilation failed to produce executable
FAIL: gcc.dg/torture/tls/run-le.c -O3 -fomit-frame-pointer -fpic (internal compiler error)
FAIL: gcc.dg/torture/tls/run-le.c -O3 -fomit-frame-pointer -fpic (test for excess errors)
WARNING: gcc.dg/torture/tls/run-le.c -O3 -fomit-frame-pointer -fpic compilation failed to produce executable
FAIL: gcc.dg/torture/tls/run-le.c -O3 -g -fpic (internal compiler error)
FAIL: gcc.dg/torture/tls/run-le.c -O3 -g -fpic (test for excess errors)
WARNING: gcc.dg/torture/tls/run-le.c -O3 -g -fpic compilation failed to produce executable
FAIL: gcc.dg/torture/tls/run-le.c -Os -fpic (internal compiler error)
FAIL: gcc.dg/torture/tls/run-le.c -Os -fpic (test for excess errors)
WARNING: gcc.dg/torture/tls/run-le.c -Os -fpic compilation failed to produce executable
FAIL: gcc.dg/torture/tls/run-le.c -O1 -fPIC (internal compiler error)
FAIL: gcc.dg/torture/tls/run-le.c -O1 -fPIC (test for excess errors)
WARNING: gcc.dg/torture/tls/run-le.c -O1 -fPIC compilation failed to produce executable
FAIL: gcc.dg/torture/tls/run-le.c -O2 -fPIC (internal compiler error)
FAIL: gcc.dg/torture/tls/run-le.c -O2 -fPIC (test for excess errors)
WARNING: gcc.dg/torture/tls/run-le.c -O2 -fPIC compilation failed to produce executable
FAIL: gcc.dg/torture/tls/run-le.c -O3 -fomit-frame-pointer -fPIC (internal compiler error)
FAIL: gcc.dg/torture/tls/run-le.c -O3 -fomit-frame-pointer -fPIC (test for excess errors)
WARNING: gcc.dg/torture/tls/run-le.c -O3 -fomit-frame-pointer -fPIC compilation failed to produce executable
FAIL: gcc.dg/torture/tls/run-le.c -O3 -g -fPIC (internal compiler error)
FAIL: gcc.dg/torture/tls/run-le.c -O3 -g -fPIC (test for excess errors)
WARNING: gcc.dg/torture/tls/run-le.c -O3 -g -fPIC compilation failed to produce executable
FAIL: gcc.dg/torture/tls/run-le.c -Os -fPIC (internal compiler error)
FAIL: gcc.dg/torture/tls/run-le.c -Os -fPIC (test for excess errors)
WARNING: gcc.dg/torture/tls/run-le.c -Os -fPIC compilation failed to produce executable
FAIL: gcc.dg/torture/tls/thr-init-1.c -O1 (internal compiler error)
FAIL: gcc.dg/torture/tls/thr-init-1.c -O1 (test for excess errors)
WARNING: gcc.dg/torture/tls/thr-init-1.c -O1 compilation failed to produce executable
FAIL: gcc.dg/torture/tls/thr-init-1.c -O2 (internal compiler error)
FAIL: gcc.dg/torture/tls/thr-init-1.c -O2 (test for excess errors)
WARNING: gcc.dg/torture/tls/thr-init-1.c -O2 compilation failed to produce executable
FAIL: gcc.dg/torture/tls/thr-init-1.c -O3 -fomit-frame-pointer (internal compiler error)
FAIL: gcc.dg/torture/tls/thr-init-1.c -O3 -fomit-frame-pointer (test for excess errors)
WARNING: gcc.dg/torture/tls/thr-init-1.c -O3 -fomit-frame-pointer compilation failed to produce executable
FAIL: gcc.dg/torture/tls/thr-init-1.c -O3 -g (internal compiler error)
FAIL: gcc.dg/torture/tls/thr-init-1.c -O3 -g (test for excess errors)
WARNING: gcc.dg/torture/tls/thr-init-1.c -O3 -g compilation failed to produce executable
FAIL: gcc.dg/torture/tls/thr-init-1.c -Os (internal compiler error)
FAIL: gcc.dg/torture/tls/thr-init-1.c -Os (test for excess errors)
WARNING: gcc.dg/torture/tls/thr-init-1.c -Os compilation failed to produce executable
FAIL: gcc.dg/torture/tls/thr-init-1.c -O1 -fpic (internal compiler error)
FAIL: gcc.dg/torture/tls/thr-init-1.c -O1 -fpic (test for excess errors)
WARNING: gcc.dg/torture/tls/thr-init-1.c -O1 -fpic compilation failed to produce executable
FAIL: gcc.dg/torture/tls/thr-init-1.c -O2 -fpic (internal compiler error)
FAIL: gcc.dg/torture/tls/thr-init-1.c -O2 -fpic (test for excess errors)
WARNING: gcc.dg/torture/tls/thr-init-1.c -O2 -fpic compilation failed to produce executable
FAIL: gcc.dg/torture/tls/thr-init-1.c -O3 -fomit-frame-pointer -fpic (internal compiler error)
FAIL: gcc.dg/torture/tls/thr-init-1.c -O3 -fomit-frame-pointer -fpic (test for excess errors)
WARNING: gcc.dg/torture/tls/thr-init-1.c -O3 -fomit-frame-pointer -fpic compilation failed to produce executable
FAIL: gcc.dg/torture/tls/thr-init-1.c -O3 -g -fpic (internal compiler error)
FAIL: gcc.dg/torture/tls/thr-init-1.c -O3 -g -fpic (test for excess errors)
WARNING: gcc.dg/torture/tls/thr-init-1.c -O3 -g -fpic compilation failed to produce executable
FAIL: gcc.dg/torture/tls/thr-init-1.c -Os -fpic (internal compiler error)
FAIL: gcc.dg/torture/tls/thr-init-1.c -Os -fpic (test for excess errors)
WARNING: gcc.dg/torture/tls/thr-init-1.c -Os -fpic compilation failed to produce executable
FAIL: gcc.dg/torture/tls/thr-init-1.c -O1 -fPIC (internal compiler error)
FAIL: gcc.dg/torture/tls/thr-init-1.c -O1 -fPIC (test for excess errors)
WARNING: gcc.dg/torture/tls/thr-init-1.c -O1 -fPIC compilation failed to produce executable
FAIL: gcc.dg/torture/tls/thr-init-1.c -O2 -fPIC (internal compiler error)
FAIL: gcc.dg/torture/tls/thr-init-1.c -O2 -fPIC (test for excess errors)
WARNING: gcc.dg/torture/tls/thr-init-1.c -O2 -fPIC compilation failed to produce executable
FAIL: gcc.dg/torture/tls/thr-init-1.c -O3 -fomit-frame-pointer -fPIC (internal compiler error)
FAIL: gcc.dg/torture/tls/thr-init-1.c -O3 -fomit-frame-pointer -fPIC (test for excess errors)
WARNING: gcc.dg/torture/tls/thr-init-1.c -O3 -fomit-frame-pointer -fPIC compilation failed to produce executable
FAIL: gcc.dg/torture/tls/thr-init-1.c -O3 -g -fPIC (internal compiler error)
FAIL: gcc.dg/torture/tls/thr-init-1.c -O3 -g -fPIC (test for excess errors)
WARNING: gcc.dg/torture/tls/thr-init-1.c -O3 -g -fPIC compilation failed to produce executable
FAIL: gcc.dg/torture/tls/thr-init-1.c -Os -fPIC (internal compiler error)
FAIL: gcc.dg/torture/tls/thr-init-1.c -Os -fPIC (test for excess errors)
WARNING: gcc.dg/torture/tls/thr-init-1.c -Os -fPIC compilation failed to produce executable
FAIL: gcc.dg/torture/tls/thr-init-2.c -O1 (internal compiler error)
FAIL: gcc.dg/torture/tls/thr-init-2.c -O1 (test for excess errors)
WARNING: gcc.dg/torture/tls/thr-init-2.c -O1 compilation failed to produce executable
FAIL: gcc.dg/torture/tls/thr-init-2.c -O2 (internal compiler error)
FAIL: gcc.dg/torture/tls/thr-init-2.c -O2 (test for excess errors)
WARNING: gcc.dg/torture/tls/thr-init-2.c -O2 compilation failed to produce executable
FAIL: gcc.dg/torture/tls/thr-init-2.c -O3 -fomit-frame-pointer (internal compiler error)
FAIL: gcc.dg/torture/tls/thr-init-2.c -O3 -fomit-frame-pointer (test for excess errors)
WARNING: gcc.dg/torture/tls/thr-init-2.c -O3 -fomit-frame-pointer compilation failed to produce executable
FAIL: gcc.dg/torture/tls/thr-init-2.c -O3 -g (internal compiler error)
FAIL: gcc.dg/torture/tls/thr-init-2.c -O3 -g (test for excess errors)
WARNING: gcc.dg/torture/tls/thr-init-2.c -O3 -g compilation failed to produce executable
FAIL: gcc.dg/torture/tls/thr-init-2.c -Os (internal compiler error)
FAIL: gcc.dg/torture/tls/thr-init-2.c -Os (test for excess errors)
WARNING: gcc.dg/torture/tls/thr-init-2.c -Os compilation failed to produce executable
FAIL: gcc.dg/torture/tls/thr-init-2.c -O1 -fpic (internal compiler error)
FAIL: gcc.dg/torture/tls/thr-init-2.c -O1 -fpic (test for excess errors)
WARNING: gcc.dg/torture/tls/thr-init-2.c -O1 -fpic compilation failed to produce executable
FAIL: gcc.dg/torture/tls/thr-init-2.c -O2 -fpic (internal compiler error)
FAIL: gcc.dg/torture/tls/thr-init-2.c -O2 -fpic (test for excess errors)
WARNING: gcc.dg/torture/tls/thr-init-2.c -O2 -fpic compilation failed to produce executable
FAIL: gcc.dg/torture/tls/thr-init-2.c -O3 -fomit-frame-pointer -fpic (internal compiler error)
FAIL: gcc.dg/torture/tls/thr-init-2.c -O3 -fomit-frame-pointer -fpic (test for excess errors)
WARNING: gcc.dg/torture/tls/thr-init-2.c -O3 -fomit-frame-pointer -fpic compilation failed to produce executable
FAIL: gcc.dg/torture/tls/thr-init-2.c -O3 -g -fpic (internal compiler error)
FAIL: gcc.dg/torture/tls/thr-init-2.c -O3 -g -fpic (test for excess errors)
WARNING: gcc.dg/torture/tls/thr-init-2.c -O3 -g -fpic compilation failed to produce executable
FAIL: gcc.dg/torture/tls/thr-init-2.c -Os -fpic (internal compiler error)
FAIL: gcc.dg/torture/tls/thr-init-2.c -Os -fpic (test for excess errors)
WARNING: gcc.dg/torture/tls/thr-init-2.c -Os -fpic compilation failed to produce executable
FAIL: gcc.dg/torture/tls/thr-init-2.c -O1 -fPIC (internal compiler error)
FAIL: gcc.dg/torture/tls/thr-init-2.c -O1 -fPIC (test for excess errors)
WARNING: gcc.dg/torture/tls/thr-init-2.c -O1 -fPIC compilation failed to produce executable
FAIL: gcc.dg/torture/tls/thr-init-2.c -O2 -fPIC (internal compiler error)
FAIL: gcc.dg/torture/tls/thr-init-2.c -O2 -fPIC (test for excess errors)
WARNING: gcc.dg/torture/tls/thr-init-2.c -O2 -fPIC compilation failed to produce executable
FAIL: gcc.dg/torture/tls/thr-init-2.c -O3 -fomit-frame-pointer -fPIC (internal compiler error)
FAIL: gcc.dg/torture/tls/thr-init-2.c -O3 -fomit-frame-pointer -fPIC (test for excess errors)
WARNING: gcc.dg/torture/tls/thr-init-2.c -O3 -fomit-frame-pointer -fPIC compilation failed to produce executable
FAIL: gcc.dg/torture/tls/thr-init-2.c -O3 -g -fPIC (internal compiler error)
FAIL: gcc.dg/torture/tls/thr-init-2.c -O3 -g -fPIC (test for excess errors)
WARNING: gcc.dg/torture/tls/thr-init-2.c -O3 -g -fPIC compilation failed to produce executable
FAIL: gcc.dg/torture/tls/thr-init-2.c -Os -fPIC (internal compiler error)
FAIL: gcc.dg/torture/tls/thr-init-2.c -Os -fPIC (test for excess errors)
WARNING: gcc.dg/torture/tls/thr-init-2.c -Os -fPIC compilation failed to produce executable
FAIL: gcc.dg/torture/tls/tls-test.c -O1 (internal compiler error)
FAIL: gcc.dg/torture/tls/tls-test.c -O1 (test for excess errors)
WARNING: gcc.dg/torture/tls/tls-test.c -O1 compilation failed to produce executable
FAIL: gcc.dg/torture/tls/tls-test.c -O2 (internal compiler error)
FAIL: gcc.dg/torture/tls/tls-test.c -O2 (test for excess errors)
WARNING: gcc.dg/torture/tls/tls-test.c -O2 compilation failed to produce executable
FAIL: gcc.dg/torture/tls/tls-test.c -O3 -fomit-frame-pointer (internal compiler error)
FAIL: gcc.dg/torture/tls/tls-test.c -O3 -fomit-frame-pointer (test for excess errors)
WARNING: gcc.dg/torture/tls/tls-test.c -O3 -fomit-frame-pointer compilation failed to produce executable
FAIL: gcc.dg/torture/tls/tls-test.c -O3 -g (internal compiler error)
FAIL: gcc.dg/torture/tls/tls-test.c -O3 -g (test for excess errors)
WARNING: gcc.dg/torture/tls/tls-test.c -O3 -g compilation failed to produce executable
FAIL: gcc.dg/torture/tls/tls-test.c -Os (internal compiler error)
FAIL: gcc.dg/torture/tls/tls-test.c -Os (test for excess errors)
WARNING: gcc.dg/torture/tls/tls-test.c -Os compilation failed to produce executable
FAIL: gcc.dg/torture/tls/tls-test.c -O1 -fpic (internal compiler error)
FAIL: gcc.dg/torture/tls/tls-test.c -O1 -fpic (test for excess errors)
WARNING: gcc.dg/torture/tls/tls-test.c -O1 -fpic compilation failed to produce executable
FAIL: gcc.dg/torture/tls/tls-test.c -O2 -fpic (internal compiler error)
FAIL: gcc.dg/torture/tls/tls-test.c -O2 -fpic (test for excess errors)
WARNING: gcc.dg/torture/tls/tls-test.c -O2 -fpic compilation failed to produce executable
FAIL: gcc.dg/torture/tls/tls-test.c -O3 -fomit-frame-pointer -fpic (internal compiler error)
FAIL: gcc.dg/torture/tls/tls-test.c -O3 -fomit-frame-pointer -fpic (test for excess errors)
WARNING: gcc.dg/torture/tls/tls-test.c -O3 -fomit-frame-pointer -fpic compilation failed to produce executable
FAIL: gcc.dg/torture/tls/tls-test.c -O3 -g -fpic (internal compiler error)
FAIL: gcc.dg/torture/tls/tls-test.c -O3 -g -fpic (test for excess errors)
WARNING: gcc.dg/torture/tls/tls-test.c -O3 -g -fpic compilation failed to produce executable
FAIL: gcc.dg/torture/tls/tls-test.c -Os -fpic (internal compiler error)
FAIL: gcc.dg/torture/tls/tls-test.c -Os -fpic (test for excess errors)
WARNING: gcc.dg/torture/tls/tls-test.c -Os -fpic compilation failed to produce executable
FAIL: gcc.dg/torture/tls/tls-test.c -O1 -fPIC (internal compiler error)
FAIL: gcc.dg/torture/tls/tls-test.c -O1 -fPIC (test for excess errors)
WARNING: gcc.dg/torture/tls/tls-test.c -O1 -fPIC compilation failed to produce executable
FAIL: gcc.dg/torture/tls/tls-test.c -O2 -fPIC (internal compiler error)
FAIL: gcc.dg/torture/tls/tls-test.c -O2 -fPIC (test for excess errors)
WARNING: gcc.dg/torture/tls/tls-test.c -O2 -fPIC compilation failed to produce executable
FAIL: gcc.dg/torture/tls/tls-test.c -O3 -fomit-frame-pointer -fPIC (internal compiler error)
FAIL: gcc.dg/torture/tls/tls-test.c -O3 -fomit-frame-pointer -fPIC (test for excess errors)
WARNING: gcc.dg/torture/tls/tls-test.c -O3 -fomit-frame-pointer -fPIC compilation failed to produce executable
FAIL: gcc.dg/torture/tls/tls-test.c -O3 -g -fPIC (internal compiler error)
FAIL: gcc.dg/torture/tls/tls-test.c -O3 -g -fPIC (test for excess errors)
WARNING: gcc.dg/torture/tls/tls-test.c -O3 -g -fPIC compilation failed to produce executable
FAIL: gcc.dg/torture/tls/tls-test.c -Os -fPIC (internal compiler error)
FAIL: gcc.dg/torture/tls/tls-test.c -Os -fPIC (test for excess errors)
WARNING: gcc.dg/torture/tls/tls-test.c -Os -fPIC compilation failed to produce executable
FAIL: gcc.dg/tree-ssa/sra-12.c scan-tree-dump-times release_ssa "l;" 0
FAIL: gcc.dg/tree-ssa/ssa-dom-thread-4.c scan-tree-dump-times dom1 "Threaded" 3
FAIL: gcc.dg/tree-ssa/vrp47.c scan-tree-dump-times vrp1 "[xy][^ ]* !=" 0
FAIL: gcc.dg/tree-ssa/vrp47.c scan-tree-dump-times dom1 "x[^ ]* & y" 1
FAIL: gcc.dg/vect/pr48765.c (test for excess errors)
FAIL: gcc.dg/vect/pr49352.c (test for excess errors)
FAIL: gcc.dg/vect/vect-44.c scan-tree-dump-times vect "Alignment of access forced using peeling" 1
FAIL: gcc.dg/vect/vect-50.c scan-tree-dump-times vect "Alignment of access forced using peeling" 1
FAIL: gcc.dg/vect/vect-82_64.c (test for excess errors)
UNRESOLVED: gcc.dg/vect/vect-82_64.c scan-tree-dump-times vect "vectorized 1 loops" 1
FAIL: gcc.dg/vect/vect-83_64.c (test for excess errors)
UNRESOLVED: gcc.dg/vect/vect-83_64.c scan-tree-dump-times vect "vectorized 1 loops" 1
FAIL: gcc.target/powerpc/loop_align.c scan-assembler .p2align 5,,31
FAIL: gcc.target/powerpc/popcount-2.c scan-assembler popcntw
FAIL: gcc.target/powerpc/ppc-pow.c scan-assembler-times bl? pow 1
FAIL: gcc.target/powerpc/ppc-pow.c scan-assembler-times bl? sqrt 1
FAIL: gcc.target/powerpc/ppc-vector-memcpy.c scan-assembler lvx
FAIL: gcc.target/powerpc/pr46728-1.c scan-assembler-not pow
FAIL: gcc.target/powerpc/pr46728-10.c (test for excess errors)
WARNING: gcc.target/powerpc/pr46728-10.c compilation failed to produce executable
FAIL: gcc.target/powerpc/pr46728-11.c (test for excess errors)
WARNING: gcc.target/powerpc/pr46728-11.c compilation failed to produce executable
FAIL: gcc.target/powerpc/pr46728-13.c (test for excess errors)
WARNING: gcc.target/powerpc/pr46728-13.c compilation failed to produce executable
FAIL: gcc.target/powerpc/pr46728-14.c (test for excess errors)
WARNING: gcc.target/powerpc/pr46728-14.c compilation failed to produce executable
FAIL: gcc.target/powerpc/pr46728-2.c scan-assembler-not pow
FAIL: gcc.target/powerpc/pr46728-3.c scan-assembler-not pow
FAIL: gcc.target/powerpc/pr46728-4.c scan-assembler-not pow
FAIL: gcc.target/powerpc/pr46728-7.c scan-assembler-not pow
FAIL: gcc.target/powerpc/pr46728-8.c scan-assembler-not pow
=== gcc Summary ===
# of expected passes 59171
# of unexpected failures 377
# of unexpected successes 7
# of expected failures 171
# of unresolved testcases 3
# of unsupported tests 1186
/tmp/20111008/gcc/xgcc version 4.7.0 20111009 (experimental) [trunk revision 179718] (GCC)
=== gfortran tests ===
Running target unix
FAIL: gfortran.dg/coarray/lock_1.f90 -fcoarray=lib -O2 -lcaf_single execution test
FAIL: gfortran.dg/default_format_1.f90 -O0 execution test
FAIL: gfortran.dg/default_format_1.f90 -O1 execution test
FAIL: gfortran.dg/default_format_1.f90 -O2 execution test
FAIL: gfortran.dg/default_format_1.f90 -O3 -fomit-frame-pointer execution test
FAIL: gfortran.dg/default_format_1.f90 -O3 -fomit-frame-pointer -funroll-loops execution test
FAIL: gfortran.dg/default_format_1.f90 -O3 -fomit-frame-pointer -funroll-all-loops -finline-functions execution test
FAIL: gfortran.dg/default_format_1.f90 -O3 -g execution test
FAIL: gfortran.dg/default_format_1.f90 -Os execution test
FAIL: gfortran.dg/default_format_denormal_1.f90 -O0 execution test
FAIL: gfortran.dg/default_format_denormal_1.f90 -O1 execution test
FAIL: gfortran.dg/default_format_denormal_1.f90 -O2 execution test
FAIL: gfortran.dg/default_format_denormal_1.f90 -O3 -fomit-frame-pointer execution test
FAIL: gfortran.dg/default_format_denormal_1.f90 -O3 -fomit-frame-pointer -funroll-loops execution test
FAIL: gfortran.dg/default_format_denormal_1.f90 -O3 -fomit-frame-pointer -funroll-all-loops -finline-functions execution test
FAIL: gfortran.dg/default_format_denormal_1.f90 -O3 -g execution test
FAIL: gfortran.dg/default_format_denormal_1.f90 -Os execution test
FAIL: gfortran.dg/nint_2.f90 -O0 execution test
FAIL: gfortran.dg/pr47614.f -O0 (test for excess errors)
WARNING: gfortran.dg/pr47614.f -O0 compilation failed to produce executable
FAIL: gfortran.dg/pr47614.f -O1 (test for excess errors)
WARNING: gfortran.dg/pr47614.f -O1 compilation failed to produce executable
FAIL: gfortran.dg/pr47614.f -O2 (test for excess errors)
WARNING: gfortran.dg/pr47614.f -O2 compilation failed to produce executable
FAIL: gfortran.dg/pr47614.f -O3 -fomit-frame-pointer (test for excess errors)
WARNING: gfortran.dg/pr47614.f -O3 -fomit-frame-pointer compilation failed to produce executable
FAIL: gfortran.dg/pr47614.f -O3 -fomit-frame-pointer -funroll-loops (test for excess errors)
WARNING: gfortran.dg/pr47614.f -O3 -fomit-frame-pointer -funroll-loops compilation failed to produce executable
FAIL: gfortran.dg/pr47614.f -O3 -fomit-frame-pointer -funroll-all-loops -finline-functions (test for excess errors)
WARNING: gfortran.dg/pr47614.f -O3 -fomit-frame-pointer -funroll-all-loops -finline-functions compilation failed to produce executable
FAIL: gfortran.dg/pr47614.f -O3 -g (test for excess errors)
WARNING: gfortran.dg/pr47614.f -O3 -g compilation failed to produce executable
FAIL: gfortran.dg/pr47614.f -Os (test for excess errors)
WARNING: gfortran.dg/pr47614.f -Os compilation failed to produce executable
FAIL: gfortran.dg/select_type_12.f03 -O (internal compiler error)
FAIL: gfortran.dg/select_type_12.f03 -O (test for excess errors)
FAIL: gfortran.dg/gomp/appendix-a/a.32.1.f90 -O (internal compiler error)
FAIL: gfortran.dg/gomp/appendix-a/a.32.1.f90 -O (test for excess errors)
FAIL: gfortran.dg/gomp/free-1.f90 -O (internal compiler error)
FAIL: gfortran.dg/gomp/free-1.f90 -O (test for excess errors)
FAIL: gfortran.fortran-torture/execute/intrinsic_nearest.f90 execution, -O0
FAIL: gfortran.fortran-torture/execute/intrinsic_nearest.f90 execution, -O1
FAIL: gfortran.fortran-torture/execute/intrinsic_nearest.f90 execution, -O2
FAIL: gfortran.fortran-torture/execute/intrinsic_nearest.f90 execution, -O2 -fomit-frame-pointer -finline-functions
FAIL: gfortran.fortran-torture/execute/intrinsic_nearest.f90 execution, -O2 -fomit-frame-pointer -finline-functions -funroll-loops
FAIL: gfortran.fortran-torture/execute/intrinsic_nearest.f90 execution, -O2 -fbounds-check
FAIL: gfortran.fortran-torture/execute/intrinsic_nearest.f90 execution, -O3 -g
FAIL: gfortran.fortran-torture/execute/intrinsic_nearest.f90 execution, -Os
=== gfortran Summary ===
# of expected passes 38333
# of unexpected failures 40
# of expected failures 52
# of unsupported tests 391
/tmp/20111008/gcc/testsuite/gfortran/../../gfortran version 4.7.0 20111009 (experimental) [trunk revision 179718] (GCC)
=== objc tests ===
Running target unix
FAIL: objc.dg-struct-layout-encoding-1/t026_main.m execution test
FAIL: objc.dg/torture/tls/thr-init-2.m -O1 -fgnu-runtime (internal compiler error)
FAIL: objc.dg/torture/tls/thr-init-2.m -O1 -fgnu-runtime (test for excess errors)
WARNING: objc.dg/torture/tls/thr-init-2.m -O1 -fgnu-runtime compilation failed to produce executable
FAIL: objc.dg/torture/tls/thr-init-2.m -O2 -fgnu-runtime (internal compiler error)
FAIL: objc.dg/torture/tls/thr-init-2.m -O2 -fgnu-runtime (test for excess errors)
WARNING: objc.dg/torture/tls/thr-init-2.m -O2 -fgnu-runtime compilation failed to produce executable
FAIL: objc.dg/torture/tls/thr-init-2.m -O3 -fomit-frame-pointer -fgnu-runtime (internal compiler error)
FAIL: objc.dg/torture/tls/thr-init-2.m -O3 -fomit-frame-pointer -fgnu-runtime (test for excess errors)
WARNING: objc.dg/torture/tls/thr-init-2.m -O3 -fomit-frame-pointer -fgnu-runtime compilation failed to produce executable
FAIL: objc.dg/torture/tls/thr-init-2.m -O3 -g -fgnu-runtime (internal compiler error)
FAIL: objc.dg/torture/tls/thr-init-2.m -O3 -g -fgnu-runtime (test for excess errors)
WARNING: objc.dg/torture/tls/thr-init-2.m -O3 -g -fgnu-runtime compilation failed to produce executable
FAIL: objc.dg/torture/tls/thr-init-2.m -Os -fgnu-runtime (internal compiler error)
FAIL: objc.dg/torture/tls/thr-init-2.m -Os -fgnu-runtime (test for excess errors)
WARNING: objc.dg/torture/tls/thr-init-2.m -Os -fgnu-runtime compilation failed to produce executable
FAIL: objc.dg/torture/tls/thr-init-3.m -O1 -fgnu-runtime (internal compiler error)
FAIL: objc.dg/torture/tls/thr-init-3.m -O1 -fgnu-runtime (test for excess errors)
WARNING: objc.dg/torture/tls/thr-init-3.m -O1 -fgnu-runtime compilation failed to produce executable
FAIL: objc.dg/torture/tls/thr-init-3.m -O2 -fgnu-runtime (internal compiler error)
FAIL: objc.dg/torture/tls/thr-init-3.m -O2 -fgnu-runtime (test for excess errors)
WARNING: objc.dg/torture/tls/thr-init-3.m -O2 -fgnu-runtime compilation failed to produce executable
FAIL: objc.dg/torture/tls/thr-init-3.m -O3 -fomit-frame-pointer -fgnu-runtime (internal compiler error)
FAIL: objc.dg/torture/tls/thr-init-3.m -O3 -fomit-frame-pointer -fgnu-runtime (test for excess errors)
WARNING: objc.dg/torture/tls/thr-init-3.m -O3 -fomit-frame-pointer -fgnu-runtime compilation failed to produce executable
FAIL: objc.dg/torture/tls/thr-init-3.m -O3 -g -fgnu-runtime (internal compiler error)
FAIL: objc.dg/torture/tls/thr-init-3.m -O3 -g -fgnu-runtime (test for excess errors)
WARNING: objc.dg/torture/tls/thr-init-3.m -O3 -g -fgnu-runtime compilation failed to produce executable
FAIL: objc.dg/torture/tls/thr-init-3.m -Os -fgnu-runtime (internal compiler error)
FAIL: objc.dg/torture/tls/thr-init-3.m -Os -fgnu-runtime (test for excess errors)
WARNING: objc.dg/torture/tls/thr-init-3.m -Os -fgnu-runtime compilation failed to produce executable
FAIL: objc.dg/torture/tls/thr-init.m -O1 -fgnu-runtime (internal compiler error)
FAIL: objc.dg/torture/tls/thr-init.m -O1 -fgnu-runtime (test for excess errors)
WARNING: objc.dg/torture/tls/thr-init.m -O1 -fgnu-runtime compilation failed to produce executable
FAIL: objc.dg/torture/tls/thr-init.m -O2 -fgnu-runtime (internal compiler error)
FAIL: objc.dg/torture/tls/thr-init.m -O2 -fgnu-runtime (test for excess errors)
WARNING: objc.dg/torture/tls/thr-init.m -O2 -fgnu-runtime compilation failed to produce executable
FAIL: objc.dg/torture/tls/thr-init.m -O3 -fomit-frame-pointer -fgnu-runtime (internal compiler error)
FAIL: objc.dg/torture/tls/thr-init.m -O3 -fomit-frame-pointer -fgnu-runtime (test for excess errors)
WARNING: objc.dg/torture/tls/thr-init.m -O3 -fomit-frame-pointer -fgnu-runtime compilation failed to produce executable
FAIL: objc.dg/torture/tls/thr-init.m -O3 -g -fgnu-runtime (internal compiler error)
FAIL: objc.dg/torture/tls/thr-init.m -O3 -g -fgnu-runtime (test for excess errors)
WARNING: objc.dg/torture/tls/thr-init.m -O3 -g -fgnu-runtime compilation failed to produce executable
FAIL: objc.dg/torture/tls/thr-init.m -Os -fgnu-runtime (internal compiler error)
FAIL: objc.dg/torture/tls/thr-init.m -Os -fgnu-runtime (test for excess errors)
WARNING: objc.dg/torture/tls/thr-init.m -Os -fgnu-runtime compilation failed to produce executable
=== objc Summary ===
# of expected passes 2849
# of unexpected failures 31
# of expected failures 10
# of unsupported tests 66
/tmp/20111008/gcc/xgcc version 4.7.0 20111009 (experimental) [trunk revision 179718] (GCC)
=== libgomp tests ===
Running target unix
FAIL: libgomp.c/copyin-1.c (internal compiler error)
FAIL: libgomp.c/copyin-1.c (test for excess errors)
WARNING: libgomp.c/copyin-1.c compilation failed to produce executable
FAIL: libgomp.c/copyin-2.c (internal compiler error)
FAIL: libgomp.c/copyin-2.c (test for excess errors)
WARNING: libgomp.c/copyin-2.c compilation failed to produce executable
FAIL: libgomp.c++/copyin-1.C -O1 (internal compiler error)
FAIL: libgomp.c++/copyin-1.C -O1 (test for excess errors)
WARNING: libgomp.c++/copyin-1.C -O1 compilation failed to produce executable
FAIL: libgomp.c++/copyin-1.C -O2 (internal compiler error)
FAIL: libgomp.c++/copyin-1.C -O2 (test for excess errors)
WARNING: libgomp.c++/copyin-1.C -O2 compilation failed to produce executable
FAIL: libgomp.c++/copyin-1.C -O3 -fomit-frame-pointer (internal compiler error)
FAIL: libgomp.c++/copyin-1.C -O3 -fomit-frame-pointer (test for excess errors)
WARNING: libgomp.c++/copyin-1.C -O3 -fomit-frame-pointer compilation failed to produce executable
FAIL: libgomp.c++/copyin-1.C -O3 -fomit-frame-pointer -funroll-loops (internal compiler error)
FAIL: libgomp.c++/copyin-1.C -O3 -fomit-frame-pointer -funroll-loops (test for excess errors)
WARNING: libgomp.c++/copyin-1.C -O3 -fomit-frame-pointer -funroll-loops compilation failed to produce executable
FAIL: libgomp.c++/copyin-1.C -O3 -fomit-frame-pointer -funroll-all-loops -finline-functions (internal compiler error)
FAIL: libgomp.c++/copyin-1.C -O3 -fomit-frame-pointer -funroll-all-loops -finline-functions (test for excess errors)
WARNING: libgomp.c++/copyin-1.C -O3 -fomit-frame-pointer -funroll-all-loops -finline-functions compilation failed to produce executable
FAIL: libgomp.c++/copyin-1.C -O3 -g (internal compiler error)
FAIL: libgomp.c++/copyin-1.C -O3 -g (test for excess errors)
WARNING: libgomp.c++/copyin-1.C -O3 -g compilation failed to produce executable
FAIL: libgomp.c++/copyin-1.C -Os (internal compiler error)
FAIL: libgomp.c++/copyin-1.C -Os (test for excess errors)
WARNING: libgomp.c++/copyin-1.C -Os compilation failed to produce executable
FAIL: libgomp.c++/copyin-2.C -O1 (internal compiler error)
FAIL: libgomp.c++/copyin-2.C -O1 (test for excess errors)
WARNING: libgomp.c++/copyin-2.C -O1 compilation failed to produce executable
FAIL: libgomp.c++/copyin-2.C -O2 (internal compiler error)
FAIL: libgomp.c++/copyin-2.C -O2 (test for excess errors)
WARNING: libgomp.c++/copyin-2.C -O2 compilation failed to produce executable
FAIL: libgomp.c++/copyin-2.C -O3 -fomit-frame-pointer (internal compiler error)
FAIL: libgomp.c++/copyin-2.C -O3 -fomit-frame-pointer (test for excess errors)
WARNING: libgomp.c++/copyin-2.C -O3 -fomit-frame-pointer compilation failed to produce executable
FAIL: libgomp.c++/copyin-2.C -O3 -fomit-frame-pointer -funroll-loops (internal compiler error)
FAIL: libgomp.c++/copyin-2.C -O3 -fomit-frame-pointer -funroll-loops (test for excess errors)
WARNING: libgomp.c++/copyin-2.C -O3 -fomit-frame-pointer -funroll-loops compilation failed to produce executable
FAIL: libgomp.c++/copyin-2.C -O3 -fomit-frame-pointer -funroll-all-loops -finline-functions (internal compiler error)
FAIL: libgomp.c++/copyin-2.C -O3 -fomit-frame-pointer -funroll-all-loops -finline-functions (test for excess errors)
WARNING: libgomp.c++/copyin-2.C -O3 -fomit-frame-pointer -funroll-all-loops -finline-functions compilation failed to produce executable
FAIL: libgomp.c++/copyin-2.C -O3 -g (internal compiler error)
FAIL: libgomp.c++/copyin-2.C -O3 -g (test for excess errors)
WARNING: libgomp.c++/copyin-2.C -O3 -g compilation failed to produce executable
FAIL: libgomp.c++/copyin-2.C -Os (internal compiler error)
FAIL: libgomp.c++/copyin-2.C -Os (test for excess errors)
WARNING: libgomp.c++/copyin-2.C -Os compilation failed to produce executable
FAIL: libgomp.c++/ctor-10.C -O1 (internal compiler error)
FAIL: libgomp.c++/ctor-10.C -O1 (test for excess errors)
WARNING: libgomp.c++/ctor-10.C -O1 compilation failed to produce executable
FAIL: libgomp.c++/ctor-10.C -O2 (internal compiler error)
FAIL: libgomp.c++/ctor-10.C -O2 (test for excess errors)
WARNING: libgomp.c++/ctor-10.C -O2 compilation failed to produce executable
FAIL: libgomp.c++/ctor-10.C -Os (internal compiler error)
FAIL: libgomp.c++/ctor-10.C -Os (test for excess errors)
WARNING: libgomp.c++/ctor-10.C -Os compilation failed to produce executable
FAIL: libgomp.c++/ctor-5.C -O1 (internal compiler error)
FAIL: libgomp.c++/ctor-5.C -O1 (test for excess errors)
WARNING: libgomp.c++/ctor-5.C -O1 compilation failed to produce executable
FAIL: libgomp.c++/ctor-5.C -O2 (internal compiler error)
FAIL: libgomp.c++/ctor-5.C -O2 (test for excess errors)
WARNING: libgomp.c++/ctor-5.C -O2 compilation failed to produce executable
FAIL: libgomp.c++/ctor-5.C -O3 -fomit-frame-pointer (internal compiler error)
FAIL: libgomp.c++/ctor-5.C -O3 -fomit-frame-pointer (test for excess errors)
WARNING: libgomp.c++/ctor-5.C -O3 -fomit-frame-pointer compilation failed to produce executable
FAIL: libgomp.c++/ctor-5.C -O3 -fomit-frame-pointer -funroll-loops (internal compiler error)
FAIL: libgomp.c++/ctor-5.C -O3 -fomit-frame-pointer -funroll-loops (test for excess errors)
WARNING: libgomp.c++/ctor-5.C -O3 -fomit-frame-pointer -funroll-loops compilation failed to produce executable
FAIL: libgomp.c++/ctor-5.C -O3 -fomit-frame-pointer -funroll-all-loops -finline-functions (internal compiler error)
FAIL: libgomp.c++/ctor-5.C -O3 -fomit-frame-pointer -funroll-all-loops -finline-functions (test for excess errors)
WARNING: libgomp.c++/ctor-5.C -O3 -fomit-frame-pointer -funroll-all-loops -finline-functions compilation failed to produce executable
FAIL: libgomp.c++/ctor-5.C -O3 -g (internal compiler error)
FAIL: libgomp.c++/ctor-5.C -O3 -g (test for excess errors)
WARNING: libgomp.c++/ctor-5.C -O3 -g compilation failed to produce executable
FAIL: libgomp.c++/ctor-5.C -Os (internal compiler error)
FAIL: libgomp.c++/ctor-5.C -Os (test for excess errors)
WARNING: libgomp.c++/ctor-5.C -Os compilation failed to produce executable
FAIL: libgomp.c++/ctor-8.C -O1 (internal compiler error)
FAIL: libgomp.c++/ctor-8.C -O1 (test for excess errors)
WARNING: libgomp.c++/ctor-8.C -O1 compilation failed to produce executable
FAIL: libgomp.c++/ctor-8.C -O2 (internal compiler error)
FAIL: libgomp.c++/ctor-8.C -O2 (test for excess errors)
WARNING: libgomp.c++/ctor-8.C -O2 compilation failed to produce executable
FAIL: libgomp.c++/ctor-8.C -Os (internal compiler error)
FAIL: libgomp.c++/ctor-8.C -Os (test for excess errors)
WARNING: libgomp.c++/ctor-8.C -Os compilation failed to produce executable
FAIL: libgomp.c++/ctor-9.C -O1 (internal compiler error)
FAIL: libgomp.c++/ctor-9.C -O1 (test for excess errors)
WARNING: libgomp.c++/ctor-9.C -O1 compilation failed to produce executable
FAIL: libgomp.c++/ctor-9.C -O2 (internal compiler error)
FAIL: libgomp.c++/ctor-9.C -O2 (test for excess errors)
WARNING: libgomp.c++/ctor-9.C -O2 compilation failed to produce executable
FAIL: libgomp.c++/ctor-9.C -Os (internal compiler error)
FAIL: libgomp.c++/ctor-9.C -Os (test for excess errors)
WARNING: libgomp.c++/ctor-9.C -Os compilation failed to produce executable
FAIL: libgomp.c++/pr24455.C -O0 (test for excess errors)
WARNING: libgomp.c++/pr24455.C -O0 compilation failed to produce executable
FAIL: libgomp.c++/pr24455.C -O1 (internal compiler error)
FAIL: libgomp.c++/pr24455.C -O1 (test for excess errors)
WARNING: libgomp.c++/pr24455.C -O1 compilation failed to produce executable
FAIL: libgomp.c++/pr24455.C -O2 (internal compiler error)
FAIL: libgomp.c++/pr24455.C -O2 (test for excess errors)
WARNING: libgomp.c++/pr24455.C -O2 compilation failed to produce executable
FAIL: libgomp.c++/pr24455.C -O3 -fomit-frame-pointer (internal compiler error)
FAIL: libgomp.c++/pr24455.C -O3 -fomit-frame-pointer (test for excess errors)
WARNING: libgomp.c++/pr24455.C -O3 -fomit-frame-pointer compilation failed to produce executable
FAIL: libgomp.c++/pr24455.C -O3 -fomit-frame-pointer -funroll-loops (internal compiler error)
FAIL: libgomp.c++/pr24455.C -O3 -fomit-frame-pointer -funroll-loops (test for excess errors)
WARNING: libgomp.c++/pr24455.C -O3 -fomit-frame-pointer -funroll-loops compilation failed to produce executable
FAIL: libgomp.c++/pr24455.C -O3 -fomit-frame-pointer -funroll-all-loops -finline-functions (internal compiler error)
FAIL: libgomp.c++/pr24455.C -O3 -fomit-frame-pointer -funroll-all-loops -finline-functions (test for excess errors)
WARNING: libgomp.c++/pr24455.C -O3 -fomit-frame-pointer -funroll-all-loops -finline-functions compilation failed to produce executable
FAIL: libgomp.c++/pr24455.C -O3 -g (internal compiler error)
FAIL: libgomp.c++/pr24455.C -O3 -g (test for excess errors)
WARNING: libgomp.c++/pr24455.C -O3 -g compilation failed to produce executable
FAIL: libgomp.c++/pr24455.C -Os (internal compiler error)
FAIL: libgomp.c++/pr24455.C -Os (test for excess errors)
WARNING: libgomp.c++/pr24455.C -Os compilation failed to produce executable
FAIL: libgomp.fortran/allocatable2.f90 -O1 (internal compiler error)
FAIL: libgomp.fortran/allocatable2.f90 -O1 (test for excess errors)
WARNING: libgomp.fortran/allocatable2.f90 -O1 compilation failed to produce executable
FAIL: libgomp.fortran/allocatable2.f90 -O2 (internal compiler error)
FAIL: libgomp.fortran/allocatable2.f90 -O2 (test for excess errors)
WARNING: libgomp.fortran/allocatable2.f90 -O2 compilation failed to produce executable
FAIL: libgomp.fortran/allocatable2.f90 -O3 -fomit-frame-pointer (internal compiler error)
FAIL: libgomp.fortran/allocatable2.f90 -O3 -fomit-frame-pointer (test for excess errors)
WARNING: libgomp.fortran/allocatable2.f90 -O3 -fomit-frame-pointer compilation failed to produce executable
FAIL: libgomp.fortran/allocatable2.f90 -O3 -fomit-frame-pointer -funroll-loops (internal compiler error)
FAIL: libgomp.fortran/allocatable2.f90 -O3 -fomit-frame-pointer -funroll-loops (test for excess errors)
WARNING: libgomp.fortran/allocatable2.f90 -O3 -fomit-frame-pointer -funroll-loops compilation failed to produce executable
FAIL: libgomp.fortran/allocatable2.f90 -O3 -fomit-frame-pointer -funroll-all-loops -finline-functions (internal compiler error)
FAIL: libgomp.fortran/allocatable2.f90 -O3 -fomit-frame-pointer -funroll-all-loops -finline-functions (test for excess errors)
WARNING: libgomp.fortran/allocatable2.f90 -O3 -fomit-frame-pointer -funroll-all-loops -finline-functions compilation failed to produce executable
FAIL: libgomp.fortran/allocatable2.f90 -O3 -g (internal compiler error)
FAIL: libgomp.fortran/allocatable2.f90 -O3 -g (test for excess errors)
WARNING: libgomp.fortran/allocatable2.f90 -O3 -g compilation failed to produce executable
FAIL: libgomp.fortran/allocatable2.f90 -Os (internal compiler error)
FAIL: libgomp.fortran/allocatable2.f90 -Os (test for excess errors)
WARNING: libgomp.fortran/allocatable2.f90 -Os compilation failed to produce executable
FAIL: libgomp.fortran/allocatable8.f90 -O1 (internal compiler error)
FAIL: libgomp.fortran/allocatable8.f90 -O1 (test for excess errors)
WARNING: libgomp.fortran/allocatable8.f90 -O1 compilation failed to produce executable
FAIL: libgomp.fortran/allocatable8.f90 -O2 (internal compiler error)
FAIL: libgomp.fortran/allocatable8.f90 -O2 (test for excess errors)
WARNING: libgomp.fortran/allocatable8.f90 -O2 compilation failed to produce executable
FAIL: libgomp.fortran/allocatable8.f90 -O3 -fomit-frame-pointer (internal compiler error)
FAIL: libgomp.fortran/allocatable8.f90 -O3 -fomit-frame-pointer (test for excess errors)
WARNING: libgomp.fortran/allocatable8.f90 -O3 -fomit-frame-pointer compilation failed to produce executable
FAIL: libgomp.fortran/allocatable8.f90 -O3 -fomit-frame-pointer -funroll-loops (internal compiler error)
FAIL: libgomp.fortran/allocatable8.f90 -O3 -fomit-frame-pointer -funroll-loops (test for excess errors)
WARNING: libgomp.fortran/allocatable8.f90 -O3 -fomit-frame-pointer -funroll-loops compilation failed to produce executable
FAIL: libgomp.fortran/allocatable8.f90 -O3 -fomit-frame-pointer -funroll-all-loops -finline-functions (internal compiler error)
FAIL: libgomp.fortran/allocatable8.f90 -O3 -fomit-frame-pointer -funroll-all-loops -finline-functions (test for excess errors)
WARNING: libgomp.fortran/allocatable8.f90 -O3 -fomit-frame-pointer -funroll-all-loops -finline-functions compilation failed to produce executable
FAIL: libgomp.fortran/allocatable8.f90 -O3 -g (internal compiler error)
FAIL: libgomp.fortran/allocatable8.f90 -O3 -g (test for excess errors)
WARNING: libgomp.fortran/allocatable8.f90 -O3 -g compilation failed to produce executable
FAIL: libgomp.fortran/allocatable8.f90 -Os (internal compiler error)
FAIL: libgomp.fortran/allocatable8.f90 -Os (test for excess errors)
WARNING: libgomp.fortran/allocatable8.f90 -Os compilation failed to produce executable
FAIL: libgomp.fortran/appendix-a/a.22.7.f90 -O1 (internal compiler error)
FAIL: libgomp.fortran/appendix-a/a.22.7.f90 -O1 (test for excess errors)
WARNING: libgomp.fortran/appendix-a/a.22.7.f90 -O1 compilation failed to produce executable
FAIL: libgomp.fortran/appendix-a/a.22.7.f90 -O2 (internal compiler error)
FAIL: libgomp.fortran/appendix-a/a.22.7.f90 -O2 (test for excess errors)
WARNING: libgomp.fortran/appendix-a/a.22.7.f90 -O2 compilation failed to produce executable
FAIL: libgomp.fortran/appendix-a/a.22.7.f90 -O3 -fomit-frame-pointer (internal compiler error)
FAIL: libgomp.fortran/appendix-a/a.22.7.f90 -O3 -fomit-frame-pointer (test for excess errors)
WARNING: libgomp.fortran/appendix-a/a.22.7.f90 -O3 -fomit-frame-pointer compilation failed to produce executable
FAIL: libgomp.fortran/appendix-a/a.22.7.f90 -O3 -fomit-frame-pointer -funroll-loops (internal compiler error)
FAIL: libgomp.fortran/appendix-a/a.22.7.f90 -O3 -fomit-frame-pointer -funroll-loops (test for excess errors)
WARNING: libgomp.fortran/appendix-a/a.22.7.f90 -O3 -fomit-frame-pointer -funroll-loops compilation failed to produce executable
FAIL: libgomp.fortran/appendix-a/a.22.7.f90 -O3 -fomit-frame-pointer -funroll-all-loops -finline-functions (internal compiler error)
FAIL: libgomp.fortran/appendix-a/a.22.7.f90 -O3 -fomit-frame-pointer -funroll-all-loops -finline-functions (test for excess errors)
WARNING: libgomp.fortran/appendix-a/a.22.7.f90 -O3 -fomit-frame-pointer -funroll-all-loops -finline-functions compilation failed to produce executable
FAIL: libgomp.fortran/appendix-a/a.22.7.f90 -O3 -g (internal compiler error)
FAIL: libgomp.fortran/appendix-a/a.22.7.f90 -O3 -g (test for excess errors)
WARNING: libgomp.fortran/appendix-a/a.22.7.f90 -O3 -g compilation failed to produce executable
FAIL: libgomp.fortran/appendix-a/a.22.7.f90 -Os (internal compiler error)
FAIL: libgomp.fortran/appendix-a/a.22.7.f90 -Os (test for excess errors)
WARNING: libgomp.fortran/appendix-a/a.22.7.f90 -Os compilation failed to produce executable
FAIL: libgomp.fortran/appendix-a/a.22.8.f90 -O1 (internal compiler error)
FAIL: libgomp.fortran/appendix-a/a.22.8.f90 -O1 (test for excess errors)
WARNING: libgomp.fortran/appendix-a/a.22.8.f90 -O1 compilation failed to produce executable
FAIL: libgomp.fortran/appendix-a/a.22.8.f90 -O2 (internal compiler error)
FAIL: libgomp.fortran/appendix-a/a.22.8.f90 -O2 (test for excess errors)
WARNING: libgomp.fortran/appendix-a/a.22.8.f90 -O2 compilation failed to produce executable
FAIL: libgomp.fortran/appendix-a/a.22.8.f90 -Os (internal compiler error)
FAIL: libgomp.fortran/appendix-a/a.22.8.f90 -Os (test for excess errors)
WARNING: libgomp.fortran/appendix-a/a.22.8.f90 -Os compilation failed to produce executable
FAIL: libgomp.fortran/crayptr2.f90 -O1 (internal compiler error)
FAIL: libgomp.fortran/crayptr2.f90 -O1 (test for excess errors)
WARNING: libgomp.fortran/crayptr2.f90 -O1 compilation failed to produce executable
FAIL: libgomp.fortran/crayptr2.f90 -O2 (internal compiler error)
FAIL: libgomp.fortran/crayptr2.f90 -O2 (test for excess errors)
WARNING: libgomp.fortran/crayptr2.f90 -O2 compilation failed to produce executable
FAIL: libgomp.fortran/crayptr2.f90 -O3 -fomit-frame-pointer (internal compiler error)
FAIL: libgomp.fortran/crayptr2.f90 -O3 -fomit-frame-pointer (test for excess errors)
WARNING: libgomp.fortran/crayptr2.f90 -O3 -fomit-frame-pointer compilation failed to produce executable
FAIL: libgomp.fortran/crayptr2.f90 -O3 -fomit-frame-pointer -funroll-loops (internal compiler error)
FAIL: libgomp.fortran/crayptr2.f90 -O3 -fomit-frame-pointer -funroll-loops (test for excess errors)
WARNING: libgomp.fortran/crayptr2.f90 -O3 -fomit-frame-pointer -funroll-loops compilation failed to produce executable
FAIL: libgomp.fortran/crayptr2.f90 -O3 -fomit-frame-pointer -funroll-all-loops -finline-functions (internal compiler error)
FAIL: libgomp.fortran/crayptr2.f90 -O3 -fomit-frame-pointer -funroll-all-loops -finline-functions (test for excess errors)
WARNING: libgomp.fortran/crayptr2.f90 -O3 -fomit-frame-pointer -funroll-all-loops -finline-functions compilation failed to produce executable
FAIL: libgomp.fortran/crayptr2.f90 -O3 -g (internal compiler error)
FAIL: libgomp.fortran/crayptr2.f90 -O3 -g (test for excess errors)
WARNING: libgomp.fortran/crayptr2.f90 -O3 -g compilation failed to produce executable
FAIL: libgomp.fortran/crayptr2.f90 -Os (internal compiler error)
FAIL: libgomp.fortran/crayptr2.f90 -Os (test for excess errors)
WARNING: libgomp.fortran/crayptr2.f90 -Os compilation failed to produce executable
FAIL: libgomp.fortran/omp_parse3.f90 -O1 (internal compiler error)
FAIL: libgomp.fortran/omp_parse3.f90 -O1 (test for excess errors)
WARNING: libgomp.fortran/omp_parse3.f90 -O1 compilation failed to produce executable
FAIL: libgomp.fortran/omp_parse3.f90 -O2 (internal compiler error)
FAIL: libgomp.fortran/omp_parse3.f90 -O2 (test for excess errors)
WARNING: libgomp.fortran/omp_parse3.f90 -O2 compilation failed to produce executable
FAIL: libgomp.fortran/omp_parse3.f90 -O3 -fomit-frame-pointer (internal compiler error)
FAIL: libgomp.fortran/omp_parse3.f90 -O3 -fomit-frame-pointer (test for excess errors)
WARNING: libgomp.fortran/omp_parse3.f90 -O3 -fomit-frame-pointer compilation failed to produce executable
FAIL: libgomp.fortran/omp_parse3.f90 -O3 -fomit-frame-pointer -funroll-loops (internal compiler error)
FAIL: libgomp.fortran/omp_parse3.f90 -O3 -fomit-frame-pointer -funroll-loops (test for excess errors)
WARNING: libgomp.fortran/omp_parse3.f90 -O3 -fomit-frame-pointer -funroll-loops compilation failed to produce executable
FAIL: libgomp.fortran/omp_parse3.f90 -O3 -fomit-frame-pointer -funroll-all-loops -finline-functions (internal compiler error)
FAIL: libgomp.fortran/omp_parse3.f90 -O3 -fomit-frame-pointer -funroll-all-loops -finline-functions (test for excess errors)
WARNING: libgomp.fortran/omp_parse3.f90 -O3 -fomit-frame-pointer -funroll-all-loops -finline-functions compilation failed to produce executable
FAIL: libgomp.fortran/omp_parse3.f90 -O3 -g (internal compiler error)
FAIL: libgomp.fortran/omp_parse3.f90 -O3 -g (test for excess errors)
WARNING: libgomp.fortran/omp_parse3.f90 -O3 -g compilation failed to produce executable
FAIL: libgomp.fortran/omp_parse3.f90 -Os (internal compiler error)
FAIL: libgomp.fortran/omp_parse3.f90 -Os (test for excess errors)
WARNING: libgomp.fortran/omp_parse3.f90 -Os compilation failed to produce executable
FAIL: libgomp.fortran/pointer2.f90 -O1 (internal compiler error)
FAIL: libgomp.fortran/pointer2.f90 -O1 (test for excess errors)
WARNING: libgomp.fortran/pointer2.f90 -O1 compilation failed to produce executable
FAIL: libgomp.fortran/pointer2.f90 -O2 (internal compiler error)
FAIL: libgomp.fortran/pointer2.f90 -O2 (test for excess errors)
WARNING: libgomp.fortran/pointer2.f90 -O2 compilation failed to produce executable
FAIL: libgomp.fortran/pointer2.f90 -O3 -fomit-frame-pointer (internal compiler error)
FAIL: libgomp.fortran/pointer2.f90 -O3 -fomit-frame-pointer (test for excess errors)
WARNING: libgomp.fortran/pointer2.f90 -O3 -fomit-frame-pointer compilation failed to produce executable
FAIL: libgomp.fortran/pointer2.f90 -O3 -fomit-frame-pointer -funroll-loops (internal compiler error)
FAIL: libgomp.fortran/pointer2.f90 -O3 -fomit-frame-pointer -funroll-loops (test for excess errors)
WARNING: libgomp.fortran/pointer2.f90 -O3 -fomit-frame-pointer -funroll-loops compilation failed to produce executable
FAIL: libgomp.fortran/pointer2.f90 -O3 -fomit-frame-pointer -funroll-all-loops -finline-functions (internal compiler error)
FAIL: libgomp.fortran/pointer2.f90 -O3 -fomit-frame-pointer -funroll-all-loops -finline-functions (test for excess errors)
WARNING: libgomp.fortran/pointer2.f90 -O3 -fomit-frame-pointer -funroll-all-loops -finline-functions compilation failed to produce executable
FAIL: libgomp.fortran/pointer2.f90 -O3 -g (internal compiler error)
FAIL: libgomp.fortran/pointer2.f90 -O3 -g (test for excess errors)
WARNING: libgomp.fortran/pointer2.f90 -O3 -g compilation failed to produce executable
FAIL: libgomp.fortran/pointer2.f90 -Os (internal compiler error)
FAIL: libgomp.fortran/pointer2.f90 -Os (test for excess errors)
WARNING: libgomp.fortran/pointer2.f90 -Os compilation failed to produce executable
FAIL: libgomp.fortran/pr32359.f90 -O (internal compiler error)
FAIL: libgomp.fortran/pr32359.f90 -O (test for excess errors)
FAIL: libgomp.fortran/pr32550.f90 -O1 (internal compiler error)
FAIL: libgomp.fortran/pr32550.f90 -O1 (test for excess errors)
WARNING: libgomp.fortran/pr32550.f90 -O1 compilation failed to produce executable
FAIL: libgomp.fortran/pr32550.f90 -O2 (internal compiler error)
FAIL: libgomp.fortran/pr32550.f90 -O2 (test for excess errors)
WARNING: libgomp.fortran/pr32550.f90 -O2 compilation failed to produce executable
FAIL: libgomp.fortran/pr32550.f90 -O3 -fomit-frame-pointer (internal compiler error)
FAIL: libgomp.fortran/pr32550.f90 -O3 -fomit-frame-pointer (test for excess errors)
WARNING: libgomp.fortran/pr32550.f90 -O3 -fomit-frame-pointer compilation failed to produce executable
FAIL: libgomp.fortran/pr32550.f90 -O3 -fomit-frame-pointer -funroll-loops (internal compiler error)
FAIL: libgomp.fortran/pr32550.f90 -O3 -fomit-frame-pointer -funroll-loops (test for excess errors)
WARNING: libgomp.fortran/pr32550.f90 -O3 -fomit-frame-pointer -funroll-loops compilation failed to produce executable
FAIL: libgomp.fortran/pr32550.f90 -O3 -fomit-frame-pointer -funroll-all-loops -finline-functions (internal compiler error)
FAIL: libgomp.fortran/pr32550.f90 -O3 -fomit-frame-pointer -funroll-all-loops -finline-functions (test for excess errors)
WARNING: libgomp.fortran/pr32550.f90 -O3 -fomit-frame-pointer -funroll-all-loops -finline-functions compilation failed to produce executable
FAIL: libgomp.fortran/pr32550.f90 -O3 -g (internal compiler error)
FAIL: libgomp.fortran/pr32550.f90 -O3 -g (test for excess errors)
WARNING: libgomp.fortran/pr32550.f90 -O3 -g compilation failed to produce executable
FAIL: libgomp.fortran/pr32550.f90 -Os (internal compiler error)
FAIL: libgomp.fortran/pr32550.f90 -Os (test for excess errors)
WARNING: libgomp.fortran/pr32550.f90 -Os compilation failed to produce executable
FAIL: libgomp.fortran/recursion1.f90 -O0 execution test
FAIL: libgomp.fortran/recursion1.f90 -O1 execution test
FAIL: libgomp.fortran/recursion1.f90 -O2 execution test
FAIL: libgomp.fortran/recursion1.f90 -O3 -fomit-frame-pointer execution test
FAIL: libgomp.fortran/recursion1.f90 -O3 -fomit-frame-pointer -funroll-loops execution test
FAIL: libgomp.fortran/recursion1.f90 -O3 -fomit-frame-pointer -funroll-all-loops -finline-functions execution test
FAIL: libgomp.fortran/recursion1.f90 -O3 -g execution test
FAIL: libgomp.fortran/recursion1.f90 -Os execution test
FAIL: libgomp.fortran/threadprivate1.f90 -O1 (internal compiler error)
FAIL: libgomp.fortran/threadprivate1.f90 -O1 (test for excess errors)
WARNING: libgomp.fortran/threadprivate1.f90 -O1 compilation failed to produce executable
FAIL: libgomp.fortran/threadprivate1.f90 -O2 (internal compiler error)
FAIL: libgomp.fortran/threadprivate1.f90 -O2 (test for excess errors)
WARNING: libgomp.fortran/threadprivate1.f90 -O2 compilation failed to produce executable
FAIL: libgomp.fortran/threadprivate1.f90 -O3 -fomit-frame-pointer (internal compiler error)
FAIL: libgomp.fortran/threadprivate1.f90 -O3 -fomit-frame-pointer (test for excess errors)
WARNING: libgomp.fortran/threadprivate1.f90 -O3 -fomit-frame-pointer compilation failed to produce executable
FAIL: libgomp.fortran/threadprivate1.f90 -O3 -fomit-frame-pointer -funroll-loops (internal compiler error)
FAIL: libgomp.fortran/threadprivate1.f90 -O3 -fomit-frame-pointer -funroll-loops (test for excess errors)
WARNING: libgomp.fortran/threadprivate1.f90 -O3 -fomit-frame-pointer -funroll-loops compilation failed to produce executable
FAIL: libgomp.fortran/threadprivate1.f90 -O3 -fomit-frame-pointer -funroll-all-loops -finline-functions (internal compiler error)
FAIL: libgomp.fortran/threadprivate1.f90 -O3 -fomit-frame-pointer -funroll-all-loops -finline-functions (test for excess errors)
WARNING: libgomp.fortran/threadprivate1.f90 -O3 -fomit-frame-pointer -funroll-all-loops -finline-functions compilation failed to produce executable
FAIL: libgomp.fortran/threadprivate1.f90 -O3 -g (internal compiler error)
FAIL: libgomp.fortran/threadprivate1.f90 -O3 -g (test for excess errors)
WARNING: libgomp.fortran/threadprivate1.f90 -O3 -g compilation failed to produce executable
FAIL: libgomp.fortran/threadprivate1.f90 -Os (internal compiler error)
FAIL: libgomp.fortran/threadprivate1.f90 -Os (test for excess errors)
WARNING: libgomp.fortran/threadprivate1.f90 -Os compilation failed to produce executable
FAIL: libgomp.fortran/threadprivate2.f90 -O1 (internal compiler error)
FAIL: libgomp.fortran/threadprivate2.f90 -O1 (test for excess errors)
WARNING: libgomp.fortran/threadprivate2.f90 -O1 compilation failed to produce executable
FAIL: libgomp.fortran/threadprivate2.f90 -O2 (internal compiler error)
FAIL: libgomp.fortran/threadprivate2.f90 -O2 (test for excess errors)
WARNING: libgomp.fortran/threadprivate2.f90 -O2 compilation failed to produce executable
FAIL: libgomp.fortran/threadprivate2.f90 -O3 -fomit-frame-pointer (internal compiler error)
FAIL: libgomp.fortran/threadprivate2.f90 -O3 -fomit-frame-pointer (test for excess errors)
WARNING: libgomp.fortran/threadprivate2.f90 -O3 -fomit-frame-pointer compilation failed to produce executable
FAIL: libgomp.fortran/threadprivate2.f90 -O3 -fomit-frame-pointer -funroll-loops (internal compiler error)
FAIL: libgomp.fortran/threadprivate2.f90 -O3 -fomit-frame-pointer -funroll-loops (test for excess errors)
WARNING: libgomp.fortran/threadprivate2.f90 -O3 -fomit-frame-pointer -funroll-loops compilation failed to produce executable
FAIL: libgomp.fortran/threadprivate2.f90 -O3 -fomit-frame-pointer -funroll-all-loops -finline-functions (internal compiler error)
FAIL: libgomp.fortran/threadprivate2.f90 -O3 -fomit-frame-pointer -funroll-all-loops -finline-functions (test for excess errors)
WARNING: libgomp.fortran/threadprivate2.f90 -O3 -fomit-frame-pointer -funroll-all-loops -finline-functions compilation failed to produce executable
FAIL: libgomp.fortran/threadprivate2.f90 -O3 -g (internal compiler error)
FAIL: libgomp.fortran/threadprivate2.f90 -O3 -g (test for excess errors)
WARNING: libgomp.fortran/threadprivate2.f90 -O3 -g compilation failed to produce executable
FAIL: libgomp.fortran/threadprivate2.f90 -Os (internal compiler error)
FAIL: libgomp.fortran/threadprivate2.f90 -Os (test for excess errors)
WARNING: libgomp.fortran/threadprivate2.f90 -Os compilation failed to produce executable
FAIL: libgomp.fortran/threadprivate3.f90 -O1 (internal compiler error)
FAIL: libgomp.fortran/threadprivate3.f90 -O1 (test for excess errors)
WARNING: libgomp.fortran/threadprivate3.f90 -O1 compilation failed to produce executable
FAIL: libgomp.fortran/threadprivate3.f90 -O2 (internal compiler error)
FAIL: libgomp.fortran/threadprivate3.f90 -O2 (test for excess errors)
WARNING: libgomp.fortran/threadprivate3.f90 -O2 compilation failed to produce executable
FAIL: libgomp.fortran/threadprivate3.f90 -O3 -fomit-frame-pointer (internal compiler error)
FAIL: libgomp.fortran/threadprivate3.f90 -O3 -fomit-frame-pointer (test for excess errors)
WARNING: libgomp.fortran/threadprivate3.f90 -O3 -fomit-frame-pointer compilation failed to produce executable
FAIL: libgomp.fortran/threadprivate3.f90 -O3 -fomit-frame-pointer -funroll-loops (internal compiler error)
FAIL: libgomp.fortran/threadprivate3.f90 -O3 -fomit-frame-pointer -funroll-loops (test for excess errors)
WARNING: libgomp.fortran/threadprivate3.f90 -O3 -fomit-frame-pointer -funroll-loops compilation failed to produce executable
FAIL: libgomp.fortran/threadprivate3.f90 -O3 -fomit-frame-pointer -funroll-all-loops -finline-functions (internal compiler error)
FAIL: libgomp.fortran/threadprivate3.f90 -O3 -fomit-frame-pointer -funroll-all-loops -finline-functions (test for excess errors)
WARNING: libgomp.fortran/threadprivate3.f90 -O3 -fomit-frame-pointer -funroll-all-loops -finline-functions compilation failed to produce executable
FAIL: libgomp.fortran/threadprivate3.f90 -O3 -g (internal compiler error)
FAIL: libgomp.fortran/threadprivate3.f90 -O3 -g (test for excess errors)
WARNING: libgomp.fortran/threadprivate3.f90 -O3 -g compilation failed to produce executable
FAIL: libgomp.fortran/threadprivate3.f90 -Os (internal compiler error)
FAIL: libgomp.fortran/threadprivate3.f90 -Os (test for excess errors)
WARNING: libgomp.fortran/threadprivate3.f90 -Os compilation failed to produce executable
FAIL: libgomp.fortran/threadprivate4.f90 -O0 (test for excess errors)
WARNING: libgomp.fortran/threadprivate4.f90 -O0 compilation failed to produce executable
FAIL: libgomp.fortran/threadprivate4.f90 -O1 (internal compiler error)
FAIL: libgomp.fortran/threadprivate4.f90 -O1 (test for excess errors)
WARNING: libgomp.fortran/threadprivate4.f90 -O1 compilation failed to produce executable
FAIL: libgomp.fortran/threadprivate4.f90 -O2 (internal compiler error)
FAIL: libgomp.fortran/threadprivate4.f90 -O2 (test for excess errors)
WARNING: libgomp.fortran/threadprivate4.f90 -O2 compilation failed to produce executable
FAIL: libgomp.fortran/threadprivate4.f90 -O3 -fomit-frame-pointer (internal compiler error)
FAIL: libgomp.fortran/threadprivate4.f90 -O3 -fomit-frame-pointer (test for excess errors)
WARNING: libgomp.fortran/threadprivate4.f90 -O3 -fomit-frame-pointer compilation failed to produce executable
FAIL: libgomp.fortran/threadprivate4.f90 -O3 -fomit-frame-pointer -funroll-loops (internal compiler error)
FAIL: libgomp.fortran/threadprivate4.f90 -O3 -fomit-frame-pointer -funroll-loops (test for excess errors)
WARNING: libgomp.fortran/threadprivate4.f90 -O3 -fomit-frame-pointer -funroll-loops compilation failed to produce executable
FAIL: libgomp.fortran/threadprivate4.f90 -O3 -fomit-frame-pointer -funroll-all-loops -finline-functions (internal compiler error)
FAIL: libgomp.fortran/threadprivate4.f90 -O3 -fomit-frame-pointer -funroll-all-loops -finline-functions (test for excess errors)
WARNING: libgomp.fortran/threadprivate4.f90 -O3 -fomit-frame-pointer -funroll-all-loops -finline-functions compilation failed to produce executable
FAIL: libgomp.fortran/threadprivate4.f90 -O3 -g (internal compiler error)
FAIL: libgomp.fortran/threadprivate4.f90 -O3 -g (test for excess errors)
WARNING: libgomp.fortran/threadprivate4.f90 -O3 -g compilation failed to produce executable
FAIL: libgomp.fortran/threadprivate4.f90 -Os (internal compiler error)
FAIL: libgomp.fortran/threadprivate4.f90 -Os (test for excess errors)
WARNING: libgomp.fortran/threadprivate4.f90 -Os compilation failed to produce executable
=== libgomp Summary ===
# of expected passes 2737
# of unexpected failures 250
# of unsupported tests 3
=== libstdc++ tests ===
Running target unix
FAIL: 21_strings/basic_string/inserters_extractors/wchar_t/28277.cc execution test
FAIL: 23_containers/vector/profile/vector.cc execution test
FAIL: 26_numerics/headers/cmath/c99_classification_macros_c.cc (test for excess errors)
FAIL: 27_io/basic_ostream/inserters_character/wchar_t/28277-3.cc execution test
FAIL: 27_io/basic_ostream/inserters_character/wchar_t/28277-4.cc execution test
FAIL: 27_io/ios_base/storage/11584.cc execution test
FAIL: 27_io/objects/char/6.cc execution test
FAIL: 27_io/objects/wchar_t/6.cc execution test
FAIL: ext/mt_allocator/check_new.cc execution test
FAIL: ext/pool_allocator/check_new.cc execution test
FAIL: ext/vstring/inserters_extractors/wchar_t/28277.cc execution test
=== libstdc++ Summary ===
# of expected passes 7319
# of unexpected failures 11
# of expected failures 45
# of unsupported tests 512
Compiler version: 4.7.0 20111009 (experimental) [trunk revision 179718] (GCC)
Platform: powerpc-ibm-aix5.3.0.0
configure flags: --prefix=/farm/dje/install/powerpc-ibm-aix5.3.0.0-20111008 --disable-werror --disable-libquadmath --enable-languages=c,c++,fortran,objc --with-gmp=/usr/gnu --with-mpfr=/usr/gnu --with-mpc=/usr/gnu --with-ppl=/usr/gnu --with-cloog=/usr/gnu
More information about the Gcc-testresults
mailing list