Results for 4.7.0 20111007 (experimental) [trunk revision 179656] (GCC) testsuite on i386-pc-solaris2.11
Rainer Orth
ro@CeBiTec.Uni-Bielefeld.DE
Mon Oct 10 10:57:00 GMT 2011
LAST_UPDATED: Fri Oct 7 13:48:08 UTC 2011 (revision 179656)
=== acats tests ===
=== acats Summary ===
# of expected passes 2321
# of unexpected failures 0
Native configuration is i386-pc-solaris2.11
=== g++ tests ===
Running target unix
FAIL: g++.dg/lto/20100302 cp_lto_20100302_0.o-cp_lto_20100302_1.o link, -flto -fabi-version=2
UNRESOLVED: g++.dg/lto/20100302 cp_lto_20100302_0.o-cp_lto_20100302_1.o execute -flto -fabi-version=2
=== g++ Summary for unix ===
# of expected passes 27752
# of unexpected failures 1
# of expected failures 156
# of unresolved testcases 1
# of unsupported tests 192
Running target unix/-m64
FAIL: g++.dg/lto/20100302 cp_lto_20100302_0.o-cp_lto_20100302_1.o link, -flto -fabi-version=2
UNRESOLVED: g++.dg/lto/20100302 cp_lto_20100302_0.o-cp_lto_20100302_1.o execute -flto -fabi-version=2
=== g++ Summary for unix/-m64 ===
# of expected passes 27987
# of unexpected failures 1
# of expected failures 156
# of unresolved testcases 1
# of unsupported tests 390
=== g++ Summary ===
# of expected passes 55739
# of unexpected failures 2
# of expected failures 312
# of unresolved testcases 2
# of unsupported tests 582
/var/gcc/regression/trunk/11-gcc-gas/build/gcc/testsuite/g++/../../g++ version 4.7.0 20111007 (experimental) [trunk revision 179656] (GCC)
=== gcc tests ===
Running target unix
FAIL: gcc.dg/tree-ssa/vrp47.c scan-tree-dump-times dom1 "x[^ ]* & y" 1
=== gcc Summary for unix ===
# of expected passes 80547
# of unexpected failures 1
# of expected failures 245
# of unsupported tests 1082
Running target unix/-m64
FAIL: gcc.dg/tree-prof/bb-reorg.c execution, -fprofile-use -D_PROFILE_USE
FAIL: gcc.dg/tree-ssa/vrp47.c scan-tree-dump-times dom1 "x[^ ]* & y" 1
=== gcc Summary for unix/-m64 ===
# of expected passes 80728
# of unexpected failures 2
# of expected failures 245
# of unsupported tests 1470
=== gcc Summary ===
# of expected passes 161275
# of unexpected failures 3
# of expected failures 490
# of unsupported tests 2552
/var/gcc/regression/trunk/11-gcc-gas/build/gcc/xgcc version 4.7.0 20111007 (experimental) [trunk revision 179656] (GCC)
=== gfortran tests ===
Running target unix
FAIL: gfortran.dg/select_type_12.f03 -O (internal compiler error)
FAIL: gfortran.dg/select_type_12.f03 -O (test for excess errors)
=== gfortran Summary for unix ===
# of expected passes 39476
# of unexpected failures 2
# of expected failures 52
# of unsupported tests 228
Running target unix/-m64
FAIL: gfortran.dg/select_type_12.f03 -O (internal compiler error)
FAIL: gfortran.dg/select_type_12.f03 -O (test for excess errors)
FAIL: gfortran.fortran-torture/execute/entry_4.f90 execution, -O2
FAIL: gfortran.fortran-torture/execute/entry_4.f90 execution, -O2 -fomit-frame-pointer -finline-functions
FAIL: gfortran.fortran-torture/execute/entry_4.f90 execution, -O2 -fomit-frame-pointer -finline-functions -funroll-loops
FAIL: gfortran.fortran-torture/execute/entry_4.f90 execution, -O2 -fbounds-check
FAIL: gfortran.fortran-torture/execute/entry_4.f90 execution, -O3 -g
FAIL: gfortran.fortran-torture/execute/entry_4.f90 execution, -O2 -ftree-vectorize -msse2
=== gfortran Summary for unix/-m64 ===
# of expected passes 39765
# of unexpected failures 8
# of expected failures 52
# of unsupported tests 90
=== gfortran Summary ===
# of expected passes 79241
# of unexpected failures 10
# of expected failures 104
# of unsupported tests 318
/var/gcc/regression/trunk/11-gcc-gas/build/gcc/testsuite/gfortran/../../gfortran version 4.7.0 20111007 (experimental) [trunk revision 179656] (GCC)
=== gnat tests ===
Running target unix
=== gnat Summary for unix ===
# of expected passes 924
# of expected failures 11
# of unsupported tests 5
Running target unix/-m64
=== gnat Summary for unix/-m64 ===
# of expected passes 924
# of expected failures 11
# of unsupported tests 5
=== gnat Summary ===
# of expected passes 1848
# of expected failures 22
# of unsupported tests 10
/var/gcc/regression/trunk/11-gcc-gas/build/gcc/gnatmake version 4.7.0 20111007 (experimental) [trunk revision 179656]
=== go tests ===
Running target unix
FAIL: go.test/test/chan/select2.go execution, -O2 -g
FAIL: go.test/test/fixedbugs/bug273.go execution, -O2 -g
=== go Summary for unix ===
# of expected passes 3156
# of unexpected failures 2
# of expected failures 22
# of untested testcases 2
# of unsupported tests 4
Running target unix/-m64
=== go Summary for unix/-m64 ===
# of expected passes 3158
# of expected failures 22
# of untested testcases 2
# of unsupported tests 4
=== go Summary ===
# of expected passes 6314
# of unexpected failures 2
# of expected failures 44
# of untested testcases 4
# of unsupported tests 8
/var/gcc/regression/trunk/11-gcc-gas/build/gcc/testsuite/go/../../gccgo version 4.7.0 20111007 (experimental) [trunk revision 179656] (GCC)
=== obj-c++ tests ===
Running target unix
=== obj-c++ Summary for unix ===
# of expected passes 1448
# of expected failures 2
# of unsupported tests 86
Running target unix/-m64
=== obj-c++ Summary for unix/-m64 ===
# of expected passes 1440
# of expected failures 10
# of unsupported tests 86
=== obj-c++ Summary ===
# of expected passes 2888
# of expected failures 12
# of unsupported tests 172
/var/gcc/regression/trunk/11-gcc-gas/build/gcc/testsuite/obj-c++/../../g++ version 4.7.0 20111007 (experimental) [trunk revision 179656] (GCC)
=== objc tests ===
Running target unix
=== objc Summary for unix ===
# of expected passes 2976
# of expected failures 6
# of unsupported tests 74
Running target unix/-m64
=== objc Summary for unix/-m64 ===
# of expected passes 2976
# of expected failures 6
# of unsupported tests 74
=== objc Summary ===
# of expected passes 5952
# of expected failures 12
# of unsupported tests 148
/var/gcc/regression/trunk/11-gcc-gas/build/gcc/xgcc version 4.7.0 20111007 (experimental) [trunk revision 179656] (GCC)
=== boehm-gc tests ===
Running target unix
=== boehm-gc Summary for unix ===
# of expected passes 12
# of unsupported tests 1
Running target unix/-m64
=== boehm-gc Summary for unix/-m64 ===
# of expected passes 12
# of unsupported tests 1
=== boehm-gc Summary ===
# of expected passes 24
# of unsupported tests 2
=== libffi tests ===
Running target unix
=== libffi Summary for unix ===
# of expected passes 1634
# of expected failures 10
# of unsupported tests 15
Running target unix/-m64
=== libffi Summary for unix/-m64 ===
# of expected passes 1634
# of expected failures 10
# of unsupported tests 15
=== libffi Summary ===
# of expected passes 3268
# of expected failures 20
# of unsupported tests 30
=== libgo tests ===
Running target unix
=== libgo Summary for unix ===
# of expected passes 135
Running target unix/-m64
=== libgo Summary for unix/-m64 ===
# of expected passes 135
=== libgo Summary ===
# of expected passes 270
/var/gcc/regression/trunk/11-gcc-gas/build/./gcc/gccgo version 4.7.0 20111007 (experimental) [trunk revision 179656] (GCC)
=== libgomp tests ===
Running target unix
FAIL: libgomp.graphite/force-parallel-1.c execution test
=== libgomp Summary for unix ===
# of expected passes 2987
# of unexpected failures 1
# of unsupported tests 3
Running target unix/-m64
FAIL: libgomp.graphite/force-parallel-1.c execution test
=== libgomp Summary for unix/-m64 ===
# of expected passes 2987
# of unexpected failures 1
# of unsupported tests 3
=== libgomp Summary ===
# of expected passes 5974
# of unexpected failures 2
# of unsupported tests 6
=== libjava tests ===
Running target unix
=== libjava Summary for unix ===
# of expected passes 2574
Running target unix/-m64
=== libjava Summary for unix/-m64 ===
# of expected passes 2574
=== libjava Summary ===
# of expected passes 5148
=== libmudflap tests ===
Running target unix
=== libmudflap Summary for unix ===
# of expected passes 1433
Running target unix/-m64
FAIL: libmudflap.c++/pass55-frag.cxx ( -O) execution test
=== libmudflap Summary for unix/-m64 ===
# of expected passes 1432
# of unexpected failures 1
=== libmudflap Summary ===
# of expected passes 2865
# of unexpected failures 1
=== libstdc++ tests ===
Running target unix
=== libstdc++ Summary for unix ===
# of expected passes 7805
# of expected failures 46
# of unsupported tests 495
Running target unix/-m64
=== libstdc++ Summary for unix/-m64 ===
# of expected passes 7805
# of expected failures 46
# of unsupported tests 495
=== libstdc++ Summary ===
# of expected passes 15610
# of expected failures 92
# of unsupported tests 990
Compiler version: 4.7.0 20111007 (experimental) [trunk revision 179656] (GCC)
Platform: i386-pc-solaris2.11
configure flags: --prefix=/vol/gcc --target=i386-pc-solaris2.11 --enable-objc-gc --enable-libmudflap --with-host-libstdcxx='-L/vol/gcc-4.4/lib -Wl,-Bstatic -lstdc++ -Wl,-Bdynamic -lm' --with-boot-ldflags='-static-libstdc++ -static-libgcc -L/vol/gcc-4.4/lib' --with-as=/vol/gcc/bin/gas-2.21.1 --with-gnu-as --with-gmp-include=/vol/gcc/include --with-gmp-lib=/vol/gcc/lib --with-mpfr-include=/vol/gcc/include --with-mpfr-lib=/vol/gcc/lib --with-mpc-include=/vol/gcc/include --with-mpc-lib=/vol/gcc/lib --enable-languages=all,ada,obj-c++,go --with-ppl-include=/vol/gcc/include --with-ppl-lib=/vol/gcc/lib --with-cloog-include=/vol/gcc/include --with-cloog-lib=/vol/gcc/lib --enable-cloog-backend=ppl
BOOT_CFLAGS=-g -O2
More information about the Gcc-testresults
mailing list