Results for 4.7.0 20111006 (experimental) (GCC) testsuite on powerpc-apple-darwin9.8.0
regress
regress@apple.com
Fri Oct 7 08:36:00 GMT 2011
This build run by an automatic regression tester.
See <http://gcc.gnu.org/regtest/HEAD/> for more information.
Date: 2011-10-06T21:25:49Z
Revision: 179636
URL: svn://gcc.gnu.org/svn/gcc/trunk
Status: regress-26
Prev-Endtime: 2011-10-06T21:22:39Z
Native configuration is powerpc-apple-darwin9.8.0
=== g++ tests ===
Running target unix
FAIL: g++.dg/eh/simd-3.C execution test
FAIL: g++.dg/eh/simd-4.C execution test
FAIL: g++.dg/ext/alignof2.C execution test
WARNING: g++.dg/ext/label13.C compilation failed to produce executable
FAIL: g++.dg/init/copy7.C execution test
FAIL: g++.dg/tls/static-1.C (internal compiler error)
FAIL: g++.dg/tls/static-1.C (test for excess errors)
WARNING: g++.dg/tls/static-1.C compilation failed to produce executable
=== g++ Summary ===
# of expected passes 27370
# of unexpected failures 6
# of expected failures 156
# of unsupported tests 400
/Users/regress/tbox/native/build/gcc/testsuite/g++/../../g++ version 4.7.0 20111006 (experimental) (GCC)
=== gcc tests ===
Running target unix
FAIL: gcc.c-torture/compile/pr44707.c -O1 (test for excess errors)
FAIL: gcc.c-torture/compile/pr44707.c -O2 (test for excess errors)
FAIL: gcc.c-torture/compile/pr44707.c -O3 -fomit-frame-pointer (test for excess errors)
FAIL: gcc.c-torture/compile/pr44707.c -O3 -g (test for excess errors)
FAIL: gcc.c-torture/compile/pr44707.c -Os (test for excess errors)
FAIL: gcc.c-torture/compile/pr44707.c -O2 -flto -flto-partition=none (test for excess errors)
FAIL: gcc.c-torture/compile/pr44707.c -O2 -flto (test for excess errors)
FAIL: gcc.c-torture/execute/20040811-1.c compilation, -O3 -g
UNRESOLVED: gcc.c-torture/execute/20040811-1.c execution, -O3 -g
FAIL: gcc.c-torture/execute/pr22061-4.c compilation, -O3 -g
UNRESOLVED: gcc.c-torture/execute/pr22061-4.c execution, -O3 -g
FAIL: gcc.c-torture/execute/pr43220.c compilation, -O3 -g
UNRESOLVED: gcc.c-torture/execute/pr43220.c execution, -O3 -g
FAIL: gcc.dg/debug/tls-1.c -gdwarf-2 -g1 (internal compiler error)
FAIL: gcc.dg/debug/tls-1.c -gdwarf-2 -g1 (test for excess errors)
FAIL: gcc.dg/debug/tls-1.c -gdwarf-2 -g1 -O (internal compiler error)
FAIL: gcc.dg/debug/tls-1.c -gdwarf-2 -g1 -O (test for excess errors)
FAIL: gcc.dg/debug/tls-1.c -gdwarf-2 -g1 -O3 (internal compiler error)
FAIL: gcc.dg/debug/tls-1.c -gdwarf-2 -g1 -O3 (test for excess errors)
FAIL: gcc.dg/debug/tls-1.c -gdwarf-2 (internal compiler error)
FAIL: gcc.dg/debug/tls-1.c -gdwarf-2 (test for excess errors)
FAIL: gcc.dg/debug/tls-1.c -gdwarf-2 -O (internal compiler error)
FAIL: gcc.dg/debug/tls-1.c -gdwarf-2 -O (test for excess errors)
FAIL: gcc.dg/debug/tls-1.c -gdwarf-2 -O3 (internal compiler error)
FAIL: gcc.dg/debug/tls-1.c -gdwarf-2 -O3 (test for excess errors)
FAIL: gcc.dg/debug/tls-1.c -gdwarf-2 -g3 (internal compiler error)
FAIL: gcc.dg/debug/tls-1.c -gdwarf-2 -g3 (test for excess errors)
FAIL: gcc.dg/debug/tls-1.c -gdwarf-2 -g3 -O (internal compiler error)
FAIL: gcc.dg/debug/tls-1.c -gdwarf-2 -g3 -O (test for excess errors)
FAIL: gcc.dg/debug/tls-1.c -gdwarf-2 -g3 -O3 (internal compiler error)
FAIL: gcc.dg/debug/tls-1.c -gdwarf-2 -g3 -O3 (test for excess errors)
FAIL: gcc.dg/debug/tls-1.c -gstabs1 (internal compiler error)
FAIL: gcc.dg/debug/tls-1.c -gstabs1 (test for excess errors)
FAIL: gcc.dg/debug/tls-1.c -gstabs1 -O (internal compiler error)
FAIL: gcc.dg/debug/tls-1.c -gstabs1 -O (test for excess errors)
FAIL: gcc.dg/debug/tls-1.c -gstabs1 -O3 (internal compiler error)
FAIL: gcc.dg/debug/tls-1.c -gstabs1 -O3 (test for excess errors)
FAIL: gcc.dg/debug/tls-1.c -gstabs (internal compiler error)
FAIL: gcc.dg/debug/tls-1.c -gstabs (test for excess errors)
FAIL: gcc.dg/debug/tls-1.c -gstabs -O (internal compiler error)
FAIL: gcc.dg/debug/tls-1.c -gstabs -O (test for excess errors)
FAIL: gcc.dg/debug/tls-1.c -gstabs -O3 (internal compiler error)
FAIL: gcc.dg/debug/tls-1.c -gstabs -O3 (test for excess errors)
FAIL: gcc.dg/debug/tls-1.c -gstabs3 (internal compiler error)
FAIL: gcc.dg/debug/tls-1.c -gstabs3 (test for excess errors)
FAIL: gcc.dg/debug/tls-1.c -gstabs3 -O (internal compiler error)
FAIL: gcc.dg/debug/tls-1.c -gstabs3 -O (test for excess errors)
FAIL: gcc.dg/debug/tls-1.c -gstabs3 -O3 (internal compiler error)
FAIL: gcc.dg/debug/tls-1.c -gstabs3 -O3 (test for excess errors)
FAIL: gcc.dg/debug/tls-1.c -gstabs+1 (internal compiler error)
FAIL: gcc.dg/debug/tls-1.c -gstabs+1 (test for excess errors)
FAIL: gcc.dg/debug/tls-1.c -gstabs+1 -O (internal compiler error)
FAIL: gcc.dg/debug/tls-1.c -gstabs+1 -O (test for excess errors)
FAIL: gcc.dg/debug/tls-1.c -gstabs+1 -O3 (internal compiler error)
FAIL: gcc.dg/debug/tls-1.c -gstabs+1 -O3 (test for excess errors)
FAIL: gcc.dg/debug/tls-1.c -gstabs+ (internal compiler error)
FAIL: gcc.dg/debug/tls-1.c -gstabs+ (test for excess errors)
FAIL: gcc.dg/debug/tls-1.c -gstabs+ -O (internal compiler error)
FAIL: gcc.dg/debug/tls-1.c -gstabs+ -O (test for excess errors)
FAIL: gcc.dg/debug/tls-1.c -gstabs+ -O3 (internal compiler error)
FAIL: gcc.dg/debug/tls-1.c -gstabs+ -O3 (test for excess errors)
FAIL: gcc.dg/debug/tls-1.c -gstabs+3 (internal compiler error)
FAIL: gcc.dg/debug/tls-1.c -gstabs+3 (test for excess errors)
FAIL: gcc.dg/debug/tls-1.c -gstabs+3 -O (internal compiler error)
FAIL: gcc.dg/debug/tls-1.c -gstabs+3 -O (test for excess errors)
FAIL: gcc.dg/debug/tls-1.c -gstabs+3 -O3 (internal compiler error)
FAIL: gcc.dg/debug/tls-1.c -gstabs+3 -O3 (test for excess errors)
FAIL: gcc.dg/20020103-1.c scan-assembler-not LC[0-9]
FAIL: gcc.dg/and-1.c scan-assembler-not nand
FAIL: gcc.dg/sms-2.c scan-rtl-dump-times sms "SMS succeeded" 1
FAIL: gcc.dg/sms-4.c scan-rtl-dump-times sms "SMS succeeded" 1
FAIL: gcc.dg/sms-5.c scan-rtl-dump-times sms "SMS succeeded" 1
FAIL: gcc.dg/sms-7.c scan-rtl-dump-times sms "SMS succeeded" 3
FAIL: gcc.dg/sms-8.c scan-rtl-dump-times sms "SMS succeeded" 1
XPASS: gcc.dg/uninit-B.c uninit i warning (test for warnings, line 12)
XPASS: gcc.dg/uninit-pr19430.c (test for warnings, line 32)
XPASS: gcc.dg/uninit-pr19430.c uninitialized (test for warnings, line 41)
FAIL: gcc.dg/lto/20090210 c_lto_20090210_1.o assemble, -O2 -flto -flto-partition=none (internal compiler error)
UNRESOLVED: gcc.dg/lto/20090210 c_lto_20090210_0.o-c_lto_20090210_1.o link -O2 -flto -flto-partition=none
UNRESOLVED: gcc.dg/lto/20090210 c_lto_20090210_0.o-c_lto_20090210_1.o execute -O2 -flto -flto-partition=none
FAIL: gcc.dg/lto/20090210 c_lto_20090210_1.o assemble, -O2 -flto -flto-partition=1to1 (internal compiler error)
UNRESOLVED: gcc.dg/lto/20090210 c_lto_20090210_0.o-c_lto_20090210_1.o link -O2 -flto -flto-partition=1to1
UNRESOLVED: gcc.dg/lto/20090210 c_lto_20090210_0.o-c_lto_20090210_1.o execute -O2 -flto -flto-partition=1to1
FAIL: gcc.dg/lto/20090210 c_lto_20090210_1.o assemble, -O2 -flto (internal compiler error)
UNRESOLVED: gcc.dg/lto/20090210 c_lto_20090210_0.o-c_lto_20090210_1.o link -O2 -flto
UNRESOLVED: gcc.dg/lto/20090210 c_lto_20090210_0.o-c_lto_20090210_1.o execute -O2 -flto
FAIL: gcc.dg/tls/nonpic-1.c (internal compiler error)
FAIL: gcc.dg/tls/nonpic-1.c (test for excess errors)
FAIL: gcc.dg/tls/opt-10.c (internal compiler error)
FAIL: gcc.dg/tls/opt-10.c (test for excess errors)
FAIL: gcc.dg/tls/opt-12.c (internal compiler error)
FAIL: gcc.dg/tls/opt-12.c (test for excess errors)
WARNING: gcc.dg/tls/opt-12.c compilation failed to produce executable
FAIL: gcc.dg/tls/opt-13.c (internal compiler error)
FAIL: gcc.dg/tls/opt-13.c (test for excess errors)
FAIL: gcc.dg/tls/opt-14.c (internal compiler error)
FAIL: gcc.dg/tls/opt-14.c (test for excess errors)
FAIL: gcc.dg/tls/opt-15.c (internal compiler error)
FAIL: gcc.dg/tls/opt-15.c (test for excess errors)
FAIL: gcc.dg/tls/opt-3.c (internal compiler error)
FAIL: gcc.dg/tls/opt-3.c (test for excess errors)
FAIL: gcc.dg/tls/opt-5.c (internal compiler error)
FAIL: gcc.dg/tls/opt-5.c (test for excess errors)
FAIL: gcc.dg/tls/opt-6.c (internal compiler error)
FAIL: gcc.dg/tls/opt-6.c (test for excess errors)
FAIL: gcc.dg/tls/opt-7.c (internal compiler error)
FAIL: gcc.dg/tls/opt-7.c (test for excess errors)
FAIL: gcc.dg/tls/opt-8.c (internal compiler error)
FAIL: gcc.dg/tls/opt-8.c (test for excess errors)
FAIL: gcc.dg/tls/opt-9.c (internal compiler error)
FAIL: gcc.dg/tls/opt-9.c (test for excess errors)
FAIL: gcc.dg/tls/pic-1.c (internal compiler error)
FAIL: gcc.dg/tls/pic-1.c (test for excess errors)
FAIL: gcc.dg/tls/pr24428-2.c (internal compiler error)
FAIL: gcc.dg/tls/pr24428-2.c (test for excess errors)
WARNING: gcc.dg/tls/pr24428-2.c compilation failed to produce executable
FAIL: gcc.dg/tls/pr24428.c (internal compiler error)
FAIL: gcc.dg/tls/pr24428.c (test for excess errors)
WARNING: gcc.dg/tls/pr24428.c compilation failed to produce executable
FAIL: gcc.dg/tls/pr45870.c (internal compiler error)
FAIL: gcc.dg/tls/pr45870.c (test for excess errors)
FAIL: gcc.dg/tls/pr47715-1.c (internal compiler error)
FAIL: gcc.dg/tls/pr47715-1.c (test for excess errors)
FAIL: gcc.dg/tls/pr47715-2.c (internal compiler error)
FAIL: gcc.dg/tls/pr47715-2.c (test for excess errors)
FAIL: gcc.dg/tls/pr47715-3.c (internal compiler error)
FAIL: gcc.dg/tls/pr47715-3.c (test for excess errors)
FAIL: gcc.dg/tls/pr47715-5.c (internal compiler error)
FAIL: gcc.dg/tls/pr47715-5.c (test for excess errors)
FAIL: gcc.dg/tls/struct-1.c (internal compiler error)
FAIL: gcc.dg/tls/struct-1.c (test for excess errors)
FAIL: gcc.dg/tls/thr-cse-1.c (internal compiler error)
FAIL: gcc.dg/tls/thr-cse-1.c (test for excess errors)
UNRESOLVED: gcc.dg/tls/thr-cse-1.c scan-assembler-not emutls_get_address.*emutls_get_address.*
FAIL: gcc.dg/torture/tls/run-gd.c -O1 (internal compiler error)
FAIL: gcc.dg/torture/tls/run-gd.c -O1 (test for excess errors)
WARNING: gcc.dg/torture/tls/run-gd.c -O1 compilation failed to produce executable
FAIL: gcc.dg/torture/tls/run-gd.c -O2 (internal compiler error)
FAIL: gcc.dg/torture/tls/run-gd.c -O2 (test for excess errors)
WARNING: gcc.dg/torture/tls/run-gd.c -O2 compilation failed to produce executable
FAIL: gcc.dg/torture/tls/run-gd.c -O3 -fomit-frame-pointer (internal compiler error)
FAIL: gcc.dg/torture/tls/run-gd.c -O3 -fomit-frame-pointer (test for excess errors)
WARNING: gcc.dg/torture/tls/run-gd.c -O3 -fomit-frame-pointer compilation failed to produce executable
FAIL: gcc.dg/torture/tls/run-gd.c -O3 -g (internal compiler error)
FAIL: gcc.dg/torture/tls/run-gd.c -O3 -g (test for excess errors)
WARNING: gcc.dg/torture/tls/run-gd.c -O3 -g compilation failed to produce executable
FAIL: gcc.dg/torture/tls/run-gd.c -Os (internal compiler error)
FAIL: gcc.dg/torture/tls/run-gd.c -Os (test for excess errors)
WARNING: gcc.dg/torture/tls/run-gd.c -Os compilation failed to produce executable
FAIL: gcc.dg/torture/tls/run-gd.c -O1 -fpic (internal compiler error)
FAIL: gcc.dg/torture/tls/run-gd.c -O1 -fpic (test for excess errors)
WARNING: gcc.dg/torture/tls/run-gd.c -O1 -fpic compilation failed to produce executable
FAIL: gcc.dg/torture/tls/run-gd.c -O2 -fpic (internal compiler error)
FAIL: gcc.dg/torture/tls/run-gd.c -O2 -fpic (test for excess errors)
WARNING: gcc.dg/torture/tls/run-gd.c -O2 -fpic compilation failed to produce executable
FAIL: gcc.dg/torture/tls/run-gd.c -O3 -fomit-frame-pointer -fpic (internal compiler error)
FAIL: gcc.dg/torture/tls/run-gd.c -O3 -fomit-frame-pointer -fpic (test for excess errors)
WARNING: gcc.dg/torture/tls/run-gd.c -O3 -fomit-frame-pointer -fpic compilation failed to produce executable
FAIL: gcc.dg/torture/tls/run-gd.c -O3 -g -fpic (internal compiler error)
FAIL: gcc.dg/torture/tls/run-gd.c -O3 -g -fpic (test for excess errors)
WARNING: gcc.dg/torture/tls/run-gd.c -O3 -g -fpic compilation failed to produce executable
FAIL: gcc.dg/torture/tls/run-gd.c -Os -fpic (internal compiler error)
FAIL: gcc.dg/torture/tls/run-gd.c -Os -fpic (test for excess errors)
WARNING: gcc.dg/torture/tls/run-gd.c -Os -fpic compilation failed to produce executable
FAIL: gcc.dg/torture/tls/run-gd.c -O1 -fPIC (internal compiler error)
FAIL: gcc.dg/torture/tls/run-gd.c -O1 -fPIC (test for excess errors)
WARNING: gcc.dg/torture/tls/run-gd.c -O1 -fPIC compilation failed to produce executable
FAIL: gcc.dg/torture/tls/run-gd.c -O2 -fPIC (internal compiler error)
FAIL: gcc.dg/torture/tls/run-gd.c -O2 -fPIC (test for excess errors)
WARNING: gcc.dg/torture/tls/run-gd.c -O2 -fPIC compilation failed to produce executable
FAIL: gcc.dg/torture/tls/run-gd.c -O3 -fomit-frame-pointer -fPIC (internal compiler error)
FAIL: gcc.dg/torture/tls/run-gd.c -O3 -fomit-frame-pointer -fPIC (test for excess errors)
WARNING: gcc.dg/torture/tls/run-gd.c -O3 -fomit-frame-pointer -fPIC compilation failed to produce executable
FAIL: gcc.dg/torture/tls/run-gd.c -O3 -g -fPIC (internal compiler error)
FAIL: gcc.dg/torture/tls/run-gd.c -O3 -g -fPIC (test for excess errors)
WARNING: gcc.dg/torture/tls/run-gd.c -O3 -g -fPIC compilation failed to produce executable
FAIL: gcc.dg/torture/tls/run-gd.c -Os -fPIC (internal compiler error)
FAIL: gcc.dg/torture/tls/run-gd.c -Os -fPIC (test for excess errors)
WARNING: gcc.dg/torture/tls/run-gd.c -Os -fPIC compilation failed to produce executable
FAIL: gcc.dg/torture/tls/run-gd.c -O1 -pie -fpie (internal compiler error)
FAIL: gcc.dg/torture/tls/run-gd.c -O1 -pie -fpie (test for excess errors)
WARNING: gcc.dg/torture/tls/run-gd.c -O1 -pie -fpie compilation failed to produce executable
FAIL: gcc.dg/torture/tls/run-gd.c -O2 -pie -fpie (internal compiler error)
FAIL: gcc.dg/torture/tls/run-gd.c -O2 -pie -fpie (test for excess errors)
WARNING: gcc.dg/torture/tls/run-gd.c -O2 -pie -fpie compilation failed to produce executable
FAIL: gcc.dg/torture/tls/run-gd.c -O3 -fomit-frame-pointer -pie -fpie (internal compiler error)
FAIL: gcc.dg/torture/tls/run-gd.c -O3 -fomit-frame-pointer -pie -fpie (test for excess errors)
WARNING: gcc.dg/torture/tls/run-gd.c -O3 -fomit-frame-pointer -pie -fpie compilation failed to produce executable
FAIL: gcc.dg/torture/tls/run-gd.c -O3 -g -pie -fpie (internal compiler error)
FAIL: gcc.dg/torture/tls/run-gd.c -O3 -g -pie -fpie (test for excess errors)
WARNING: gcc.dg/torture/tls/run-gd.c -O3 -g -pie -fpie compilation failed to produce executable
FAIL: gcc.dg/torture/tls/run-gd.c -Os -pie -fpie (internal compiler error)
FAIL: gcc.dg/torture/tls/run-gd.c -Os -pie -fpie (test for excess errors)
WARNING: gcc.dg/torture/tls/run-gd.c -Os -pie -fpie compilation failed to produce executable
FAIL: gcc.dg/torture/tls/run-gd.c -O1 -pie -fPIE (internal compiler error)
FAIL: gcc.dg/torture/tls/run-gd.c -O1 -pie -fPIE (test for excess errors)
WARNING: gcc.dg/torture/tls/run-gd.c -O1 -pie -fPIE compilation failed to produce executable
FAIL: gcc.dg/torture/tls/run-gd.c -O2 -pie -fPIE (internal compiler error)
FAIL: gcc.dg/torture/tls/run-gd.c -O2 -pie -fPIE (test for excess errors)
WARNING: gcc.dg/torture/tls/run-gd.c -O2 -pie -fPIE compilation failed to produce executable
FAIL: gcc.dg/torture/tls/run-gd.c -O3 -fomit-frame-pointer -pie -fPIE (internal compiler error)
FAIL: gcc.dg/torture/tls/run-gd.c -O3 -fomit-frame-pointer -pie -fPIE (test for excess errors)
WARNING: gcc.dg/torture/tls/run-gd.c -O3 -fomit-frame-pointer -pie -fPIE compilation failed to produce executable
FAIL: gcc.dg/torture/tls/run-gd.c -O3 -g -pie -fPIE (internal compiler error)
FAIL: gcc.dg/torture/tls/run-gd.c -O3 -g -pie -fPIE (test for excess errors)
WARNING: gcc.dg/torture/tls/run-gd.c -O3 -g -pie -fPIE compilation failed to produce executable
FAIL: gcc.dg/torture/tls/run-gd.c -Os -pie -fPIE (internal compiler error)
FAIL: gcc.dg/torture/tls/run-gd.c -Os -pie -fPIE (test for excess errors)
WARNING: gcc.dg/torture/tls/run-gd.c -Os -pie -fPIE compilation failed to produce executable
FAIL: gcc.dg/torture/tls/run-gd.c -O2 -flto -flto-partition=none (internal compiler error)
FAIL: gcc.dg/torture/tls/run-gd.c -O2 -flto -flto-partition=none (test for excess errors)
WARNING: gcc.dg/torture/tls/run-gd.c -O2 -flto -flto-partition=none compilation failed to produce executable
FAIL: gcc.dg/torture/tls/run-gd.c -O2 -flto (internal compiler error)
FAIL: gcc.dg/torture/tls/run-gd.c -O2 -flto (test for excess errors)
WARNING: gcc.dg/torture/tls/run-gd.c -O2 -flto compilation failed to produce executable
FAIL: gcc.dg/torture/tls/run-ie.c -O1 (internal compiler error)
FAIL: gcc.dg/torture/tls/run-ie.c -O1 (test for excess errors)
WARNING: gcc.dg/torture/tls/run-ie.c -O1 compilation failed to produce executable
FAIL: gcc.dg/torture/tls/run-ie.c -O2 (internal compiler error)
FAIL: gcc.dg/torture/tls/run-ie.c -O2 (test for excess errors)
WARNING: gcc.dg/torture/tls/run-ie.c -O2 compilation failed to produce executable
FAIL: gcc.dg/torture/tls/run-ie.c -O3 -fomit-frame-pointer (internal compiler error)
FAIL: gcc.dg/torture/tls/run-ie.c -O3 -fomit-frame-pointer (test for excess errors)
WARNING: gcc.dg/torture/tls/run-ie.c -O3 -fomit-frame-pointer compilation failed to produce executable
FAIL: gcc.dg/torture/tls/run-ie.c -O3 -g (internal compiler error)
FAIL: gcc.dg/torture/tls/run-ie.c -O3 -g (test for excess errors)
WARNING: gcc.dg/torture/tls/run-ie.c -O3 -g compilation failed to produce executable
FAIL: gcc.dg/torture/tls/run-ie.c -Os (internal compiler error)
FAIL: gcc.dg/torture/tls/run-ie.c -Os (test for excess errors)
WARNING: gcc.dg/torture/tls/run-ie.c -Os compilation failed to produce executable
FAIL: gcc.dg/torture/tls/run-ie.c -O1 -fpic (internal compiler error)
FAIL: gcc.dg/torture/tls/run-ie.c -O1 -fpic (test for excess errors)
WARNING: gcc.dg/torture/tls/run-ie.c -O1 -fpic compilation failed to produce executable
FAIL: gcc.dg/torture/tls/run-ie.c -O2 -fpic (internal compiler error)
FAIL: gcc.dg/torture/tls/run-ie.c -O2 -fpic (test for excess errors)
WARNING: gcc.dg/torture/tls/run-ie.c -O2 -fpic compilation failed to produce executable
FAIL: gcc.dg/torture/tls/run-ie.c -O3 -fomit-frame-pointer -fpic (internal compiler error)
FAIL: gcc.dg/torture/tls/run-ie.c -O3 -fomit-frame-pointer -fpic (test for excess errors)
WARNING: gcc.dg/torture/tls/run-ie.c -O3 -fomit-frame-pointer -fpic compilation failed to produce executable
FAIL: gcc.dg/torture/tls/run-ie.c -O3 -g -fpic (internal compiler error)
FAIL: gcc.dg/torture/tls/run-ie.c -O3 -g -fpic (test for excess errors)
WARNING: gcc.dg/torture/tls/run-ie.c -O3 -g -fpic compilation failed to produce executable
FAIL: gcc.dg/torture/tls/run-ie.c -Os -fpic (internal compiler error)
FAIL: gcc.dg/torture/tls/run-ie.c -Os -fpic (test for excess errors)
WARNING: gcc.dg/torture/tls/run-ie.c -Os -fpic compilation failed to produce executable
FAIL: gcc.dg/torture/tls/run-ie.c -O1 -fPIC (internal compiler error)
FAIL: gcc.dg/torture/tls/run-ie.c -O1 -fPIC (test for excess errors)
WARNING: gcc.dg/torture/tls/run-ie.c -O1 -fPIC compilation failed to produce executable
FAIL: gcc.dg/torture/tls/run-ie.c -O2 -fPIC (internal compiler error)
FAIL: gcc.dg/torture/tls/run-ie.c -O2 -fPIC (test for excess errors)
WARNING: gcc.dg/torture/tls/run-ie.c -O2 -fPIC compilation failed to produce executable
FAIL: gcc.dg/torture/tls/run-ie.c -O3 -fomit-frame-pointer -fPIC (internal compiler error)
FAIL: gcc.dg/torture/tls/run-ie.c -O3 -fomit-frame-pointer -fPIC (test for excess errors)
WARNING: gcc.dg/torture/tls/run-ie.c -O3 -fomit-frame-pointer -fPIC compilation failed to produce executable
FAIL: gcc.dg/torture/tls/run-ie.c -O3 -g -fPIC (internal compiler error)
FAIL: gcc.dg/torture/tls/run-ie.c -O3 -g -fPIC (test for excess errors)
WARNING: gcc.dg/torture/tls/run-ie.c -O3 -g -fPIC compilation failed to produce executable
FAIL: gcc.dg/torture/tls/run-ie.c -Os -fPIC (internal compiler error)
FAIL: gcc.dg/torture/tls/run-ie.c -Os -fPIC (test for excess errors)
WARNING: gcc.dg/torture/tls/run-ie.c -Os -fPIC compilation failed to produce executable
FAIL: gcc.dg/torture/tls/run-ie.c -O1 -pie -fpie (internal compiler error)
FAIL: gcc.dg/torture/tls/run-ie.c -O1 -pie -fpie (test for excess errors)
WARNING: gcc.dg/torture/tls/run-ie.c -O1 -pie -fpie compilation failed to produce executable
FAIL: gcc.dg/torture/tls/run-ie.c -O2 -pie -fpie (internal compiler error)
FAIL: gcc.dg/torture/tls/run-ie.c -O2 -pie -fpie (test for excess errors)
WARNING: gcc.dg/torture/tls/run-ie.c -O2 -pie -fpie compilation failed to produce executable
FAIL: gcc.dg/torture/tls/run-ie.c -O3 -fomit-frame-pointer -pie -fpie (internal compiler error)
FAIL: gcc.dg/torture/tls/run-ie.c -O3 -fomit-frame-pointer -pie -fpie (test for excess errors)
WARNING: gcc.dg/torture/tls/run-ie.c -O3 -fomit-frame-pointer -pie -fpie compilation failed to produce executable
FAIL: gcc.dg/torture/tls/run-ie.c -O3 -g -pie -fpie (internal compiler error)
FAIL: gcc.dg/torture/tls/run-ie.c -O3 -g -pie -fpie (test for excess errors)
WARNING: gcc.dg/torture/tls/run-ie.c -O3 -g -pie -fpie compilation failed to produce executable
FAIL: gcc.dg/torture/tls/run-ie.c -Os -pie -fpie (internal compiler error)
FAIL: gcc.dg/torture/tls/run-ie.c -Os -pie -fpie (test for excess errors)
WARNING: gcc.dg/torture/tls/run-ie.c -Os -pie -fpie compilation failed to produce executable
FAIL: gcc.dg/torture/tls/run-ie.c -O1 -pie -fPIE (internal compiler error)
FAIL: gcc.dg/torture/tls/run-ie.c -O1 -pie -fPIE (test for excess errors)
WARNING: gcc.dg/torture/tls/run-ie.c -O1 -pie -fPIE compilation failed to produce executable
FAIL: gcc.dg/torture/tls/run-ie.c -O2 -pie -fPIE (internal compiler error)
FAIL: gcc.dg/torture/tls/run-ie.c -O2 -pie -fPIE (test for excess errors)
WARNING: gcc.dg/torture/tls/run-ie.c -O2 -pie -fPIE compilation failed to produce executable
FAIL: gcc.dg/torture/tls/run-ie.c -O3 -fomit-frame-pointer -pie -fPIE (internal compiler error)
FAIL: gcc.dg/torture/tls/run-ie.c -O3 -fomit-frame-pointer -pie -fPIE (test for excess errors)
WARNING: gcc.dg/torture/tls/run-ie.c -O3 -fomit-frame-pointer -pie -fPIE compilation failed to produce executable
FAIL: gcc.dg/torture/tls/run-ie.c -O3 -g -pie -fPIE (internal compiler error)
FAIL: gcc.dg/torture/tls/run-ie.c -O3 -g -pie -fPIE (test for excess errors)
WARNING: gcc.dg/torture/tls/run-ie.c -O3 -g -pie -fPIE compilation failed to produce executable
FAIL: gcc.dg/torture/tls/run-ie.c -Os -pie -fPIE (internal compiler error)
FAIL: gcc.dg/torture/tls/run-ie.c -Os -pie -fPIE (test for excess errors)
WARNING: gcc.dg/torture/tls/run-ie.c -Os -pie -fPIE compilation failed to produce executable
FAIL: gcc.dg/torture/tls/run-ie.c -O2 -flto -flto-partition=none (internal compiler error)
FAIL: gcc.dg/torture/tls/run-ie.c -O2 -flto -flto-partition=none (test for excess errors)
WARNING: gcc.dg/torture/tls/run-ie.c -O2 -flto -flto-partition=none compilation failed to produce executable
FAIL: gcc.dg/torture/tls/run-ie.c -O2 -flto (internal compiler error)
FAIL: gcc.dg/torture/tls/run-ie.c -O2 -flto (test for excess errors)
WARNING: gcc.dg/torture/tls/run-ie.c -O2 -flto compilation failed to produce executable
FAIL: gcc.dg/torture/tls/run-ld.c -O1 (internal compiler error)
FAIL: gcc.dg/torture/tls/run-ld.c -O1 (test for excess errors)
WARNING: gcc.dg/torture/tls/run-ld.c -O1 compilation failed to produce executable
FAIL: gcc.dg/torture/tls/run-ld.c -O2 (internal compiler error)
FAIL: gcc.dg/torture/tls/run-ld.c -O2 (test for excess errors)
WARNING: gcc.dg/torture/tls/run-ld.c -O2 compilation failed to produce executable
FAIL: gcc.dg/torture/tls/run-ld.c -O3 -fomit-frame-pointer (internal compiler error)
FAIL: gcc.dg/torture/tls/run-ld.c -O3 -fomit-frame-pointer (test for excess errors)
WARNING: gcc.dg/torture/tls/run-ld.c -O3 -fomit-frame-pointer compilation failed to produce executable
FAIL: gcc.dg/torture/tls/run-ld.c -O3 -g (internal compiler error)
FAIL: gcc.dg/torture/tls/run-ld.c -O3 -g (test for excess errors)
WARNING: gcc.dg/torture/tls/run-ld.c -O3 -g compilation failed to produce executable
FAIL: gcc.dg/torture/tls/run-ld.c -Os (internal compiler error)
FAIL: gcc.dg/torture/tls/run-ld.c -Os (test for excess errors)
WARNING: gcc.dg/torture/tls/run-ld.c -Os compilation failed to produce executable
FAIL: gcc.dg/torture/tls/run-ld.c -O1 -fpic (internal compiler error)
FAIL: gcc.dg/torture/tls/run-ld.c -O1 -fpic (test for excess errors)
WARNING: gcc.dg/torture/tls/run-ld.c -O1 -fpic compilation failed to produce executable
FAIL: gcc.dg/torture/tls/run-ld.c -O2 -fpic (internal compiler error)
FAIL: gcc.dg/torture/tls/run-ld.c -O2 -fpic (test for excess errors)
WARNING: gcc.dg/torture/tls/run-ld.c -O2 -fpic compilation failed to produce executable
FAIL: gcc.dg/torture/tls/run-ld.c -O3 -fomit-frame-pointer -fpic (internal compiler error)
FAIL: gcc.dg/torture/tls/run-ld.c -O3 -fomit-frame-pointer -fpic (test for excess errors)
WARNING: gcc.dg/torture/tls/run-ld.c -O3 -fomit-frame-pointer -fpic compilation failed to produce executable
FAIL: gcc.dg/torture/tls/run-ld.c -O3 -g -fpic (internal compiler error)
FAIL: gcc.dg/torture/tls/run-ld.c -O3 -g -fpic (test for excess errors)
WARNING: gcc.dg/torture/tls/run-ld.c -O3 -g -fpic compilation failed to produce executable
FAIL: gcc.dg/torture/tls/run-ld.c -Os -fpic (internal compiler error)
FAIL: gcc.dg/torture/tls/run-ld.c -Os -fpic (test for excess errors)
WARNING: gcc.dg/torture/tls/run-ld.c -Os -fpic compilation failed to produce executable
FAIL: gcc.dg/torture/tls/run-ld.c -O1 -fPIC (internal compiler error)
FAIL: gcc.dg/torture/tls/run-ld.c -O1 -fPIC (test for excess errors)
WARNING: gcc.dg/torture/tls/run-ld.c -O1 -fPIC compilation failed to produce executable
FAIL: gcc.dg/torture/tls/run-ld.c -O2 -fPIC (internal compiler error)
FAIL: gcc.dg/torture/tls/run-ld.c -O2 -fPIC (test for excess errors)
WARNING: gcc.dg/torture/tls/run-ld.c -O2 -fPIC compilation failed to produce executable
FAIL: gcc.dg/torture/tls/run-ld.c -O3 -fomit-frame-pointer -fPIC (internal compiler error)
FAIL: gcc.dg/torture/tls/run-ld.c -O3 -fomit-frame-pointer -fPIC (test for excess errors)
WARNING: gcc.dg/torture/tls/run-ld.c -O3 -fomit-frame-pointer -fPIC compilation failed to produce executable
FAIL: gcc.dg/torture/tls/run-ld.c -O3 -g -fPIC (internal compiler error)
FAIL: gcc.dg/torture/tls/run-ld.c -O3 -g -fPIC (test for excess errors)
WARNING: gcc.dg/torture/tls/run-ld.c -O3 -g -fPIC compilation failed to produce executable
FAIL: gcc.dg/torture/tls/run-ld.c -Os -fPIC (internal compiler error)
FAIL: gcc.dg/torture/tls/run-ld.c -Os -fPIC (test for excess errors)
WARNING: gcc.dg/torture/tls/run-ld.c -Os -fPIC compilation failed to produce executable
FAIL: gcc.dg/torture/tls/run-ld.c -O1 -pie -fpie (internal compiler error)
FAIL: gcc.dg/torture/tls/run-ld.c -O1 -pie -fpie (test for excess errors)
WARNING: gcc.dg/torture/tls/run-ld.c -O1 -pie -fpie compilation failed to produce executable
FAIL: gcc.dg/torture/tls/run-ld.c -O2 -pie -fpie (internal compiler error)
FAIL: gcc.dg/torture/tls/run-ld.c -O2 -pie -fpie (test for excess errors)
WARNING: gcc.dg/torture/tls/run-ld.c -O2 -pie -fpie compilation failed to produce executable
FAIL: gcc.dg/torture/tls/run-ld.c -O3 -fomit-frame-pointer -pie -fpie (internal compiler error)
FAIL: gcc.dg/torture/tls/run-ld.c -O3 -fomit-frame-pointer -pie -fpie (test for excess errors)
WARNING: gcc.dg/torture/tls/run-ld.c -O3 -fomit-frame-pointer -pie -fpie compilation failed to produce executable
FAIL: gcc.dg/torture/tls/run-ld.c -O3 -g -pie -fpie (internal compiler error)
FAIL: gcc.dg/torture/tls/run-ld.c -O3 -g -pie -fpie (test for excess errors)
WARNING: gcc.dg/torture/tls/run-ld.c -O3 -g -pie -fpie compilation failed to produce executable
FAIL: gcc.dg/torture/tls/run-ld.c -Os -pie -fpie (internal compiler error)
FAIL: gcc.dg/torture/tls/run-ld.c -Os -pie -fpie (test for excess errors)
WARNING: gcc.dg/torture/tls/run-ld.c -Os -pie -fpie compilation failed to produce executable
FAIL: gcc.dg/torture/tls/run-ld.c -O1 -pie -fPIE (internal compiler error)
FAIL: gcc.dg/torture/tls/run-ld.c -O1 -pie -fPIE (test for excess errors)
WARNING: gcc.dg/torture/tls/run-ld.c -O1 -pie -fPIE compilation failed to produce executable
FAIL: gcc.dg/torture/tls/run-ld.c -O2 -pie -fPIE (internal compiler error)
FAIL: gcc.dg/torture/tls/run-ld.c -O2 -pie -fPIE (test for excess errors)
WARNING: gcc.dg/torture/tls/run-ld.c -O2 -pie -fPIE compilation failed to produce executable
FAIL: gcc.dg/torture/tls/run-ld.c -O3 -fomit-frame-pointer -pie -fPIE (internal compiler error)
FAIL: gcc.dg/torture/tls/run-ld.c -O3 -fomit-frame-pointer -pie -fPIE (test for excess errors)
WARNING: gcc.dg/torture/tls/run-ld.c -O3 -fomit-frame-pointer -pie -fPIE compilation failed to produce executable
FAIL: gcc.dg/torture/tls/run-ld.c -O3 -g -pie -fPIE (internal compiler error)
FAIL: gcc.dg/torture/tls/run-ld.c -O3 -g -pie -fPIE (test for excess errors)
WARNING: gcc.dg/torture/tls/run-ld.c -O3 -g -pie -fPIE compilation failed to produce executable
FAIL: gcc.dg/torture/tls/run-ld.c -Os -pie -fPIE (internal compiler error)
FAIL: gcc.dg/torture/tls/run-ld.c -Os -pie -fPIE (test for excess errors)
WARNING: gcc.dg/torture/tls/run-ld.c -Os -pie -fPIE compilation failed to produce executable
FAIL: gcc.dg/torture/tls/run-ld.c -O2 -flto -flto-partition=none (internal compiler error)
FAIL: gcc.dg/torture/tls/run-ld.c -O2 -flto -flto-partition=none (test for excess errors)
WARNING: gcc.dg/torture/tls/run-ld.c -O2 -flto -flto-partition=none compilation failed to produce executable
FAIL: gcc.dg/torture/tls/run-ld.c -O2 -flto (internal compiler error)
FAIL: gcc.dg/torture/tls/run-ld.c -O2 -flto (test for excess errors)
WARNING: gcc.dg/torture/tls/run-ld.c -O2 -flto compilation failed to produce executable
FAIL: gcc.dg/torture/tls/run-le.c -O1 (internal compiler error)
FAIL: gcc.dg/torture/tls/run-le.c -O1 (test for excess errors)
WARNING: gcc.dg/torture/tls/run-le.c -O1 compilation failed to produce executable
FAIL: gcc.dg/torture/tls/run-le.c -O2 (internal compiler error)
FAIL: gcc.dg/torture/tls/run-le.c -O2 (test for excess errors)
WARNING: gcc.dg/torture/tls/run-le.c -O2 compilation failed to produce executable
FAIL: gcc.dg/torture/tls/run-le.c -O3 -fomit-frame-pointer (internal compiler error)
FAIL: gcc.dg/torture/tls/run-le.c -O3 -fomit-frame-pointer (test for excess errors)
WARNING: gcc.dg/torture/tls/run-le.c -O3 -fomit-frame-pointer compilation failed to produce executable
FAIL: gcc.dg/torture/tls/run-le.c -O3 -g (internal compiler error)
FAIL: gcc.dg/torture/tls/run-le.c -O3 -g (test for excess errors)
WARNING: gcc.dg/torture/tls/run-le.c -O3 -g compilation failed to produce executable
FAIL: gcc.dg/torture/tls/run-le.c -Os (internal compiler error)
FAIL: gcc.dg/torture/tls/run-le.c -Os (test for excess errors)
WARNING: gcc.dg/torture/tls/run-le.c -Os compilation failed to produce executable
FAIL: gcc.dg/torture/tls/run-le.c -O1 -fpic (internal compiler error)
FAIL: gcc.dg/torture/tls/run-le.c -O1 -fpic (test for excess errors)
WARNING: gcc.dg/torture/tls/run-le.c -O1 -fpic compilation failed to produce executable
FAIL: gcc.dg/torture/tls/run-le.c -O2 -fpic (internal compiler error)
FAIL: gcc.dg/torture/tls/run-le.c -O2 -fpic (test for excess errors)
WARNING: gcc.dg/torture/tls/run-le.c -O2 -fpic compilation failed to produce executable
FAIL: gcc.dg/torture/tls/run-le.c -O3 -fomit-frame-pointer -fpic (internal compiler error)
FAIL: gcc.dg/torture/tls/run-le.c -O3 -fomit-frame-pointer -fpic (test for excess errors)
WARNING: gcc.dg/torture/tls/run-le.c -O3 -fomit-frame-pointer -fpic compilation failed to produce executable
FAIL: gcc.dg/torture/tls/run-le.c -O3 -g -fpic (internal compiler error)
FAIL: gcc.dg/torture/tls/run-le.c -O3 -g -fpic (test for excess errors)
WARNING: gcc.dg/torture/tls/run-le.c -O3 -g -fpic compilation failed to produce executable
FAIL: gcc.dg/torture/tls/run-le.c -Os -fpic (internal compiler error)
FAIL: gcc.dg/torture/tls/run-le.c -Os -fpic (test for excess errors)
WARNING: gcc.dg/torture/tls/run-le.c -Os -fpic compilation failed to produce executable
FAIL: gcc.dg/torture/tls/run-le.c -O1 -fPIC (internal compiler error)
FAIL: gcc.dg/torture/tls/run-le.c -O1 -fPIC (test for excess errors)
WARNING: gcc.dg/torture/tls/run-le.c -O1 -fPIC compilation failed to produce executable
FAIL: gcc.dg/torture/tls/run-le.c -O2 -fPIC (internal compiler error)
FAIL: gcc.dg/torture/tls/run-le.c -O2 -fPIC (test for excess errors)
WARNING: gcc.dg/torture/tls/run-le.c -O2 -fPIC compilation failed to produce executable
FAIL: gcc.dg/torture/tls/run-le.c -O3 -fomit-frame-pointer -fPIC (internal compiler error)
FAIL: gcc.dg/torture/tls/run-le.c -O3 -fomit-frame-pointer -fPIC (test for excess errors)
WARNING: gcc.dg/torture/tls/run-le.c -O3 -fomit-frame-pointer -fPIC compilation failed to produce executable
FAIL: gcc.dg/torture/tls/run-le.c -O3 -g -fPIC (internal compiler error)
FAIL: gcc.dg/torture/tls/run-le.c -O3 -g -fPIC (test for excess errors)
WARNING: gcc.dg/torture/tls/run-le.c -O3 -g -fPIC compilation failed to produce executable
FAIL: gcc.dg/torture/tls/run-le.c -Os -fPIC (internal compiler error)
FAIL: gcc.dg/torture/tls/run-le.c -Os -fPIC (test for excess errors)
WARNING: gcc.dg/torture/tls/run-le.c -Os -fPIC compilation failed to produce executable
FAIL: gcc.dg/torture/tls/run-le.c -O1 -pie -fpie (internal compiler error)
FAIL: gcc.dg/torture/tls/run-le.c -O1 -pie -fpie (test for excess errors)
WARNING: gcc.dg/torture/tls/run-le.c -O1 -pie -fpie compilation failed to produce executable
FAIL: gcc.dg/torture/tls/run-le.c -O2 -pie -fpie (internal compiler error)
FAIL: gcc.dg/torture/tls/run-le.c -O2 -pie -fpie (test for excess errors)
WARNING: gcc.dg/torture/tls/run-le.c -O2 -pie -fpie compilation failed to produce executable
FAIL: gcc.dg/torture/tls/run-le.c -O3 -fomit-frame-pointer -pie -fpie (internal compiler error)
FAIL: gcc.dg/torture/tls/run-le.c -O3 -fomit-frame-pointer -pie -fpie (test for excess errors)
WARNING: gcc.dg/torture/tls/run-le.c -O3 -fomit-frame-pointer -pie -fpie compilation failed to produce executable
FAIL: gcc.dg/torture/tls/run-le.c -O3 -g -pie -fpie (internal compiler error)
FAIL: gcc.dg/torture/tls/run-le.c -O3 -g -pie -fpie (test for excess errors)
WARNING: gcc.dg/torture/tls/run-le.c -O3 -g -pie -fpie compilation failed to produce executable
FAIL: gcc.dg/torture/tls/run-le.c -Os -pie -fpie (internal compiler error)
FAIL: gcc.dg/torture/tls/run-le.c -Os -pie -fpie (test for excess errors)
WARNING: gcc.dg/torture/tls/run-le.c -Os -pie -fpie compilation failed to produce executable
FAIL: gcc.dg/torture/tls/run-le.c -O1 -pie -fPIE (internal compiler error)
FAIL: gcc.dg/torture/tls/run-le.c -O1 -pie -fPIE (test for excess errors)
WARNING: gcc.dg/torture/tls/run-le.c -O1 -pie -fPIE compilation failed to produce executable
FAIL: gcc.dg/torture/tls/run-le.c -O2 -pie -fPIE (internal compiler error)
FAIL: gcc.dg/torture/tls/run-le.c -O2 -pie -fPIE (test for excess errors)
WARNING: gcc.dg/torture/tls/run-le.c -O2 -pie -fPIE compilation failed to produce executable
FAIL: gcc.dg/torture/tls/run-le.c -O3 -fomit-frame-pointer -pie -fPIE (internal compiler error)
FAIL: gcc.dg/torture/tls/run-le.c -O3 -fomit-frame-pointer -pie -fPIE (test for excess errors)
WARNING: gcc.dg/torture/tls/run-le.c -O3 -fomit-frame-pointer -pie -fPIE compilation failed to produce executable
FAIL: gcc.dg/torture/tls/run-le.c -O3 -g -pie -fPIE (internal compiler error)
FAIL: gcc.dg/torture/tls/run-le.c -O3 -g -pie -fPIE (test for excess errors)
WARNING: gcc.dg/torture/tls/run-le.c -O3 -g -pie -fPIE compilation failed to produce executable
FAIL: gcc.dg/torture/tls/run-le.c -Os -pie -fPIE (internal compiler error)
FAIL: gcc.dg/torture/tls/run-le.c -Os -pie -fPIE (test for excess errors)
WARNING: gcc.dg/torture/tls/run-le.c -Os -pie -fPIE compilation failed to produce executable
FAIL: gcc.dg/torture/tls/run-le.c -O2 -flto -flto-partition=none (internal compiler error)
FAIL: gcc.dg/torture/tls/run-le.c -O2 -flto -flto-partition=none (test for excess errors)
WARNING: gcc.dg/torture/tls/run-le.c -O2 -flto -flto-partition=none compilation failed to produce executable
FAIL: gcc.dg/torture/tls/run-le.c -O2 -flto (internal compiler error)
FAIL: gcc.dg/torture/tls/run-le.c -O2 -flto (test for excess errors)
WARNING: gcc.dg/torture/tls/run-le.c -O2 -flto compilation failed to produce executable
FAIL: gcc.dg/torture/tls/thr-init-1.c -O1 (internal compiler error)
FAIL: gcc.dg/torture/tls/thr-init-1.c -O1 (test for excess errors)
WARNING: gcc.dg/torture/tls/thr-init-1.c -O1 compilation failed to produce executable
FAIL: gcc.dg/torture/tls/thr-init-1.c -O2 (internal compiler error)
FAIL: gcc.dg/torture/tls/thr-init-1.c -O2 (test for excess errors)
WARNING: gcc.dg/torture/tls/thr-init-1.c -O2 compilation failed to produce executable
FAIL: gcc.dg/torture/tls/thr-init-1.c -O3 -fomit-frame-pointer (internal compiler error)
FAIL: gcc.dg/torture/tls/thr-init-1.c -O3 -fomit-frame-pointer (test for excess errors)
WARNING: gcc.dg/torture/tls/thr-init-1.c -O3 -fomit-frame-pointer compilation failed to produce executable
FAIL: gcc.dg/torture/tls/thr-init-1.c -O3 -g (internal compiler error)
FAIL: gcc.dg/torture/tls/thr-init-1.c -O3 -g (test for excess errors)
WARNING: gcc.dg/torture/tls/thr-init-1.c -O3 -g compilation failed to produce executable
FAIL: gcc.dg/torture/tls/thr-init-1.c -Os (internal compiler error)
FAIL: gcc.dg/torture/tls/thr-init-1.c -Os (test for excess errors)
WARNING: gcc.dg/torture/tls/thr-init-1.c -Os compilation failed to produce executable
FAIL: gcc.dg/torture/tls/thr-init-1.c -O1 -fpic (internal compiler error)
FAIL: gcc.dg/torture/tls/thr-init-1.c -O1 -fpic (test for excess errors)
WARNING: gcc.dg/torture/tls/thr-init-1.c -O1 -fpic compilation failed to produce executable
FAIL: gcc.dg/torture/tls/thr-init-1.c -O2 -fpic (internal compiler error)
FAIL: gcc.dg/torture/tls/thr-init-1.c -O2 -fpic (test for excess errors)
WARNING: gcc.dg/torture/tls/thr-init-1.c -O2 -fpic compilation failed to produce executable
FAIL: gcc.dg/torture/tls/thr-init-1.c -O3 -fomit-frame-pointer -fpic (internal compiler error)
FAIL: gcc.dg/torture/tls/thr-init-1.c -O3 -fomit-frame-pointer -fpic (test for excess errors)
WARNING: gcc.dg/torture/tls/thr-init-1.c -O3 -fomit-frame-pointer -fpic compilation failed to produce executable
FAIL: gcc.dg/torture/tls/thr-init-1.c -O3 -g -fpic (internal compiler error)
FAIL: gcc.dg/torture/tls/thr-init-1.c -O3 -g -fpic (test for excess errors)
WARNING: gcc.dg/torture/tls/thr-init-1.c -O3 -g -fpic compilation failed to produce executable
FAIL: gcc.dg/torture/tls/thr-init-1.c -Os -fpic (internal compiler error)
FAIL: gcc.dg/torture/tls/thr-init-1.c -Os -fpic (test for excess errors)
WARNING: gcc.dg/torture/tls/thr-init-1.c -Os -fpic compilation failed to produce executable
FAIL: gcc.dg/torture/tls/thr-init-1.c -O1 -fPIC (internal compiler error)
FAIL: gcc.dg/torture/tls/thr-init-1.c -O1 -fPIC (test for excess errors)
WARNING: gcc.dg/torture/tls/thr-init-1.c -O1 -fPIC compilation failed to produce executable
FAIL: gcc.dg/torture/tls/thr-init-1.c -O2 -fPIC (internal compiler error)
FAIL: gcc.dg/torture/tls/thr-init-1.c -O2 -fPIC (test for excess errors)
WARNING: gcc.dg/torture/tls/thr-init-1.c -O2 -fPIC compilation failed to produce executable
FAIL: gcc.dg/torture/tls/thr-init-1.c -O3 -fomit-frame-pointer -fPIC (internal compiler error)
FAIL: gcc.dg/torture/tls/thr-init-1.c -O3 -fomit-frame-pointer -fPIC (test for excess errors)
WARNING: gcc.dg/torture/tls/thr-init-1.c -O3 -fomit-frame-pointer -fPIC compilation failed to produce executable
FAIL: gcc.dg/torture/tls/thr-init-1.c -O3 -g -fPIC (internal compiler error)
FAIL: gcc.dg/torture/tls/thr-init-1.c -O3 -g -fPIC (test for excess errors)
WARNING: gcc.dg/torture/tls/thr-init-1.c -O3 -g -fPIC compilation failed to produce executable
FAIL: gcc.dg/torture/tls/thr-init-1.c -Os -fPIC (internal compiler error)
FAIL: gcc.dg/torture/tls/thr-init-1.c -Os -fPIC (test for excess errors)
WARNING: gcc.dg/torture/tls/thr-init-1.c -Os -fPIC compilation failed to produce executable
FAIL: gcc.dg/torture/tls/thr-init-1.c -O1 -pie -fpie (internal compiler error)
FAIL: gcc.dg/torture/tls/thr-init-1.c -O1 -pie -fpie (test for excess errors)
WARNING: gcc.dg/torture/tls/thr-init-1.c -O1 -pie -fpie compilation failed to produce executable
FAIL: gcc.dg/torture/tls/thr-init-1.c -O2 -pie -fpie (internal compiler error)
FAIL: gcc.dg/torture/tls/thr-init-1.c -O2 -pie -fpie (test for excess errors)
WARNING: gcc.dg/torture/tls/thr-init-1.c -O2 -pie -fpie compilation failed to produce executable
FAIL: gcc.dg/torture/tls/thr-init-1.c -O3 -fomit-frame-pointer -pie -fpie (internal compiler error)
FAIL: gcc.dg/torture/tls/thr-init-1.c -O3 -fomit-frame-pointer -pie -fpie (test for excess errors)
WARNING: gcc.dg/torture/tls/thr-init-1.c -O3 -fomit-frame-pointer -pie -fpie compilation failed to produce executable
FAIL: gcc.dg/torture/tls/thr-init-1.c -O3 -g -pie -fpie (internal compiler error)
FAIL: gcc.dg/torture/tls/thr-init-1.c -O3 -g -pie -fpie (test for excess errors)
WARNING: gcc.dg/torture/tls/thr-init-1.c -O3 -g -pie -fpie compilation failed to produce executable
FAIL: gcc.dg/torture/tls/thr-init-1.c -Os -pie -fpie (internal compiler error)
FAIL: gcc.dg/torture/tls/thr-init-1.c -Os -pie -fpie (test for excess errors)
WARNING: gcc.dg/torture/tls/thr-init-1.c -Os -pie -fpie compilation failed to produce executable
FAIL: gcc.dg/torture/tls/thr-init-1.c -O1 -pie -fPIE (internal compiler error)
FAIL: gcc.dg/torture/tls/thr-init-1.c -O1 -pie -fPIE (test for excess errors)
WARNING: gcc.dg/torture/tls/thr-init-1.c -O1 -pie -fPIE compilation failed to produce executable
FAIL: gcc.dg/torture/tls/thr-init-1.c -O2 -pie -fPIE (internal compiler error)
FAIL: gcc.dg/torture/tls/thr-init-1.c -O2 -pie -fPIE (test for excess errors)
WARNING: gcc.dg/torture/tls/thr-init-1.c -O2 -pie -fPIE compilation failed to produce executable
FAIL: gcc.dg/torture/tls/thr-init-1.c -O3 -fomit-frame-pointer -pie -fPIE (internal compiler error)
FAIL: gcc.dg/torture/tls/thr-init-1.c -O3 -fomit-frame-pointer -pie -fPIE (test for excess errors)
WARNING: gcc.dg/torture/tls/thr-init-1.c -O3 -fomit-frame-pointer -pie -fPIE compilation failed to produce executable
FAIL: gcc.dg/torture/tls/thr-init-1.c -O3 -g -pie -fPIE (internal compiler error)
FAIL: gcc.dg/torture/tls/thr-init-1.c -O3 -g -pie -fPIE (test for excess errors)
WARNING: gcc.dg/torture/tls/thr-init-1.c -O3 -g -pie -fPIE compilation failed to produce executable
FAIL: gcc.dg/torture/tls/thr-init-1.c -Os -pie -fPIE (internal compiler error)
FAIL: gcc.dg/torture/tls/thr-init-1.c -Os -pie -fPIE (test for excess errors)
WARNING: gcc.dg/torture/tls/thr-init-1.c -Os -pie -fPIE compilation failed to produce executable
FAIL: gcc.dg/torture/tls/thr-init-1.c -O2 -flto -flto-partition=none (internal compiler error)
FAIL: gcc.dg/torture/tls/thr-init-1.c -O2 -flto -flto-partition=none (test for excess errors)
WARNING: gcc.dg/torture/tls/thr-init-1.c -O2 -flto -flto-partition=none compilation failed to produce executable
FAIL: gcc.dg/torture/tls/thr-init-1.c -O2 -flto (internal compiler error)
FAIL: gcc.dg/torture/tls/thr-init-1.c -O2 -flto (test for excess errors)
WARNING: gcc.dg/torture/tls/thr-init-1.c -O2 -flto compilation failed to produce executable
FAIL: gcc.dg/torture/tls/thr-init-2.c -O1 (internal compiler error)
FAIL: gcc.dg/torture/tls/thr-init-2.c -O1 (test for excess errors)
WARNING: gcc.dg/torture/tls/thr-init-2.c -O1 compilation failed to produce executable
FAIL: gcc.dg/torture/tls/thr-init-2.c -O2 (internal compiler error)
FAIL: gcc.dg/torture/tls/thr-init-2.c -O2 (test for excess errors)
WARNING: gcc.dg/torture/tls/thr-init-2.c -O2 compilation failed to produce executable
FAIL: gcc.dg/torture/tls/thr-init-2.c -O3 -fomit-frame-pointer (internal compiler error)
FAIL: gcc.dg/torture/tls/thr-init-2.c -O3 -fomit-frame-pointer (test for excess errors)
WARNING: gcc.dg/torture/tls/thr-init-2.c -O3 -fomit-frame-pointer compilation failed to produce executable
FAIL: gcc.dg/torture/tls/thr-init-2.c -O3 -g (internal compiler error)
FAIL: gcc.dg/torture/tls/thr-init-2.c -O3 -g (test for excess errors)
WARNING: gcc.dg/torture/tls/thr-init-2.c -O3 -g compilation failed to produce executable
FAIL: gcc.dg/torture/tls/thr-init-2.c -Os (internal compiler error)
FAIL: gcc.dg/torture/tls/thr-init-2.c -Os (test for excess errors)
WARNING: gcc.dg/torture/tls/thr-init-2.c -Os compilation failed to produce executable
FAIL: gcc.dg/torture/tls/thr-init-2.c -O1 -fpic (internal compiler error)
FAIL: gcc.dg/torture/tls/thr-init-2.c -O1 -fpic (test for excess errors)
WARNING: gcc.dg/torture/tls/thr-init-2.c -O1 -fpic compilation failed to produce executable
FAIL: gcc.dg/torture/tls/thr-init-2.c -O2 -fpic (internal compiler error)
FAIL: gcc.dg/torture/tls/thr-init-2.c -O2 -fpic (test for excess errors)
WARNING: gcc.dg/torture/tls/thr-init-2.c -O2 -fpic compilation failed to produce executable
FAIL: gcc.dg/torture/tls/thr-init-2.c -O3 -fomit-frame-pointer -fpic (internal compiler error)
FAIL: gcc.dg/torture/tls/thr-init-2.c -O3 -fomit-frame-pointer -fpic (test for excess errors)
WARNING: gcc.dg/torture/tls/thr-init-2.c -O3 -fomit-frame-pointer -fpic compilation failed to produce executable
FAIL: gcc.dg/torture/tls/thr-init-2.c -O3 -g -fpic (internal compiler error)
FAIL: gcc.dg/torture/tls/thr-init-2.c -O3 -g -fpic (test for excess errors)
WARNING: gcc.dg/torture/tls/thr-init-2.c -O3 -g -fpic compilation failed to produce executable
FAIL: gcc.dg/torture/tls/thr-init-2.c -Os -fpic (internal compiler error)
FAIL: gcc.dg/torture/tls/thr-init-2.c -Os -fpic (test for excess errors)
WARNING: gcc.dg/torture/tls/thr-init-2.c -Os -fpic compilation failed to produce executable
FAIL: gcc.dg/torture/tls/thr-init-2.c -O1 -fPIC (internal compiler error)
FAIL: gcc.dg/torture/tls/thr-init-2.c -O1 -fPIC (test for excess errors)
WARNING: gcc.dg/torture/tls/thr-init-2.c -O1 -fPIC compilation failed to produce executable
FAIL: gcc.dg/torture/tls/thr-init-2.c -O2 -fPIC (internal compiler error)
FAIL: gcc.dg/torture/tls/thr-init-2.c -O2 -fPIC (test for excess errors)
WARNING: gcc.dg/torture/tls/thr-init-2.c -O2 -fPIC compilation failed to produce executable
FAIL: gcc.dg/torture/tls/thr-init-2.c -O3 -fomit-frame-pointer -fPIC (internal compiler error)
FAIL: gcc.dg/torture/tls/thr-init-2.c -O3 -fomit-frame-pointer -fPIC (test for excess errors)
WARNING: gcc.dg/torture/tls/thr-init-2.c -O3 -fomit-frame-pointer -fPIC compilation failed to produce executable
FAIL: gcc.dg/torture/tls/thr-init-2.c -O3 -g -fPIC (internal compiler error)
FAIL: gcc.dg/torture/tls/thr-init-2.c -O3 -g -fPIC (test for excess errors)
WARNING: gcc.dg/torture/tls/thr-init-2.c -O3 -g -fPIC compilation failed to produce executable
FAIL: gcc.dg/torture/tls/thr-init-2.c -Os -fPIC (internal compiler error)
FAIL: gcc.dg/torture/tls/thr-init-2.c -Os -fPIC (test for excess errors)
WARNING: gcc.dg/torture/tls/thr-init-2.c -Os -fPIC compilation failed to produce executable
FAIL: gcc.dg/torture/tls/thr-init-2.c -O1 -pie -fpie (internal compiler error)
FAIL: gcc.dg/torture/tls/thr-init-2.c -O1 -pie -fpie (test for excess errors)
WARNING: gcc.dg/torture/tls/thr-init-2.c -O1 -pie -fpie compilation failed to produce executable
FAIL: gcc.dg/torture/tls/thr-init-2.c -O2 -pie -fpie (internal compiler error)
FAIL: gcc.dg/torture/tls/thr-init-2.c -O2 -pie -fpie (test for excess errors)
WARNING: gcc.dg/torture/tls/thr-init-2.c -O2 -pie -fpie compilation failed to produce executable
FAIL: gcc.dg/torture/tls/thr-init-2.c -O3 -fomit-frame-pointer -pie -fpie (internal compiler error)
FAIL: gcc.dg/torture/tls/thr-init-2.c -O3 -fomit-frame-pointer -pie -fpie (test for excess errors)
WARNING: gcc.dg/torture/tls/thr-init-2.c -O3 -fomit-frame-pointer -pie -fpie compilation failed to produce executable
FAIL: gcc.dg/torture/tls/thr-init-2.c -O3 -g -pie -fpie (internal compiler error)
FAIL: gcc.dg/torture/tls/thr-init-2.c -O3 -g -pie -fpie (test for excess errors)
WARNING: gcc.dg/torture/tls/thr-init-2.c -O3 -g -pie -fpie compilation failed to produce executable
FAIL: gcc.dg/torture/tls/thr-init-2.c -Os -pie -fpie (internal compiler error)
FAIL: gcc.dg/torture/tls/thr-init-2.c -Os -pie -fpie (test for excess errors)
WARNING: gcc.dg/torture/tls/thr-init-2.c -Os -pie -fpie compilation failed to produce executable
FAIL: gcc.dg/torture/tls/thr-init-2.c -O1 -pie -fPIE (internal compiler error)
FAIL: gcc.dg/torture/tls/thr-init-2.c -O1 -pie -fPIE (test for excess errors)
WARNING: gcc.dg/torture/tls/thr-init-2.c -O1 -pie -fPIE compilation failed to produce executable
FAIL: gcc.dg/torture/tls/thr-init-2.c -O2 -pie -fPIE (internal compiler error)
FAIL: gcc.dg/torture/tls/thr-init-2.c -O2 -pie -fPIE (test for excess errors)
WARNING: gcc.dg/torture/tls/thr-init-2.c -O2 -pie -fPIE compilation failed to produce executable
FAIL: gcc.dg/torture/tls/thr-init-2.c -O3 -fomit-frame-pointer -pie -fPIE (internal compiler error)
FAIL: gcc.dg/torture/tls/thr-init-2.c -O3 -fomit-frame-pointer -pie -fPIE (test for excess errors)
WARNING: gcc.dg/torture/tls/thr-init-2.c -O3 -fomit-frame-pointer -pie -fPIE compilation failed to produce executable
FAIL: gcc.dg/torture/tls/thr-init-2.c -O3 -g -pie -fPIE (internal compiler error)
FAIL: gcc.dg/torture/tls/thr-init-2.c -O3 -g -pie -fPIE (test for excess errors)
WARNING: gcc.dg/torture/tls/thr-init-2.c -O3 -g -pie -fPIE compilation failed to produce executable
FAIL: gcc.dg/torture/tls/thr-init-2.c -Os -pie -fPIE (internal compiler error)
FAIL: gcc.dg/torture/tls/thr-init-2.c -Os -pie -fPIE (test for excess errors)
WARNING: gcc.dg/torture/tls/thr-init-2.c -Os -pie -fPIE compilation failed to produce executable
FAIL: gcc.dg/torture/tls/thr-init-2.c -O2 -flto -flto-partition=none (internal compiler error)
FAIL: gcc.dg/torture/tls/thr-init-2.c -O2 -flto -flto-partition=none (test for excess errors)
WARNING: gcc.dg/torture/tls/thr-init-2.c -O2 -flto -flto-partition=none compilation failed to produce executable
FAIL: gcc.dg/torture/tls/thr-init-2.c -O2 -flto (internal compiler error)
FAIL: gcc.dg/torture/tls/thr-init-2.c -O2 -flto (test for excess errors)
WARNING: gcc.dg/torture/tls/thr-init-2.c -O2 -flto compilation failed to produce executable
FAIL: gcc.dg/torture/tls/tls-test.c -O1 (internal compiler error)
FAIL: gcc.dg/torture/tls/tls-test.c -O1 (test for excess errors)
WARNING: gcc.dg/torture/tls/tls-test.c -O1 compilation failed to produce executable
FAIL: gcc.dg/torture/tls/tls-test.c -O2 (internal compiler error)
FAIL: gcc.dg/torture/tls/tls-test.c -O2 (test for excess errors)
WARNING: gcc.dg/torture/tls/tls-test.c -O2 compilation failed to produce executable
FAIL: gcc.dg/torture/tls/tls-test.c -O3 -fomit-frame-pointer (internal compiler error)
FAIL: gcc.dg/torture/tls/tls-test.c -O3 -fomit-frame-pointer (test for excess errors)
WARNING: gcc.dg/torture/tls/tls-test.c -O3 -fomit-frame-pointer compilation failed to produce executable
FAIL: gcc.dg/torture/tls/tls-test.c -O3 -g (internal compiler error)
FAIL: gcc.dg/torture/tls/tls-test.c -O3 -g (test for excess errors)
WARNING: gcc.dg/torture/tls/tls-test.c -O3 -g compilation failed to produce executable
FAIL: gcc.dg/torture/tls/tls-test.c -Os (internal compiler error)
FAIL: gcc.dg/torture/tls/tls-test.c -Os (test for excess errors)
WARNING: gcc.dg/torture/tls/tls-test.c -Os compilation failed to produce executable
FAIL: gcc.dg/torture/tls/tls-test.c -O1 -fpic (internal compiler error)
FAIL: gcc.dg/torture/tls/tls-test.c -O1 -fpic (test for excess errors)
WARNING: gcc.dg/torture/tls/tls-test.c -O1 -fpic compilation failed to produce executable
FAIL: gcc.dg/torture/tls/tls-test.c -O2 -fpic (internal compiler error)
FAIL: gcc.dg/torture/tls/tls-test.c -O2 -fpic (test for excess errors)
WARNING: gcc.dg/torture/tls/tls-test.c -O2 -fpic compilation failed to produce executable
FAIL: gcc.dg/torture/tls/tls-test.c -O3 -fomit-frame-pointer -fpic (internal compiler error)
FAIL: gcc.dg/torture/tls/tls-test.c -O3 -fomit-frame-pointer -fpic (test for excess errors)
WARNING: gcc.dg/torture/tls/tls-test.c -O3 -fomit-frame-pointer -fpic compilation failed to produce executable
FAIL: gcc.dg/torture/tls/tls-test.c -O3 -g -fpic (internal compiler error)
FAIL: gcc.dg/torture/tls/tls-test.c -O3 -g -fpic (test for excess errors)
WARNING: gcc.dg/torture/tls/tls-test.c -O3 -g -fpic compilation failed to produce executable
FAIL: gcc.dg/torture/tls/tls-test.c -Os -fpic (internal compiler error)
FAIL: gcc.dg/torture/tls/tls-test.c -Os -fpic (test for excess errors)
WARNING: gcc.dg/torture/tls/tls-test.c -Os -fpic compilation failed to produce executable
FAIL: gcc.dg/torture/tls/tls-test.c -O1 -fPIC (internal compiler error)
FAIL: gcc.dg/torture/tls/tls-test.c -O1 -fPIC (test for excess errors)
WARNING: gcc.dg/torture/tls/tls-test.c -O1 -fPIC compilation failed to produce executable
FAIL: gcc.dg/torture/tls/tls-test.c -O2 -fPIC (internal compiler error)
FAIL: gcc.dg/torture/tls/tls-test.c -O2 -fPIC (test for excess errors)
WARNING: gcc.dg/torture/tls/tls-test.c -O2 -fPIC compilation failed to produce executable
FAIL: gcc.dg/torture/tls/tls-test.c -O3 -fomit-frame-pointer -fPIC (internal compiler error)
FAIL: gcc.dg/torture/tls/tls-test.c -O3 -fomit-frame-pointer -fPIC (test for excess errors)
WARNING: gcc.dg/torture/tls/tls-test.c -O3 -fomit-frame-pointer -fPIC compilation failed to produce executable
FAIL: gcc.dg/torture/tls/tls-test.c -O3 -g -fPIC (internal compiler error)
FAIL: gcc.dg/torture/tls/tls-test.c -O3 -g -fPIC (test for excess errors)
WARNING: gcc.dg/torture/tls/tls-test.c -O3 -g -fPIC compilation failed to produce executable
FAIL: gcc.dg/torture/tls/tls-test.c -Os -fPIC (internal compiler error)
FAIL: gcc.dg/torture/tls/tls-test.c -Os -fPIC (test for excess errors)
WARNING: gcc.dg/torture/tls/tls-test.c -Os -fPIC compilation failed to produce executable
FAIL: gcc.dg/torture/tls/tls-test.c -O1 -pie -fpie (internal compiler error)
FAIL: gcc.dg/torture/tls/tls-test.c -O1 -pie -fpie (test for excess errors)
WARNING: gcc.dg/torture/tls/tls-test.c -O1 -pie -fpie compilation failed to produce executable
FAIL: gcc.dg/torture/tls/tls-test.c -O2 -pie -fpie (internal compiler error)
FAIL: gcc.dg/torture/tls/tls-test.c -O2 -pie -fpie (test for excess errors)
WARNING: gcc.dg/torture/tls/tls-test.c -O2 -pie -fpie compilation failed to produce executable
FAIL: gcc.dg/torture/tls/tls-test.c -O3 -fomit-frame-pointer -pie -fpie (internal compiler error)
FAIL: gcc.dg/torture/tls/tls-test.c -O3 -fomit-frame-pointer -pie -fpie (test for excess errors)
WARNING: gcc.dg/torture/tls/tls-test.c -O3 -fomit-frame-pointer -pie -fpie compilation failed to produce executable
FAIL: gcc.dg/torture/tls/tls-test.c -O3 -g -pie -fpie (internal compiler error)
FAIL: gcc.dg/torture/tls/tls-test.c -O3 -g -pie -fpie (test for excess errors)
WARNING: gcc.dg/torture/tls/tls-test.c -O3 -g -pie -fpie compilation failed to produce executable
FAIL: gcc.dg/torture/tls/tls-test.c -Os -pie -fpie (internal compiler error)
FAIL: gcc.dg/torture/tls/tls-test.c -Os -pie -fpie (test for excess errors)
WARNING: gcc.dg/torture/tls/tls-test.c -Os -pie -fpie compilation failed to produce executable
FAIL: gcc.dg/torture/tls/tls-test.c -O1 -pie -fPIE (internal compiler error)
FAIL: gcc.dg/torture/tls/tls-test.c -O1 -pie -fPIE (test for excess errors)
WARNING: gcc.dg/torture/tls/tls-test.c -O1 -pie -fPIE compilation failed to produce executable
FAIL: gcc.dg/torture/tls/tls-test.c -O2 -pie -fPIE (internal compiler error)
FAIL: gcc.dg/torture/tls/tls-test.c -O2 -pie -fPIE (test for excess errors)
WARNING: gcc.dg/torture/tls/tls-test.c -O2 -pie -fPIE compilation failed to produce executable
FAIL: gcc.dg/torture/tls/tls-test.c -O3 -fomit-frame-pointer -pie -fPIE (internal compiler error)
FAIL: gcc.dg/torture/tls/tls-test.c -O3 -fomit-frame-pointer -pie -fPIE (test for excess errors)
WARNING: gcc.dg/torture/tls/tls-test.c -O3 -fomit-frame-pointer -pie -fPIE compilation failed to produce executable
FAIL: gcc.dg/torture/tls/tls-test.c -O3 -g -pie -fPIE (internal compiler error)
FAIL: gcc.dg/torture/tls/tls-test.c -O3 -g -pie -fPIE (test for excess errors)
WARNING: gcc.dg/torture/tls/tls-test.c -O3 -g -pie -fPIE compilation failed to produce executable
FAIL: gcc.dg/torture/tls/tls-test.c -Os -pie -fPIE (internal compiler error)
FAIL: gcc.dg/torture/tls/tls-test.c -Os -pie -fPIE (test for excess errors)
WARNING: gcc.dg/torture/tls/tls-test.c -Os -pie -fPIE compilation failed to produce executable
FAIL: gcc.dg/torture/tls/tls-test.c -O2 -flto -flto-partition=none (internal compiler error)
FAIL: gcc.dg/torture/tls/tls-test.c -O2 -flto -flto-partition=none (test for excess errors)
WARNING: gcc.dg/torture/tls/tls-test.c -O2 -flto -flto-partition=none compilation failed to produce executable
FAIL: gcc.dg/torture/tls/tls-test.c -O2 -flto (internal compiler error)
FAIL: gcc.dg/torture/tls/tls-test.c -O2 -flto (test for excess errors)
WARNING: gcc.dg/torture/tls/tls-test.c -O2 -flto compilation failed to produce executable
FAIL: gcc.dg/tree-ssa/sra-12.c scan-tree-dump-times release_ssa "l;" 0
FAIL: gcc.dg/tree-ssa/ssa-dom-thread-4.c scan-tree-dump-times dom1 "Threaded" 3
FAIL: gcc.dg/tree-ssa/vrp47.c scan-tree-dump-times vrp1 "[xy][^ ]* !=" 0
FAIL: gcc.dg/tree-ssa/vrp47.c scan-tree-dump-times dom1 "x[^ ]* & y" 1
FAIL: gcc.target/powerpc/405-dlmzb-strlen-1.c scan-assembler dlmzb\\\\.
FAIL: gcc.target/powerpc/440-dlmzb-strlen-1.c scan-assembler dlmzb\\\\.
FAIL: gcc.target/powerpc/ppc-vector-memcpy.c scan-assembler lvx
=== gcc Summary ===
# of expected passes 75520
# of unexpected failures 503
# of unexpected successes 3
# of expected failures 206
# of unresolved testcases 10
# of unsupported tests 1249
/Users/regress/tbox/native/build/gcc/xgcc version 4.7.0 20111006 (experimental) (GCC)
=== gfortran tests ===
Running target unix
FAIL: gfortran.dg/large_real_kind_3.F90 -O0 execution test
FAIL: gfortran.dg/select_type_12.f03 -O (internal compiler error)
FAIL: gfortran.dg/select_type_12.f03 -O (test for excess errors)
FAIL: gfortran.dg/gomp/appendix-a/a.32.1.f90 -O (internal compiler error)
FAIL: gfortran.dg/gomp/appendix-a/a.32.1.f90 -O (test for excess errors)
FAIL: gfortran.dg/gomp/free-1.f90 -O (internal compiler error)
FAIL: gfortran.dg/gomp/free-1.f90 -O (test for excess errors)
=== gfortran Summary ===
# of expected passes 39244
# of unexpected failures 7
# of expected failures 73
# of unsupported tests 239
/Users/regress/tbox/native/build/gcc/testsuite/gfortran/../../gfortran version 4.7.0 20111006 (experimental) (GCC)
=== objc tests ===
Running target unix
FAIL: objc.dg/torture/tls/thr-init-2.m -O1 -fgnu-runtime (internal compiler error)
FAIL: objc.dg/torture/tls/thr-init-2.m -O1 -fgnu-runtime (test for excess errors)
WARNING: objc.dg/torture/tls/thr-init-2.m -O1 -fgnu-runtime compilation failed to produce executable
FAIL: objc.dg/torture/tls/thr-init-2.m -O2 -fgnu-runtime (internal compiler error)
FAIL: objc.dg/torture/tls/thr-init-2.m -O2 -fgnu-runtime (test for excess errors)
WARNING: objc.dg/torture/tls/thr-init-2.m -O2 -fgnu-runtime compilation failed to produce executable
FAIL: objc.dg/torture/tls/thr-init-2.m -O3 -fomit-frame-pointer -fgnu-runtime (internal compiler error)
FAIL: objc.dg/torture/tls/thr-init-2.m -O3 -fomit-frame-pointer -fgnu-runtime (test for excess errors)
WARNING: objc.dg/torture/tls/thr-init-2.m -O3 -fomit-frame-pointer -fgnu-runtime compilation failed to produce executable
FAIL: objc.dg/torture/tls/thr-init-2.m -O3 -g -fgnu-runtime (internal compiler error)
FAIL: objc.dg/torture/tls/thr-init-2.m -O3 -g -fgnu-runtime (test for excess errors)
WARNING: objc.dg/torture/tls/thr-init-2.m -O3 -g -fgnu-runtime compilation failed to produce executable
FAIL: objc.dg/torture/tls/thr-init-2.m -Os -fgnu-runtime (internal compiler error)
FAIL: objc.dg/torture/tls/thr-init-2.m -Os -fgnu-runtime (test for excess errors)
WARNING: objc.dg/torture/tls/thr-init-2.m -Os -fgnu-runtime compilation failed to produce executable
FAIL: objc.dg/torture/tls/thr-init-2.m -O2 -flto -flto-partition=none -fgnu-runtime (internal compiler error)
FAIL: objc.dg/torture/tls/thr-init-2.m -O2 -flto -flto-partition=none -fgnu-runtime (test for excess errors)
WARNING: objc.dg/torture/tls/thr-init-2.m -O2 -flto -flto-partition=none -fgnu-runtime compilation failed to produce executable
FAIL: objc.dg/torture/tls/thr-init-2.m -O2 -flto -fgnu-runtime (internal compiler error)
FAIL: objc.dg/torture/tls/thr-init-2.m -O2 -flto -fgnu-runtime (test for excess errors)
WARNING: objc.dg/torture/tls/thr-init-2.m -O2 -flto -fgnu-runtime compilation failed to produce executable
FAIL: objc.dg/torture/tls/thr-init-3.m -O1 -fgnu-runtime (internal compiler error)
FAIL: objc.dg/torture/tls/thr-init-3.m -O1 -fgnu-runtime (test for excess errors)
WARNING: objc.dg/torture/tls/thr-init-3.m -O1 -fgnu-runtime compilation failed to produce executable
FAIL: objc.dg/torture/tls/thr-init-3.m -O2 -fgnu-runtime (internal compiler error)
FAIL: objc.dg/torture/tls/thr-init-3.m -O2 -fgnu-runtime (test for excess errors)
WARNING: objc.dg/torture/tls/thr-init-3.m -O2 -fgnu-runtime compilation failed to produce executable
FAIL: objc.dg/torture/tls/thr-init-3.m -O3 -fomit-frame-pointer -fgnu-runtime (internal compiler error)
FAIL: objc.dg/torture/tls/thr-init-3.m -O3 -fomit-frame-pointer -fgnu-runtime (test for excess errors)
WARNING: objc.dg/torture/tls/thr-init-3.m -O3 -fomit-frame-pointer -fgnu-runtime compilation failed to produce executable
FAIL: objc.dg/torture/tls/thr-init-3.m -O3 -g -fgnu-runtime (internal compiler error)
FAIL: objc.dg/torture/tls/thr-init-3.m -O3 -g -fgnu-runtime (test for excess errors)
WARNING: objc.dg/torture/tls/thr-init-3.m -O3 -g -fgnu-runtime compilation failed to produce executable
FAIL: objc.dg/torture/tls/thr-init-3.m -Os -fgnu-runtime (internal compiler error)
FAIL: objc.dg/torture/tls/thr-init-3.m -Os -fgnu-runtime (test for excess errors)
WARNING: objc.dg/torture/tls/thr-init-3.m -Os -fgnu-runtime compilation failed to produce executable
FAIL: objc.dg/torture/tls/thr-init-3.m -O2 -flto -flto-partition=none -fgnu-runtime (internal compiler error)
FAIL: objc.dg/torture/tls/thr-init-3.m -O2 -flto -flto-partition=none -fgnu-runtime (test for excess errors)
WARNING: objc.dg/torture/tls/thr-init-3.m -O2 -flto -flto-partition=none -fgnu-runtime compilation failed to produce executable
FAIL: objc.dg/torture/tls/thr-init-3.m -O2 -flto -fgnu-runtime (internal compiler error)
FAIL: objc.dg/torture/tls/thr-init-3.m -O2 -flto -fgnu-runtime (test for excess errors)
WARNING: objc.dg/torture/tls/thr-init-3.m -O2 -flto -fgnu-runtime compilation failed to produce executable
FAIL: objc.dg/torture/tls/thr-init.m -O1 -fgnu-runtime (internal compiler error)
FAIL: objc.dg/torture/tls/thr-init.m -O1 -fgnu-runtime (test for excess errors)
WARNING: objc.dg/torture/tls/thr-init.m -O1 -fgnu-runtime compilation failed to produce executable
FAIL: objc.dg/torture/tls/thr-init.m -O2 -fgnu-runtime (internal compiler error)
FAIL: objc.dg/torture/tls/thr-init.m -O2 -fgnu-runtime (test for excess errors)
WARNING: objc.dg/torture/tls/thr-init.m -O2 -fgnu-runtime compilation failed to produce executable
FAIL: objc.dg/torture/tls/thr-init.m -O3 -fomit-frame-pointer -fgnu-runtime (internal compiler error)
FAIL: objc.dg/torture/tls/thr-init.m -O3 -fomit-frame-pointer -fgnu-runtime (test for excess errors)
WARNING: objc.dg/torture/tls/thr-init.m -O3 -fomit-frame-pointer -fgnu-runtime compilation failed to produce executable
FAIL: objc.dg/torture/tls/thr-init.m -O3 -g -fgnu-runtime (internal compiler error)
FAIL: objc.dg/torture/tls/thr-init.m -O3 -g -fgnu-runtime (test for excess errors)
WARNING: objc.dg/torture/tls/thr-init.m -O3 -g -fgnu-runtime compilation failed to produce executable
FAIL: objc.dg/torture/tls/thr-init.m -Os -fgnu-runtime (internal compiler error)
FAIL: objc.dg/torture/tls/thr-init.m -Os -fgnu-runtime (test for excess errors)
WARNING: objc.dg/torture/tls/thr-init.m -Os -fgnu-runtime compilation failed to produce executable
FAIL: objc.dg/torture/tls/thr-init.m -O2 -flto -flto-partition=none -fgnu-runtime (internal compiler error)
FAIL: objc.dg/torture/tls/thr-init.m -O2 -flto -flto-partition=none -fgnu-runtime (test for excess errors)
WARNING: objc.dg/torture/tls/thr-init.m -O2 -flto -flto-partition=none -fgnu-runtime compilation failed to produce executable
FAIL: objc.dg/torture/tls/thr-init.m -O2 -flto -fgnu-runtime (internal compiler error)
FAIL: objc.dg/torture/tls/thr-init.m -O2 -flto -fgnu-runtime (test for excess errors)
WARNING: objc.dg/torture/tls/thr-init.m -O2 -flto -fgnu-runtime compilation failed to produce executable
FAIL: objc.dg/torture/tls/thr-init-2.m -O1 -fnext-runtime (internal compiler error)
FAIL: objc.dg/torture/tls/thr-init-2.m -O1 -fnext-runtime (test for excess errors)
WARNING: objc.dg/torture/tls/thr-init-2.m -O1 -fnext-runtime compilation failed to produce executable
FAIL: objc.dg/torture/tls/thr-init-2.m -O2 -fnext-runtime (internal compiler error)
FAIL: objc.dg/torture/tls/thr-init-2.m -O2 -fnext-runtime (test for excess errors)
WARNING: objc.dg/torture/tls/thr-init-2.m -O2 -fnext-runtime compilation failed to produce executable
FAIL: objc.dg/torture/tls/thr-init-2.m -O3 -fomit-frame-pointer -fnext-runtime (internal compiler error)
FAIL: objc.dg/torture/tls/thr-init-2.m -O3 -fomit-frame-pointer -fnext-runtime (test for excess errors)
WARNING: objc.dg/torture/tls/thr-init-2.m -O3 -fomit-frame-pointer -fnext-runtime compilation failed to produce executable
FAIL: objc.dg/torture/tls/thr-init-2.m -O3 -g -fnext-runtime (internal compiler error)
FAIL: objc.dg/torture/tls/thr-init-2.m -O3 -g -fnext-runtime (test for excess errors)
WARNING: objc.dg/torture/tls/thr-init-2.m -O3 -g -fnext-runtime compilation failed to produce executable
FAIL: objc.dg/torture/tls/thr-init-2.m -Os -fnext-runtime (internal compiler error)
FAIL: objc.dg/torture/tls/thr-init-2.m -Os -fnext-runtime (test for excess errors)
WARNING: objc.dg/torture/tls/thr-init-2.m -Os -fnext-runtime compilation failed to produce executable
FAIL: objc.dg/torture/tls/thr-init-2.m -O2 -flto -flto-partition=none -fnext-runtime (internal compiler error)
FAIL: objc.dg/torture/tls/thr-init-2.m -O2 -flto -flto-partition=none -fnext-runtime (test for excess errors)
WARNING: objc.dg/torture/tls/thr-init-2.m -O2 -flto -flto-partition=none -fnext-runtime compilation failed to produce executable
FAIL: objc.dg/torture/tls/thr-init-2.m -O2 -flto -fnext-runtime (internal compiler error)
FAIL: objc.dg/torture/tls/thr-init-2.m -O2 -flto -fnext-runtime (test for excess errors)
WARNING: objc.dg/torture/tls/thr-init-2.m -O2 -flto -fnext-runtime compilation failed to produce executable
FAIL: objc.dg/torture/tls/thr-init-3.m -O1 -fnext-runtime (internal compiler error)
FAIL: objc.dg/torture/tls/thr-init-3.m -O1 -fnext-runtime (test for excess errors)
WARNING: objc.dg/torture/tls/thr-init-3.m -O1 -fnext-runtime compilation failed to produce executable
FAIL: objc.dg/torture/tls/thr-init-3.m -O2 -fnext-runtime (internal compiler error)
FAIL: objc.dg/torture/tls/thr-init-3.m -O2 -fnext-runtime (test for excess errors)
WARNING: objc.dg/torture/tls/thr-init-3.m -O2 -fnext-runtime compilation failed to produce executable
FAIL: objc.dg/torture/tls/thr-init-3.m -O3 -fomit-frame-pointer -fnext-runtime (internal compiler error)
FAIL: objc.dg/torture/tls/thr-init-3.m -O3 -fomit-frame-pointer -fnext-runtime (test for excess errors)
WARNING: objc.dg/torture/tls/thr-init-3.m -O3 -fomit-frame-pointer -fnext-runtime compilation failed to produce executable
FAIL: objc.dg/torture/tls/thr-init-3.m -O3 -g -fnext-runtime (internal compiler error)
FAIL: objc.dg/torture/tls/thr-init-3.m -O3 -g -fnext-runtime (test for excess errors)
WARNING: objc.dg/torture/tls/thr-init-3.m -O3 -g -fnext-runtime compilation failed to produce executable
FAIL: objc.dg/torture/tls/thr-init-3.m -Os -fnext-runtime (internal compiler error)
FAIL: objc.dg/torture/tls/thr-init-3.m -Os -fnext-runtime (test for excess errors)
WARNING: objc.dg/torture/tls/thr-init-3.m -Os -fnext-runtime compilation failed to produce executable
FAIL: objc.dg/torture/tls/thr-init-3.m -O2 -flto -flto-partition=none -fnext-runtime (internal compiler error)
FAIL: objc.dg/torture/tls/thr-init-3.m -O2 -flto -flto-partition=none -fnext-runtime (test for excess errors)
WARNING: objc.dg/torture/tls/thr-init-3.m -O2 -flto -flto-partition=none -fnext-runtime compilation failed to produce executable
FAIL: objc.dg/torture/tls/thr-init-3.m -O2 -flto -fnext-runtime (internal compiler error)
FAIL: objc.dg/torture/tls/thr-init-3.m -O2 -flto -fnext-runtime (test for excess errors)
WARNING: objc.dg/torture/tls/thr-init-3.m -O2 -flto -fnext-runtime compilation failed to produce executable
FAIL: objc.dg/torture/tls/thr-init.m -O1 -fnext-runtime (internal compiler error)
FAIL: objc.dg/torture/tls/thr-init.m -O1 -fnext-runtime (test for excess errors)
WARNING: objc.dg/torture/tls/thr-init.m -O1 -fnext-runtime compilation failed to produce executable
FAIL: objc.dg/torture/tls/thr-init.m -O2 -fnext-runtime (internal compiler error)
FAIL: objc.dg/torture/tls/thr-init.m -O2 -fnext-runtime (test for excess errors)
WARNING: objc.dg/torture/tls/thr-init.m -O2 -fnext-runtime compilation failed to produce executable
FAIL: objc.dg/torture/tls/thr-init.m -O3 -fomit-frame-pointer -fnext-runtime (internal compiler error)
FAIL: objc.dg/torture/tls/thr-init.m -O3 -fomit-frame-pointer -fnext-runtime (test for excess errors)
WARNING: objc.dg/torture/tls/thr-init.m -O3 -fomit-frame-pointer -fnext-runtime compilation failed to produce executable
FAIL: objc.dg/torture/tls/thr-init.m -O3 -g -fnext-runtime (internal compiler error)
FAIL: objc.dg/torture/tls/thr-init.m -O3 -g -fnext-runtime (test for excess errors)
WARNING: objc.dg/torture/tls/thr-init.m -O3 -g -fnext-runtime compilation failed to produce executable
FAIL: objc.dg/torture/tls/thr-init.m -Os -fnext-runtime (internal compiler error)
FAIL: objc.dg/torture/tls/thr-init.m -Os -fnext-runtime (test for excess errors)
WARNING: objc.dg/torture/tls/thr-init.m -Os -fnext-runtime compilation failed to produce executable
FAIL: objc.dg/torture/tls/thr-init.m -O2 -flto -flto-partition=none -fnext-runtime (internal compiler error)
FAIL: objc.dg/torture/tls/thr-init.m -O2 -flto -flto-partition=none -fnext-runtime (test for excess errors)
WARNING: objc.dg/torture/tls/thr-init.m -O2 -flto -flto-partition=none -fnext-runtime compilation failed to produce executable
FAIL: objc.dg/torture/tls/thr-init.m -O2 -flto -fnext-runtime (internal compiler error)
FAIL: objc.dg/torture/tls/thr-init.m -O2 -flto -fnext-runtime (test for excess errors)
WARNING: objc.dg/torture/tls/thr-init.m -O2 -flto -fnext-runtime compilation failed to produce executable
=== objc Summary ===
# of expected passes 5997
# of unexpected failures 84
# of expected failures 4
# of unsupported tests 84
/Users/regress/tbox/native/build/gcc/xgcc version 4.7.0 20111006 (experimental) (GCC)
=== boehm-gc tests ===
Running target unix
=== boehm-gc Summary ===
# of expected passes 12
# of unsupported tests 1
=== libffi tests ===
Running target unix
FAIL: libffi.call/nested_struct5.c -O0 -W -Wall execution test
FAIL: libffi.call/nested_struct5.c -O2 execution test
FAIL: libffi.call/nested_struct5.c -O3 execution test
FAIL: libffi.call/nested_struct5.c -Os execution test
FAIL: libffi.call/nested_struct5.c -O2 -fomit-frame-pointer execution test
=== libffi Summary ===
# of expected passes 1624
# of unexpected failures 5
# of expected failures 10
# of unsupported tests 15
=== libgomp tests ===
Running target unix
FAIL: libgomp.c/copyin-1.c (internal compiler error)
FAIL: libgomp.c/copyin-1.c (test for excess errors)
WARNING: libgomp.c/copyin-1.c compilation failed to produce executable
FAIL: libgomp.c/copyin-2.c (internal compiler error)
FAIL: libgomp.c/copyin-2.c (test for excess errors)
WARNING: libgomp.c/copyin-2.c compilation failed to produce executable
FAIL: libgomp.c++/copyin-1.C -O1 (internal compiler error)
FAIL: libgomp.c++/copyin-1.C -O1 (test for excess errors)
WARNING: libgomp.c++/copyin-1.C -O1 compilation failed to produce executable
FAIL: libgomp.c++/copyin-1.C -O2 (internal compiler error)
FAIL: libgomp.c++/copyin-1.C -O2 (test for excess errors)
WARNING: libgomp.c++/copyin-1.C -O2 compilation failed to produce executable
FAIL: libgomp.c++/copyin-1.C -O3 -fomit-frame-pointer (internal compiler error)
FAIL: libgomp.c++/copyin-1.C -O3 -fomit-frame-pointer (test for excess errors)
WARNING: libgomp.c++/copyin-1.C -O3 -fomit-frame-pointer compilation failed to produce executable
FAIL: libgomp.c++/copyin-1.C -O3 -fomit-frame-pointer -funroll-loops (internal compiler error)
FAIL: libgomp.c++/copyin-1.C -O3 -fomit-frame-pointer -funroll-loops (test for excess errors)
WARNING: libgomp.c++/copyin-1.C -O3 -fomit-frame-pointer -funroll-loops compilation failed to produce executable
FAIL: libgomp.c++/copyin-1.C -O3 -fomit-frame-pointer -funroll-all-loops -finline-functions (internal compiler error)
FAIL: libgomp.c++/copyin-1.C -O3 -fomit-frame-pointer -funroll-all-loops -finline-functions (test for excess errors)
WARNING: libgomp.c++/copyin-1.C -O3 -fomit-frame-pointer -funroll-all-loops -finline-functions compilation failed to produce executable
FAIL: libgomp.c++/copyin-1.C -O3 -g (internal compiler error)
FAIL: libgomp.c++/copyin-1.C -O3 -g (test for excess errors)
WARNING: libgomp.c++/copyin-1.C -O3 -g compilation failed to produce executable
FAIL: libgomp.c++/copyin-1.C -Os (internal compiler error)
FAIL: libgomp.c++/copyin-1.C -Os (test for excess errors)
WARNING: libgomp.c++/copyin-1.C -Os compilation failed to produce executable
FAIL: libgomp.c++/copyin-2.C -O1 (internal compiler error)
FAIL: libgomp.c++/copyin-2.C -O1 (test for excess errors)
WARNING: libgomp.c++/copyin-2.C -O1 compilation failed to produce executable
FAIL: libgomp.c++/copyin-2.C -O2 (internal compiler error)
FAIL: libgomp.c++/copyin-2.C -O2 (test for excess errors)
WARNING: libgomp.c++/copyin-2.C -O2 compilation failed to produce executable
FAIL: libgomp.c++/copyin-2.C -O3 -fomit-frame-pointer (internal compiler error)
FAIL: libgomp.c++/copyin-2.C -O3 -fomit-frame-pointer (test for excess errors)
WARNING: libgomp.c++/copyin-2.C -O3 -fomit-frame-pointer compilation failed to produce executable
FAIL: libgomp.c++/copyin-2.C -O3 -fomit-frame-pointer -funroll-loops (internal compiler error)
FAIL: libgomp.c++/copyin-2.C -O3 -fomit-frame-pointer -funroll-loops (test for excess errors)
WARNING: libgomp.c++/copyin-2.C -O3 -fomit-frame-pointer -funroll-loops compilation failed to produce executable
FAIL: libgomp.c++/copyin-2.C -O3 -fomit-frame-pointer -funroll-all-loops -finline-functions (internal compiler error)
FAIL: libgomp.c++/copyin-2.C -O3 -fomit-frame-pointer -funroll-all-loops -finline-functions (test for excess errors)
WARNING: libgomp.c++/copyin-2.C -O3 -fomit-frame-pointer -funroll-all-loops -finline-functions compilation failed to produce executable
FAIL: libgomp.c++/copyin-2.C -O3 -g (internal compiler error)
FAIL: libgomp.c++/copyin-2.C -O3 -g (test for excess errors)
WARNING: libgomp.c++/copyin-2.C -O3 -g compilation failed to produce executable
FAIL: libgomp.c++/copyin-2.C -Os (internal compiler error)
FAIL: libgomp.c++/copyin-2.C -Os (test for excess errors)
WARNING: libgomp.c++/copyin-2.C -Os compilation failed to produce executable
FAIL: libgomp.c++/ctor-10.C -O1 (internal compiler error)
FAIL: libgomp.c++/ctor-10.C -O1 (test for excess errors)
WARNING: libgomp.c++/ctor-10.C -O1 compilation failed to produce executable
FAIL: libgomp.c++/ctor-10.C -O2 (internal compiler error)
FAIL: libgomp.c++/ctor-10.C -O2 (test for excess errors)
WARNING: libgomp.c++/ctor-10.C -O2 compilation failed to produce executable
FAIL: libgomp.c++/ctor-10.C -Os (internal compiler error)
FAIL: libgomp.c++/ctor-10.C -Os (test for excess errors)
WARNING: libgomp.c++/ctor-10.C -Os compilation failed to produce executable
FAIL: libgomp.c++/ctor-5.C -O1 (internal compiler error)
FAIL: libgomp.c++/ctor-5.C -O1 (test for excess errors)
WARNING: libgomp.c++/ctor-5.C -O1 compilation failed to produce executable
FAIL: libgomp.c++/ctor-5.C -O2 (internal compiler error)
FAIL: libgomp.c++/ctor-5.C -O2 (test for excess errors)
WARNING: libgomp.c++/ctor-5.C -O2 compilation failed to produce executable
FAIL: libgomp.c++/ctor-5.C -O3 -fomit-frame-pointer (internal compiler error)
FAIL: libgomp.c++/ctor-5.C -O3 -fomit-frame-pointer (test for excess errors)
WARNING: libgomp.c++/ctor-5.C -O3 -fomit-frame-pointer compilation failed to produce executable
FAIL: libgomp.c++/ctor-5.C -O3 -fomit-frame-pointer -funroll-loops (internal compiler error)
FAIL: libgomp.c++/ctor-5.C -O3 -fomit-frame-pointer -funroll-loops (test for excess errors)
WARNING: libgomp.c++/ctor-5.C -O3 -fomit-frame-pointer -funroll-loops compilation failed to produce executable
FAIL: libgomp.c++/ctor-5.C -O3 -fomit-frame-pointer -funroll-all-loops -finline-functions (internal compiler error)
FAIL: libgomp.c++/ctor-5.C -O3 -fomit-frame-pointer -funroll-all-loops -finline-functions (test for excess errors)
WARNING: libgomp.c++/ctor-5.C -O3 -fomit-frame-pointer -funroll-all-loops -finline-functions compilation failed to produce executable
FAIL: libgomp.c++/ctor-5.C -O3 -g (internal compiler error)
FAIL: libgomp.c++/ctor-5.C -O3 -g (test for excess errors)
WARNING: libgomp.c++/ctor-5.C -O3 -g compilation failed to produce executable
FAIL: libgomp.c++/ctor-5.C -Os (internal compiler error)
FAIL: libgomp.c++/ctor-5.C -Os (test for excess errors)
WARNING: libgomp.c++/ctor-5.C -Os compilation failed to produce executable
FAIL: libgomp.c++/ctor-8.C -O1 (internal compiler error)
FAIL: libgomp.c++/ctor-8.C -O1 (test for excess errors)
WARNING: libgomp.c++/ctor-8.C -O1 compilation failed to produce executable
FAIL: libgomp.c++/ctor-8.C -O2 (internal compiler error)
FAIL: libgomp.c++/ctor-8.C -O2 (test for excess errors)
WARNING: libgomp.c++/ctor-8.C -O2 compilation failed to produce executable
FAIL: libgomp.c++/ctor-8.C -Os (internal compiler error)
FAIL: libgomp.c++/ctor-8.C -Os (test for excess errors)
WARNING: libgomp.c++/ctor-8.C -Os compilation failed to produce executable
FAIL: libgomp.c++/ctor-9.C -O1 (internal compiler error)
FAIL: libgomp.c++/ctor-9.C -O1 (test for excess errors)
WARNING: libgomp.c++/ctor-9.C -O1 compilation failed to produce executable
FAIL: libgomp.c++/ctor-9.C -O2 (internal compiler error)
FAIL: libgomp.c++/ctor-9.C -O2 (test for excess errors)
WARNING: libgomp.c++/ctor-9.C -O2 compilation failed to produce executable
FAIL: libgomp.c++/ctor-9.C -Os (internal compiler error)
FAIL: libgomp.c++/ctor-9.C -Os (test for excess errors)
WARNING: libgomp.c++/ctor-9.C -Os compilation failed to produce executable
FAIL: libgomp.c++/pr24455.C -O0 (test for excess errors)
WARNING: libgomp.c++/pr24455.C -O0 compilation failed to produce executable
FAIL: libgomp.c++/pr24455.C -O1 (internal compiler error)
FAIL: libgomp.c++/pr24455.C -O1 (test for excess errors)
WARNING: libgomp.c++/pr24455.C -O1 compilation failed to produce executable
FAIL: libgomp.c++/pr24455.C -O2 (internal compiler error)
FAIL: libgomp.c++/pr24455.C -O2 (test for excess errors)
WARNING: libgomp.c++/pr24455.C -O2 compilation failed to produce executable
FAIL: libgomp.c++/pr24455.C -O3 -fomit-frame-pointer (internal compiler error)
FAIL: libgomp.c++/pr24455.C -O3 -fomit-frame-pointer (test for excess errors)
WARNING: libgomp.c++/pr24455.C -O3 -fomit-frame-pointer compilation failed to produce executable
FAIL: libgomp.c++/pr24455.C -O3 -fomit-frame-pointer -funroll-loops (internal compiler error)
FAIL: libgomp.c++/pr24455.C -O3 -fomit-frame-pointer -funroll-loops (test for excess errors)
WARNING: libgomp.c++/pr24455.C -O3 -fomit-frame-pointer -funroll-loops compilation failed to produce executable
FAIL: libgomp.c++/pr24455.C -O3 -fomit-frame-pointer -funroll-all-loops -finline-functions (internal compiler error)
FAIL: libgomp.c++/pr24455.C -O3 -fomit-frame-pointer -funroll-all-loops -finline-functions (test for excess errors)
WARNING: libgomp.c++/pr24455.C -O3 -fomit-frame-pointer -funroll-all-loops -finline-functions compilation failed to produce executable
FAIL: libgomp.c++/pr24455.C -O3 -g (internal compiler error)
FAIL: libgomp.c++/pr24455.C -O3 -g (test for excess errors)
WARNING: libgomp.c++/pr24455.C -O3 -g compilation failed to produce executable
FAIL: libgomp.c++/pr24455.C -Os (internal compiler error)
FAIL: libgomp.c++/pr24455.C -Os (test for excess errors)
WARNING: libgomp.c++/pr24455.C -Os compilation failed to produce executable
FAIL: libgomp.fortran/allocatable2.f90 -O1 (internal compiler error)
FAIL: libgomp.fortran/allocatable2.f90 -O1 (test for excess errors)
WARNING: libgomp.fortran/allocatable2.f90 -O1 compilation failed to produce executable
FAIL: libgomp.fortran/allocatable2.f90 -O2 (internal compiler error)
FAIL: libgomp.fortran/allocatable2.f90 -O2 (test for excess errors)
WARNING: libgomp.fortran/allocatable2.f90 -O2 compilation failed to produce executable
FAIL: libgomp.fortran/allocatable2.f90 -O3 -fomit-frame-pointer (internal compiler error)
FAIL: libgomp.fortran/allocatable2.f90 -O3 -fomit-frame-pointer (test for excess errors)
WARNING: libgomp.fortran/allocatable2.f90 -O3 -fomit-frame-pointer compilation failed to produce executable
FAIL: libgomp.fortran/allocatable2.f90 -O3 -fomit-frame-pointer -funroll-loops (internal compiler error)
FAIL: libgomp.fortran/allocatable2.f90 -O3 -fomit-frame-pointer -funroll-loops (test for excess errors)
WARNING: libgomp.fortran/allocatable2.f90 -O3 -fomit-frame-pointer -funroll-loops compilation failed to produce executable
FAIL: libgomp.fortran/allocatable2.f90 -O3 -fomit-frame-pointer -funroll-all-loops -finline-functions (internal compiler error)
FAIL: libgomp.fortran/allocatable2.f90 -O3 -fomit-frame-pointer -funroll-all-loops -finline-functions (test for excess errors)
WARNING: libgomp.fortran/allocatable2.f90 -O3 -fomit-frame-pointer -funroll-all-loops -finline-functions compilation failed to produce executable
FAIL: libgomp.fortran/allocatable2.f90 -O3 -g (internal compiler error)
FAIL: libgomp.fortran/allocatable2.f90 -O3 -g (test for excess errors)
WARNING: libgomp.fortran/allocatable2.f90 -O3 -g compilation failed to produce executable
FAIL: libgomp.fortran/allocatable2.f90 -Os (internal compiler error)
FAIL: libgomp.fortran/allocatable2.f90 -Os (test for excess errors)
WARNING: libgomp.fortran/allocatable2.f90 -Os compilation failed to produce executable
FAIL: libgomp.fortran/allocatable8.f90 -O1 (internal compiler error)
FAIL: libgomp.fortran/allocatable8.f90 -O1 (test for excess errors)
WARNING: libgomp.fortran/allocatable8.f90 -O1 compilation failed to produce executable
FAIL: libgomp.fortran/allocatable8.f90 -O2 (internal compiler error)
FAIL: libgomp.fortran/allocatable8.f90 -O2 (test for excess errors)
WARNING: libgomp.fortran/allocatable8.f90 -O2 compilation failed to produce executable
FAIL: libgomp.fortran/allocatable8.f90 -O3 -fomit-frame-pointer (internal compiler error)
FAIL: libgomp.fortran/allocatable8.f90 -O3 -fomit-frame-pointer (test for excess errors)
WARNING: libgomp.fortran/allocatable8.f90 -O3 -fomit-frame-pointer compilation failed to produce executable
FAIL: libgomp.fortran/allocatable8.f90 -O3 -fomit-frame-pointer -funroll-loops (internal compiler error)
FAIL: libgomp.fortran/allocatable8.f90 -O3 -fomit-frame-pointer -funroll-loops (test for excess errors)
WARNING: libgomp.fortran/allocatable8.f90 -O3 -fomit-frame-pointer -funroll-loops compilation failed to produce executable
FAIL: libgomp.fortran/allocatable8.f90 -O3 -fomit-frame-pointer -funroll-all-loops -finline-functions (internal compiler error)
FAIL: libgomp.fortran/allocatable8.f90 -O3 -fomit-frame-pointer -funroll-all-loops -finline-functions (test for excess errors)
WARNING: libgomp.fortran/allocatable8.f90 -O3 -fomit-frame-pointer -funroll-all-loops -finline-functions compilation failed to produce executable
FAIL: libgomp.fortran/allocatable8.f90 -O3 -g (internal compiler error)
FAIL: libgomp.fortran/allocatable8.f90 -O3 -g (test for excess errors)
WARNING: libgomp.fortran/allocatable8.f90 -O3 -g compilation failed to produce executable
FAIL: libgomp.fortran/allocatable8.f90 -Os (internal compiler error)
FAIL: libgomp.fortran/allocatable8.f90 -Os (test for excess errors)
WARNING: libgomp.fortran/allocatable8.f90 -Os compilation failed to produce executable
FAIL: libgomp.fortran/appendix-a/a.22.7.f90 -O1 (internal compiler error)
FAIL: libgomp.fortran/appendix-a/a.22.7.f90 -O1 (test for excess errors)
WARNING: libgomp.fortran/appendix-a/a.22.7.f90 -O1 compilation failed to produce executable
FAIL: libgomp.fortran/appendix-a/a.22.7.f90 -O2 (internal compiler error)
FAIL: libgomp.fortran/appendix-a/a.22.7.f90 -O2 (test for excess errors)
WARNING: libgomp.fortran/appendix-a/a.22.7.f90 -O2 compilation failed to produce executable
FAIL: libgomp.fortran/appendix-a/a.22.7.f90 -O3 -fomit-frame-pointer (internal compiler error)
FAIL: libgomp.fortran/appendix-a/a.22.7.f90 -O3 -fomit-frame-pointer (test for excess errors)
WARNING: libgomp.fortran/appendix-a/a.22.7.f90 -O3 -fomit-frame-pointer compilation failed to produce executable
FAIL: libgomp.fortran/appendix-a/a.22.7.f90 -O3 -fomit-frame-pointer -funroll-loops (internal compiler error)
FAIL: libgomp.fortran/appendix-a/a.22.7.f90 -O3 -fomit-frame-pointer -funroll-loops (test for excess errors)
WARNING: libgomp.fortran/appendix-a/a.22.7.f90 -O3 -fomit-frame-pointer -funroll-loops compilation failed to produce executable
FAIL: libgomp.fortran/appendix-a/a.22.7.f90 -O3 -fomit-frame-pointer -funroll-all-loops -finline-functions (internal compiler error)
FAIL: libgomp.fortran/appendix-a/a.22.7.f90 -O3 -fomit-frame-pointer -funroll-all-loops -finline-functions (test for excess errors)
WARNING: libgomp.fortran/appendix-a/a.22.7.f90 -O3 -fomit-frame-pointer -funroll-all-loops -finline-functions compilation failed to produce executable
FAIL: libgomp.fortran/appendix-a/a.22.7.f90 -O3 -g (internal compiler error)
FAIL: libgomp.fortran/appendix-a/a.22.7.f90 -O3 -g (test for excess errors)
WARNING: libgomp.fortran/appendix-a/a.22.7.f90 -O3 -g compilation failed to produce executable
FAIL: libgomp.fortran/appendix-a/a.22.7.f90 -Os (internal compiler error)
FAIL: libgomp.fortran/appendix-a/a.22.7.f90 -Os (test for excess errors)
WARNING: libgomp.fortran/appendix-a/a.22.7.f90 -Os compilation failed to produce executable
FAIL: libgomp.fortran/appendix-a/a.22.8.f90 -O1 (internal compiler error)
FAIL: libgomp.fortran/appendix-a/a.22.8.f90 -O1 (test for excess errors)
WARNING: libgomp.fortran/appendix-a/a.22.8.f90 -O1 compilation failed to produce executable
FAIL: libgomp.fortran/appendix-a/a.22.8.f90 -O2 (internal compiler error)
FAIL: libgomp.fortran/appendix-a/a.22.8.f90 -O2 (test for excess errors)
WARNING: libgomp.fortran/appendix-a/a.22.8.f90 -O2 compilation failed to produce executable
FAIL: libgomp.fortran/appendix-a/a.22.8.f90 -Os (internal compiler error)
FAIL: libgomp.fortran/appendix-a/a.22.8.f90 -Os (test for excess errors)
WARNING: libgomp.fortran/appendix-a/a.22.8.f90 -Os compilation failed to produce executable
FAIL: libgomp.fortran/crayptr2.f90 -O1 (internal compiler error)
FAIL: libgomp.fortran/crayptr2.f90 -O1 (test for excess errors)
WARNING: libgomp.fortran/crayptr2.f90 -O1 compilation failed to produce executable
FAIL: libgomp.fortran/crayptr2.f90 -O2 (internal compiler error)
FAIL: libgomp.fortran/crayptr2.f90 -O2 (test for excess errors)
WARNING: libgomp.fortran/crayptr2.f90 -O2 compilation failed to produce executable
FAIL: libgomp.fortran/crayptr2.f90 -O3 -fomit-frame-pointer (internal compiler error)
FAIL: libgomp.fortran/crayptr2.f90 -O3 -fomit-frame-pointer (test for excess errors)
WARNING: libgomp.fortran/crayptr2.f90 -O3 -fomit-frame-pointer compilation failed to produce executable
FAIL: libgomp.fortran/crayptr2.f90 -O3 -fomit-frame-pointer -funroll-loops (internal compiler error)
FAIL: libgomp.fortran/crayptr2.f90 -O3 -fomit-frame-pointer -funroll-loops (test for excess errors)
WARNING: libgomp.fortran/crayptr2.f90 -O3 -fomit-frame-pointer -funroll-loops compilation failed to produce executable
FAIL: libgomp.fortran/crayptr2.f90 -O3 -fomit-frame-pointer -funroll-all-loops -finline-functions (internal compiler error)
FAIL: libgomp.fortran/crayptr2.f90 -O3 -fomit-frame-pointer -funroll-all-loops -finline-functions (test for excess errors)
WARNING: libgomp.fortran/crayptr2.f90 -O3 -fomit-frame-pointer -funroll-all-loops -finline-functions compilation failed to produce executable
FAIL: libgomp.fortran/crayptr2.f90 -O3 -g (internal compiler error)
FAIL: libgomp.fortran/crayptr2.f90 -O3 -g (test for excess errors)
WARNING: libgomp.fortran/crayptr2.f90 -O3 -g compilation failed to produce executable
FAIL: libgomp.fortran/crayptr2.f90 -Os (internal compiler error)
FAIL: libgomp.fortran/crayptr2.f90 -Os (test for excess errors)
WARNING: libgomp.fortran/crayptr2.f90 -Os compilation failed to produce executable
FAIL: libgomp.fortran/omp_parse3.f90 -O1 (internal compiler error)
FAIL: libgomp.fortran/omp_parse3.f90 -O1 (test for excess errors)
WARNING: libgomp.fortran/omp_parse3.f90 -O1 compilation failed to produce executable
FAIL: libgomp.fortran/omp_parse3.f90 -O2 (internal compiler error)
FAIL: libgomp.fortran/omp_parse3.f90 -O2 (test for excess errors)
WARNING: libgomp.fortran/omp_parse3.f90 -O2 compilation failed to produce executable
FAIL: libgomp.fortran/omp_parse3.f90 -O3 -fomit-frame-pointer (internal compiler error)
FAIL: libgomp.fortran/omp_parse3.f90 -O3 -fomit-frame-pointer (test for excess errors)
WARNING: libgomp.fortran/omp_parse3.f90 -O3 -fomit-frame-pointer compilation failed to produce executable
FAIL: libgomp.fortran/omp_parse3.f90 -O3 -fomit-frame-pointer -funroll-loops (internal compiler error)
FAIL: libgomp.fortran/omp_parse3.f90 -O3 -fomit-frame-pointer -funroll-loops (test for excess errors)
WARNING: libgomp.fortran/omp_parse3.f90 -O3 -fomit-frame-pointer -funroll-loops compilation failed to produce executable
FAIL: libgomp.fortran/omp_parse3.f90 -O3 -fomit-frame-pointer -funroll-all-loops -finline-functions (internal compiler error)
FAIL: libgomp.fortran/omp_parse3.f90 -O3 -fomit-frame-pointer -funroll-all-loops -finline-functions (test for excess errors)
WARNING: libgomp.fortran/omp_parse3.f90 -O3 -fomit-frame-pointer -funroll-all-loops -finline-functions compilation failed to produce executable
FAIL: libgomp.fortran/omp_parse3.f90 -O3 -g (internal compiler error)
FAIL: libgomp.fortran/omp_parse3.f90 -O3 -g (test for excess errors)
WARNING: libgomp.fortran/omp_parse3.f90 -O3 -g compilation failed to produce executable
FAIL: libgomp.fortran/omp_parse3.f90 -Os (internal compiler error)
FAIL: libgomp.fortran/omp_parse3.f90 -Os (test for excess errors)
WARNING: libgomp.fortran/omp_parse3.f90 -Os compilation failed to produce executable
FAIL: libgomp.fortran/pointer2.f90 -O1 (internal compiler error)
FAIL: libgomp.fortran/pointer2.f90 -O1 (test for excess errors)
WARNING: libgomp.fortran/pointer2.f90 -O1 compilation failed to produce executable
FAIL: libgomp.fortran/pointer2.f90 -O2 (internal compiler error)
FAIL: libgomp.fortran/pointer2.f90 -O2 (test for excess errors)
WARNING: libgomp.fortran/pointer2.f90 -O2 compilation failed to produce executable
FAIL: libgomp.fortran/pointer2.f90 -O3 -fomit-frame-pointer (internal compiler error)
FAIL: libgomp.fortran/pointer2.f90 -O3 -fomit-frame-pointer (test for excess errors)
WARNING: libgomp.fortran/pointer2.f90 -O3 -fomit-frame-pointer compilation failed to produce executable
FAIL: libgomp.fortran/pointer2.f90 -O3 -fomit-frame-pointer -funroll-loops (internal compiler error)
FAIL: libgomp.fortran/pointer2.f90 -O3 -fomit-frame-pointer -funroll-loops (test for excess errors)
WARNING: libgomp.fortran/pointer2.f90 -O3 -fomit-frame-pointer -funroll-loops compilation failed to produce executable
FAIL: libgomp.fortran/pointer2.f90 -O3 -fomit-frame-pointer -funroll-all-loops -finline-functions (internal compiler error)
FAIL: libgomp.fortran/pointer2.f90 -O3 -fomit-frame-pointer -funroll-all-loops -finline-functions (test for excess errors)
WARNING: libgomp.fortran/pointer2.f90 -O3 -fomit-frame-pointer -funroll-all-loops -finline-functions compilation failed to produce executable
FAIL: libgomp.fortran/pointer2.f90 -O3 -g (internal compiler error)
FAIL: libgomp.fortran/pointer2.f90 -O3 -g (test for excess errors)
WARNING: libgomp.fortran/pointer2.f90 -O3 -g compilation failed to produce executable
FAIL: libgomp.fortran/pointer2.f90 -Os (internal compiler error)
FAIL: libgomp.fortran/pointer2.f90 -Os (test for excess errors)
WARNING: libgomp.fortran/pointer2.f90 -Os compilation failed to produce executable
FAIL: libgomp.fortran/pr32359.f90 -O (internal compiler error)
FAIL: libgomp.fortran/pr32359.f90 -O (test for excess errors)
FAIL: libgomp.fortran/pr32550.f90 -O1 (internal compiler error)
FAIL: libgomp.fortran/pr32550.f90 -O1 (test for excess errors)
WARNING: libgomp.fortran/pr32550.f90 -O1 compilation failed to produce executable
FAIL: libgomp.fortran/pr32550.f90 -O2 (internal compiler error)
FAIL: libgomp.fortran/pr32550.f90 -O2 (test for excess errors)
WARNING: libgomp.fortran/pr32550.f90 -O2 compilation failed to produce executable
FAIL: libgomp.fortran/pr32550.f90 -O3 -fomit-frame-pointer (internal compiler error)
FAIL: libgomp.fortran/pr32550.f90 -O3 -fomit-frame-pointer (test for excess errors)
WARNING: libgomp.fortran/pr32550.f90 -O3 -fomit-frame-pointer compilation failed to produce executable
FAIL: libgomp.fortran/pr32550.f90 -O3 -fomit-frame-pointer -funroll-loops (internal compiler error)
FAIL: libgomp.fortran/pr32550.f90 -O3 -fomit-frame-pointer -funroll-loops (test for excess errors)
WARNING: libgomp.fortran/pr32550.f90 -O3 -fomit-frame-pointer -funroll-loops compilation failed to produce executable
FAIL: libgomp.fortran/pr32550.f90 -O3 -fomit-frame-pointer -funroll-all-loops -finline-functions (internal compiler error)
FAIL: libgomp.fortran/pr32550.f90 -O3 -fomit-frame-pointer -funroll-all-loops -finline-functions (test for excess errors)
WARNING: libgomp.fortran/pr32550.f90 -O3 -fomit-frame-pointer -funroll-all-loops -finline-functions compilation failed to produce executable
FAIL: libgomp.fortran/pr32550.f90 -O3 -g (internal compiler error)
FAIL: libgomp.fortran/pr32550.f90 -O3 -g (test for excess errors)
WARNING: libgomp.fortran/pr32550.f90 -O3 -g compilation failed to produce executable
FAIL: libgomp.fortran/pr32550.f90 -Os (internal compiler error)
FAIL: libgomp.fortran/pr32550.f90 -Os (test for excess errors)
WARNING: libgomp.fortran/pr32550.f90 -Os compilation failed to produce executable
FAIL: libgomp.fortran/threadprivate1.f90 -O1 (internal compiler error)
FAIL: libgomp.fortran/threadprivate1.f90 -O1 (test for excess errors)
WARNING: libgomp.fortran/threadprivate1.f90 -O1 compilation failed to produce executable
FAIL: libgomp.fortran/threadprivate1.f90 -O2 (internal compiler error)
FAIL: libgomp.fortran/threadprivate1.f90 -O2 (test for excess errors)
WARNING: libgomp.fortran/threadprivate1.f90 -O2 compilation failed to produce executable
FAIL: libgomp.fortran/threadprivate1.f90 -O3 -fomit-frame-pointer (internal compiler error)
FAIL: libgomp.fortran/threadprivate1.f90 -O3 -fomit-frame-pointer (test for excess errors)
WARNING: libgomp.fortran/threadprivate1.f90 -O3 -fomit-frame-pointer compilation failed to produce executable
FAIL: libgomp.fortran/threadprivate1.f90 -O3 -fomit-frame-pointer -funroll-loops (internal compiler error)
FAIL: libgomp.fortran/threadprivate1.f90 -O3 -fomit-frame-pointer -funroll-loops (test for excess errors)
WARNING: libgomp.fortran/threadprivate1.f90 -O3 -fomit-frame-pointer -funroll-loops compilation failed to produce executable
FAIL: libgomp.fortran/threadprivate1.f90 -O3 -fomit-frame-pointer -funroll-all-loops -finline-functions (internal compiler error)
FAIL: libgomp.fortran/threadprivate1.f90 -O3 -fomit-frame-pointer -funroll-all-loops -finline-functions (test for excess errors)
WARNING: libgomp.fortran/threadprivate1.f90 -O3 -fomit-frame-pointer -funroll-all-loops -finline-functions compilation failed to produce executable
FAIL: libgomp.fortran/threadprivate1.f90 -O3 -g (internal compiler error)
FAIL: libgomp.fortran/threadprivate1.f90 -O3 -g (test for excess errors)
WARNING: libgomp.fortran/threadprivate1.f90 -O3 -g compilation failed to produce executable
FAIL: libgomp.fortran/threadprivate1.f90 -Os (internal compiler error)
FAIL: libgomp.fortran/threadprivate1.f90 -Os (test for excess errors)
WARNING: libgomp.fortran/threadprivate1.f90 -Os compilation failed to produce executable
FAIL: libgomp.fortran/threadprivate2.f90 -O1 (internal compiler error)
FAIL: libgomp.fortran/threadprivate2.f90 -O1 (test for excess errors)
WARNING: libgomp.fortran/threadprivate2.f90 -O1 compilation failed to produce executable
FAIL: libgomp.fortran/threadprivate2.f90 -O2 (internal compiler error)
FAIL: libgomp.fortran/threadprivate2.f90 -O2 (test for excess errors)
WARNING: libgomp.fortran/threadprivate2.f90 -O2 compilation failed to produce executable
FAIL: libgomp.fortran/threadprivate2.f90 -O3 -fomit-frame-pointer (internal compiler error)
FAIL: libgomp.fortran/threadprivate2.f90 -O3 -fomit-frame-pointer (test for excess errors)
WARNING: libgomp.fortran/threadprivate2.f90 -O3 -fomit-frame-pointer compilation failed to produce executable
FAIL: libgomp.fortran/threadprivate2.f90 -O3 -fomit-frame-pointer -funroll-loops (internal compiler error)
FAIL: libgomp.fortran/threadprivate2.f90 -O3 -fomit-frame-pointer -funroll-loops (test for excess errors)
WARNING: libgomp.fortran/threadprivate2.f90 -O3 -fomit-frame-pointer -funroll-loops compilation failed to produce executable
FAIL: libgomp.fortran/threadprivate2.f90 -O3 -fomit-frame-pointer -funroll-all-loops -finline-functions (internal compiler error)
FAIL: libgomp.fortran/threadprivate2.f90 -O3 -fomit-frame-pointer -funroll-all-loops -finline-functions (test for excess errors)
WARNING: libgomp.fortran/threadprivate2.f90 -O3 -fomit-frame-pointer -funroll-all-loops -finline-functions compilation failed to produce executable
FAIL: libgomp.fortran/threadprivate2.f90 -O3 -g (internal compiler error)
FAIL: libgomp.fortran/threadprivate2.f90 -O3 -g (test for excess errors)
WARNING: libgomp.fortran/threadprivate2.f90 -O3 -g compilation failed to produce executable
FAIL: libgomp.fortran/threadprivate2.f90 -Os (internal compiler error)
FAIL: libgomp.fortran/threadprivate2.f90 -Os (test for excess errors)
WARNING: libgomp.fortran/threadprivate2.f90 -Os compilation failed to produce executable
FAIL: libgomp.fortran/threadprivate3.f90 -O1 (internal compiler error)
FAIL: libgomp.fortran/threadprivate3.f90 -O1 (test for excess errors)
WARNING: libgomp.fortran/threadprivate3.f90 -O1 compilation failed to produce executable
FAIL: libgomp.fortran/threadprivate3.f90 -O2 (internal compiler error)
FAIL: libgomp.fortran/threadprivate3.f90 -O2 (test for excess errors)
WARNING: libgomp.fortran/threadprivate3.f90 -O2 compilation failed to produce executable
FAIL: libgomp.fortran/threadprivate3.f90 -O3 -fomit-frame-pointer (internal compiler error)
FAIL: libgomp.fortran/threadprivate3.f90 -O3 -fomit-frame-pointer (test for excess errors)
WARNING: libgomp.fortran/threadprivate3.f90 -O3 -fomit-frame-pointer compilation failed to produce executable
FAIL: libgomp.fortran/threadprivate3.f90 -O3 -fomit-frame-pointer -funroll-loops (internal compiler error)
FAIL: libgomp.fortran/threadprivate3.f90 -O3 -fomit-frame-pointer -funroll-loops (test for excess errors)
WARNING: libgomp.fortran/threadprivate3.f90 -O3 -fomit-frame-pointer -funroll-loops compilation failed to produce executable
FAIL: libgomp.fortran/threadprivate3.f90 -O3 -fomit-frame-pointer -funroll-all-loops -finline-functions (internal compiler error)
FAIL: libgomp.fortran/threadprivate3.f90 -O3 -fomit-frame-pointer -funroll-all-loops -finline-functions (test for excess errors)
WARNING: libgomp.fortran/threadprivate3.f90 -O3 -fomit-frame-pointer -funroll-all-loops -finline-functions compilation failed to produce executable
FAIL: libgomp.fortran/threadprivate3.f90 -O3 -g (internal compiler error)
FAIL: libgomp.fortran/threadprivate3.f90 -O3 -g (test for excess errors)
WARNING: libgomp.fortran/threadprivate3.f90 -O3 -g compilation failed to produce executable
FAIL: libgomp.fortran/threadprivate3.f90 -Os (internal compiler error)
FAIL: libgomp.fortran/threadprivate3.f90 -Os (test for excess errors)
WARNING: libgomp.fortran/threadprivate3.f90 -Os compilation failed to produce executable
FAIL: libgomp.fortran/threadprivate4.f90 -O0 (test for excess errors)
WARNING: libgomp.fortran/threadprivate4.f90 -O0 compilation failed to produce executable
FAIL: libgomp.fortran/threadprivate4.f90 -O1 (internal compiler error)
FAIL: libgomp.fortran/threadprivate4.f90 -O1 (test for excess errors)
WARNING: libgomp.fortran/threadprivate4.f90 -O1 compilation failed to produce executable
FAIL: libgomp.fortran/threadprivate4.f90 -O2 (internal compiler error)
FAIL: libgomp.fortran/threadprivate4.f90 -O2 (test for excess errors)
WARNING: libgomp.fortran/threadprivate4.f90 -O2 compilation failed to produce executable
FAIL: libgomp.fortran/threadprivate4.f90 -O3 -fomit-frame-pointer (internal compiler error)
FAIL: libgomp.fortran/threadprivate4.f90 -O3 -fomit-frame-pointer (test for excess errors)
WARNING: libgomp.fortran/threadprivate4.f90 -O3 -fomit-frame-pointer compilation failed to produce executable
FAIL: libgomp.fortran/threadprivate4.f90 -O3 -fomit-frame-pointer -funroll-loops (internal compiler error)
FAIL: libgomp.fortran/threadprivate4.f90 -O3 -fomit-frame-pointer -funroll-loops (test for excess errors)
WARNING: libgomp.fortran/threadprivate4.f90 -O3 -fomit-frame-pointer -funroll-loops compilation failed to produce executable
FAIL: libgomp.fortran/threadprivate4.f90 -O3 -fomit-frame-pointer -funroll-all-loops -finline-functions (internal compiler error)
FAIL: libgomp.fortran/threadprivate4.f90 -O3 -fomit-frame-pointer -funroll-all-loops -finline-functions (test for excess errors)
WARNING: libgomp.fortran/threadprivate4.f90 -O3 -fomit-frame-pointer -funroll-all-loops -finline-functions compilation failed to produce executable
FAIL: libgomp.fortran/threadprivate4.f90 -O3 -g (internal compiler error)
FAIL: libgomp.fortran/threadprivate4.f90 -O3 -g (test for excess errors)
WARNING: libgomp.fortran/threadprivate4.f90 -O3 -g compilation failed to produce executable
FAIL: libgomp.fortran/threadprivate4.f90 -Os (internal compiler error)
FAIL: libgomp.fortran/threadprivate4.f90 -Os (test for excess errors)
WARNING: libgomp.fortran/threadprivate4.f90 -Os compilation failed to produce executable
=== libgomp Summary ===
# of expected passes 2699
# of unexpected failures 242
# of unsupported tests 3
=== libjava tests ===
Running target unix
FAIL: Thread_Sleep_2 -findirect-dispatch output - source compiled test
FAIL: Thread_Sleep_2 -O3 output - source compiled test
FAIL: Thread_Sleep_2 -O3 -findirect-dispatch output - source compiled test
=== libjava Summary ===
# of expected passes 2571
# of unexpected failures 3
=== libstdc++ tests ===
Running target unix
FAIL: ext/mt_allocator/deallocate_global_thread-1.cc execution test
FAIL: ext/mt_allocator/deallocate_global_thread-3.cc execution test
=== libstdc++ Summary ===
# of expected passes 7309
# of unexpected failures 2
# of expected failures 46
# of unsupported tests 722
=== libstdc++ Summary ===
Compiler version: 4.7.0 20111006 (experimental) (GCC)
Platform: powerpc-apple-darwin9.8.0
configure flags: --prefix=/Users/regress/tbox/objs --target=powerpc-apple-darwin9.8.0
More information about the Gcc-testresults
mailing list