Results for 4.5.4 20110930 (prerelease) [gcc-4_5-branch revision 179373] (GCC) testsuite on i386-pc-solaris2.9
Rainer Orth
ro@CeBiTec.Uni-Bielefeld.DE
Tue Oct 4 09:59:00 GMT 2011
LAST_UPDATED: Fri Sep 30 15:41:31 UTC 2011 (revision 179373)
=== acats tests ===
=== acats Summary ===
# of expected passes 2321
# of unexpected failures 0
Native configuration is i386-pc-solaris2.9
=== g++ tests ===
Running target unix
=== g++ Summary ===
# of expected passes 23169
# of expected failures 154
# of unsupported tests 182
/var/gcc/regression/gcc-4.5-branch/9-gcc-gas/build/gcc/testsuite/g++/../../g++ version 4.5.4 20110930 (prerelease) [gcc-4_5-branch revision 179373] (GCC)
=== gcc tests ===
Running target unix
FAIL: gcc.dg/lto/20081201-2 c_lto_20081201-2_0.o-c_lto_20081201-2_1.o execute -O3 -fwhopr
=== gcc Summary ===
# of expected passes 71615
# of unexpected failures 1
# of expected failures 166
# of unsupported tests 754
/var/gcc/regression/gcc-4.5-branch/9-gcc-gas/build/gcc/xgcc version 4.5.4 20110930 (prerelease) [gcc-4_5-branch revision 179373] (GCC)
=== gfortran tests ===
Running target unix
=== gfortran Summary ===
# of expected passes 34110
# of expected failures 20
# of unsupported tests 297
/var/gcc/regression/gcc-4.5-branch/9-gcc-gas/build/gcc/testsuite/gfortran/../../gfortran version 4.5.4 20110930 (prerelease) [gcc-4_5-branch revision 179373] (GCC)
=== gnat tests ===
Running target unix
=== gnat Summary ===
# of expected passes 767
# of expected failures 7
# of unsupported tests 1
=== objc tests ===
Running target unix
=== objc Summary ===
# of expected passes 1882
# of expected failures 7
# of unsupported tests 20
/var/gcc/regression/gcc-4.5-branch/9-gcc-gas/build/gcc/xgcc version 4.5.4 20110930 (prerelease) [gcc-4_5-branch revision 179373] (GCC)
=== libffi tests ===
Running target unix
=== libffi Summary ===
# of expected passes 1634
# of expected failures 10
# of unsupported tests 15
=== libgomp tests ===
Running target unix
=== libgomp Summary ===
# of expected passes 2554
# of unsupported tests 2
=== libjava tests ===
Running target unix
FAIL: Divide_1 output - source compiled test
FAIL: Divide_1 -findirect-dispatch output - source compiled test
FAIL: Divide_1 -O3 output - source compiled test
FAIL: Divide_1 -O3 -findirect-dispatch output - source compiled test
=== libjava Summary ===
# of expected passes 2570
# of unexpected failures 4
=== libstdc++ tests ===
Running target unix
=== libstdc++ Summary ===
# of expected passes 6335
# of expected failures 93
# of unsupported tests 622
=== libstdc++ Summary ===
Compiler version: 4.5.4 20110930 (prerelease) [gcc-4_5-branch revision 179373] (GCC)
Platform: i386-pc-solaris2.9
configure flags: --prefix=/vol/gcc --target=i386-pc-solaris2.9 --with-as=/vol/gcc/bin/gas-2.21.1 --with-gnu-as --with-gmp-include=/vol/gcc/include --with-gmp-lib=/vol/gcc/lib --with-mpfr-include=/vol/gcc/include --with-mpfr-lib=/vol/gcc/lib --with-mpc-include=/vol/gcc/include --with-mpc-lib=/vol/gcc/lib --enable-languages=all,ada --without-ppl --without-cloog
BOOT_CFLAGS=-g -O2
More information about the Gcc-testresults
mailing list