Results for 4.7.0 20111128 (experimental) [trunk revision 181770] (GCC) testsuite on hppa2.0w-hp-hpux11.11
John David Anglin
dave@hiauly3.hia.nrc.ca
Tue Nov 29 22:40:00 GMT 2011
=== acats tests ===
=== acats Summary ===
# of expected passes 2321
# of unexpected failures 0
Native configuration is hppa2.0w-hp-hpux11.11
=== g++ tests ===
Running target unix
WARNING: g++.dg/ext/label13.C -std=gnu++98 compilation failed to produce executable
WARNING: g++.dg/ext/label13.C -std=gnu++11 compilation failed to produce executable
WARNING: program timed out.
FAIL: c-c++-common/simulate-thread/bitfields-2.c -Os -g thread simulation test
FAIL: c-c++-common/tm/20100127.c -std=gnu++98 (test for excess errors)
UNRESOLVED: c-c++-common/tm/20100127.c -std=gnu++98 scan-tree-dump-times tmmark "_ITM_W.*nontrxn" 0
FAIL: c-c++-common/tm/20100127.c -std=gnu++11 (test for excess errors)
UNRESOLVED: c-c++-common/tm/20100127.c -std=gnu++11 scan-tree-dump-times tmmark "_ITM_W.*nontrxn" 0
FAIL: c-c++-common/tm/abort-2.c -std=gnu++98 (test for excess errors)
FAIL: c-c++-common/tm/abort-2.c -std=gnu++11 (test for excess errors)
FAIL: c-c++-common/tm/atomic-2.c -std=gnu++98 (test for excess errors)
FAIL: c-c++-common/tm/atomic-2.c -std=gnu++11 (test for excess errors)
FAIL: c-c++-common/tm/attrib-1.c -std=gnu++98 (test for excess errors)
FAIL: c-c++-common/tm/attrib-1.c -std=gnu++11 (test for excess errors)
FAIL: c-c++-common/tm/cancel-1.c -std=gnu++98 (test for excess errors)
FAIL: c-c++-common/tm/cancel-1.c -std=gnu++11 (test for excess errors)
FAIL: c-c++-common/tm/freq.c -std=gnu++98 (test for excess errors)
FAIL: c-c++-common/tm/freq.c -std=gnu++11 (test for excess errors)
FAIL: c-c++-common/tm/inline-asm-2.c -std=gnu++98 (test for excess errors)
FAIL: c-c++-common/tm/inline-asm-2.c -std=gnu++11 (test for excess errors)
FAIL: c-c++-common/tm/inline-asm.c -std=gnu++98 (test for errors, line 7)
FAIL: c-c++-common/tm/inline-asm.c -std=gnu++98 (test for excess errors)
FAIL: c-c++-common/tm/inline-asm.c -std=gnu++11 (test for errors, line 7)
FAIL: c-c++-common/tm/inline-asm.c -std=gnu++11 (test for excess errors)
FAIL: c-c++-common/tm/ipa-1.c -std=gnu++98 (test for excess errors)
UNRESOLVED: c-c++-common/tm/ipa-1.c -std=gnu++98 scan-ipa-dump-not tmipa "getTMCloneOrIrrevocable"
FAIL: c-c++-common/tm/ipa-1.c -std=gnu++11 (test for excess errors)
UNRESOLVED: c-c++-common/tm/ipa-1.c -std=gnu++11 scan-ipa-dump-not tmipa "getTMCloneOrIrrevocable"
FAIL: c-c++-common/tm/malloc.c -std=gnu++98 (test for excess errors)
UNRESOLVED: c-c++-common/tm/malloc.c -std=gnu++98 scan-tree-dump-times tmmark " malloc .666" 1
UNRESOLVED: c-c++-common/tm/malloc.c -std=gnu++98 scan-tree-dump-times tmmark "__builtin__ITM_malloc" 1
UNRESOLVED: c-c++-common/tm/malloc.c -std=gnu++98 scan-tree-dump-times tmmark "__builtin__ITM_calloc" 1
UNRESOLVED: c-c++-common/tm/malloc.c -std=gnu++98 scan-tree-dump-times tmmark "__builtin__ITM_free" 2
FAIL: c-c++-common/tm/malloc.c -std=gnu++11 (test for excess errors)
UNRESOLVED: c-c++-common/tm/malloc.c -std=gnu++11 scan-tree-dump-times tmmark " malloc .666" 1
UNRESOLVED: c-c++-common/tm/malloc.c -std=gnu++11 scan-tree-dump-times tmmark "__builtin__ITM_malloc" 1
UNRESOLVED: c-c++-common/tm/malloc.c -std=gnu++11 scan-tree-dump-times tmmark "__builtin__ITM_calloc" 1
UNRESOLVED: c-c++-common/tm/malloc.c -std=gnu++11 scan-tree-dump-times tmmark "__builtin__ITM_free" 2
FAIL: c-c++-common/tm/memcpy-1.c -std=gnu++98 (test for excess errors)
FAIL: c-c++-common/tm/memcpy-1.c -std=gnu++11 (test for excess errors)
FAIL: c-c++-common/tm/omp.c -std=gnu++98 (test for excess errors)
FAIL: c-c++-common/tm/omp.c -std=gnu++11 (test for excess errors)
FAIL: c-c++-common/tm/outer-1.c -std=gnu++98 (test for errors, line 9)
FAIL: c-c++-common/tm/outer-1.c -std=gnu++98 (test for errors, line 11)
FAIL: c-c++-common/tm/outer-1.c -std=gnu++98 (test for errors, line 14)
FAIL: c-c++-common/tm/outer-1.c -std=gnu++98 (test for excess errors)
FAIL: c-c++-common/tm/outer-1.c -std=gnu++11 (test for errors, line 9)
FAIL: c-c++-common/tm/outer-1.c -std=gnu++11 (test for errors, line 11)
FAIL: c-c++-common/tm/outer-1.c -std=gnu++11 (test for errors, line 14)
FAIL: c-c++-common/tm/outer-1.c -std=gnu++11 (test for excess errors)
FAIL: c-c++-common/tm/safe-1.c -std=gnu++98 (test for errors, line 29)
FAIL: c-c++-common/tm/safe-1.c -std=gnu++98 (test for errors, line 30)
FAIL: c-c++-common/tm/safe-1.c -std=gnu++98 (test for errors, line 38)
FAIL: c-c++-common/tm/safe-1.c -std=gnu++98 (test for errors, line 39)
FAIL: c-c++-common/tm/safe-1.c -std=gnu++98 (test for errors, line 40)
FAIL: c-c++-common/tm/safe-1.c -std=gnu++98 (test for errors, line 42)
FAIL: c-c++-common/tm/safe-1.c -std=gnu++98 (test for errors, line 43)
FAIL: c-c++-common/tm/safe-1.c -std=gnu++98 (test for errors, line 55)
FAIL: c-c++-common/tm/safe-1.c -std=gnu++98 (test for errors, line 56)
FAIL: c-c++-common/tm/safe-1.c -std=gnu++98 (test for errors, line 60)
FAIL: c-c++-common/tm/safe-1.c -std=gnu++98 (test for errors, line 61)
FAIL: c-c++-common/tm/safe-1.c -std=gnu++98 (test for errors, line 63)
FAIL: c-c++-common/tm/safe-1.c -std=gnu++98 (test for errors, line 65)
FAIL: c-c++-common/tm/safe-1.c -std=gnu++98 (test for errors, line 66)
FAIL: c-c++-common/tm/safe-1.c -std=gnu++98 (test for excess errors)
FAIL: c-c++-common/tm/safe-1.c -std=gnu++11 (test for errors, line 29)
FAIL: c-c++-common/tm/safe-1.c -std=gnu++11 (test for errors, line 30)
FAIL: c-c++-common/tm/safe-1.c -std=gnu++11 (test for errors, line 38)
FAIL: c-c++-common/tm/safe-1.c -std=gnu++11 (test for errors, line 39)
FAIL: c-c++-common/tm/safe-1.c -std=gnu++11 (test for errors, line 40)
FAIL: c-c++-common/tm/safe-1.c -std=gnu++11 (test for errors, line 42)
FAIL: c-c++-common/tm/safe-1.c -std=gnu++11 (test for errors, line 43)
FAIL: c-c++-common/tm/safe-1.c -std=gnu++11 (test for errors, line 55)
FAIL: c-c++-common/tm/safe-1.c -std=gnu++11 (test for errors, line 56)
FAIL: c-c++-common/tm/safe-1.c -std=gnu++11 (test for errors, line 60)
FAIL: c-c++-common/tm/safe-1.c -std=gnu++11 (test for errors, line 61)
FAIL: c-c++-common/tm/safe-1.c -std=gnu++11 (test for errors, line 63)
FAIL: c-c++-common/tm/safe-1.c -std=gnu++11 (test for errors, line 65)
FAIL: c-c++-common/tm/safe-1.c -std=gnu++11 (test for errors, line 66)
FAIL: c-c++-common/tm/safe-1.c -std=gnu++11 (test for excess errors)
FAIL: c-c++-common/tm/safe-2.c -std=gnu++98 (test for errors, line 9)
FAIL: c-c++-common/tm/safe-2.c -std=gnu++98 (test for errors, line 11)
FAIL: c-c++-common/tm/safe-2.c -std=gnu++98 (test for errors, line 14)
FAIL: c-c++-common/tm/safe-2.c -std=gnu++98 (test for excess errors)
FAIL: c-c++-common/tm/safe-2.c -std=gnu++11 (test for errors, line 9)
FAIL: c-c++-common/tm/safe-2.c -std=gnu++11 (test for errors, line 11)
FAIL: c-c++-common/tm/safe-2.c -std=gnu++11 (test for errors, line 14)
FAIL: c-c++-common/tm/safe-2.c -std=gnu++11 (test for excess errors)
FAIL: c-c++-common/tm/safe-3.c -std=gnu++98 (test for errors, line 15)
FAIL: c-c++-common/tm/safe-3.c -std=gnu++98 (test for errors, line 23)
FAIL: c-c++-common/tm/safe-3.c -std=gnu++98 (test for errors, line 32)
FAIL: c-c++-common/tm/safe-3.c -std=gnu++98 (test for errors, line 42)
FAIL: c-c++-common/tm/safe-3.c -std=gnu++98 (test for excess errors)
FAIL: c-c++-common/tm/safe-3.c -std=gnu++11 (test for errors, line 15)
FAIL: c-c++-common/tm/safe-3.c -std=gnu++11 (test for errors, line 23)
FAIL: c-c++-common/tm/safe-3.c -std=gnu++11 (test for errors, line 32)
FAIL: c-c++-common/tm/safe-3.c -std=gnu++11 (test for errors, line 42)
FAIL: c-c++-common/tm/safe-3.c -std=gnu++11 (test for excess errors)
FAIL: c-c++-common/tm/trxn-expr-3.c -std=gnu++98 (test for excess errors)
UNRESOLVED: c-c++-common/tm/trxn-expr-3.c -std=gnu++98 scan-tree-dump-times tmmark "ITM_RU" 2
UNRESOLVED: c-c++-common/tm/trxn-expr-3.c -std=gnu++98 scan-tree-dump-times tmmark "ITM_commitTransaction" 2
FAIL: c-c++-common/tm/trxn-expr-3.c -std=gnu++11 (test for excess errors)
UNRESOLVED: c-c++-common/tm/trxn-expr-3.c -std=gnu++11 scan-tree-dump-times tmmark "ITM_RU" 2
UNRESOLVED: c-c++-common/tm/trxn-expr-3.c -std=gnu++11 scan-tree-dump-times tmmark "ITM_commitTransaction" 2
FAIL: c-c++-common/tm/trxn-expr.c -std=gnu++98 (test for excess errors)
UNRESOLVED: c-c++-common/tm/trxn-expr.c -std=gnu++98 scan-tree-dump-times tmmark "_ITM_RU.*york" 1
UNRESOLVED: c-c++-common/tm/trxn-expr.c -std=gnu++98 scan-tree-dump-times tmmark "_ITM_RU" 1
FAIL: c-c++-common/tm/trxn-expr.c -std=gnu++11 (test for excess errors)
UNRESOLVED: c-c++-common/tm/trxn-expr.c -std=gnu++11 scan-tree-dump-times tmmark "_ITM_RU.*york" 1
UNRESOLVED: c-c++-common/tm/trxn-expr.c -std=gnu++11 scan-tree-dump-times tmmark "_ITM_RU" 1
FAIL: c-c++-common/tm/wrap-1.c -std=gnu++98 (test for excess errors)
UNRESOLVED: c-c++-common/tm/wrap-1.c -std=gnu++98 scan-tree-dump-times optimized "xyzzy" 1
FAIL: c-c++-common/tm/wrap-1.c -std=gnu++11 (test for excess errors)
UNRESOLVED: c-c++-common/tm/wrap-1.c -std=gnu++11 scan-tree-dump-times optimized "xyzzy" 1
FAIL: g++.dg/tm/20100429.C -std=gnu++98 (test for errors, line 12)
FAIL: g++.dg/tm/20100429.C -std=gnu++98 (test for excess errors)
FAIL: g++.dg/tm/20100429.C -std=gnu++11 (test for errors, line 12)
FAIL: g++.dg/tm/20100429.C -std=gnu++11 (test for excess errors)
FAIL: g++.dg/tm/20100727.C -std=gnu++98 (test for excess errors)
FAIL: g++.dg/tm/20100727.C -std=gnu++11 (test for excess errors)
FAIL: g++.dg/tm/alias.C -std=gnu++98 (test for excess errors)
FAIL: g++.dg/tm/alias.C scan-assembler _ZGTtN7ItemsetD1Ev
FAIL: g++.dg/tm/alias.C scan-assembler _ZGTtN7ItemsetD2Ev
FAIL: g++.dg/tm/alias.C -std=gnu++11 (test for excess errors)
FAIL: g++.dg/tm/alias.C scan-assembler _ZGTtN7ItemsetD1Ev
FAIL: g++.dg/tm/alias.C scan-assembler _ZGTtN7ItemsetD2Ev
FAIL: g++.dg/tm/attrib-2.C -std=gnu++98 (test for excess errors)
FAIL: g++.dg/tm/attrib-2.C -std=gnu++98 scan-tree-dump-times optimized "_ZGTtN5Tsafe1fEv" 1
FAIL: g++.dg/tm/attrib-2.C -std=gnu++98 scan-tree-dump-times optimized "_ZGTtN5Tcall1fEv" 1
FAIL: g++.dg/tm/attrib-2.C -std=gnu++11 (test for excess errors)
FAIL: g++.dg/tm/attrib-2.C -std=gnu++11 scan-tree-dump-times optimized "_ZGTtN5Tsafe1fEv" 1
FAIL: g++.dg/tm/attrib-2.C -std=gnu++11 scan-tree-dump-times optimized "_ZGTtN5Tcall1fEv" 1
FAIL: g++.dg/tm/attrib-3.C -std=gnu++98 (test for excess errors)
FAIL: g++.dg/tm/attrib-3.C -std=gnu++98 scan-tree-dump-times optimized "_ZGTtN1B1fEv" 1
FAIL: g++.dg/tm/attrib-3.C -std=gnu++98 scan-tree-dump-times optimized "_ZGTtN1E1fEv" 1
FAIL: g++.dg/tm/attrib-3.C -std=gnu++11 (test for excess errors)
FAIL: g++.dg/tm/attrib-3.C -std=gnu++11 scan-tree-dump-times optimized "_ZGTtN1B1fEv" 1
FAIL: g++.dg/tm/attrib-3.C -std=gnu++11 scan-tree-dump-times optimized "_ZGTtN1E1fEv" 1
FAIL: g++.dg/tm/attrib-4.C -std=gnu++98 (test for errors, line 17)
FAIL: g++.dg/tm/attrib-4.C -std=gnu++98 (test for errors, line 24)
FAIL: g++.dg/tm/attrib-4.C -std=gnu++98 (test for errors, line 30)
FAIL: g++.dg/tm/attrib-4.C -std=gnu++98 (test for errors, line 41)
FAIL: g++.dg/tm/attrib-4.C -std=gnu++98 (test for errors, line 47)
FAIL: g++.dg/tm/attrib-4.C -std=gnu++98 (test for excess errors)
FAIL: g++.dg/tm/attrib-4.C -std=gnu++11 (test for errors, line 17)
FAIL: g++.dg/tm/attrib-4.C -std=gnu++11 (test for errors, line 24)
FAIL: g++.dg/tm/attrib-4.C -std=gnu++11 (test for errors, line 30)
FAIL: g++.dg/tm/attrib-4.C -std=gnu++11 (test for errors, line 41)
FAIL: g++.dg/tm/attrib-4.C -std=gnu++11 (test for errors, line 47)
FAIL: g++.dg/tm/attrib-4.C -std=gnu++11 (test for excess errors)
FAIL: g++.dg/tm/fatomic-1.C -std=gnu++98 (test for excess errors)
FAIL: g++.dg/tm/fatomic-1.C -std=gnu++11 (test for excess errors)
FAIL: g++.dg/tm/nested-1.C -std=gnu++98 (test for excess errors)
FAIL: g++.dg/tm/nested-1.C -std=gnu++11 (test for excess errors)
FAIL: g++.dg/tm/nested-2.C -std=gnu++98 (test for excess errors)
FAIL: g++.dg/tm/nested-2.C -std=gnu++11 (test for excess errors)
FAIL: g++.dg/tm/nested-3.C -std=gnu++98 (test for excess errors)
FAIL: g++.dg/tm/nested-3.C -std=gnu++11 (test for excess errors)
FAIL: g++.dg/tm/opt-1.C -std=gnu++98 (test for excess errors)
FAIL: g++.dg/tm/opt-1.C -std=gnu++11 (test for excess errors)
FAIL: g++.dg/tm/pr45940-2.C -std=gnu++98 (test for excess errors)
FAIL: g++.dg/tm/pr45940-2.C -std=gnu++11 (test for excess errors)
FAIL: g++.dg/tm/pr45940-3.C -std=gnu++98 (test for excess errors)
FAIL: g++.dg/tm/pr45940-3.C -std=gnu++11 (test for excess errors)
FAIL: g++.dg/tm/pr45940-4.C -std=gnu++98 (test for excess errors)
FAIL: g++.dg/tm/pr45940-4.C -std=gnu++11 (test for excess errors)
FAIL: g++.dg/tm/pr45940.C -std=gnu++98 (test for excess errors)
FAIL: g++.dg/tm/pr45940.C -std=gnu++11 (test for excess errors)
FAIL: g++.dg/tm/pr46269.C -std=gnu++98 (test for excess errors)
FAIL: g++.dg/tm/pr46269.C -std=gnu++11 (test for excess errors)
FAIL: g++.dg/tm/pr46270.C -std=gnu++98 (test for excess errors)
FAIL: g++.dg/tm/pr46270.C -std=gnu++11 (test for excess errors)
FAIL: g++.dg/tm/pr46300.C -std=gnu++98 (test for excess errors)
FAIL: g++.dg/tm/pr46300.C -std=gnu++11 (test for excess errors)
FAIL: g++.dg/tm/pr46567.C -std=gnu++98 (test for excess errors)
FAIL: g++.dg/tm/pr46567.C -std=gnu++11 (test for excess errors)
FAIL: g++.dg/tm/pr46653.C -std=gnu++98 (test for excess errors)
FAIL: g++.dg/tm/pr46653.C -std=gnu++11 (test for excess errors)
FAIL: g++.dg/tm/pr46714.C -std=gnu++98 (test for excess errors)
FAIL: g++.dg/tm/pr46714.C -std=gnu++11 (test for excess errors)
FAIL: g++.dg/tm/pr46941.C -std=gnu++98 (test for excess errors)
FAIL: g++.dg/tm/pr46941.C scan-assembler _ZGTtnw[mj]
FAIL: g++.dg/tm/pr46941.C scan-assembler _ZGTtna[mj]
FAIL: g++.dg/tm/pr46941.C scan-assembler _ZGTtdlPv
FAIL: g++.dg/tm/pr46941.C scan-assembler _ZGTtdaPv
FAIL: g++.dg/tm/pr46941.C -std=gnu++11 (test for excess errors)
FAIL: g++.dg/tm/pr46941.C scan-assembler _ZGTtnw[mj]
FAIL: g++.dg/tm/pr46941.C scan-assembler _ZGTtna[mj]
FAIL: g++.dg/tm/pr46941.C scan-assembler _ZGTtdlPv
FAIL: g++.dg/tm/pr46941.C scan-assembler _ZGTtdaPv
FAIL: g++.dg/tm/pr47340.C -std=gnu++98 (test for excess errors)
FAIL: g++.dg/tm/pr47340.C -std=gnu++11 (test for excess errors)
FAIL: g++.dg/tm/pr47530.C -std=gnu++98 (test for excess errors)
UNRESOLVED: g++.dg/tm/pr47530.C -std=gnu++98 scan-tree-dump-times optimized "commitTransaction...; .tail call" 0
FAIL: g++.dg/tm/pr47530.C -std=gnu++11 (test for excess errors)
UNRESOLVED: g++.dg/tm/pr47530.C -std=gnu++11 scan-tree-dump-times optimized "commitTransaction...; .tail call" 0
FAIL: g++.dg/tm/pr47554.C -std=gnu++98 (test for excess errors)
FAIL: g++.dg/tm/pr47554.C -std=gnu++11 (test for excess errors)
FAIL: g++.dg/tm/pr47573.C -std=gnu++98 (test for excess errors)
FAIL: g++.dg/tm/pr47573.C -std=gnu++11 (test for excess errors)
FAIL: g++.dg/tm/pr47746.C -std=gnu++98 (test for excess errors)
FAIL: g++.dg/tm/pr47746.C -std=gnu++11 (test for excess errors)
FAIL: g++.dg/tm/pr47747.C -std=gnu++98 (test for errors, line 20)
FAIL: g++.dg/tm/pr47747.C -std=gnu++98 (test for excess errors)
FAIL: g++.dg/tm/pr47747.C -std=gnu++11 (test for errors, line 20)
FAIL: g++.dg/tm/pr47747.C -std=gnu++11 (test for excess errors)
FAIL: g++.dg/tm/template-1.C -std=gnu++98 (test for excess errors)
UNRESOLVED: g++.dg/tm/template-1.C -std=gnu++98 scan-tree-dump-times tmmark "ITM_RU4\\s*\\(&global" 4
UNRESOLVED: g++.dg/tm/template-1.C -std=gnu++98 scan-tree-dump-times tmmark "ITM_WU4\\s*\\(&global" 2
FAIL: g++.dg/tm/template-1.C -std=gnu++11 (test for excess errors)
UNRESOLVED: g++.dg/tm/template-1.C -std=gnu++11 scan-tree-dump-times tmmark "ITM_RU4\\s*\\(&global" 4
UNRESOLVED: g++.dg/tm/template-1.C -std=gnu++11 scan-tree-dump-times tmmark "ITM_WU4\\s*\\(&global" 2
FAIL: g++.dg/tm/template-2.C (test for excess errors)
UNRESOLVED: g++.dg/tm/template-2.C scan-tree-dump-times tmmark "ITM_RU" 2
FAIL: g++.dg/tm/vector-1.C -std=gnu++98 (test for excess errors)
FAIL: g++.dg/tm/vector-1.C -std=gnu++11 (test for excess errors)
FAIL: g++.dg/tm/wrap-2.C -std=gnu++98 (test for excess errors)
FAIL: g++.dg/tm/wrap-2.C -std=gnu++11 (test for excess errors)
=== g++ Summary ===
# of expected passes 41299
# of unexpected failures 186
# of expected failures 286
# of unresolved testcases 29
# of unsupported tests 919
/test/gnu/gcc/objdir/gcc/testsuite/g++/../../g++ version 4.7.0 20111128 (experimental) [trunk revision 181770] (GCC)
=== gcc tests ===
Running target unix
WARNING: program timed out.
FAIL: c-c++-common/simulate-thread/bitfields-2.c -Os -g thread simulation test
FAIL: c-c++-common/tm/20100127.c (test for excess errors)
UNRESOLVED: c-c++-common/tm/20100127.c scan-tree-dump-times tmmark "_ITM_W.*nontrxn" 0
FAIL: c-c++-common/tm/abort-2.c (test for excess errors)
FAIL: c-c++-common/tm/atomic-2.c (test for excess errors)
FAIL: c-c++-common/tm/attrib-1.c (test for excess errors)
FAIL: c-c++-common/tm/cancel-1.c (test for excess errors)
FAIL: c-c++-common/tm/freq.c (test for excess errors)
FAIL: c-c++-common/tm/inline-asm-2.c (test for excess errors)
FAIL: c-c++-common/tm/inline-asm.c (test for errors, line 7)
FAIL: c-c++-common/tm/inline-asm.c (test for excess errors)
FAIL: c-c++-common/tm/ipa-1.c (test for excess errors)
UNRESOLVED: c-c++-common/tm/ipa-1.c scan-ipa-dump-not tmipa "getTMCloneOrIrrevocable"
FAIL: c-c++-common/tm/malloc.c (test for excess errors)
UNRESOLVED: c-c++-common/tm/malloc.c scan-tree-dump-times tmmark " malloc .666" 1
UNRESOLVED: c-c++-common/tm/malloc.c scan-tree-dump-times tmmark "__builtin__ITM_malloc" 1
UNRESOLVED: c-c++-common/tm/malloc.c scan-tree-dump-times tmmark "__builtin__ITM_calloc" 1
UNRESOLVED: c-c++-common/tm/malloc.c scan-tree-dump-times tmmark "__builtin__ITM_free" 2
FAIL: c-c++-common/tm/memcpy-1.c (test for excess errors)
FAIL: c-c++-common/tm/omp.c (test for excess errors)
FAIL: c-c++-common/tm/outer-1.c (test for errors, line 9)
FAIL: c-c++-common/tm/outer-1.c (test for errors, line 11)
FAIL: c-c++-common/tm/outer-1.c (test for errors, line 14)
FAIL: c-c++-common/tm/outer-1.c (test for excess errors)
FAIL: c-c++-common/tm/safe-1.c (test for errors, line 29)
FAIL: c-c++-common/tm/safe-1.c (test for errors, line 30)
FAIL: c-c++-common/tm/safe-1.c (test for errors, line 38)
FAIL: c-c++-common/tm/safe-1.c (test for errors, line 39)
FAIL: c-c++-common/tm/safe-1.c (test for errors, line 40)
FAIL: c-c++-common/tm/safe-1.c (test for errors, line 42)
FAIL: c-c++-common/tm/safe-1.c (test for errors, line 43)
FAIL: c-c++-common/tm/safe-1.c (test for errors, line 55)
FAIL: c-c++-common/tm/safe-1.c (test for errors, line 56)
FAIL: c-c++-common/tm/safe-1.c (test for errors, line 60)
FAIL: c-c++-common/tm/safe-1.c (test for errors, line 61)
FAIL: c-c++-common/tm/safe-1.c (test for errors, line 63)
FAIL: c-c++-common/tm/safe-1.c (test for errors, line 65)
FAIL: c-c++-common/tm/safe-1.c (test for errors, line 66)
FAIL: c-c++-common/tm/safe-1.c (test for excess errors)
FAIL: c-c++-common/tm/safe-2.c (test for errors, line 9)
FAIL: c-c++-common/tm/safe-2.c (test for errors, line 11)
FAIL: c-c++-common/tm/safe-2.c (test for errors, line 14)
FAIL: c-c++-common/tm/safe-2.c (test for excess errors)
FAIL: c-c++-common/tm/safe-3.c (test for errors, line 15)
FAIL: c-c++-common/tm/safe-3.c (test for errors, line 23)
FAIL: c-c++-common/tm/safe-3.c (test for errors, line 32)
FAIL: c-c++-common/tm/safe-3.c (test for errors, line 42)
FAIL: c-c++-common/tm/safe-3.c (test for excess errors)
FAIL: c-c++-common/tm/trxn-expr-3.c (test for excess errors)
UNRESOLVED: c-c++-common/tm/trxn-expr-3.c scan-tree-dump-times tmmark "ITM_RU" 2
UNRESOLVED: c-c++-common/tm/trxn-expr-3.c scan-tree-dump-times tmmark "ITM_commitTransaction" 2
FAIL: c-c++-common/tm/trxn-expr.c (test for excess errors)
UNRESOLVED: c-c++-common/tm/trxn-expr.c scan-tree-dump-times tmmark "_ITM_RU.*york" 1
UNRESOLVED: c-c++-common/tm/trxn-expr.c scan-tree-dump-times tmmark "_ITM_RU" 1
FAIL: c-c++-common/tm/wrap-1.c (test for excess errors)
UNRESOLVED: c-c++-common/tm/wrap-1.c scan-tree-dump-times optimized "xyzzy" 1
FAIL: gcc.dg/tm/20091013.c (test for excess errors)
FAIL: gcc.dg/tm/20091221.c (test for excess errors)
UNRESOLVED: gcc.dg/tm/20091221.c scan-tree-dump-times tmedge "readOnly" 1
FAIL: gcc.dg/tm/20100125.c (test for excess errors)
UNRESOLVED: gcc.dg/tm/20100125.c scan-tree-dump-times tmmark "getTMCloneOrIrrevocable" 0
FAIL: gcc.dg/tm/20100519.c (test for excess errors)
FAIL: gcc.dg/tm/20100524-2.c (test for excess errors)
FAIL: gcc.dg/tm/20100603.c (test for excess errors)
FAIL: gcc.dg/tm/20100603.c scan-tree-dump-times optimized "Function poof ._ZGTt4poof" 1
FAIL: gcc.dg/tm/20100609.c (test for excess errors)
FAIL: gcc.dg/tm/20100610.c (test for excess errors)
FAIL: gcc.dg/tm/20100615-2.c (test for excess errors)
FAIL: gcc.dg/tm/20100615.c (test for excess errors)
UNRESOLVED: gcc.dg/tm/20100615.c scan-assembler-not tm_clone_table
FAIL: gcc.dg/tm/20110216.c (test for excess errors)
UNRESOLVED: gcc.dg/tm/20110216.c scan-assembler-not _ITM_getTMCloneOrIrrevocable
FAIL: gcc.dg/tm/alias-1.c (test for excess errors)
UNRESOLVED: gcc.dg/tm/alias-1.c scan-tree-dump-times ealias "mystruct = { .*ESCAPED" 1
UNRESOLVED: gcc.dg/tm/alias-1.c scan-tree-dump-times ealias "someptr = same as mystruct" 1
UNRESOLVED: gcc.dg/tm/alias-1.c scan-tree-dump-times ealias "ui..* = same as mystruct" 1
UNRESOLVED: gcc.dg/tm/alias-1.c scan-tree-dump-times ealias "pp..* = same as mystruct" 1
FAIL: gcc.dg/tm/alias-2.c (test for excess errors)
FAIL: gcc.dg/tm/data-1.c (test for excess errors)
FAIL: gcc.dg/tm/data-2.c (test for excess errors)
FAIL: gcc.dg/tm/debug-1.c (test for excess errors)
UNRESOLVED: gcc.dg/tm/debug-1.c scan-tree-dump-times tmmark ": 13:.*b = 9898" 1
UNRESOLVED: gcc.dg/tm/debug-1.c scan-tree-dump-times tmmark ": 14:.*__transaction" 1
UNRESOLVED: gcc.dg/tm/debug-1.c scan-tree-dump-times tmmark ": 15:.*ITM_WU. \\(&z" 1
UNRESOLVED: gcc.dg/tm/debug-1.c scan-tree-dump-times tmmark ": 16:.*ITM_WU. \\(&a" 1
FAIL: gcc.dg/tm/indirect-1.c (test for excess errors)
FAIL: gcc.dg/tm/ipa-1.c (test for excess errors)
UNRESOLVED: gcc.dg/tm/ipa-1.c scan-tree-dump-times tmmark "_ZGTt3foo" 1
FAIL: gcc.dg/tm/ipa-2.c (test for excess errors)
UNRESOLVED: gcc.dg/tm/ipa-2.c scan-tree-dump-times tmmark "_ZGTt3foo" 0
FAIL: gcc.dg/tm/ipa-3.c (test for excess errors)
FAIL: gcc.dg/tm/ipa-3.c scan-assembler _ZGTt3foo
FAIL: gcc.dg/tm/irrevocable-1.c (test for excess errors)
FAIL: gcc.dg/tm/irrevocable-2.c (test for excess errors)
UNRESOLVED: gcc.dg/tm/irrevocable-2.c scan-tree-dump-times tmedge "doesGoIrrevocable" 1
UNRESOLVED: gcc.dg/tm/irrevocable-2.c scan-tree-dump-times tmedge "hasNoIrrevocable" 0
FAIL: gcc.dg/tm/irrevocable-3.c (test for excess errors)
UNRESOLVED: gcc.dg/tm/irrevocable-3.c scan-tree-dump-times tmmark "GTMA_MAY_ENTER_IRREVOCABLE" 1
FAIL: gcc.dg/tm/irrevocable-4.c (test for excess errors)
UNRESOLVED: gcc.dg/tm/irrevocable-4.c scan-tree-dump-times tmmark "GTMA_MAY_ENTER_IRREVOCABLE" 1
FAIL: gcc.dg/tm/irrevocable-5.c (test for excess errors)
UNRESOLVED: gcc.dg/tm/irrevocable-5.c scan-ipa-dump-times tmipa "GTMA_DOES_GO_IRREVOCABLE" 1
UNRESOLVED: gcc.dg/tm/irrevocable-5.c scan-ipa-dump-times tmipa "bb 3 goes irr" 1
UNRESOLVED: gcc.dg/tm/irrevocable-5.c scan-ipa-dump-times tmipa "bb 4 goes irr" 1
UNRESOLVED: gcc.dg/tm/irrevocable-5.c scan-ipa-dump-times tmipa "bb 5 goes irr" 1
UNRESOLVED: gcc.dg/tm/irrevocable-5.c scan-ipa-dump-times tmipa "bb 6 goes irr" 1
FAIL: gcc.dg/tm/irrevocable-6.c (test for excess errors)
UNRESOLVED: gcc.dg/tm/irrevocable-6.c scan-ipa-dump-times tmipa "GTMA_DOES_GO_IRREVOCABLE" 1
UNRESOLVED: gcc.dg/tm/irrevocable-6.c scan-ipa-dump-times tmipa "bb 3 goes irr" 1
UNRESOLVED: gcc.dg/tm/irrevocable-6.c scan-ipa-dump-times tmipa "bb 4 goes irr" 1
UNRESOLVED: gcc.dg/tm/irrevocable-6.c scan-ipa-dump-times tmipa "bb 5 goes irr" 1
UNRESOLVED: gcc.dg/tm/irrevocable-6.c scan-ipa-dump-times tmipa "bb 6 goes irr" 1
UNRESOLVED: gcc.dg/tm/irrevocable-6.c scan-ipa-dump-times tmipa "bb 7 goes irr" 1
UNRESOLVED: gcc.dg/tm/irrevocable-6.c scan-ipa-dump-times tmipa "bb 8 goes irr" 1
UNRESOLVED: gcc.dg/tm/irrevocable-6.c scan-ipa-dump-times tmipa "bb 9 goes irr" 1
FAIL: gcc.dg/tm/irrevocable-7.c (test for excess errors)
UNRESOLVED: gcc.dg/tm/irrevocable-7.c scan-ipa-dump-times tmipa "changeTransactionMode \\(0\\)" 1
FAIL: gcc.dg/tm/memopt-1.c (test for excess errors)
UNRESOLVED: gcc.dg/tm/memopt-1.c scan-tree-dump-times tmmemopt "transforming: .*_ITM_RaWU[248] \\(&g\\);" 1
UNRESOLVED: gcc.dg/tm/memopt-1.c scan-tree-dump-times tmmemopt "transforming: .*_ITM_WaRU4 \\(&i," 1
UNRESOLVED: gcc.dg/tm/memopt-1.c scan-tree-dump-times tmmemopt "transforming: .*_ITM_RaWU4 \\(&i\\);" 1
UNRESOLVED: gcc.dg/tm/memopt-1.c scan-tree-dump-times tmmemopt "transforming: .*_ITM_WaWU4 \\(&i," 1
FAIL: gcc.dg/tm/memopt-10.c (test for excess errors)
UNRESOLVED: gcc.dg/tm/memopt-10.c scan-tree-dump-times tmmark "ITM_LU" 0
UNRESOLVED: gcc.dg/tm/memopt-10.c scan-tree-dump-times tmmark "ITM_WU" 0
UNRESOLVED: gcc.dg/tm/memopt-10.c scan-tree-dump-times tmmark "tm_save" 1
FAIL: gcc.dg/tm/memopt-11.c (test for excess errors)
UNRESOLVED: gcc.dg/tm/memopt-11.c scan-tree-dump-times tmmark "ITM_LU" 0
UNRESOLVED: gcc.dg/tm/memopt-11.c scan-tree-dump-times tmmark "ITM_WU" 0
UNRESOLVED: gcc.dg/tm/memopt-11.c scan-tree-dump-times tmmark "tm_save" 1
FAIL: gcc.dg/tm/memopt-12.c (test for excess errors)
UNRESOLVED: gcc.dg/tm/memopt-12.c scan-tree-dump-times tmmark "ITM_WU" 0
FAIL: gcc.dg/tm/memopt-13.c (test for excess errors)
UNRESOLVED: gcc.dg/tm/memopt-13.c scan-tree-dump-times tmmark "memmoveRtWt \\(&large_global," 1
FAIL: gcc.dg/tm/memopt-2.c (test for excess errors)
UNRESOLVED: gcc.dg/tm/memopt-2.c scan-tree-dump-times tmmemopt "transforming.*RfWU1 \\(&c" 1
UNRESOLVED: gcc.dg/tm/memopt-2.c scan-tree-dump-times tmmemopt "transforming.*WaWU1 \\(&c" 1
FAIL: gcc.dg/tm/memopt-3.c (test for excess errors)
UNRESOLVED: gcc.dg/tm/memopt-3.c scan-tree-dump-times tmmark "logging: lala.x\\[i_1\\]" 1
FAIL: gcc.dg/tm/memopt-4.c (test for excess errors)
UNRESOLVED: gcc.dg/tm/memopt-4.c scan-tree-dump-times tmedge "tm_save.[0-9_]+ = lala.x\\[55\\]" 1
UNRESOLVED: gcc.dg/tm/memopt-4.c scan-tree-dump-times tmedge "lala.x\\[55\\] = tm_save" 1
FAIL: gcc.dg/tm/memopt-5.c (test for excess errors)
UNRESOLVED: gcc.dg/tm/memopt-5.c scan-tree-dump-times tmedge "ITM_LU[0-9] \\(&lala.x\\[55\\]" 1
FAIL: gcc.dg/tm/memopt-6.c (test for excess errors)
UNRESOLVED: gcc.dg/tm/memopt-6.c scan-tree-dump-times tmedge "memmoveRtWt \\(&lala, &lacopy" 1
FAIL: gcc.dg/tm/memopt-7.c (test for excess errors)
UNRESOLVED: gcc.dg/tm/memopt-7.c scan-tree-dump-times tmedge "tm_save.[0-9_]+ = lala" 1
UNRESOLVED: gcc.dg/tm/memopt-7.c scan-tree-dump-times tmedge "lala = tm_save" 1
FAIL: gcc.dg/tm/memopt-8.c (test for excess errors)
UNRESOLVED: gcc.dg/tm/memopt-8.c scan-tree-dump-times tmmark "ITM_WU" 1
FAIL: gcc.dg/tm/memopt-9.c (test for excess errors)
UNRESOLVED: gcc.dg/tm/memopt-9.c scan-tree-dump-times tmmark "ITM_WU" 0
FAIL: gcc.dg/tm/memset-2.c (test for excess errors)
UNRESOLVED: gcc.dg/tm/memset-2.c scan-tree-dump-times tmlower "GTMA_HAVE_STORE" 1
FAIL: gcc.dg/tm/memset.c (test for excess errors)
UNRESOLVED: gcc.dg/tm/memset.c scan-assembler _ITM_memsetW
FAIL: gcc.dg/tm/nested-1.c (test for excess errors)
FAIL: gcc.dg/tm/nested-2.c (test for excess errors)
FAIL: gcc.dg/tm/opt-1.c (test for excess errors)
FAIL: gcc.dg/tm/opt-2.c (test for excess errors)
FAIL: gcc.dg/tm/pr45985.c (test for excess errors)
FAIL: gcc.dg/tm/pr46567-2.c (test for excess errors)
FAIL: gcc.dg/tm/pr46654.c (test for errors, line 10)
FAIL: gcc.dg/tm/pr46654.c (test for errors, line 23)
FAIL: gcc.dg/tm/pr46654.c (test for excess errors)
FAIL: gcc.dg/tm/pr47520.c (test for excess errors)
FAIL: gcc.dg/tm/pr47690.c (test for excess errors)
UNRESOLVED: gcc.dg/tm/pr47690.c scan-assembler-not ZGTt2q1
FAIL: gcc.dg/tm/pr47905.c (test for excess errors)
FAIL: gcc.dg/tm/props-1.c (test for excess errors)
UNRESOLVED: gcc.dg/tm/props-1.c scan-tree-dump-times tmedge " instrumentedCode" 1
UNRESOLVED: gcc.dg/tm/props-1.c scan-tree-dump-times tmedge "hasNoAbort" 0
UNRESOLVED: gcc.dg/tm/props-1.c scan-tree-dump-times tmlower "GTMA_HAVE_ABORT" 1
FAIL: gcc.dg/tm/props-2.c (test for excess errors)
UNRESOLVED: gcc.dg/tm/props-2.c scan-ipa-dump-times tmipa "GTMA_MAY_ENTER_IRREVOCABLE" 1
FAIL: gcc.dg/tm/props-3.c (test for excess errors)
UNRESOLVED: gcc.dg/tm/props-3.c scan-ipa-dump-times tmipa "GTMA_MAY_ENTER_IRREVOCABLE" 1
FAIL: gcc.dg/tm/props-4.c (test for excess errors)
UNRESOLVED: gcc.dg/tm/props-4.c scan-tree-dump-times tmedge " instrumentedCode" 1
UNRESOLVED: gcc.dg/tm/props-4.c scan-tree-dump-times tmedge "hasNoAbort" 0
UNRESOLVED: gcc.dg/tm/props-4.c scan-tree-dump-times tmmark "LABEL=<L0>" 1
FAIL: gcc.dg/tm/unsafe.c (test for errors, line 12)
FAIL: gcc.dg/tm/unsafe.c (test for excess errors)
FAIL: gcc.dg/tm/unused.c (test for excess errors)
FAIL: gcc.dg/tm/unused.c scan-assembler _ZGTt11unused_func:
FAIL: gcc.dg/tm/vector-1.c (test for excess errors)
FAIL: gcc.dg/tm/wrap-2.c (test for excess errors)
FAIL: gcc.dg/tm/wrap-3.c (test for excess errors)
UNRESOLVED: gcc.dg/tm/wrap-3.c scan-tree-dump-times optimized "free" 0
FAIL: gcc.dg/tm/wrap-4.c (test for excess errors)
UNRESOLVED: gcc.dg/tm/wrap-4.c scan-tree-dump-times optimized "candy" 0
FAIL: gcc.dg/tree-ssa/vrp47.c scan-tree-dump-times dom1 "x[^ ]* & y" 1
FAIL: gcc.misc-tests/gcov-13.c execution test
FAIL: 10:is 1:should be -
FAIL: gcc.misc-tests/gcov-13.c gcov: 1 failures in line counts, 0 in branch percentages, 0 in return percentages
FAIL: 3:is #####:should be 1
FAIL: gcc.misc-tests/gcovpart-13b.c gcov: 1 failures in line counts, 0 in branch percentages, 0 in return percentages
FAIL: gcc.misc-tests/gcov-14.c (test for excess errors)
WARNING: gcc.misc-tests/gcov-14.c compilation failed to produce executable
FAIL: gcc.misc-tests/gcov-14.c gcov failed: gcov-14.c.gcov does not exist
=== gcc Summary ===
# of expected passes 57960
# of unexpected failures 121
# of expected failures 115
# of unresolved testcases 79
# of unsupported tests 1390
/test/gnu/gcc/objdir/gcc/xgcc version 4.7.0 20111128 (experimental) [trunk revision 181770] (GCC)
=== gfortran tests ===
Running target unix
FAIL: gfortran.dg/pr45636.f90 -O scan-tree-dump-times forwprop2 "memset" 0
FAIL: gfortran.dg/quad_2.f90 -O0 (test for excess errors)
WARNING: gfortran.dg/quad_2.f90 -O0 compilation failed to produce executable
FAIL: gfortran.dg/quad_2.f90 -O1 (test for excess errors)
WARNING: gfortran.dg/quad_2.f90 -O1 compilation failed to produce executable
FAIL: gfortran.dg/quad_2.f90 -O2 (test for excess errors)
WARNING: gfortran.dg/quad_2.f90 -O2 compilation failed to produce executable
FAIL: gfortran.dg/quad_2.f90 -O3 -fomit-frame-pointer (test for excess errors)
WARNING: gfortran.dg/quad_2.f90 -O3 -fomit-frame-pointer compilation failed to produce executable
FAIL: gfortran.dg/quad_2.f90 -O3 -fomit-frame-pointer -funroll-loops (test for excess errors)
WARNING: gfortran.dg/quad_2.f90 -O3 -fomit-frame-pointer -funroll-loops compilation failed to produce executable
FAIL: gfortran.dg/quad_2.f90 -O3 -fomit-frame-pointer -funroll-all-loops -finline-functions (test for excess errors)
WARNING: gfortran.dg/quad_2.f90 -O3 -fomit-frame-pointer -funroll-all-loops -finline-functions compilation failed to produce executable
FAIL: gfortran.dg/quad_2.f90 -O3 -g (test for excess errors)
WARNING: gfortran.dg/quad_2.f90 -O3 -g compilation failed to produce executable
FAIL: gfortran.dg/quad_2.f90 -Os (test for excess errors)
WARNING: gfortran.dg/quad_2.f90 -Os compilation failed to produce executable
FAIL: gfortran.dg/guality/pr41558.f90 -O0 line 7 s == 'foo'
FAIL: gfortran.dg/guality/pr41558.f90 -O1 line 7 s == 'foo'
FAIL: gfortran.dg/guality/pr41558.f90 -O2 line 7 s == 'foo'
FAIL: gfortran.dg/guality/pr41558.f90 -O3 -fomit-frame-pointer line 7 s == 'foo'
FAIL: gfortran.dg/guality/pr41558.f90 -O3 -fomit-frame-pointer -funroll-loops line 7 s == 'foo'
FAIL: gfortran.dg/guality/pr41558.f90 -O3 -fomit-frame-pointer -funroll-all-loops -finline-functions line 7 s == 'foo'
FAIL: gfortran.dg/guality/pr41558.f90 -O3 -g line 7 s == 'foo'
FAIL: gfortran.dg/guality/pr41558.f90 -Os line 7 s == 'foo'
FAIL: gfortran.fortran-torture/execute/entry_4.f90 execution, -O2
FAIL: gfortran.fortran-torture/execute/entry_4.f90 execution, -O2 -fomit-frame-pointer -finline-functions
FAIL: gfortran.fortran-torture/execute/entry_4.f90 execution, -O2 -fomit-frame-pointer -finline-functions -funroll-loops
FAIL: gfortran.fortran-torture/execute/entry_4.f90 execution, -O2 -fbounds-check
FAIL: gfortran.fortran-torture/execute/entry_4.f90 execution, -O3 -g
=== gfortran Summary ===
# of expected passes 38565
# of unexpected failures 22
# of expected failures 42
# of unsupported tests 377
/test/gnu/gcc/objdir/gcc/testsuite/gfortran/../../gfortran version 4.7.0 20111128 (experimental) [trunk revision 181770] (GCC)
=== gnat tests ===
Running target unix
=== gnat Summary ===
# of expected passes 1043
# of expected failures 11
# of unsupported tests 11
/test/gnu/gcc/objdir/gcc/gnatmake version 4.7.0 20111128 (experimental) [trunk revision 181770]
=== obj-c++ tests ===
Running target unix
FAIL: obj-c++.dg/naming-3.mm -fgnu-runtime (test for errors, line 6)
FAIL: obj-c++.dg/naming-4.mm -fgnu-runtime (test for errors, line 31)
FAIL: obj-c++.dg/naming-4.mm -fgnu-runtime (test for warnings, line 63)
FAIL: obj-c++.dg/naming-4.mm -fgnu-runtime (test for warnings, line 100)
=== obj-c++ Summary ===
# of expected passes 1404
# of unexpected failures 4
# of expected failures 2
# of unsupported tests 69
/test/gnu/gcc/objdir/gcc/testsuite/obj-c++/../../g++ version 4.7.0 20111128 (experimental) [trunk revision 181770] (GCC)
=== objc tests ===
Running target unix
=== objc Summary ===
# of expected passes 2920
# of unsupported tests 65
/test/gnu/gcc/objdir/gcc/xgcc version 4.7.0 20111128 (experimental) [trunk revision 181770] (GCC)
=== boehm-gc tests ===
Running target unix
=== boehm-gc Summary ===
# of expected passes 12
# of unsupported tests 1
=== libffi tests ===
Running target unix
=== libffi Summary ===
# of expected passes 1634
# of expected failures 10
# of unsupported tests 15
=== libgomp tests ===
Running target unix
=== libgomp Summary ===
# of expected passes 2928
# of unsupported tests 10
=== libjava tests ===
Running target unix
FAIL: LargeFile execution - source compiled test
FAIL: LargeFile -findirect-dispatch execution - source compiled test
FAIL: LargeFile -O3 execution - source compiled test
FAIL: LargeFile -O3 -findirect-dispatch execution - source compiled test
=== libjava Summary ===
# of expected passes 2566
# of unexpected failures 4
# of untested testcases 4
=== libstdc++ tests ===
Running target unix
FAIL: 23_containers/unordered_multimap/erase/24061-multimap.cc execution test
WARNING: program timed out.
FAIL: 23_containers/unordered_set/hash_policy/load_factor.cc execution test
=== libstdc++ Summary ===
# of expected passes 7251
# of unexpected failures 2
# of expected failures 45
# of unsupported tests 783
Compiler version: 4.7.0 20111128 (experimental) [trunk revision 181770] (GCC)
Platform: hppa2.0w-hp-hpux11.11
configure flags:Test Run By dave on Mon Nov 28 12:19:11 EST 2011
More information about the Gcc-testresults
mailing list