Results for 4.7.0 20111128 (experimental) [trunk revision 181770] (GCC) testsuite on i686-apple-darwin9
Dave Anglin
dave.anglin@bell.net
Mon Nov 28 15:44:00 GMT 2011
LAST_UPDATED: Mon Nov 28 02:40:53 UTC 2011 (revision 181770)
=== acats tests ===
=== acats Summary ===
# of expected passes 2321
# of unexpected failures 0
Native configuration is i686-apple-darwin9
=== g++ tests ===
Running target unix
WARNING: Could not compile g++.dg/compat/struct-layout-1 generator
WARNING: g++.dg/ext/label13.C -std=gnu++98 compilation failed to produce executable
WARNING: g++.dg/ext/label13.C -std=gnu++11 compilation failed to produce executable
FAIL: c-c++-common/cxxbitfields-3.c scan-assembler movl.*, var
FAIL: c-c++-common/cxxbitfields-3.c scan-assembler movl.*, var
FAIL: g++.dg/simulate-thread/atomics-1.C -O0 -g thread simulation test
FAIL: g++.dg/simulate-thread/atomics-1.C -Os -g thread simulation test
FAIL: g++.dg/simulate-thread/atomics-2.C -O0 -g thread simulation test
=== g++ Summary ===
# of expected passes 44436
# of unexpected failures 5
# of expected failures 282
# of unsupported tests 399
/Users/dave/gnu/gcc/objdir/gcc/testsuite/g++/../../g++ version 4.7.0 20111128 (experimental) [trunk revision 181770] (GCC)
=== gcc tests ===
Running target unix
WARNING: Could not compile gcc.dg/compat/struct-layout-1 generator
FAIL: c-c++-common/cxxbitfields-3.c scan-assembler movl.*, var
FAIL: gcc.dg/simulate-thread/atomic-load-int.c -O2 -g thread simulation test
FAIL: gcc.dg/simulate-thread/atomic-other-longlong.c -O1 -g thread simulation test
FAIL: gcc.dg/simulate-thread/atomic-other-longlong.c -O2 -g thread simulation test
FAIL: gcc.dg/simulate-thread/atomic-other-longlong.c -O3 -g thread simulation test
FAIL: gcc.dg/tree-ssa/vrp47.c scan-tree-dump-times dom1 "x[^ ]* & y" 1
=== gcc Summary ===
# of expected passes 66808
# of unexpected failures 6
# of expected failures 190
# of unsupported tests 1820
/Users/dave/gnu/gcc/objdir/gcc/xgcc version 4.7.0 20111128 (experimental) [trunk revision 181770] (GCC)
=== gfortran tests ===
Running target unix
=== gfortran Summary ===
# of expected passes 39507
# of expected failures 50
# of unsupported tests 213
/Users/dave/gnu/gcc/objdir/gcc/testsuite/gfortran/../../gfortran version 4.7.0 20111128 (experimental) [trunk revision 181770] (GCC)
=== gnat tests ===
Running target unix
=== gnat Summary ===
# of expected passes 1056
# of expected failures 11
# of unsupported tests 4
/Users/dave/gnu/gcc/objdir/gcc/gnatmake version 4.7.0 20111128 (experimental) [trunk revision 181770]
=== obj-c++ tests ===
Running target unix
FAIL: obj-c++.dg/naming-3.mm -fgnu-runtime (test for errors, line 6)
FAIL: obj-c++.dg/naming-4.mm -fgnu-runtime (test for errors, line 31)
FAIL: obj-c++.dg/naming-4.mm -fgnu-runtime (test for warnings, line 63)
FAIL: obj-c++.dg/naming-4.mm -fgnu-runtime (test for warnings, line 100)
FAIL: obj-c++.dg/naming-3.mm -fnext-runtime (test for errors, line 6)
FAIL: obj-c++.dg/naming-4.mm -fnext-runtime (test for errors, line 31)
FAIL: obj-c++.dg/naming-4.mm -fnext-runtime (test for warnings, line 63)
FAIL: obj-c++.dg/naming-4.mm -fnext-runtime (test for warnings, line 100)
=== obj-c++ Summary ===
# of expected passes 3015
# of unexpected failures 8
# of expected failures 2
# of unsupported tests 56
/Users/dave/gnu/gcc/objdir/gcc/testsuite/obj-c++/../../g++ version 4.7.0 20111128 (experimental) [trunk revision 181770] (GCC)
=== objc tests ===
Running target unix
WARNING: Could not compile objc.dg/gnu-encoding/struct-layout-encoding-1 generator
=== objc Summary ===
# of expected passes 5875
# of unsupported tests 73
/Users/dave/gnu/gcc/objdir/gcc/xgcc version 4.7.0 20111128 (experimental) [trunk revision 181770] (GCC)
=== boehm-gc tests ===
Running target unix
=== boehm-gc Summary ===
# of expected passes 12
# of unsupported tests 1
=== libffi tests ===
Running target unix
=== libffi Summary ===
# of expected passes 1634
# of expected failures 10
# of unsupported tests 15
=== libgomp tests ===
Running target unix
=== libgomp Summary ===
# of expected passes 2942
# of unsupported tests 3
=== libitm tests ===
Running target unix
FAIL: libitm.c/memcpy-1.c execution test
FAIL: libitm.c/memset-1.c execution test
WARNING: libitm.c++/static_ctor.C compilation failed to produce executable
=== libitm Summary ===
# of expected passes 21
# of unexpected failures 2
# of expected failures 5
=== libjava tests ===
Running target unix
=== libjava Summary ===
# of expected passes 2574
=== libstdc++ tests ===
Running target unix
FAIL: ext/mt_allocator/deallocate_global_thread-1.cc execution test
FAIL: ext/mt_allocator/deallocate_global_thread-3.cc execution test
=== libstdc++ Summary ===
# of expected passes 7688
# of unexpected failures 2
# of expected failures 45
# of unsupported tests 559
Compiler version: 4.7.0 20111128 (experimental) [trunk revision 181770] (GCC)
Platform: i686-apple-darwin9
configure flags: --build=i686-apple-darwin9 --host=i686-apple-darwin9 --target=i686-apple-darwin9 --with-tune=generic --prefix=/opt/gnu/gcc/gcc-4.7.0 --with-gmp=/opt/gnu/gcc/gcc-4.7.0 --enable-debug=no --disable-nls --disable-multilib --disable-lto --enable-languages=c,c++,objc,fortran,obj-c++,java,ada --enable-threads=posix --enable-__cxa_atexit --enable-java-gc=boehm
More information about the Gcc-testresults
mailing list