Results for 4.6.1 (GCC) testsuite on powerpc-ibm-aix6.1.0.0
lalepine@doc-sw.cc.uottawa.ca
lalepine@doc-sw.cc.uottawa.ca
Mon Nov 28 05:59:00 GMT 2011
LAST_UPDATED: Obtained from SVN: tags/gcc_4_6_1_release revision 175473
Native configuration is powerpc-ibm-aix6.1.0.0
=== g++ tests ===
Running target unix
FAIL: tmpdir-g++.dg-struct-layout-1/t024 cp_compat_x_tst.o-cp_compat_y_tst.o execute
FAIL: tmpdir-g++.dg-struct-layout-1/t028 cp_compat_x_tst.o-cp_compat_y_tst.o execute
FAIL: tmpdir-g++.dg-struct-layout-1/t030 cp_compat_x_tst.o-cp_compat_y_tst.o execute
FAIL: g++.dg/debug/pr46583.C -gxcoff1 (test for excess errors)
FAIL: g++.dg/debug/pr46583.C -gxcoff1 -O2 (test for excess errors)
FAIL: g++.dg/debug/pr46583.C -gxcoff1 -O3 (test for excess errors)
FAIL: g++.dg/debug/pr46583.C -gxcoff (test for excess errors)
FAIL: g++.dg/debug/pr46583.C -gxcoff -O2 (test for excess errors)
FAIL: g++.dg/debug/pr46583.C -gxcoff -O3 (test for excess errors)
FAIL: g++.dg/debug/pr46583.C -gxcoff3 (test for excess errors)
FAIL: g++.dg/debug/pr46583.C -gxcoff3 -O2 (test for excess errors)
FAIL: g++.dg/debug/pr46583.C -gxcoff3 -O3 (test for excess errors)
FAIL: g++.dg/debug/pr46583.C -gxcoff+1 (test for excess errors)
FAIL: g++.dg/debug/pr46583.C -gxcoff+1 -O2 (test for excess errors)
FAIL: g++.dg/debug/pr46583.C -gxcoff+1 -O3 (test for excess errors)
FAIL: g++.dg/debug/pr46583.C -gxcoff+ (test for excess errors)
FAIL: g++.dg/debug/pr46583.C -gxcoff+ -O2 (test for excess errors)
FAIL: g++.dg/debug/pr46583.C -gxcoff+ -O3 (test for excess errors)
FAIL: g++.dg/debug/pr46583.C -gxcoff+3 (test for excess errors)
FAIL: g++.dg/debug/pr46583.C -gxcoff+3 -O2 (test for excess errors)
FAIL: g++.dg/debug/pr46583.C -gxcoff+3 -O3 (test for excess errors)
FAIL: g++.dg/abi/local1.C execution test
UNRESOLVED: g++.dg/abi/mangle40.C
UNRESOLVED: g++.dg/abi/rtti3.C
UNRESOLVED: g++.dg/abi/thunk3.C
UNRESOLVED: g++.dg/abi/thunk4.C
UNRESOLVED: g++.dg/abi/thunk5.C
FAIL: g++.dg/cpp/ucn-1.C (test for excess errors)
FAIL: g++.dg/cpp0x/lambda/lambda-eh2.C execution test
UNRESOLVED: g++.dg/cpp0x/lambda/lambda-mangle.C
UNRESOLVED: g++.dg/eh/ia64-2.C
UNRESOLVED: g++.dg/eh/weak1.C
FAIL: g++.dg/ext/alignof2.C execution test
FAIL: g++.dg/ext/altivec-17.C (test for errors, line 15)
FAIL: g++.dg/ext/altivec-17.C (test for excess errors)
UNRESOLVED: g++.dg/ext/tmplattr9.C
FAIL: g++.dg/ext/visibility/anon1.C scan-assembler-not globl.*_ZN.*1fEv
FAIL: g++.dg/ext/visibility/anon2.C scan-assembler-not globl.*_Z1fv
UNRESOLVED: g++.dg/ext/weak1.C
UNRESOLVED: g++.dg/ext/weak2.C
UNRESOLVED: g++.dg/ext/weak3.C
UNRESOLVED: g++.dg/init/dso_handle1.C
UNRESOLVED: g++.dg/init/init-ref4.C
FAIL: g++.dg/opt/pr48549.C (test for excess errors)
FAIL: g++.dg/other/anon5.C undefined (test for warnings, line )
FAIL: g++.dg/other/anon5.C (test for excess errors)
FAIL: g++.dg/other/pr42685.C (test for excess errors)
FAIL: g++.dg/other/unused1.C scan-assembler (string|ascii?)z?[\\t ]"printer("|\\\\\\\\0)
UNRESOLVED: g++.dg/template/spec35.C
UNRESOLVED: g++.dg/warn/Walways-true-2.C
FAIL: g++.dg/warn/pr31246.C (test for excess errors)
UNRESOLVED: g++.dg/warn/weak1.C
FAIL: g++.dg/tls/diag-1.C (internal compiler error)
FAIL: g++.dg/tls/diag-1.C (test for excess errors)
FAIL: g++.dg/tree-prof/partition1.C compilation, -g -fprofile-use
UNRESOLVED: g++.dg/tree-prof/partition1.C execution, -g -fprofile-use
FAIL: g++.dg/tree-prof/partition1.C compilation, -O3 -g -fprofile-use
UNRESOLVED: g++.dg/tree-prof/partition1.C execution, -O3 -g -fprofile-use
FAIL: g++.dg/tree-prof/partition2.C compilation, -O3 -g -fprofile-use
UNRESOLVED: g++.dg/tree-prof/partition2.C execution, -O3 -g -fprofile-use
FAIL: g++.dg/tree-prof/partition3.C compilation, -g -fprofile-use
UNRESOLVED: g++.dg/tree-prof/partition3.C execution, -g -fprofile-use
FAIL: g++.dg/tree-prof/partition3.C compilation, -O3 -g -fprofile-use
UNRESOLVED: g++.dg/tree-prof/partition3.C execution, -O3 -g -fprofile-use
UNRESOLVED: g++.old-deja/g++.ext/attrib5.C
XPASS: g++.old-deja/g++.other/init19.C execution test
UNRESOLVED: g++.old-deja/g++.pt/static3.C
=== g++ Summary ===
# of expected passes 23700
# of unexpected failures 42
# of unexpected successes 1
# of expected failures 166
# of unresolved testcases 24
# of unsupported tests 453
/home/usergnu/src/gcc-4.6.1/host-powerpc-ibm-aix6.1.0.0/gcc/testsuite/g++/../../g++ version 4.6.1 (GCC)
=== gcc tests ===
Running target unix
UNRESOLVED: gcc.c-torture/compile/20011119-1.c -O0
UNRESOLVED: gcc.c-torture/compile/20011119-1.c -O1
UNRESOLVED: gcc.c-torture/compile/20011119-1.c -O2
UNRESOLVED: gcc.c-torture/compile/20011119-1.c -O3 -fomit-frame-pointer
UNRESOLVED: gcc.c-torture/compile/20011119-1.c -O3 -g
UNRESOLVED: gcc.c-torture/compile/20011119-1.c -Os
UNRESOLVED: gcc.c-torture/compile/20011119-2.c -O0
UNRESOLVED: gcc.c-torture/compile/20011119-2.c -O1
UNRESOLVED: gcc.c-torture/compile/20011119-2.c -O2
UNRESOLVED: gcc.c-torture/compile/20011119-2.c -O3 -fomit-frame-pointer
UNRESOLVED: gcc.c-torture/compile/20011119-2.c -O3 -g
UNRESOLVED: gcc.c-torture/compile/20011119-2.c -Os
UNRESOLVED: gcc.c-torture/compile/981001-2.c -O0
UNRESOLVED: gcc.c-torture/compile/981001-2.c -O1
UNRESOLVED: gcc.c-torture/compile/981001-2.c -O2
UNRESOLVED: gcc.c-torture/compile/981001-2.c -O3 -fomit-frame-pointer
UNRESOLVED: gcc.c-torture/compile/981001-2.c -O3 -g
UNRESOLVED: gcc.c-torture/compile/981001-2.c -Os
FAIL: gcc.c-torture/compile/pr44707.c -O0 (test for excess errors)
FAIL: gcc.c-torture/compile/pr44707.c -O1 (test for excess errors)
FAIL: gcc.c-torture/compile/pr44707.c -O2 (test for excess errors)
FAIL: gcc.c-torture/compile/pr44707.c -O3 -fomit-frame-pointer (test for excess errors)
FAIL: gcc.c-torture/compile/pr44707.c -O3 -g (test for excess errors)
FAIL: gcc.c-torture/compile/pr44707.c -Os (test for excess errors)
FAIL: gcc.c-torture/execute/20101011-1.c execution, -O0
FAIL: gcc.c-torture/execute/20101011-1.c execution, -O1
FAIL: gcc.c-torture/execute/20101011-1.c execution, -O2
FAIL: gcc.c-torture/execute/20101011-1.c execution, -O3 -fomit-frame-pointer
FAIL: gcc.c-torture/execute/20101011-1.c execution, -O3 -g
FAIL: gcc.c-torture/execute/20101011-1.c execution, -Os
XPASS: gcc.c-torture/execute/eeprof-1.c execution, -O0
XPASS: gcc.c-torture/execute/eeprof-1.c execution, -O1
XPASS: gcc.c-torture/execute/eeprof-1.c execution, -O2
XPASS: gcc.c-torture/execute/eeprof-1.c execution, -O3 -fomit-frame-pointer
XPASS: gcc.c-torture/execute/eeprof-1.c execution, -O3 -g
XPASS: gcc.c-torture/execute/eeprof-1.c execution, -Os
UNRESOLVED: gcc.dg/Walways-true-2.c
FAIL: gcc.dg/alias-7.c execution test
FAIL: gcc.dg/and-1.c scan-assembler-not nand
FAIL: gcc.dg/asm-names.c scan-assembler-not ____frob14
FAIL: gcc.dg/attr-alias-5.c (test for errors, line 9)
FAIL: gcc.dg/attr-alias-5.c (test for excess errors)
UNRESOLVED: gcc.dg/attr-weak-hidden-1.c
UNRESOLVED: gcc.dg/attr-weak-hidden-1a.c
UNRESOLVED: gcc.dg/attr-weakref-1-darwin.c
UNRESOLVED: gcc.dg/attr-weakref-1.c
UNRESOLVED: gcc.dg/attr-weakref-2.c
UNRESOLVED: gcc.dg/attr-weakref-3.c
UNRESOLVED: gcc.dg/attr-weakref-4.c
FAIL: gcc.dg/const-uniq-1.c scan-tree-dump-times gimple "L\\\$?C0" 2
UNRESOLVED: gcc.dg/darwin-weakimport-1.c
UNRESOLVED: gcc.dg/darwin-weakimport-2.c
UNRESOLVED: gcc.dg/darwin-weakimport-3.c
UNRESOLVED: gcc.dg/darwin-weakref-1.c
FAIL: gcc.dg/pr41241.c (test for excess errors)
FAIL: gcc.dg/pr41345.c (test for excess errors)
FAIL: gcc.dg/pr42629.c (test for excess errors)
FAIL: gcc.dg/pr42630.c (test for excess errors)
FAIL: gcc.dg/pr42631.c (test for excess errors)
FAIL: gcc.dg/pr42719.c (test for excess errors)
FAIL: gcc.dg/pr42728.c (test for excess errors)
FAIL: gcc.dg/pr42889.c (test for excess errors)
FAIL: gcc.dg/pr42916.c (test for excess errors)
FAIL: gcc.dg/pr43084.c (test for excess errors)
FAIL: gcc.dg/pr43670.c (test for excess errors)
FAIL: gcc.dg/pr44023.c (test for excess errors)
FAIL: gcc.dg/pr44971.c (test for excess errors)
FAIL: gcc.dg/pr45449.c (test for excess errors)
FAIL: gcc.dg/pr46771.c (test for excess errors)
FAIL: gcc.dg/pr47684.c (test for excess errors)
FAIL: gcc.dg/pr47881.c (test for excess errors)
FAIL: gcc.dg/pr48768.c (test for excess errors)
FAIL: gcc.dg/pthread-init-1.c (test for excess errors)
FAIL: gcc.dg/pthread-init-2.c (test for excess errors)
FAIL: gcc.dg/sms-2.c scan-rtl-dump-times sms "SMS succeeded" 1
FAIL: gcc.dg/sms-3.c scan-rtl-dump-times sms "SMS succeeded" 1
FAIL: gcc.dg/sms-4.c scan-rtl-dump-times sms "SMS succeeded" 1
FAIL: gcc.dg/sms-5.c scan-rtl-dump-times sms "SMS succeeded" 1
FAIL: gcc.dg/sms-6.c scan-rtl-dump-times sms "SMS succeeded" 3
FAIL: gcc.dg/sms-7.c scan-rtl-dump-times sms "SMS succeeded" 3
FAIL: gcc.dg/sms-8.c scan-rtl-dump-times sms "SMS succeeded" 1
FAIL: gcc.dg/stack-usage-1.c scan-file foo\\t(256|264)\\tstatic
FAIL: gcc.dg/ucnid-10.c (test for warnings, line 8)
FAIL: gcc.dg/ucnid-10.c (test for warnings, line 9)
FAIL: gcc.dg/ucnid-10.c (test for excess errors)
FAIL: gcc.dg/ucnid-13.c (test for warnings, line 7)
FAIL: gcc.dg/ucnid-13.c (test for warnings, line 10)
FAIL: gcc.dg/ucnid-13.c (test for warnings, line 12)
FAIL: gcc.dg/ucnid-13.c (test for errors, line 14)
FAIL: gcc.dg/ucnid-13.c (test for excess errors)
XPASS: gcc.dg/ucnid-5.c (test for excess errors)
FAIL: gcc.dg/ucnid-7.c (test for errors, line 7)
FAIL: gcc.dg/ucnid-7.c (test for excess errors)
FAIL: gcc.dg/ucnid-8.c (test for errors, line 7)
FAIL: gcc.dg/ucnid-8.c (test for errors, line 8)
FAIL: gcc.dg/ucnid-8.c (test for warnings, line 10)
FAIL: gcc.dg/ucnid-8.c (test for errors, line 12)
FAIL: gcc.dg/ucnid-8.c UCN diag (test for warnings, line 14)
FAIL: gcc.dg/ucnid-8.c (test for excess errors)
UNRESOLVED: gcc.dg/warn-addr-cmp.c
FAIL: gcc.dg/ipa/pr48195.c (test for excess errors)
FAIL: largefile.c -O0 -g -I. (internal compiler error)
FAIL: largefile.c -O0 -g -I. (test for excess errors)
FAIL: gcc.dg/pch/largefile.c -O0 -g assembly comparison
FAIL: largefile.c -O0 -I. (internal compiler error)
FAIL: largefile.c -O0 -I. (test for excess errors)
FAIL: gcc.dg/pch/largefile.c -O0 assembly comparison
FAIL: largefile.c -O1 -I. (internal compiler error)
FAIL: largefile.c -O1 -I. (test for excess errors)
FAIL: gcc.dg/pch/largefile.c -O1 assembly comparison
FAIL: largefile.c -O2 -I. (internal compiler error)
FAIL: largefile.c -O2 -I. (test for excess errors)
FAIL: gcc.dg/pch/largefile.c -O2 assembly comparison
FAIL: largefile.c -O3 -fomit-frame-pointer -I. (internal compiler error)
FAIL: largefile.c -O3 -fomit-frame-pointer -I. (test for excess errors)
FAIL: gcc.dg/pch/largefile.c -O3 -fomit-frame-pointer assembly comparison
FAIL: largefile.c -O3 -g -I. (internal compiler error)
FAIL: largefile.c -O3 -g -I. (test for excess errors)
FAIL: gcc.dg/pch/largefile.c -O3 -g assembly comparison
FAIL: largefile.c -Os -I. (internal compiler error)
FAIL: largefile.c -Os -I. (test for excess errors)
FAIL: gcc.dg/pch/largefile.c -Os assembly comparison
UNRESOLVED: gcc.dg/special/weak-1.c
UNRESOLVED: gcc.dg/special/weak-2.c
UNRESOLVED: gcc.dg/special/wkali-1.c
UNRESOLVED: gcc.dg/special/wkali-2.c
UNRESOLVED: gcc.dg/torture/builtin-noret-1.c -O0
UNRESOLVED: gcc.dg/torture/builtin-noret-1.c -O1
UNRESOLVED: gcc.dg/torture/builtin-noret-1.c -O2
UNRESOLVED: gcc.dg/torture/builtin-noret-1.c -O3 -fomit-frame-pointer
UNRESOLVED: gcc.dg/torture/builtin-noret-1.c -O3 -g
UNRESOLVED: gcc.dg/torture/builtin-noret-1.c -Os
UNRESOLVED: gcc.dg/torture/builtin-noret-2.c -O0
UNRESOLVED: gcc.dg/torture/builtin-noret-2.c -O1
UNRESOLVED: gcc.dg/torture/builtin-noret-2.c -O2
UNRESOLVED: gcc.dg/torture/builtin-noret-2.c -O3 -fomit-frame-pointer
UNRESOLVED: gcc.dg/torture/builtin-noret-2.c -O3 -g
UNRESOLVED: gcc.dg/torture/builtin-noret-2.c -Os
UNRESOLVED: gcc.dg/torture/pr43560.c -O0
UNRESOLVED: gcc.dg/torture/pr43560.c -O1
UNRESOLVED: gcc.dg/torture/pr43560.c -O2
UNRESOLVED: gcc.dg/torture/pr43560.c -O3 -fomit-frame-pointer
UNRESOLVED: gcc.dg/torture/pr43560.c -O3 -fomit-frame-pointer -funroll-loops
UNRESOLVED: gcc.dg/torture/pr43560.c -O3 -fomit-frame-pointer -funroll-all-loops -finline-functions
UNRESOLVED: gcc.dg/torture/pr43560.c -O3 -g
UNRESOLVED: gcc.dg/torture/pr43560.c -Os
UNRESOLVED: gcc.dg/tree-ssa/pr27781.c
FAIL: gcc.dg/tree-ssa/vrp47.c scan-tree-dump-times vrp1 "[xy][^ ]* !=" 0
FAIL: gcc.dg/tree-ssa/vrp47.c scan-tree-dump-times dom1 "x[^ ]* & y" 1
FAIL: gcc.dg/vect/vect-116.c execution test
FAIL: gcc.dg/vect/vect-44.c scan-tree-dump-times vect "Alignment of access forced using peeling" 1
FAIL: gcc.dg/vect/vect-50.c scan-tree-dump-times vect "Alignment of access forced using peeling" 1
FAIL: gcc.dg/vect/vect-82_64.c (test for excess errors)
FAIL: gcc.dg/vect/vect-82_64.c scan-tree-dump-times vect "vectorized 1 loops" 1: dump file does not exist
FAIL: gcc.dg/vect/vect-83_64.c (test for excess errors)
FAIL: gcc.dg/vect/vect-83_64.c scan-tree-dump-times vect "vectorized 1 loops" 1: dump file does not exist
FAIL: gcc.dg/vect/section-anchors-pr27770.c execution test
FAIL: gcc.dg/vmx/3a-07.c -O0 execution test
FAIL: gcc.dg/vmx/3a-07.c -O1 execution test
FAIL: gcc.dg/vmx/3a-07.c -O2 execution test
FAIL: gcc.dg/vmx/3a-07.c -O3 -fomit-frame-pointer execution test
FAIL: gcc.dg/vmx/3a-07.c -O3 -g execution test
FAIL: gcc.dg/vmx/3a-07.c -Os execution test
FAIL: gcc.dg/vmx/3b-01.c -O0 execution test
FAIL: gcc.dg/vmx/3b-01.c -O1 execution test
FAIL: gcc.dg/vmx/3b-01.c -O2 execution test
FAIL: gcc.dg/vmx/3b-01.c -O3 -fomit-frame-pointer execution test
FAIL: gcc.dg/vmx/3b-01.c -O3 -g execution test
FAIL: gcc.dg/vmx/3b-01.c -Os execution test
FAIL: gcc.dg/vmx/3b-02.c -O0 execution test
FAIL: gcc.dg/vmx/3b-02.c -O1 execution test
FAIL: gcc.dg/vmx/3b-02.c -O2 execution test
FAIL: gcc.dg/vmx/3b-02.c -O3 -fomit-frame-pointer execution test
FAIL: gcc.dg/vmx/3b-02.c -O3 -g execution test
FAIL: gcc.dg/vmx/3b-02.c -Os execution test
FAIL: gcc.dg/vmx/3b-13.c -O0 (test for excess errors)
UNRESOLVED: gcc.dg/vmx/3b-13.c -O0 compilation failed to produce executable
FAIL: gcc.dg/vmx/3b-13.c -O1 (test for excess errors)
UNRESOLVED: gcc.dg/vmx/3b-13.c -O1 compilation failed to produce executable
FAIL: gcc.dg/vmx/3b-13.c -O2 (test for excess errors)
UNRESOLVED: gcc.dg/vmx/3b-13.c -O2 compilation failed to produce executable
FAIL: gcc.dg/vmx/3b-13.c -O3 -fomit-frame-pointer (test for excess errors)
UNRESOLVED: gcc.dg/vmx/3b-13.c -O3 -fomit-frame-pointer compilation failed to produce executable
FAIL: gcc.dg/vmx/3b-13.c -O3 -g (test for excess errors)
UNRESOLVED: gcc.dg/vmx/3b-13.c -O3 -g compilation failed to produce executable
FAIL: gcc.dg/vmx/3b-13.c -Os (test for excess errors)
UNRESOLVED: gcc.dg/vmx/3b-13.c -Os compilation failed to produce executable
FAIL: gcc.dg/vmx/3b-14.c -O0 execution test
FAIL: gcc.dg/vmx/3b-14.c -O1 execution test
FAIL: gcc.dg/vmx/3b-14.c -O2 execution test
FAIL: gcc.dg/vmx/3b-14.c -O3 -fomit-frame-pointer execution test
FAIL: gcc.dg/vmx/varargs-4.c -O0 execution test
FAIL: gcc.dg/vmx/varargs-4.c -O3 -g execution test
FAIL: gcc.dg/vmx/varargs-4.c -Os execution test
FAIL: gcc.dg/vmx/zero-1.c -O0 execution test
FAIL: gcc.dg/vmx/zero-1.c -O1 execution test
FAIL: gcc.dg/vmx/zero-1.c -O2 execution test
FAIL: gcc.dg/vmx/zero-1.c -O3 -fomit-frame-pointer execution test
FAIL: gcc.dg/vmx/zero-1.c -O3 -g execution test
FAIL: gcc.dg/vmx/zero-1.c -Os execution test
FAIL: gcc.dg/vmx/zero.c -O1 execution test
FAIL: gcc.dg/vmx/zero.c -O2 execution test
FAIL: gcc.dg/vmx/zero.c -O3 -fomit-frame-pointer execution test
UNRESOLVED: gcc.dg/weak/typeof-2.c
UNRESOLVED: gcc.dg/weak/weak-1.c
UNRESOLVED: gcc.dg/weak/weak-10.c
UNRESOLVED: gcc.dg/weak/weak-11.c
UNRESOLVED: gcc.dg/weak/weak-12.c
UNRESOLVED: gcc.dg/weak/weak-13.c
UNRESOLVED: gcc.dg/weak/weak-14.c
UNRESOLVED: gcc.dg/weak/weak-15.c
UNRESOLVED: gcc.dg/weak/weak-16.c
UNRESOLVED: gcc.dg/weak/weak-2.c
UNRESOLVED: gcc.dg/weak/weak-3.c
UNRESOLVED: gcc.dg/weak/weak-4.c
UNRESOLVED: gcc.dg/weak/weak-5.c
UNRESOLVED: gcc.dg/weak/weak-6.c
UNRESOLVED: gcc.dg/weak/weak-7.c
UNRESOLVED: gcc.dg/weak/weak-8.c
UNRESOLVED: gcc.dg/weak/weak-9.c
FAIL: gcc.target/powerpc/405-dlmzb-strlen-1.c scan-assembler dlmzb\\\\.
FAIL: gcc.target/powerpc/440-dlmzb-strlen-1.c scan-assembler dlmzb\\\\.
FAIL: gcc.target/powerpc/loop_align.c scan-assembler .p2align 5,,31
FAIL: gcc.target/powerpc/ppc-pow.c scan-assembler-times bl pow 1
FAIL: gcc.target/powerpc/ppc-pow.c scan-assembler-times bl sqrt 1
FAIL: gcc.target/powerpc/ppc-vector-memcpy.c scan-assembler lvx
=== gcc Summary ===
# of expected passes 59497
# of unexpected failures 140
# of unexpected successes 7
# of expected failures 194
# of unresolved testcases 79
# of unsupported tests 1109
/home/usergnu/src/gcc-4.6.1/host-powerpc-ibm-aix6.1.0.0/gcc/xgcc version 4.6.1 (GCC)
=== objc tests ===
Running target unix
UNRESOLVED: objc.dg/weak-1.m -fgnu-runtime
FAIL: objc.dg-struct-layout-encoding-1/t026_main.m execution test
=== objc Summary ===
# of expected passes 2831
# of unexpected failures 1
# of expected failures 18
# of unresolved testcases 1
# of unsupported tests 66
/home/usergnu/src/gcc-4.6.1/host-powerpc-ibm-aix6.1.0.0/gcc/xgcc version 4.6.1 (GCC)
=== libgomp tests ===
Running target unix
WARNING: program timed out.
FAIL: libgomp.c/appendix-a/a.15.1.c execution test
WARNING: program timed out.
FAIL: libgomp.c/appendix-a/a.18.1.c execution test
FAIL: libgomp.c/appendix-a/a.2.1.c execution test
WARNING: program timed out.
FAIL: libgomp.c/appendix-a/a.21.1.c execution test
FAIL: libgomp.c/appendix-a/a.4.1.c execution test
FAIL: libgomp.c/atomic-5.c execution test
WARNING: program timed out.
FAIL: libgomp.c/autopar-1.c execution test
FAIL: libgomp.c/barrier-1.c execution test
WARNING: program timed out.
FAIL: libgomp.c/collapse-1.c execution test
WARNING: program timed out.
FAIL: libgomp.c/collapse-3.c execution test
FAIL: libgomp.c/copyin-1.c execution test
FAIL: libgomp.c/copyin-2.c execution test
WARNING: program timed out.
FAIL: libgomp.c/copyin-3.c execution test
FAIL: libgomp.c/critical-2.c execution test
WARNING: program timed out.
FAIL: libgomp.c/debug-1.c execution test
WARNING: program timed out.
FAIL: libgomp.c/lib-1.c execution test
FAIL: libgomp.c/loop-1.c execution test
FAIL: libgomp.c/loop-11.c execution test
FAIL: libgomp.c/loop-12.c execution test
FAIL: libgomp.c/loop-2.c execution test
FAIL: libgomp.c/loop-5.c execution test
FAIL: libgomp.c/loop-6.c execution test
WARNING: program timed out.
FAIL: libgomp.c/loop-8.c execution test
FAIL: libgomp.c/loop-9.c execution test
WARNING: program timed out.
FAIL: libgomp.c/nested-1.c execution test
WARNING: program timed out.
FAIL: libgomp.c/nested-3.c execution test
FAIL: libgomp.c/nestedfn-1.c execution test
WARNING: program timed out.
FAIL: libgomp.c/nestedfn-4.c execution test
FAIL: libgomp.c/nestedfn-6.c execution test
FAIL: libgomp.c/nqueens-1.c execution test
FAIL: libgomp.c/omp-loop01.c execution test
FAIL: libgomp.c/omp-loop02.c execution test
FAIL: libgomp.c/omp-nested-1.c execution test
WARNING: program timed out.
FAIL: libgomp.c/omp-parallel-if.c execution test
FAIL: libgomp.c/omp-single-1.c execution test
FAIL: libgomp.c/ordered-1.c execution test
WARNING: program timed out.
FAIL: libgomp.c/ordered-2.c execution test
WARNING: program timed out.
FAIL: libgomp.c/ordered-3.c execution test
FAIL: libgomp.c/parallel-1.c execution test
FAIL: libgomp.c/pr26943-1.c execution test
FAIL: libgomp.c/pr26943-2.c execution test
WARNING: program timed out.
FAIL: libgomp.c/pr29947-1.c execution test
WARNING: program timed out.
FAIL: libgomp.c/pr29947-2.c execution test
WARNING: program timed out.
FAIL: libgomp.c/pr30494.c execution test
FAIL: libgomp.c/pr32362-1.c execution test
FAIL: libgomp.c/pr32362-2.c execution test
FAIL: libgomp.c/pr32362-3.c execution test
FAIL: libgomp.c/pr33880.c execution test
FAIL: libgomp.c/pr35130.c execution test
FAIL: libgomp.c/pr35196.c execution test
WARNING: program timed out.
FAIL: libgomp.c/pr35549.c execution test
FAIL: libgomp.c/pr36802-1.c execution test
WARNING: program timed out.
FAIL: libgomp.c/pr36802-2.c execution test
WARNING: program timed out.
FAIL: libgomp.c/pr36802-3.c execution test
FAIL: libgomp.c/pr38650.c execution test
WARNING: program timed out.
FAIL: libgomp.c/pr42942.c execution test
FAIL: libgomp.c/pr43893.c execution test
FAIL: libgomp.c/reduction-1.c execution test
FAIL: libgomp.c/reduction-2.c execution test
FAIL: libgomp.c/reduction-3.c execution test
FAIL: libgomp.c/reduction-4.c execution test
WARNING: program timed out.
FAIL: libgomp.c/reduction-5.c execution test
FAIL: libgomp.c/sections-1.c execution test
FAIL: libgomp.c/shared-1.c execution test
FAIL: libgomp.c/single-1.c execution test
WARNING: program timed out.
FAIL: libgomp.c/sort-1.c execution test
FAIL: libgomp.c/vla-1.c execution test
WARNING: program timed out.
FAIL: libgomp.c++/collapse-1.C -O0 execution test
WARNING: program timed out.
FAIL: libgomp.c++/collapse-1.C -O1 execution test
WARNING: program timed out.
FAIL: libgomp.c++/collapse-1.C -O2 execution test
WARNING: program timed out.
FAIL: libgomp.c++/collapse-1.C -O3 -fomit-frame-pointer execution test
WARNING: program timed out.
FAIL: libgomp.c++/collapse-1.C -O3 -fomit-frame-pointer -funroll-loops execution test
WARNING: program timed out.
FAIL: libgomp.c++/collapse-1.C -O3 -fomit-frame-pointer -funroll-all-loops -finline-functions execution test
WARNING: program timed out.
FAIL: libgomp.c++/collapse-1.C -O3 -g execution test
WARNING: program timed out.
FAIL: libgomp.c++/collapse-1.C -Os execution test
WARNING: program timed out.
FAIL: libgomp.c++/collapse-2.C -O0 execution test
FAIL: libgomp.c++/collapse-2.C -O1 execution test
WARNING: program timed out.
FAIL: libgomp.c++/collapse-2.C -O2 execution test
FAIL: libgomp.c++/collapse-2.C -O3 -fomit-frame-pointer execution test
WARNING: program timed out.
FAIL: libgomp.c++/collapse-2.C -O3 -fomit-frame-pointer -funroll-loops execution test
FAIL: libgomp.c++/collapse-2.C -O3 -fomit-frame-pointer -funroll-all-loops -finline-functions execution test
WARNING: program timed out.
FAIL: libgomp.c++/collapse-2.C -O3 -g execution test
WARNING: program timed out.
FAIL: libgomp.c++/collapse-2.C -Os execution test
FAIL: libgomp.c++/copyin-1.C -O0 execution test
FAIL: libgomp.c++/copyin-1.C -O1 execution test
FAIL: libgomp.c++/copyin-1.C -O2 execution test
FAIL: libgomp.c++/copyin-1.C -O3 -fomit-frame-pointer execution test
FAIL: libgomp.c++/copyin-1.C -O3 -fomit-frame-pointer -funroll-loops execution test
FAIL: libgomp.c++/copyin-1.C -O3 -fomit-frame-pointer -funroll-all-loops -finline-functions execution test
FAIL: libgomp.c++/copyin-1.C -O3 -g execution test
FAIL: libgomp.c++/copyin-1.C -Os execution test
FAIL: libgomp.c++/copyin-2.C -O0 execution test
FAIL: libgomp.c++/copyin-2.C -O1 execution test
FAIL: libgomp.c++/copyin-2.C -O2 execution test
FAIL: libgomp.c++/copyin-2.C -O3 -fomit-frame-pointer execution test
FAIL: libgomp.c++/copyin-2.C -O3 -fomit-frame-pointer -funroll-loops execution test
FAIL: libgomp.c++/copyin-2.C -O3 -fomit-frame-pointer -funroll-all-loops -finline-functions execution test
FAIL: libgomp.c++/copyin-2.C -O3 -g execution test
FAIL: libgomp.c++/copyin-2.C -Os execution test
FAIL: libgomp.c++/ctor-1.C -O0 execution test
FAIL: libgomp.c++/ctor-1.C -O1 execution test
FAIL: libgomp.c++/ctor-1.C -O2 execution test
FAIL: libgomp.c++/ctor-1.C -O3 -fomit-frame-pointer execution test
FAIL: libgomp.c++/ctor-1.C -O3 -fomit-frame-pointer -funroll-loops execution test
FAIL: libgomp.c++/ctor-1.C -O3 -fomit-frame-pointer -funroll-all-loops -finline-functions execution test
FAIL: libgomp.c++/ctor-1.C -O3 -g execution test
FAIL: libgomp.c++/ctor-1.C -Os execution test
FAIL: libgomp.c++/ctor-10.C -O0 execution test
FAIL: libgomp.c++/ctor-10.C -O1 execution test
FAIL: libgomp.c++/ctor-10.C -O2 execution test
FAIL: libgomp.c++/ctor-10.C -O3 -fomit-frame-pointer execution test
FAIL: libgomp.c++/ctor-10.C -O3 -fomit-frame-pointer -funroll-loops execution test
FAIL: libgomp.c++/ctor-10.C -O3 -fomit-frame-pointer -funroll-all-loops -finline-functions execution test
FAIL: libgomp.c++/ctor-10.C -O3 -g execution test
FAIL: libgomp.c++/ctor-10.C -Os execution test
FAIL: libgomp.c++/ctor-11.C -O0 execution test
FAIL: libgomp.c++/ctor-11.C -O1 execution test
FAIL: libgomp.c++/ctor-11.C -O2 execution test
FAIL: libgomp.c++/ctor-11.C -O3 -fomit-frame-pointer execution test
FAIL: libgomp.c++/ctor-11.C -O3 -fomit-frame-pointer -funroll-loops execution test
FAIL: libgomp.c++/ctor-11.C -O3 -fomit-frame-pointer -funroll-all-loops -finline-functions execution test
FAIL: libgomp.c++/ctor-11.C -O3 -g execution test
FAIL: libgomp.c++/ctor-11.C -Os execution test
FAIL: libgomp.c++/ctor-12.C -O0 execution test
FAIL: libgomp.c++/ctor-12.C -O1 execution test
FAIL: libgomp.c++/ctor-12.C -O2 execution test
FAIL: libgomp.c++/ctor-12.C -O3 -fomit-frame-pointer execution test
FAIL: libgomp.c++/ctor-12.C -O3 -fomit-frame-pointer -funroll-loops execution test
FAIL: libgomp.c++/ctor-12.C -O3 -fomit-frame-pointer -funroll-all-loops -finline-functions execution test
FAIL: libgomp.c++/ctor-12.C -O3 -g execution test
FAIL: libgomp.c++/ctor-12.C -Os execution test
FAIL: libgomp.c++/ctor-2.C -O0 execution test
FAIL: libgomp.c++/ctor-2.C -O1 execution test
FAIL: libgomp.c++/ctor-2.C -O2 execution test
FAIL: libgomp.c++/ctor-2.C -O3 -fomit-frame-pointer execution test
FAIL: libgomp.c++/ctor-2.C -O3 -fomit-frame-pointer -funroll-loops execution test
FAIL: libgomp.c++/ctor-2.C -O3 -fomit-frame-pointer -funroll-all-loops -finline-functions execution test
FAIL: libgomp.c++/ctor-2.C -O3 -g execution test
FAIL: libgomp.c++/ctor-2.C -Os execution test
FAIL: libgomp.c++/ctor-5.C -O0 execution test
FAIL: libgomp.c++/ctor-5.C -O1 execution test
FAIL: libgomp.c++/ctor-5.C -O2 execution test
FAIL: libgomp.c++/ctor-5.C -O3 -fomit-frame-pointer execution test
FAIL: libgomp.c++/ctor-5.C -O3 -fomit-frame-pointer -funroll-loops execution test
FAIL: libgomp.c++/ctor-5.C -O3 -fomit-frame-pointer -funroll-all-loops -finline-functions execution test
FAIL: libgomp.c++/ctor-5.C -O3 -g execution test
FAIL: libgomp.c++/ctor-5.C -Os execution test
FAIL: libgomp.c++/ctor-6.C -O0 execution test
FAIL: libgomp.c++/ctor-6.C -O1 execution test
FAIL: libgomp.c++/ctor-6.C -O2 execution test
FAIL: libgomp.c++/ctor-6.C -O3 -fomit-frame-pointer execution test
FAIL: libgomp.c++/ctor-6.C -O3 -fomit-frame-pointer -funroll-loops execution test
FAIL: libgomp.c++/ctor-6.C -O3 -fomit-frame-pointer -funroll-all-loops -finline-functions execution test
FAIL: libgomp.c++/ctor-6.C -O3 -g execution test
FAIL: libgomp.c++/ctor-6.C -Os execution test
FAIL: libgomp.c++/ctor-7.C -O0 execution test
FAIL: libgomp.c++/ctor-7.C -O1 execution test
FAIL: libgomp.c++/ctor-7.C -O2 execution test
FAIL: libgomp.c++/ctor-7.C -O3 -fomit-frame-pointer execution test
FAIL: libgomp.c++/ctor-7.C -O3 -fomit-frame-pointer -funroll-loops execution test
FAIL: libgomp.c++/ctor-7.C -O3 -fomit-frame-pointer -funroll-all-loops -finline-functions execution test
FAIL: libgomp.c++/ctor-7.C -O3 -g execution test
FAIL: libgomp.c++/ctor-7.C -Os execution test
FAIL: libgomp.c++/ctor-8.C -O0 execution test
FAIL: libgomp.c++/ctor-8.C -O1 execution test
FAIL: libgomp.c++/ctor-8.C -O2 execution test
FAIL: libgomp.c++/ctor-8.C -O3 -fomit-frame-pointer execution test
FAIL: libgomp.c++/ctor-8.C -O3 -fomit-frame-pointer -funroll-loops execution test
FAIL: libgomp.c++/ctor-8.C -O3 -fomit-frame-pointer -funroll-all-loops -finline-functions execution test
FAIL: libgomp.c++/ctor-8.C -O3 -g execution test
FAIL: libgomp.c++/ctor-8.C -Os execution test
FAIL: libgomp.c++/ctor-9.C -O0 execution test
FAIL: libgomp.c++/ctor-9.C -O1 execution test
FAIL: libgomp.c++/ctor-9.C -O2 execution test
FAIL: libgomp.c++/ctor-9.C -O3 -fomit-frame-pointer execution test
FAIL: libgomp.c++/ctor-9.C -O3 -fomit-frame-pointer -funroll-loops execution test
FAIL: libgomp.c++/ctor-9.C -O3 -fomit-frame-pointer -funroll-all-loops -finline-functions execution test
FAIL: libgomp.c++/ctor-9.C -O3 -g execution test
FAIL: libgomp.c++/ctor-9.C -Os execution test
FAIL: libgomp.c++/for-1.C -O0 execution test
FAIL: libgomp.c++/for-1.C -O1 execution test
FAIL: libgomp.c++/for-1.C -O2 execution test
FAIL: libgomp.c++/for-1.C -O3 -fomit-frame-pointer execution test
FAIL: libgomp.c++/for-1.C -O3 -fomit-frame-pointer -funroll-loops execution test
FAIL: libgomp.c++/for-1.C -O3 -fomit-frame-pointer -funroll-all-loops -finline-functions execution test
FAIL: libgomp.c++/for-1.C -O3 -g execution test
FAIL: libgomp.c++/for-1.C -Os execution test
FAIL: libgomp.c++/for-2.C -O0 execution test
FAIL: libgomp.c++/for-2.C -O1 execution test
FAIL: libgomp.c++/for-2.C -O2 execution test
FAIL: libgomp.c++/for-2.C -O3 -fomit-frame-pointer execution test
FAIL: libgomp.c++/for-2.C -O3 -fomit-frame-pointer -funroll-loops execution test
FAIL: libgomp.c++/for-2.C -O3 -fomit-frame-pointer -funroll-all-loops -finline-functions execution test
FAIL: libgomp.c++/for-2.C -O3 -g execution test
FAIL: libgomp.c++/for-2.C -Os execution test
FAIL: libgomp.c++/for-3.C -O0 execution test
FAIL: libgomp.c++/for-3.C -O1 execution test
FAIL: libgomp.c++/for-3.C -O2 execution test
FAIL: libgomp.c++/for-3.C -O3 -fomit-frame-pointer execution test
FAIL: libgomp.c++/for-3.C -O3 -fomit-frame-pointer -funroll-loops execution test
FAIL: libgomp.c++/for-3.C -O3 -fomit-frame-pointer -funroll-all-loops -finline-functions execution test
FAIL: libgomp.c++/for-3.C -O3 -g execution test
FAIL: libgomp.c++/for-3.C -Os execution test
FAIL: libgomp.c++/for-4.C -O0 execution test
FAIL: libgomp.c++/for-4.C -O1 execution test
FAIL: libgomp.c++/for-4.C -O2 execution test
FAIL: libgomp.c++/for-4.C -O3 -fomit-frame-pointer execution test
FAIL: libgomp.c++/for-4.C -O3 -fomit-frame-pointer -funroll-loops execution test
FAIL: libgomp.c++/for-4.C -O3 -fomit-frame-pointer -funroll-all-loops -finline-functions execution test
FAIL: libgomp.c++/for-4.C -O3 -g execution test
FAIL: libgomp.c++/for-4.C -Os execution test
FAIL: libgomp.c++/for-5.C -O0 execution test
FAIL: libgomp.c++/for-5.C -O1 execution test
FAIL: libgomp.c++/for-5.C -O2 execution test
FAIL: libgomp.c++/for-5.C -O3 -fomit-frame-pointer execution test
FAIL: libgomp.c++/for-5.C -O3 -fomit-frame-pointer -funroll-loops execution test
FAIL: libgomp.c++/for-5.C -O3 -fomit-frame-pointer -funroll-all-loops -finline-functions execution test
FAIL: libgomp.c++/for-5.C -O3 -g execution test
FAIL: libgomp.c++/for-5.C -Os execution test
FAIL: libgomp.c++/for-6.C -O0 execution test
FAIL: libgomp.c++/for-6.C -O1 execution test
FAIL: libgomp.c++/for-6.C -O2 execution test
FAIL: libgomp.c++/for-6.C -O3 -fomit-frame-pointer execution test
FAIL: libgomp.c++/for-6.C -O3 -fomit-frame-pointer -funroll-loops execution test
FAIL: libgomp.c++/for-6.C -O3 -fomit-frame-pointer -funroll-all-loops -finline-functions execution test
FAIL: libgomp.c++/for-6.C -O3 -g execution test
FAIL: libgomp.c++/for-6.C -Os execution test
FAIL: libgomp.c++/for-7.C -O0 execution test
FAIL: libgomp.c++/for-7.C -O1 execution test
FAIL: libgomp.c++/for-7.C -O2 execution test
FAIL: libgomp.c++/for-7.C -O3 -fomit-frame-pointer execution test
FAIL: libgomp.c++/for-7.C -O3 -fomit-frame-pointer -funroll-loops execution test
FAIL: libgomp.c++/for-7.C -O3 -fomit-frame-pointer -funroll-all-loops -finline-functions execution test
FAIL: libgomp.c++/for-7.C -O3 -g execution test
FAIL: libgomp.c++/for-7.C -Os execution test
FAIL: libgomp.c++/for-8.C -O0 execution test
FAIL: libgomp.c++/for-8.C -O1 execution test
FAIL: libgomp.c++/for-8.C -O2 execution test
FAIL: libgomp.c++/for-8.C -O3 -fomit-frame-pointer execution test
FAIL: libgomp.c++/for-8.C -O3 -fomit-frame-pointer -funroll-loops execution test
FAIL: libgomp.c++/for-8.C -O3 -fomit-frame-pointer -funroll-all-loops -finline-functions execution test
FAIL: libgomp.c++/for-8.C -O3 -g execution test
FAIL: libgomp.c++/for-8.C -Os execution test
FAIL: libgomp.c++/loop-1.C -O execution test
FAIL: libgomp.c++/loop-11.C -O execution test
FAIL: libgomp.c++/loop-12.C -O0 execution test
FAIL: libgomp.c++/loop-12.C -O1 execution test
FAIL: libgomp.c++/loop-12.C -O2 execution test
FAIL: libgomp.c++/loop-12.C -O3 -fomit-frame-pointer execution test
FAIL: libgomp.c++/loop-12.C -O3 -fomit-frame-pointer -funroll-loops execution test
FAIL: libgomp.c++/loop-12.C -O3 -fomit-frame-pointer -funroll-all-loops -finline-functions execution test
FAIL: libgomp.c++/loop-12.C -O3 -g execution test
FAIL: libgomp.c++/loop-12.C -Os execution test
FAIL: libgomp.c++/loop-2.C -O execution test
FAIL: libgomp.c++/loop-8.C -O execution test
FAIL: libgomp.c++/loop-9.C -O0 execution test
FAIL: libgomp.c++/loop-9.C -O1 execution test
FAIL: libgomp.c++/loop-9.C -O2 execution test
FAIL: libgomp.c++/loop-9.C -O3 -fomit-frame-pointer execution test
FAIL: libgomp.c++/loop-9.C -O3 -fomit-frame-pointer -funroll-loops execution test
FAIL: libgomp.c++/loop-9.C -O3 -fomit-frame-pointer -funroll-all-loops -finline-functions execution test
FAIL: libgomp.c++/loop-9.C -O3 -g execution test
FAIL: libgomp.c++/loop-9.C -Os execution test
FAIL: libgomp.c++/master-1.C -O0 execution test
FAIL: libgomp.c++/master-1.C -O1 execution test
FAIL: libgomp.c++/master-1.C -O2 execution test
FAIL: libgomp.c++/master-1.C -O3 -fomit-frame-pointer execution test
FAIL: libgomp.c++/master-1.C -O3 -fomit-frame-pointer -funroll-loops execution test
FAIL: libgomp.c++/master-1.C -O3 -fomit-frame-pointer -funroll-all-loops -finline-functions execution test
FAIL: libgomp.c++/master-1.C -O3 -g execution test
FAIL: libgomp.c++/master-1.C -Os execution test
FAIL: libgomp.c++/nested-1.C -O0 execution test
FAIL: libgomp.c++/nested-1.C -O1 execution test
FAIL: libgomp.c++/nested-1.C -O2 execution test
FAIL: libgomp.c++/nested-1.C -O3 -fomit-frame-pointer execution test
FAIL: libgomp.c++/nested-1.C -O3 -fomit-frame-pointer -funroll-loops execution test
FAIL: libgomp.c++/nested-1.C -O3 -fomit-frame-pointer -funroll-all-loops -finline-functions execution test
FAIL: libgomp.c++/nested-1.C -O3 -g execution test
FAIL: libgomp.c++/nested-1.C -Os execution test
WARNING: program timed out.
FAIL: libgomp.c++/parallel-1.C -O execution test
FAIL: libgomp.c++/pr27337.C -O0 execution test
FAIL: libgomp.c++/pr27337.C -O1 execution test
FAIL: libgomp.c++/pr27337.C -O2 execution test
FAIL: libgomp.c++/pr27337.C -O3 -fomit-frame-pointer execution test
FAIL: libgomp.c++/pr27337.C -O3 -fomit-frame-pointer -funroll-loops execution test
FAIL: libgomp.c++/pr27337.C -O3 -fomit-frame-pointer -funroll-all-loops -finline-functions execution test
FAIL: libgomp.c++/pr27337.C -O3 -g execution test
FAIL: libgomp.c++/pr27337.C -Os execution test
FAIL: libgomp.c++/pr38650.C -O0 execution test
FAIL: libgomp.c++/pr38650.C -O1 execution test
FAIL: libgomp.c++/pr38650.C -O2 execution test
FAIL: libgomp.c++/pr38650.C -O3 -fomit-frame-pointer execution test
FAIL: libgomp.c++/pr38650.C -O3 -fomit-frame-pointer -funroll-loops execution test
FAIL: libgomp.c++/pr38650.C -O3 -fomit-frame-pointer -funroll-all-loops -finline-functions execution test
FAIL: libgomp.c++/pr38650.C -O3 -g execution test
FAIL: libgomp.c++/pr38650.C -Os execution test
FAIL: libgomp.c++/pr43893.C -O0 execution test
FAIL: libgomp.c++/pr43893.C -O1 execution test
FAIL: libgomp.c++/pr43893.C -O2 execution test
FAIL: libgomp.c++/pr43893.C -O3 -fomit-frame-pointer execution test
FAIL: libgomp.c++/pr43893.C -O3 -fomit-frame-pointer -funroll-loops execution test
FAIL: libgomp.c++/pr43893.C -O3 -fomit-frame-pointer -funroll-all-loops -finline-functions execution test
FAIL: libgomp.c++/pr43893.C -O3 -g execution test
FAIL: libgomp.c++/pr43893.C -Os execution test
WARNING: program timed out.
FAIL: libgomp.c++/pr48869.C -O0 execution test
WARNING: program timed out.
FAIL: libgomp.c++/pr48869.C -O1 execution test
WARNING: program timed out.
FAIL: libgomp.c++/pr48869.C -O2 execution test
WARNING: program timed out.
FAIL: libgomp.c++/pr48869.C -O3 -fomit-frame-pointer execution test
WARNING: program timed out.
FAIL: libgomp.c++/pr48869.C -O3 -fomit-frame-pointer -funroll-loops execution test
WARNING: program timed out.
FAIL: libgomp.c++/pr48869.C -O3 -fomit-frame-pointer -funroll-all-loops -finline-functions execution test
WARNING: program timed out.
FAIL: libgomp.c++/pr48869.C -O3 -g execution test
WARNING: program timed out.
FAIL: libgomp.c++/pr48869.C -Os execution test
FAIL: libgomp.c++/pr49043.C -O0 execution test
FAIL: libgomp.c++/pr49043.C -O1 execution test
FAIL: libgomp.c++/pr49043.C -O2 execution test
FAIL: libgomp.c++/pr49043.C -O3 -fomit-frame-pointer execution test
FAIL: libgomp.c++/pr49043.C -O3 -fomit-frame-pointer -funroll-loops execution test
FAIL: libgomp.c++/pr49043.C -O3 -fomit-frame-pointer -funroll-all-loops -finline-functions execution test
FAIL: libgomp.c++/pr49043.C -O3 -g execution test
FAIL: libgomp.c++/pr49043.C -Os execution test
FAIL: libgomp.c++/reduction-1.C -O execution test
FAIL: libgomp.c++/reduction-2.C -O execution test
FAIL: libgomp.c++/reduction-3.C -O execution test
FAIL: libgomp.c++/shared-1.C -O execution test
FAIL: libgomp.c++/single-1.C -O execution test
FAIL: libgomp.c++/task-3.C -O1 execution test
FAIL: libgomp.c++/task-5.C -O0 execution test
FAIL: libgomp.c++/task-5.C -O2 execution test
FAIL: libgomp.c++/task-5.C -O3 -fomit-frame-pointer execution test
=== libgomp Summary ===
# of expected passes 728
# of unexpected failures 329
# of unsupported tests 3
=== libstdc++ tests ===
Running target unix
FAIL: 21_strings/basic_string/inserters_extractors/wchar_t/28277.cc execution test
FAIL: 23_containers/vector/profile/vector.cc execution test
FAIL: 26_numerics/headers/cmath/c99_classification_macros_c.cc (test for excess errors)
FAIL: 27_io/basic_ostream/inserters_character/wchar_t/28277-3.cc execution test
FAIL: 27_io/basic_ostream/inserters_character/wchar_t/28277-4.cc execution test
FAIL: 27_io/ios_base/storage/11584.cc execution test
FAIL: 27_io/objects/char/6.cc execution test
FAIL: 27_io/objects/wchar_t/6.cc execution test
FAIL: ext/mt_allocator/check_new.cc execution test
FAIL: ext/pool_allocator/check_new.cc execution test
FAIL: ext/vstring/inserters_extractors/wchar_t/28277.cc execution test
=== libstdc++ Summary ===
# of expected passes 6964
# of unexpected failures 11
# of expected failures 81
# of unsupported tests 454
Compiler version: 4.6.1 (GCC)
Platform: powerpc-ibm-aix6.1.0.0
configure flags: --prefix=/home/usergnu/gcc461 --with-gmp=/home/usergnu/gcc461 --with-ppl=/home/usergnu/gcc461 --with-mpfr=/home/usergnu/gcc461 --with-mpc=/home/usergnu/gcc461 --enable-languages=c,objc,c++
More information about the Gcc-testresults
mailing list