Results for 4.7.0 20111118 (experimental) [trunk revision 181482] (GCC) testsuite on sparc-sun-solaris2.9
Rainer Orth
ro@CeBiTec.Uni-Bielefeld.DE
Mon Nov 21 12:04:00 GMT 2011
LAST_UPDATED: Fri Nov 18 17:47:39 UTC 2011 (revision 181482)
=== acats tests ===
=== acats Summary ===
# of expected passes 2321
# of unexpected failures 0
Native configuration is sparc-sun-solaris2.9
=== g++ tests ===
Running target unix
FAIL: tmpdir-g++.dg-struct-layout-1/t001 cp_compat_x_tst.o compile, (internal compiler error)
FAIL: tmpdir-g++.dg-struct-layout-1/t001 cp_compat_y_tst.o compile, (internal compiler error)
UNRESOLVED: tmpdir-g++.dg-struct-layout-1/t001 cp_compat_x_tst.o-cp_compat_y_tst.o link
UNRESOLVED: tmpdir-g++.dg-struct-layout-1/t001 cp_compat_x_tst.o-cp_compat_y_tst.o execute
FAIL: tmpdir-g++.dg-struct-layout-1/t002 cp_compat_x_tst.o compile, (internal compiler error)
FAIL: tmpdir-g++.dg-struct-layout-1/t002 cp_compat_y_tst.o compile, (internal compiler error)
UNRESOLVED: tmpdir-g++.dg-struct-layout-1/t002 cp_compat_x_tst.o-cp_compat_y_tst.o link
UNRESOLVED: tmpdir-g++.dg-struct-layout-1/t002 cp_compat_x_tst.o-cp_compat_y_tst.o execute
FAIL: tmpdir-g++.dg-struct-layout-1/t003 cp_compat_x_tst.o compile, (internal compiler error)
FAIL: tmpdir-g++.dg-struct-layout-1/t003 cp_compat_y_tst.o compile, (internal compiler error)
UNRESOLVED: tmpdir-g++.dg-struct-layout-1/t003 cp_compat_x_tst.o-cp_compat_y_tst.o link
UNRESOLVED: tmpdir-g++.dg-struct-layout-1/t003 cp_compat_x_tst.o-cp_compat_y_tst.o execute
FAIL: tmpdir-g++.dg-struct-layout-1/t004 cp_compat_x_tst.o compile, (internal compiler error)
FAIL: tmpdir-g++.dg-struct-layout-1/t004 cp_compat_y_tst.o compile, (internal compiler error)
UNRESOLVED: tmpdir-g++.dg-struct-layout-1/t004 cp_compat_x_tst.o-cp_compat_y_tst.o link
UNRESOLVED: tmpdir-g++.dg-struct-layout-1/t004 cp_compat_x_tst.o-cp_compat_y_tst.o execute
FAIL: tmpdir-g++.dg-struct-layout-1/t005 cp_compat_x_tst.o compile, (internal compiler error)
FAIL: tmpdir-g++.dg-struct-layout-1/t005 cp_compat_y_tst.o compile, (internal compiler error)
UNRESOLVED: tmpdir-g++.dg-struct-layout-1/t005 cp_compat_x_tst.o-cp_compat_y_tst.o link
UNRESOLVED: tmpdir-g++.dg-struct-layout-1/t005 cp_compat_x_tst.o-cp_compat_y_tst.o execute
FAIL: tmpdir-g++.dg-struct-layout-1/t006 cp_compat_x_tst.o compile, (internal compiler error)
FAIL: tmpdir-g++.dg-struct-layout-1/t006 cp_compat_y_tst.o compile, (internal compiler error)
UNRESOLVED: tmpdir-g++.dg-struct-layout-1/t006 cp_compat_x_tst.o-cp_compat_y_tst.o link
UNRESOLVED: tmpdir-g++.dg-struct-layout-1/t006 cp_compat_x_tst.o-cp_compat_y_tst.o execute
FAIL: tmpdir-g++.dg-struct-layout-1/t007 cp_compat_x_tst.o compile, (internal compiler error)
FAIL: tmpdir-g++.dg-struct-layout-1/t007 cp_compat_y_tst.o compile, (internal compiler error)
UNRESOLVED: tmpdir-g++.dg-struct-layout-1/t007 cp_compat_x_tst.o-cp_compat_y_tst.o link
UNRESOLVED: tmpdir-g++.dg-struct-layout-1/t007 cp_compat_x_tst.o-cp_compat_y_tst.o execute
FAIL: tmpdir-g++.dg-struct-layout-1/t008 cp_compat_x_tst.o compile, (internal compiler error)
FAIL: tmpdir-g++.dg-struct-layout-1/t008 cp_compat_y_tst.o compile, (internal compiler error)
UNRESOLVED: tmpdir-g++.dg-struct-layout-1/t008 cp_compat_x_tst.o-cp_compat_y_tst.o link
UNRESOLVED: tmpdir-g++.dg-struct-layout-1/t008 cp_compat_x_tst.o-cp_compat_y_tst.o execute
FAIL: tmpdir-g++.dg-struct-layout-1/t009 cp_compat_x_tst.o compile, (internal compiler error)
FAIL: tmpdir-g++.dg-struct-layout-1/t009 cp_compat_y_tst.o compile, (internal compiler error)
UNRESOLVED: tmpdir-g++.dg-struct-layout-1/t009 cp_compat_x_tst.o-cp_compat_y_tst.o link
UNRESOLVED: tmpdir-g++.dg-struct-layout-1/t009 cp_compat_x_tst.o-cp_compat_y_tst.o execute
FAIL: tmpdir-g++.dg-struct-layout-1/t010 cp_compat_x_tst.o compile, (internal compiler error)
FAIL: tmpdir-g++.dg-struct-layout-1/t010 cp_compat_y_tst.o compile, (internal compiler error)
UNRESOLVED: tmpdir-g++.dg-struct-layout-1/t010 cp_compat_x_tst.o-cp_compat_y_tst.o link
UNRESOLVED: tmpdir-g++.dg-struct-layout-1/t010 cp_compat_x_tst.o-cp_compat_y_tst.o execute
FAIL: tmpdir-g++.dg-struct-layout-1/t011 cp_compat_x_tst.o compile, (internal compiler error)
FAIL: tmpdir-g++.dg-struct-layout-1/t011 cp_compat_y_tst.o compile, (internal compiler error)
UNRESOLVED: tmpdir-g++.dg-struct-layout-1/t011 cp_compat_x_tst.o-cp_compat_y_tst.o link
UNRESOLVED: tmpdir-g++.dg-struct-layout-1/t011 cp_compat_x_tst.o-cp_compat_y_tst.o execute
FAIL: tmpdir-g++.dg-struct-layout-1/t012 cp_compat_x_tst.o compile, (internal compiler error)
FAIL: tmpdir-g++.dg-struct-layout-1/t012 cp_compat_y_tst.o compile, (internal compiler error)
UNRESOLVED: tmpdir-g++.dg-struct-layout-1/t012 cp_compat_x_tst.o-cp_compat_y_tst.o link
UNRESOLVED: tmpdir-g++.dg-struct-layout-1/t012 cp_compat_x_tst.o-cp_compat_y_tst.o execute
FAIL: tmpdir-g++.dg-struct-layout-1/t013 cp_compat_x_tst.o compile, (internal compiler error)
FAIL: tmpdir-g++.dg-struct-layout-1/t013 cp_compat_y_tst.o compile, (internal compiler error)
UNRESOLVED: tmpdir-g++.dg-struct-layout-1/t013 cp_compat_x_tst.o-cp_compat_y_tst.o link
UNRESOLVED: tmpdir-g++.dg-struct-layout-1/t013 cp_compat_x_tst.o-cp_compat_y_tst.o execute
FAIL: tmpdir-g++.dg-struct-layout-1/t014 cp_compat_x_tst.o compile, (internal compiler error)
FAIL: tmpdir-g++.dg-struct-layout-1/t014 cp_compat_y_tst.o compile, (internal compiler error)
UNRESOLVED: tmpdir-g++.dg-struct-layout-1/t014 cp_compat_x_tst.o-cp_compat_y_tst.o link
UNRESOLVED: tmpdir-g++.dg-struct-layout-1/t014 cp_compat_x_tst.o-cp_compat_y_tst.o execute
FAIL: tmpdir-g++.dg-struct-layout-1/t015 cp_compat_x_tst.o compile, (internal compiler error)
FAIL: tmpdir-g++.dg-struct-layout-1/t015 cp_compat_y_tst.o compile, (internal compiler error)
UNRESOLVED: tmpdir-g++.dg-struct-layout-1/t015 cp_compat_x_tst.o-cp_compat_y_tst.o link
UNRESOLVED: tmpdir-g++.dg-struct-layout-1/t015 cp_compat_x_tst.o-cp_compat_y_tst.o execute
FAIL: tmpdir-g++.dg-struct-layout-1/t016 cp_compat_x_tst.o compile, (internal compiler error)
FAIL: tmpdir-g++.dg-struct-layout-1/t016 cp_compat_y_tst.o compile, (internal compiler error)
UNRESOLVED: tmpdir-g++.dg-struct-layout-1/t016 cp_compat_x_tst.o-cp_compat_y_tst.o link
UNRESOLVED: tmpdir-g++.dg-struct-layout-1/t016 cp_compat_x_tst.o-cp_compat_y_tst.o execute
FAIL: tmpdir-g++.dg-struct-layout-1/t017 cp_compat_x_tst.o compile, (internal compiler error)
FAIL: tmpdir-g++.dg-struct-layout-1/t017 cp_compat_y_tst.o compile, (internal compiler error)
UNRESOLVED: tmpdir-g++.dg-struct-layout-1/t017 cp_compat_x_tst.o-cp_compat_y_tst.o link
UNRESOLVED: tmpdir-g++.dg-struct-layout-1/t017 cp_compat_x_tst.o-cp_compat_y_tst.o execute
FAIL: tmpdir-g++.dg-struct-layout-1/t018 cp_compat_x_tst.o compile, (internal compiler error)
FAIL: tmpdir-g++.dg-struct-layout-1/t018 cp_compat_y_tst.o compile, (internal compiler error)
UNRESOLVED: tmpdir-g++.dg-struct-layout-1/t018 cp_compat_x_tst.o-cp_compat_y_tst.o link
UNRESOLVED: tmpdir-g++.dg-struct-layout-1/t018 cp_compat_x_tst.o-cp_compat_y_tst.o execute
FAIL: tmpdir-g++.dg-struct-layout-1/t019 cp_compat_x_tst.o compile, (internal compiler error)
FAIL: tmpdir-g++.dg-struct-layout-1/t019 cp_compat_y_tst.o compile, (internal compiler error)
UNRESOLVED: tmpdir-g++.dg-struct-layout-1/t019 cp_compat_x_tst.o-cp_compat_y_tst.o link
UNRESOLVED: tmpdir-g++.dg-struct-layout-1/t019 cp_compat_x_tst.o-cp_compat_y_tst.o execute
FAIL: tmpdir-g++.dg-struct-layout-1/t020 cp_compat_x_tst.o compile, (internal compiler error)
FAIL: tmpdir-g++.dg-struct-layout-1/t020 cp_compat_y_tst.o compile, (internal compiler error)
UNRESOLVED: tmpdir-g++.dg-struct-layout-1/t020 cp_compat_x_tst.o-cp_compat_y_tst.o link
UNRESOLVED: tmpdir-g++.dg-struct-layout-1/t020 cp_compat_x_tst.o-cp_compat_y_tst.o execute
FAIL: tmpdir-g++.dg-struct-layout-1/t021 cp_compat_x_tst.o compile, (internal compiler error)
FAIL: tmpdir-g++.dg-struct-layout-1/t021 cp_compat_y_tst.o compile, (internal compiler error)
UNRESOLVED: tmpdir-g++.dg-struct-layout-1/t021 cp_compat_x_tst.o-cp_compat_y_tst.o link
UNRESOLVED: tmpdir-g++.dg-struct-layout-1/t021 cp_compat_x_tst.o-cp_compat_y_tst.o execute
FAIL: tmpdir-g++.dg-struct-layout-1/t022 cp_compat_x_tst.o compile, (internal compiler error)
FAIL: tmpdir-g++.dg-struct-layout-1/t022 cp_compat_y_tst.o compile, (internal compiler error)
UNRESOLVED: tmpdir-g++.dg-struct-layout-1/t022 cp_compat_x_tst.o-cp_compat_y_tst.o link
UNRESOLVED: tmpdir-g++.dg-struct-layout-1/t022 cp_compat_x_tst.o-cp_compat_y_tst.o execute
FAIL: tmpdir-g++.dg-struct-layout-1/t023 cp_compat_x_tst.o compile, (internal compiler error)
FAIL: tmpdir-g++.dg-struct-layout-1/t023 cp_compat_y_tst.o compile, (internal compiler error)
UNRESOLVED: tmpdir-g++.dg-struct-layout-1/t023 cp_compat_x_tst.o-cp_compat_y_tst.o link
UNRESOLVED: tmpdir-g++.dg-struct-layout-1/t023 cp_compat_x_tst.o-cp_compat_y_tst.o execute
FAIL: tmpdir-g++.dg-struct-layout-1/t024 cp_compat_x_tst.o compile, (internal compiler error)
FAIL: tmpdir-g++.dg-struct-layout-1/t024 cp_compat_y_tst.o compile, (internal compiler error)
UNRESOLVED: tmpdir-g++.dg-struct-layout-1/t024 cp_compat_x_tst.o-cp_compat_y_tst.o link
UNRESOLVED: tmpdir-g++.dg-struct-layout-1/t024 cp_compat_x_tst.o-cp_compat_y_tst.o execute
FAIL: tmpdir-g++.dg-struct-layout-1/t025 cp_compat_x_tst.o compile, (internal compiler error)
FAIL: tmpdir-g++.dg-struct-layout-1/t025 cp_compat_y_tst.o compile, (internal compiler error)
UNRESOLVED: tmpdir-g++.dg-struct-layout-1/t025 cp_compat_x_tst.o-cp_compat_y_tst.o link
UNRESOLVED: tmpdir-g++.dg-struct-layout-1/t025 cp_compat_x_tst.o-cp_compat_y_tst.o execute
FAIL: tmpdir-g++.dg-struct-layout-1/t026 cp_compat_x_tst.o compile, (internal compiler error)
FAIL: tmpdir-g++.dg-struct-layout-1/t026 cp_compat_y_tst.o compile, (internal compiler error)
UNRESOLVED: tmpdir-g++.dg-struct-layout-1/t026 cp_compat_x_tst.o-cp_compat_y_tst.o link
UNRESOLVED: tmpdir-g++.dg-struct-layout-1/t026 cp_compat_x_tst.o-cp_compat_y_tst.o execute
FAIL: tmpdir-g++.dg-struct-layout-1/t027 cp_compat_x_tst.o compile, (internal compiler error)
FAIL: tmpdir-g++.dg-struct-layout-1/t027 cp_compat_y_tst.o compile, (internal compiler error)
UNRESOLVED: tmpdir-g++.dg-struct-layout-1/t027 cp_compat_x_tst.o-cp_compat_y_tst.o link
UNRESOLVED: tmpdir-g++.dg-struct-layout-1/t027 cp_compat_x_tst.o-cp_compat_y_tst.o execute
FAIL: tmpdir-g++.dg-struct-layout-1/t028 cp_compat_x_tst.o compile, (internal compiler error)
FAIL: tmpdir-g++.dg-struct-layout-1/t028 cp_compat_y_tst.o compile, (internal compiler error)
UNRESOLVED: tmpdir-g++.dg-struct-layout-1/t028 cp_compat_x_tst.o-cp_compat_y_tst.o link
UNRESOLVED: tmpdir-g++.dg-struct-layout-1/t028 cp_compat_x_tst.o-cp_compat_y_tst.o execute
FAIL: tmpdir-g++.dg-struct-layout-1/t029 cp_compat_x_tst.o compile, (internal compiler error)
FAIL: tmpdir-g++.dg-struct-layout-1/t029 cp_compat_y_tst.o compile, (internal compiler error)
UNRESOLVED: tmpdir-g++.dg-struct-layout-1/t029 cp_compat_x_tst.o-cp_compat_y_tst.o link
UNRESOLVED: tmpdir-g++.dg-struct-layout-1/t029 cp_compat_x_tst.o-cp_compat_y_tst.o execute
FAIL: tmpdir-g++.dg-struct-layout-1/t030 cp_compat_x_tst.o compile, (internal compiler error)
FAIL: tmpdir-g++.dg-struct-layout-1/t030 cp_compat_y_tst.o compile, (internal compiler error)
UNRESOLVED: tmpdir-g++.dg-struct-layout-1/t030 cp_compat_x_tst.o-cp_compat_y_tst.o link
UNRESOLVED: tmpdir-g++.dg-struct-layout-1/t030 cp_compat_x_tst.o-cp_compat_y_tst.o execute
WARNING: program timed out.
FAIL: g++.dg/parse/crash33.C -std=c++11 (test for excess errors)
FAIL: g++.dg/lto/20091219 cp_lto_20091219_0.o-cp_lto_20091219_0.o link, -O3 -flto
UNRESOLVED: g++.dg/lto/20091219 cp_lto_20091219_0.o-cp_lto_20091219_0.o execute -O3 -flto
FAIL: g++.dg/lto/20101020-1 cp_lto_20101020-1_0.o-cp_lto_20101020-1_1.o link, -O2 -flto -flto-partition=none (internal compiler error)
UNRESOLVED: g++.dg/lto/20101020-1 cp_lto_20101020-1_0.o-cp_lto_20101020-1_1.o execute -O2 -flto -flto-partition=none
FAIL: g++.dg/simulate-thread/atomics-1.C -O0 -g thread simulation test
FAIL: c-c++-common/tm/malloc.c -std=gnu++98 scan-tree-dump-times tmmark " malloc .666" 1
FAIL: c-c++-common/tm/malloc.c -std=gnu++11 scan-tree-dump-times tmmark " malloc .666" 1
WARNING: program timed out.
FAIL: g++.dg/torture/pr31863.C -O2 -flto -flto-partition=none (test for excess errors)
FAIL: g++.dg/torture/pr31863.C -O2 -flto (test for excess errors)
FAIL: g++.dg/torture/pr33819.C -O1 (internal compiler error)
FAIL: g++.dg/torture/pr33819.C -O1 (test for excess errors)
WARNING: g++.dg/torture/pr33819.C -O1 compilation failed to produce executable
FAIL: g++.dg/torture/pr33819.C -O2 (internal compiler error)
FAIL: g++.dg/torture/pr33819.C -O2 (test for excess errors)
WARNING: g++.dg/torture/pr33819.C -O2 compilation failed to produce executable
FAIL: g++.dg/torture/pr33819.C -O3 -fomit-frame-pointer (internal compiler error)
FAIL: g++.dg/torture/pr33819.C -O3 -fomit-frame-pointer (test for excess errors)
WARNING: g++.dg/torture/pr33819.C -O3 -fomit-frame-pointer compilation failed to produce executable
FAIL: g++.dg/torture/pr33819.C -O3 -g (internal compiler error)
FAIL: g++.dg/torture/pr33819.C -O3 -g (test for excess errors)
WARNING: g++.dg/torture/pr33819.C -O3 -g compilation failed to produce executable
FAIL: g++.dg/torture/pr33819.C -Os (internal compiler error)
FAIL: g++.dg/torture/pr33819.C -Os (test for excess errors)
WARNING: g++.dg/torture/pr33819.C -Os compilation failed to produce executable
FAIL: g++.dg/torture/pr33819.C -O2 -flto -flto-partition=none (internal compiler error)
FAIL: g++.dg/torture/pr33819.C -O2 -flto -flto-partition=none (test for excess errors)
WARNING: g++.dg/torture/pr33819.C -O2 -flto -flto-partition=none compilation failed to produce executable
FAIL: g++.dg/torture/pr33819.C -O2 -flto (internal compiler error)
FAIL: g++.dg/torture/pr33819.C -O2 -flto (test for excess errors)
WARNING: g++.dg/torture/pr33819.C -O2 -flto compilation failed to produce executable
WARNING: program timed out.
FAIL: g++.dg/torture/pr48695.C -O2 -flto -flto-partition=none (test for excess errors)
WARNING: g++.dg/torture/pr48695.C -O2 -flto -flto-partition=none compilation failed to produce executable
WARNING: program timed out.
FAIL: g++.dg/torture/stackalign/eh-vararg-1.C -O2 -flto (test for excess errors)
WARNING: program timed out.
FAIL: g++.old-deja/g++.mike/eh19.C -std=gnu++98 (test for excess errors)
=== g++ Summary for unix ===
# of expected passes 44886
# of unexpected failures 85
# of expected failures 284
# of unresolved testcases 62
# of unsupported tests 794
Running target unix/-m64
FAIL: g++.dg/lto/20091219 cp_lto_20091219_0.o-cp_lto_20091219_0.o link, -O3 -flto
UNRESOLVED: g++.dg/lto/20091219 cp_lto_20091219_0.o-cp_lto_20091219_0.o execute -O3 -flto
FAIL: g++.dg/lto/20101020-1 cp_lto_20101020-1_0.o-cp_lto_20101020-1_1.o link, -O2 -flto -flto-partition=none (internal compiler error)
UNRESOLVED: g++.dg/lto/20101020-1 cp_lto_20101020-1_0.o-cp_lto_20101020-1_1.o execute -O2 -flto -flto-partition=none
FAIL: c-c++-common/tm/malloc.c -std=gnu++98 scan-tree-dump-times tmmark " malloc .666" 1
FAIL: c-c++-common/tm/malloc.c -std=gnu++11 scan-tree-dump-times tmmark " malloc .666" 1
FAIL: g++.dg/tm/pr45940-3.C -std=gnu++98 (internal compiler error)
FAIL: g++.dg/tm/pr45940-3.C -std=gnu++98 (test for excess errors)
FAIL: g++.dg/tm/pr45940-3.C -std=gnu++11 (internal compiler error)
FAIL: g++.dg/tm/pr45940-3.C -std=gnu++11 (test for excess errors)
FAIL: g++.dg/torture/pr31863.C -O2 -flto (test for excess errors)
=== g++ Summary for unix/-m64 ===
# of expected passes 46262
# of unexpected failures 9
# of expected failures 284
# of unresolved testcases 2
# of unsupported tests 787
=== g++ Summary ===
# of expected passes 91148
# of unexpected failures 94
# of expected failures 568
# of unresolved testcases 64
# of unsupported tests 1581
/var/gcc/regression/trunk/9-gcc/build/gcc/testsuite/g++/../../g++ version 4.7.0 20111118 (experimental) [trunk revision 181482] (GCC)
=== gfortran tests ===
Running target unix
FAIL: gfortran.dg/array_constructor_type_7.f03 -O1 (test for excess errors)
FAIL: gfortran.dg/char_unpack_1.f90 -O3 -g (test for excess errors)
WARNING: gfortran.dg/char_unpack_1.f90 -O3 -g compilation failed to produce executable
FAIL: gfortran.dg/direct_io_12.f90 -O2 (test for excess errors)
WARNING: gfortran.dg/direct_io_12.f90 -O2 compilation failed to produce executable
FAIL: gfortran.dg/hollerith6.f90 -O3 -fomit-frame-pointer FMT (test for warnings, line 7)
FAIL: gfortran.dg/hollerith6.f90 -O3 -fomit-frame-pointer FMT (test for warnings, line 20)
FAIL: gfortran.dg/hollerith6.f90 -O3 -fomit-frame-pointer const (test for warnings, line 17)
FAIL: gfortran.dg/hollerith6.f90 -O3 -fomit-frame-pointer conversion (test for warnings, line 17)
FAIL: gfortran.dg/hollerith6.f90 -O3 -fomit-frame-pointer const (test for warnings, line 18)
FAIL: gfortran.dg/hollerith6.f90 -O3 -fomit-frame-pointer conversion (test for warnings, line 18)
FAIL: gfortran.dg/hollerith6.f90 -O3 -fomit-frame-pointer const (test for warnings, line 19)
FAIL: gfortran.dg/hollerith6.f90 -O3 -fomit-frame-pointer conversion (test for warnings, line 19)
FAIL: gfortran.dg/hollerith6.f90 -O3 -fomit-frame-pointer (test for excess errors)
WARNING: gfortran.dg/hollerith6.f90 -O3 -fomit-frame-pointer compilation failed to produce executable
FAIL: gfortran.dg/minlocval_1.f90 -O1 (test for excess errors)
WARNING: gfortran.dg/minlocval_1.f90 -O1 compilation failed to produce executable
FAIL: gfortran.dg/pr15129.f90 -O3 -g (test for excess errors)
FAIL: gfortran.dg/proc_ptr_comp_9.f90 -O3 -g (test for excess errors)
WARNING: gfortran.dg/proc_ptr_comp_9.f90 -O3 -g compilation failed to produce executable
FAIL: gfortran.dg/quad_2.f90 -O0 (test for excess errors)
WARNING: gfortran.dg/quad_2.f90 -O0 compilation failed to produce executable
FAIL: gfortran.dg/quad_2.f90 -O1 (test for excess errors)
WARNING: gfortran.dg/quad_2.f90 -O1 compilation failed to produce executable
FAIL: gfortran.dg/quad_2.f90 -O2 (test for excess errors)
WARNING: gfortran.dg/quad_2.f90 -O2 compilation failed to produce executable
FAIL: gfortran.dg/quad_2.f90 -O3 -fomit-frame-pointer (test for excess errors)
WARNING: gfortran.dg/quad_2.f90 -O3 -fomit-frame-pointer compilation failed to produce executable
FAIL: gfortran.dg/quad_2.f90 -O3 -fomit-frame-pointer -funroll-loops (test for excess errors)
WARNING: gfortran.dg/quad_2.f90 -O3 -fomit-frame-pointer -funroll-loops compilation failed to produce executable
FAIL: gfortran.dg/quad_2.f90 -O3 -fomit-frame-pointer -funroll-all-loops -finline-functions (test for excess errors)
WARNING: gfortran.dg/quad_2.f90 -O3 -fomit-frame-pointer -funroll-all-loops -finline-functions compilation failed to produce executable
FAIL: gfortran.dg/quad_2.f90 -O3 -g (test for excess errors)
WARNING: gfortran.dg/quad_2.f90 -O3 -g compilation failed to produce executable
FAIL: gfortran.dg/quad_2.f90 -Os (test for excess errors)
WARNING: gfortran.dg/quad_2.f90 -Os compilation failed to produce executable
FAIL: gfortran.dg/round_2.f03 -O2 (test for excess errors)
WARNING: gfortran.dg/round_2.f03 -O2 compilation failed to produce executable
FAIL: gfortran.dg/select_type_12.f03 -O (internal compiler error)
FAIL: gfortran.dg/select_type_12.f03 -O (test for excess errors)
FAIL: gfortran.dg/select_type_15.f03 -O3 -fomit-frame-pointer (test for excess errors)
WARNING: gfortran.dg/select_type_15.f03 -O3 -fomit-frame-pointer compilation failed to produce executable
FAIL: gfortran.dg/transpose_intrinsic_func_call_1.f90 -O3 -fomit-frame-pointer -funroll-loops (test for excess errors)
WARNING: gfortran.dg/transpose_intrinsic_func_call_1.f90 -O3 -fomit-frame-pointer -funroll-loops compilation failed to produce executable
WARNING: program timed out.
WARNING: program timed out.
WARNING: program timed out.
WARNING: program timed out.
WARNING: program timed out.
WARNING: program timed out.
WARNING: program timed out.
WARNING: program timed out.
WARNING: program timed out.
WARNING: program timed out.
FAIL: gfortran.dg/guality/pr41558.f90 -O1 line 7 s == 'foo'
FAIL: gfortran.dg/guality/pr41558.f90 -O2 line 7 s == 'foo'
FAIL: gfortran.dg/guality/pr41558.f90 -O3 -fomit-frame-pointer line 7 s == 'foo'
FAIL: gfortran.dg/guality/pr41558.f90 -O3 -fomit-frame-pointer -funroll-loops line 7 s == 'foo'
FAIL: gfortran.dg/guality/pr41558.f90 -O3 -fomit-frame-pointer -funroll-all-loops -finline-functions line 7 s == 'foo'
FAIL: gfortran.dg/guality/pr41558.f90 -O3 -g line 7 s == 'foo'
FAIL: gfortran.dg/guality/pr41558.f90 -Os line 7 s == 'foo'
WARNING: program timed out.
FAIL: gfortran.fortran-torture/execute/initialization_1.f90 compilation, -O2 -ftree-vectorize -mcpu=ultrasparc -mvis
=== gfortran Summary for unix ===
# of expected passes 39420
# of unexpected failures 36
# of expected failures 55
# of untested testcases 1
# of unsupported tests 395
Running target unix/-m64
FAIL: gfortran.dg/quad_2.f90 -O0 (test for excess errors)
WARNING: gfortran.dg/quad_2.f90 -O0 compilation failed to produce executable
FAIL: gfortran.dg/quad_2.f90 -O1 (test for excess errors)
WARNING: gfortran.dg/quad_2.f90 -O1 compilation failed to produce executable
FAIL: gfortran.dg/quad_2.f90 -O2 (test for excess errors)
WARNING: gfortran.dg/quad_2.f90 -O2 compilation failed to produce executable
FAIL: gfortran.dg/quad_2.f90 -O3 -fomit-frame-pointer (test for excess errors)
WARNING: gfortran.dg/quad_2.f90 -O3 -fomit-frame-pointer compilation failed to produce executable
FAIL: gfortran.dg/quad_2.f90 -O3 -fomit-frame-pointer -funroll-loops (test for excess errors)
WARNING: gfortran.dg/quad_2.f90 -O3 -fomit-frame-pointer -funroll-loops compilation failed to produce executable
FAIL: gfortran.dg/quad_2.f90 -O3 -fomit-frame-pointer -funroll-all-loops -finline-functions (test for excess errors)
WARNING: gfortran.dg/quad_2.f90 -O3 -fomit-frame-pointer -funroll-all-loops -finline-functions compilation failed to produce executable
FAIL: gfortran.dg/quad_2.f90 -O3 -g (test for excess errors)
WARNING: gfortran.dg/quad_2.f90 -O3 -g compilation failed to produce executable
FAIL: gfortran.dg/quad_2.f90 -Os (test for excess errors)
WARNING: gfortran.dg/quad_2.f90 -Os compilation failed to produce executable
FAIL: gfortran.dg/select_type_12.f03 -O (internal compiler error)
FAIL: gfortran.dg/select_type_12.f03 -O (test for excess errors)
FAIL: gfortran.dg/guality/pr41558.f90 -O1 line 7 s == 'foo'
FAIL: gfortran.dg/guality/pr41558.f90 -O2 line 7 s == 'foo'
FAIL: gfortran.dg/guality/pr41558.f90 -O3 -fomit-frame-pointer line 7 s == 'foo'
FAIL: gfortran.dg/guality/pr41558.f90 -O3 -fomit-frame-pointer -funroll-loops line 7 s == 'foo'
FAIL: gfortran.dg/guality/pr41558.f90 -O3 -fomit-frame-pointer -funroll-all-loops -finline-functions line 7 s == 'foo'
FAIL: gfortran.dg/guality/pr41558.f90 -O3 -g line 7 s == 'foo'
FAIL: gfortran.dg/guality/pr41558.f90 -Os line 7 s == 'foo'
FAIL: gfortran.fortran-torture/execute/entry_4.f90 execution, -O2
FAIL: gfortran.fortran-torture/execute/entry_4.f90 execution, -O2 -fomit-frame-pointer -finline-functions
FAIL: gfortran.fortran-torture/execute/entry_4.f90 execution, -O2 -fomit-frame-pointer -finline-functions -funroll-loops
FAIL: gfortran.fortran-torture/execute/entry_4.f90 execution, -O2 -fbounds-check
FAIL: gfortran.fortran-torture/execute/entry_4.f90 execution, -O3 -g
FAIL: gfortran.fortran-torture/execute/entry_4.f90 execution, -O2 -ftree-vectorize -mcpu=ultrasparc -mvis
=== gfortran Summary for unix/-m64 ===
# of expected passes 39721
# of unexpected failures 23
# of expected failures 55
# of unsupported tests 258
=== gfortran Summary ===
# of expected passes 79141
# of unexpected failures 59
# of expected failures 110
# of untested testcases 1
# of unsupported tests 653
/var/gcc/regression/trunk/9-gcc/build/gcc/testsuite/gfortran/../../gfortran version 4.7.0 20111118 (experimental) [trunk revision 181482] (GCC)
=== gnat tests ===
Running target unix
=== gnat Summary for unix ===
# of expected passes 1039
# of expected failures 11
# of unsupported tests 12
Running target unix/-m64
WARNING: program timed out.
FAIL: gnat.dg/test_prio.adb (test for excess errors)
WARNING: gnat.dg/test_prio.adb compilation failed to produce executable
=== gnat Summary for unix/-m64 ===
# of expected passes 1037
# of unexpected failures 1
# of expected failures 11
# of unsupported tests 12
=== gnat Summary ===
# of expected passes 2076
# of unexpected failures 1
# of expected failures 22
# of unsupported tests 24
/var/gcc/regression/trunk/9-gcc/build/gcc/gnatmake version 4.7.0 20111118 (experimental) [trunk revision 181482]
=== go tests ===
Running target unix
FAIL: ./64bit-out.go compilation, -O2 -g
FAIL: ./select5-out.go compilation, -O2 -g
FAIL: ./tmp.go compilation, -O2 -g
FAIL: go.test/test/fixedbugs/bug273.go execution, -O2 -g
WARNING: program timed out.
WARNING: program timed out.
WARNING: program timed out.
=== go Summary for unix ===
# of expected passes 3149
# of unexpected failures 4
# of expected failures 22
# of untested testcases 5
# of unsupported tests 4
Running target unix/-m64
FAIL: ./64bit-out.go compilation, -O2 -g
FAIL: ./select5-out.go compilation, -O2 -g
FAIL: ./tmp.go compilation, -O2 -g
FAIL: go.test/test/cmplxdivide.go
WARNING: program timed out.
WARNING: program timed out.
WARNING: program timed out.
WARNING: program timed out.
=== go Summary for unix/-m64 ===
# of expected passes 3149
# of unexpected failures 4
# of expected failures 22
# of untested testcases 5
# of unsupported tests 4
=== go Summary ===
# of expected passes 6298
# of unexpected failures 8
# of expected failures 44
# of untested testcases 10
# of unsupported tests 8
/var/gcc/regression/trunk/9-gcc/build/gcc/testsuite/go/../../gccgo version 4.7.0 20111118 (experimental) [trunk revision 181482] (GCC)
=== obj-c++ tests ===
Running target unix
FAIL: obj-c++.dg/naming-3.mm -fgnu-runtime (test for errors, line 6)
FAIL: obj-c++.dg/naming-4.mm -fgnu-runtime (test for errors, line 31)
FAIL: obj-c++.dg/naming-4.mm -fgnu-runtime (test for warnings, line 63)
FAIL: obj-c++.dg/naming-4.mm -fgnu-runtime (test for warnings, line 100)
=== obj-c++ Summary for unix ===
# of expected passes 1446
# of unexpected failures 4
# of expected failures 2
# of unsupported tests 86
Running target unix/-m64
FAIL: obj-c++.dg/naming-3.mm -fgnu-runtime (test for errors, line 6)
FAIL: obj-c++.dg/naming-4.mm -fgnu-runtime (test for errors, line 31)
FAIL: obj-c++.dg/naming-4.mm -fgnu-runtime (test for warnings, line 63)
FAIL: obj-c++.dg/naming-4.mm -fgnu-runtime (test for warnings, line 100)
=== obj-c++ Summary for unix/-m64 ===
# of expected passes 1438
# of unexpected failures 4
# of expected failures 10
# of unsupported tests 86
=== obj-c++ Summary ===
# of expected passes 2884
# of unexpected failures 8
# of expected failures 12
# of unsupported tests 172
/var/gcc/regression/trunk/9-gcc/build/gcc/testsuite/obj-c++/../../g++ version 4.7.0 20111118 (experimental) [trunk revision 181482] (GCC)
=== objc tests ===
Running target unix
=== objc Summary for unix ===
# of expected passes 2994
# of unsupported tests 74
Running target unix/-m64
WARNING: program timed out.
FAIL: objc/execute/initialize.m compilation, -O3 -g -fgnu-runtime
UNRESOLVED: objc/execute/initialize.m execution, -O3 -g -fgnu-runtime
=== objc Summary for unix/-m64 ===
# of expected passes 2992
# of unexpected failures 1
# of unresolved testcases 1
# of unsupported tests 74
=== objc Summary ===
# of expected passes 5986
# of unexpected failures 1
# of unresolved testcases 1
# of unsupported tests 148
/var/gcc/regression/trunk/9-gcc/build/gcc/xgcc version 4.7.0 20111118 (experimental) [trunk revision 181482] (GCC)
=== boehm-gc tests ===
Running target unix
=== boehm-gc Summary for unix ===
# of expected passes 12
# of unsupported tests 1
Running target unix/-m64
=== boehm-gc Summary for unix/-m64 ===
# of expected passes 12
# of unsupported tests 1
=== boehm-gc Summary ===
# of expected passes 24
# of unsupported tests 2
=== libffi tests ===
Running target unix
=== libffi Summary for unix ===
# of expected passes 1634
# of expected failures 10
# of unsupported tests 15
Running target unix/-m64
=== libffi Summary for unix/-m64 ===
# of expected passes 1634
# of expected failures 10
# of unsupported tests 15
=== libffi Summary ===
# of expected passes 3268
# of expected failures 20
# of unsupported tests 30
=== libgo tests ===
Running target unix
FAIL: big
FAIL: http
FAIL: runtime
FAIL: template
FAIL: time
FAIL: crypto/rand
FAIL: sync/atomic
FAIL: testing/quick
=== libgo Summary for unix ===
# of expected passes 127
# of unexpected failures 8
Running target unix/-m64
FAIL: big
FAIL: http
FAIL: reflect
FAIL: template
FAIL: time
FAIL: crypto/rand
FAIL: sync/atomic
FAIL: testing/quick
=== libgo Summary for unix/-m64 ===
# of expected passes 127
# of unexpected failures 8
=== libgo Summary ===
# of expected passes 254
# of unexpected failures 16
=== libgomp tests ===
Running target unix
WARNING: program timed out.
FAIL: libgomp.fortran/do1.f90 -O3 -fomit-frame-pointer -funroll-loops (test for excess errors)
WARNING: libgomp.fortran/do1.f90 -O3 -fomit-frame-pointer -funroll-loops compilation failed to produce executable
WARNING: program timed out.
FAIL: libgomp.fortran/vla1.f90 -O3 -fomit-frame-pointer (test for excess errors)
WARNING: libgomp.fortran/vla1.f90 -O3 -fomit-frame-pointer compilation failed to produce executable
FAIL: libgomp.graphite/force-parallel-1.c execution test
FAIL: libgomp.graphite/force-parallel-7.c execution test
=== libgomp Summary for unix ===
# of expected passes 2968
# of unexpected failures 4
# of unsupported tests 10
Running target unix/-m64
FAIL: libgomp.graphite/force-parallel-1.c execution test
FAIL: libgomp.graphite/force-parallel-7.c execution test
=== libgomp Summary for unix/-m64 ===
# of expected passes 2972
# of unexpected failures 2
# of unsupported tests 10
=== libgomp Summary ===
# of expected passes 5940
# of unexpected failures 6
# of unsupported tests 20
=== libjava tests ===
Running target unix
FAIL: InvokeInterface execution - source compiled test
FAIL: InvokeInterface -O3 execution - source compiled test
WARNING: program timed out.
FAIL: StackTrace2 -O3 execution - source compiled test
WARNING: program timed out.
FAIL: final_int -O3 compilation from source
=== libjava Summary for unix ===
# of expected passes 2565
# of unexpected failures 4
# of untested testcases 5
Running target unix/-m64
FAIL: InvokeInterface execution - source compiled test
FAIL: InvokeInterface -O3 execution - source compiled test
=== libjava Summary for unix/-m64 ===
# of expected passes 2570
# of unexpected failures 2
# of untested testcases 2
=== libjava Summary ===
# of expected passes 5135
# of unexpected failures 6
# of untested testcases 7
=== libstdc++ tests ===
Running target unix
FAIL: 21_strings/basic_string/inserters_extractors/pod/10081-in.cc (test for excess errors)
WARNING: 21_strings/basic_string/inserters_extractors/pod/10081-in.cc compilation failed to produce executable
FAIL: 23_containers/unordered_multiset/requirements/exception/propagation_consistent.cc (test for excess errors)
WARNING: 23_containers/unordered_multiset/requirements/exception/propagation_consistent.cc compilation failed to produce executable
FAIL: 23_containers/vector/ext_pointer/explicit_instantiation/2.cc (test for excess errors)
FAIL: 26_numerics/valarray/30416.cc (test for excess errors)
WARNING: 26_numerics/valarray/30416.cc compilation failed to produce executable
FAIL: 27_io/basic_ostream/inserters_arithmetic/char/exceptions_badbit_throw.cc (test for excess errors)
WARNING: 27_io/basic_ostream/inserters_arithmetic/char/exceptions_badbit_throw.cc compilation failed to produce executable
FAIL: 27_io/fpos/mbstate_t/12065.cc (test for excess errors)
WARNING: 27_io/fpos/mbstate_t/12065.cc compilation failed to produce executable
FAIL: 30_threads/packaged_task/members/invoke5.cc (test for excess errors)
WARNING: 30_threads/packaged_task/members/invoke5.cc compilation failed to produce executable
FAIL: ext/pb_ds/regression/list_update_set_rand.cc (test for excess errors)
WARNING: ext/pb_ds/regression/list_update_set_rand.cc compilation failed to produce executable
FAIL: ext/pb_ds/regression/trie_map_rand.cc (test for excess errors)
WARNING: ext/pb_ds/regression/trie_map_rand.cc compilation failed to produce executable
WARNING: program timed out.
WARNING: program timed out.
WARNING: program timed out.
WARNING: program timed out.
WARNING: program timed out.
WARNING: program timed out.
WARNING: program timed out.
WARNING: program timed out.
WARNING: program timed out.
WARNING: program timed out.
FAIL: tr1/6_containers/unordered_set/erase/1.cc (test for excess errors)
WARNING: tr1/6_containers/unordered_set/erase/1.cc compilation failed to produce executable
=== libstdc++ Summary for unix ===
# of expected passes 7538
# of unexpected failures 10
# of expected failures 47
# of unsupported tests 624
Running target unix/-m64
FAIL: 22_locale/num_put/put/wchar_t/23953.cc (test for excess errors)
WARNING: 22_locale/num_put/put/wchar_t/23953.cc compilation failed to produce executable
FAIL: 24_iterators/random_access_iterator/string_vector_iterators.cc (test for excess errors)
WARNING: 24_iterators/random_access_iterator/string_vector_iterators.cc compilation failed to produce executable
WARNING: program timed out.
WARNING: program timed out.
WARNING: program timed out.
FAIL: tr1/5_numerical_facilities/random/uniform_int/33128.cc (test for excess errors)
WARNING: tr1/5_numerical_facilities/random/uniform_int/33128.cc compilation failed to produce executable
=== libstdc++ Summary for unix/-m64 ===
# of expected passes 7551
# of unexpected failures 3
# of expected failures 47
# of unsupported tests 624
=== libstdc++ Summary ===
# of expected passes 15089
# of unexpected failures 13
# of expected failures 94
# of unsupported tests 1248
Compiler version: 4.7.0 20111118 (experimental) [trunk revision 181482] (GCC)
Platform: sparc-sun-solaris2.9
configure flags: --prefix=/vol/gcc --target=sparc-sun-solaris2.9 --enable-objc-gc --with-host-libstdcxx='-L/vol/gcc-4.4/lib -Wl,-Bstatic -lstdc++ -Wl,-Bdynamic -lm' --with-boot-ldflags='-static-libstdc++ -static-libgcc -L/vol/gcc-4.4/lib' --with-gmp-include=/vol/gcc/include --with-gmp-lib=/vol/gcc/lib --with-mpfr-include=/vol/gcc/include --with-mpfr-lib=/vol/gcc/lib --with-mpc-include=/vol/gcc/include --with-mpc-lib=/vol/gcc/lib --enable-languages=all,ada,obj-c++,go --with-ppl-include=/vol/gcc/include --with-ppl-lib=/vol/gcc/lib --with-cloog-include=/vol/gcc/include --with-cloog-lib=/vol/gcc/lib --enable-cloog-backend=ppl
BOOT_CFLAGS=-g -O2
More information about the Gcc-testresults
mailing list