Results for 4.7.0 20111106 (experimental) (GCC) testsuite on i686-pc-linux-gnu
GCC regression tester
regress@geoffk.org
Sun Nov 6 22:51:00 GMT 2011
This build run by an automatic regression tester.
See <http://glutton.geoffk.org/HEAD/> for more information.
Date: 2011-11-06T21:05:51Z
Revision: 181041
URL: svn://gcc.gnu.org/svn/gcc/trunk
Status: regress-15
Prev-Endtime: 2011-11-06T21:04:03Z
Native configuration is i686-pc-linux-gnu
=== g++ tests ===
Running target unix
FAIL: g++.dg/other/i386-2.C (test for excess errors)
FAIL: g++.dg/other/i386-3.C (test for excess errors)
FAIL: g++.dg/guality/redeclaration1.C -O0 line 17 i == 24
FAIL: g++.dg/guality/redeclaration1.C -O1 line 17 i == 24
FAIL: g++.dg/guality/redeclaration1.C -O2 line 17 i == 24
FAIL: g++.dg/guality/redeclaration1.C -O3 -fomit-frame-pointer line 17 i == 24
FAIL: g++.dg/guality/redeclaration1.C -O3 -g line 17 i == 24
FAIL: g++.dg/guality/redeclaration1.C -Os line 17 i == 24
FAIL: g++.dg/lto/20100302 cp_lto_20100302_0.o-cp_lto_20100302_1.o link, -flto -fabi-version=2 (internal compiler error)
UNRESOLVED: g++.dg/lto/20100302 cp_lto_20100302_0.o-cp_lto_20100302_1.o execute -flto -fabi-version=2
=== g++ Summary ===
# of expected passes 28494
# of unexpected failures 9
# of expected failures 153
# of unresolved testcases 1
# of unsupported tests 158
/home/regress/tbox/native/build/gcc/testsuite/g++/../../g++ version 4.7.0 20111106 (experimental) (GCC)
=== gcc tests ===
Running target unix
FAIL: gcc.dg/cproj-fails-with-broken-glibc.c execution test
XPASS: gcc.dg/inline_3.c (test for excess errors)
XPASS: gcc.dg/inline_4.c (test for excess errors)
XPASS: gcc.dg/unroll_2.c (test for excess errors)
XPASS: gcc.dg/unroll_3.c (test for excess errors)
XPASS: gcc.dg/unroll_4.c (test for excess errors)
XPASS: gcc.dg/guality/example.c -O0 execution test
XPASS: gcc.dg/guality/example.c -O1 execution test
XPASS: gcc.dg/guality/guality.c -O0 execution test
XPASS: gcc.dg/guality/guality.c -O1 execution test
XPASS: gcc.dg/guality/guality.c -O2 execution test
XPASS: gcc.dg/guality/guality.c -O3 -fomit-frame-pointer execution test
XPASS: gcc.dg/guality/guality.c -O3 -g execution test
XPASS: gcc.dg/guality/guality.c -Os execution test
XPASS: gcc.dg/guality/guality.c -O2 -flto -flto-partition=none execution test
XPASS: gcc.dg/guality/guality.c -O2 -flto execution test
FAIL: gcc.dg/guality/inline-params.c -O0 execution test
FAIL: gcc.dg/guality/inline-params.c -O1 execution test
XPASS: gcc.dg/guality/pr41353-1.c -O0 line 28 j == 28 + 37
XPASS: gcc.dg/guality/pr41447-1.c -O0 execution test
XPASS: gcc.dg/guality/pr41447-1.c -O1 execution test
XPASS: gcc.dg/guality/pr41447-1.c -Os execution test
XPASS: gcc.dg/guality/pr41616-1.c -O0 execution test
FAIL: gcc.dg/guality/vla-1.c -O0 line 17 sizeof (a) == 6
FAIL: gcc.dg/guality/vla-1.c -O0 line 24 sizeof (a) == 17 * sizeof (short)
FAIL: gcc.dg/guality/vla-1.c -O1 line 17 sizeof (a) == 6
FAIL: gcc.dg/guality/vla-1.c -O1 line 24 sizeof (a) == 17 * sizeof (short)
FAIL: gcc.dg/guality/vla-1.c -O2 line 17 sizeof (a) == 6
FAIL: gcc.dg/guality/vla-1.c -O2 line 24 sizeof (a) == 17 * sizeof (short)
FAIL: gcc.dg/guality/vla-1.c -O3 -fomit-frame-pointer line 17 sizeof (a) == 6
FAIL: gcc.dg/guality/vla-1.c -O3 -fomit-frame-pointer line 24 sizeof (a) == 17 * sizeof (short)
FAIL: gcc.dg/guality/vla-1.c -O3 -g line 17 sizeof (a) == 6
FAIL: gcc.dg/guality/vla-1.c -O3 -g line 24 sizeof (a) == 17 * sizeof (short)
FAIL: gcc.dg/guality/vla-1.c -Os line 17 sizeof (a) == 6
FAIL: gcc.dg/guality/vla-1.c -Os line 24 sizeof (a) == 17 * sizeof (short)
FAIL: gcc.dg/guality/vla-1.c -O2 -flto -flto-partition=none line 17 sizeof (a) == 6
FAIL: gcc.dg/guality/vla-1.c -O2 -flto -flto-partition=none line 24 sizeof (a) == 17 * sizeof (short)
FAIL: gcc.dg/guality/vla-1.c -O2 -flto line 17 sizeof (a) == 6
FAIL: gcc.dg/guality/vla-1.c -O2 -flto line 24 sizeof (a) == 17 * sizeof (short)
FAIL: gcc.dg/guality/vla-2.c -O2 -flto -flto-partition=none line 16 sizeof (a) == 5 * sizeof (int)
FAIL: gcc.dg/guality/vla-2.c -O2 -flto -flto-partition=none line 25 sizeof (a) == 6 * sizeof (int)
FAIL: gcc.dg/guality/vla-2.c -O2 -flto line 16 sizeof (a) == 5 * sizeof (int)
FAIL: gcc.dg/guality/vla-2.c -O2 -flto line 25 sizeof (a) == 6 * sizeof (int)
FAIL: gcc.dg/torture/tls/run-le.c -O0 -pie -fpie execution test
FAIL: gcc.dg/torture/tls/run-le.c -O1 -pie -fpie execution test
FAIL: gcc.dg/torture/tls/run-le.c -O2 -pie -fpie execution test
FAIL: gcc.dg/torture/tls/run-le.c -O3 -fomit-frame-pointer -pie -fpie execution test
FAIL: gcc.dg/torture/tls/run-le.c -O3 -g -pie -fpie execution test
FAIL: gcc.dg/torture/tls/run-le.c -Os -pie -fpie execution test
FAIL: gcc.dg/torture/tls/run-le.c -O0 -pie -fPIE execution test
FAIL: gcc.dg/torture/tls/run-le.c -O1 -pie -fPIE execution test
FAIL: gcc.dg/torture/tls/run-le.c -O2 -pie -fPIE execution test
FAIL: gcc.dg/torture/tls/run-le.c -O3 -fomit-frame-pointer -pie -fPIE execution test
FAIL: gcc.dg/torture/tls/run-le.c -O3 -g -pie -fPIE execution test
FAIL: gcc.dg/torture/tls/run-le.c -Os -pie -fPIE execution test
FAIL: gcc.dg/torture/tls/thr-init-1.c -O0 -pie -fpie execution test
FAIL: gcc.dg/torture/tls/thr-init-1.c -O1 -pie -fpie execution test
FAIL: gcc.dg/torture/tls/thr-init-1.c -O2 -pie -fpie execution test
FAIL: gcc.dg/torture/tls/thr-init-1.c -O3 -fomit-frame-pointer -pie -fpie execution test
FAIL: gcc.dg/torture/tls/thr-init-1.c -O3 -g -pie -fpie execution test
FAIL: gcc.dg/torture/tls/thr-init-1.c -Os -pie -fpie execution test
FAIL: gcc.dg/torture/tls/thr-init-1.c -O0 -pie -fPIE execution test
FAIL: gcc.dg/torture/tls/thr-init-1.c -O1 -pie -fPIE execution test
FAIL: gcc.dg/torture/tls/thr-init-1.c -O2 -pie -fPIE execution test
FAIL: gcc.dg/torture/tls/thr-init-1.c -O3 -fomit-frame-pointer -pie -fPIE execution test
FAIL: gcc.dg/torture/tls/thr-init-1.c -O3 -g -pie -fPIE execution test
FAIL: gcc.dg/torture/tls/thr-init-1.c -Os -pie -fPIE execution test
FAIL: gcc.dg/torture/tls/thr-init-2.c -O0 -pie -fpie execution test
FAIL: gcc.dg/torture/tls/thr-init-2.c -O1 -pie -fpie execution test
FAIL: gcc.dg/torture/tls/thr-init-2.c -O2 -pie -fpie execution test
FAIL: gcc.dg/torture/tls/thr-init-2.c -O3 -fomit-frame-pointer -pie -fpie execution test
FAIL: gcc.dg/torture/tls/thr-init-2.c -O3 -g -pie -fpie execution test
FAIL: gcc.dg/torture/tls/thr-init-2.c -Os -pie -fpie execution test
FAIL: gcc.dg/torture/tls/thr-init-2.c -O0 -pie -fPIE execution test
FAIL: gcc.dg/torture/tls/thr-init-2.c -O1 -pie -fPIE execution test
FAIL: gcc.dg/torture/tls/thr-init-2.c -O2 -pie -fPIE execution test
FAIL: gcc.dg/torture/tls/thr-init-2.c -O3 -fomit-frame-pointer -pie -fPIE execution test
FAIL: gcc.dg/torture/tls/thr-init-2.c -O3 -g -pie -fPIE execution test
FAIL: gcc.dg/torture/tls/thr-init-2.c -Os -pie -fPIE execution test
FAIL: gcc.dg/torture/tls/tls-test.c -O0 -pie -fpie execution test
FAIL: gcc.dg/torture/tls/tls-test.c -O1 -pie -fpie execution test
FAIL: gcc.dg/torture/tls/tls-test.c -O2 -pie -fpie execution test
FAIL: gcc.dg/torture/tls/tls-test.c -O3 -fomit-frame-pointer -pie -fpie execution test
FAIL: gcc.dg/torture/tls/tls-test.c -O3 -g -pie -fpie execution test
FAIL: gcc.dg/torture/tls/tls-test.c -Os -pie -fpie execution test
FAIL: gcc.dg/torture/tls/tls-test.c -O0 -pie -fPIE execution test
FAIL: gcc.dg/torture/tls/tls-test.c -O1 -pie -fPIE execution test
FAIL: gcc.dg/torture/tls/tls-test.c -O2 -pie -fPIE execution test
FAIL: gcc.dg/torture/tls/tls-test.c -O3 -fomit-frame-pointer -pie -fPIE execution test
FAIL: gcc.dg/torture/tls/tls-test.c -O3 -g -pie -fPIE execution test
FAIL: gcc.dg/torture/tls/tls-test.c -Os -pie -fPIE execution test
FAIL: gcc.dg/tree-ssa/vrp47.c scan-tree-dump-times dom1 "x[^ ]* & y" 1
FAIL: gcc.target/i386/sse-12.c (test for excess errors)
FAIL: gcc.target/i386/sse-13.c (test for excess errors)
FAIL: gcc.target/i386/sse-14.c (test for excess errors)
FAIL: gcc.target/i386/sse-22.c (test for excess errors)
FAIL: gcc.target/i386/sse-22a.c (test for excess errors)
FAIL: gcc.target/i386/sse-23.c (test for excess errors)
FAIL: gcc.target/i386/sse-24.c (test for excess errors)
FAIL: gcc.target/i386/testimm-1.c (test for errors, line 20)
FAIL: gcc.target/i386/testimm-1.c (test for errors, line 21)
FAIL: gcc.target/i386/testimm-1.c (test for errors, line 22)
FAIL: gcc.target/i386/testimm-1.c (test for errors, line 23)
FAIL: gcc.target/i386/testimm-1.c (test for errors, line 24)
FAIL: gcc.target/i386/testimm-1.c (test for errors, line 25)
FAIL: gcc.target/i386/testimm-1.c (test for errors, line 26)
FAIL: gcc.target/i386/testimm-1.c (test for errors, line 27)
FAIL: gcc.target/i386/testimm-1.c (test for errors, line 28)
FAIL: gcc.target/i386/testimm-1.c (test for errors, line 29)
FAIL: gcc.target/i386/testimm-1.c (test for errors, line 30)
FAIL: gcc.target/i386/testimm-1.c (test for errors, line 31)
FAIL: gcc.target/i386/testimm-1.c (test for errors, line 32)
FAIL: gcc.target/i386/testimm-1.c (test for errors, line 33)
FAIL: gcc.target/i386/testimm-1.c (test for errors, line 34)
FAIL: gcc.target/i386/testimm-1.c (test for errors, line 35)
FAIL: gcc.target/i386/testimm-1.c (test for errors, line 36)
FAIL: gcc.target/i386/testimm-1.c (test for errors, line 37)
FAIL: gcc.target/i386/testimm-1.c (test for errors, line 38)
FAIL: gcc.target/i386/testimm-1.c (test for errors, line 39)
FAIL: gcc.target/i386/testimm-1.c (test for errors, line 40)
FAIL: gcc.target/i386/testimm-1.c (test for errors, line 41)
FAIL: gcc.target/i386/testimm-1.c (test for errors, line 42)
FAIL: gcc.target/i386/testimm-1.c (test for errors, line 43)
FAIL: gcc.target/i386/testimm-1.c (test for errors, line 44)
FAIL: gcc.target/i386/testimm-1.c (test for errors, line 45)
FAIL: gcc.target/i386/testimm-1.c (test for errors, line 46)
FAIL: gcc.target/i386/testimm-1.c (test for errors, line 47)
FAIL: gcc.target/i386/testimm-1.c (test for errors, line 48)
FAIL: gcc.target/i386/testimm-1.c (test for errors, line 49)
FAIL: gcc.target/i386/testimm-1.c (test for errors, line 50)
FAIL: gcc.target/i386/testimm-1.c (test for errors, line 51)
FAIL: gcc.target/i386/testimm-1.c (test for errors, line 52)
FAIL: gcc.target/i386/testimm-1.c (test for errors, line 58)
FAIL: gcc.target/i386/testimm-1.c (test for errors, line 59)
FAIL: gcc.target/i386/testimm-1.c (test for errors, line 60)
FAIL: gcc.target/i386/testimm-1.c (test for errors, line 61)
FAIL: gcc.target/i386/testimm-1.c (test for errors, line 62)
FAIL: gcc.target/i386/testimm-1.c (test for errors, line 63)
FAIL: gcc.target/i386/testimm-1.c (test for errors, line 69)
FAIL: gcc.target/i386/testimm-1.c (test for errors, line 70)
FAIL: gcc.target/i386/testimm-1.c (test for errors, line 71)
FAIL: gcc.target/i386/testimm-1.c (test for errors, line 72)
FAIL: gcc.target/i386/testimm-1.c (test for errors, line 73)
FAIL: gcc.target/i386/testimm-1.c (test for errors, line 74)
FAIL: gcc.target/i386/testimm-1.c (test for errors, line 75)
FAIL: gcc.target/i386/testimm-1.c (test for errors, line 76)
FAIL: gcc.target/i386/testimm-1.c (test for errors, line 82)
FAIL: gcc.target/i386/testimm-1.c (test for errors, line 88)
FAIL: gcc.target/i386/testimm-1.c (test for errors, line 89)
FAIL: gcc.target/i386/testimm-1.c (test for errors, line 90)
FAIL: gcc.target/i386/testimm-1.c (test for errors, line 91)
FAIL: gcc.target/i386/testimm-1.c (test for errors, line 92)
FAIL: gcc.target/i386/testimm-1.c (test for errors, line 93)
FAIL: gcc.target/i386/testimm-1.c (test for excess errors)
FAIL: gcc.target/i386/testimm-2.c (test for errors, line 20)
FAIL: gcc.target/i386/testimm-2.c (test for errors, line 21)
FAIL: gcc.target/i386/testimm-2.c (test for errors, line 22)
FAIL: gcc.target/i386/testimm-2.c (test for errors, line 23)
FAIL: gcc.target/i386/testimm-2.c (test for errors, line 24)
FAIL: gcc.target/i386/testimm-2.c (test for errors, line 25)
FAIL: gcc.target/i386/testimm-2.c (test for errors, line 26)
FAIL: gcc.target/i386/testimm-2.c (test for errors, line 27)
FAIL: gcc.target/i386/testimm-2.c (test for errors, line 28)
FAIL: gcc.target/i386/testimm-2.c (test for errors, line 29)
FAIL: gcc.target/i386/testimm-2.c (test for errors, line 30)
FAIL: gcc.target/i386/testimm-2.c (test for errors, line 31)
FAIL: gcc.target/i386/testimm-2.c (test for errors, line 32)
FAIL: gcc.target/i386/testimm-2.c (test for errors, line 33)
FAIL: gcc.target/i386/testimm-2.c (test for errors, line 34)
FAIL: gcc.target/i386/testimm-2.c (test for errors, line 35)
FAIL: gcc.target/i386/testimm-2.c (test for errors, line 36)
FAIL: gcc.target/i386/testimm-2.c (test for errors, line 37)
FAIL: gcc.target/i386/testimm-2.c (test for errors, line 38)
FAIL: gcc.target/i386/testimm-2.c (test for errors, line 39)
FAIL: gcc.target/i386/testimm-2.c (test for errors, line 40)
FAIL: gcc.target/i386/testimm-2.c (test for errors, line 41)
FAIL: gcc.target/i386/testimm-2.c (test for errors, line 42)
FAIL: gcc.target/i386/testimm-2.c (test for errors, line 43)
FAIL: gcc.target/i386/testimm-2.c (test for errors, line 44)
FAIL: gcc.target/i386/testimm-2.c (test for errors, line 45)
FAIL: gcc.target/i386/testimm-2.c (test for errors, line 46)
FAIL: gcc.target/i386/testimm-2.c (test for errors, line 47)
FAIL: gcc.target/i386/testimm-2.c (test for errors, line 48)
FAIL: gcc.target/i386/testimm-2.c (test for errors, line 49)
FAIL: gcc.target/i386/testimm-2.c (test for errors, line 50)
FAIL: gcc.target/i386/testimm-2.c (test for errors, line 51)
FAIL: gcc.target/i386/testimm-2.c (test for errors, line 52)
FAIL: gcc.target/i386/testimm-2.c (test for errors, line 58)
FAIL: gcc.target/i386/testimm-2.c (test for errors, line 59)
FAIL: gcc.target/i386/testimm-2.c (test for errors, line 60)
FAIL: gcc.target/i386/testimm-2.c (test for errors, line 61)
FAIL: gcc.target/i386/testimm-2.c (test for errors, line 62)
FAIL: gcc.target/i386/testimm-2.c (test for errors, line 63)
FAIL: gcc.target/i386/testimm-2.c (test for errors, line 69)
FAIL: gcc.target/i386/testimm-2.c (test for errors, line 70)
FAIL: gcc.target/i386/testimm-2.c (test for errors, line 71)
FAIL: gcc.target/i386/testimm-2.c (test for errors, line 72)
FAIL: gcc.target/i386/testimm-2.c (test for errors, line 73)
FAIL: gcc.target/i386/testimm-2.c (test for errors, line 74)
FAIL: gcc.target/i386/testimm-2.c (test for errors, line 75)
FAIL: gcc.target/i386/testimm-2.c (test for errors, line 76)
FAIL: gcc.target/i386/testimm-2.c (test for errors, line 82)
FAIL: gcc.target/i386/testimm-2.c (test for errors, line 88)
FAIL: gcc.target/i386/testimm-2.c (test for errors, line 89)
FAIL: gcc.target/i386/testimm-2.c (test for errors, line 90)
FAIL: gcc.target/i386/testimm-2.c (test for errors, line 91)
FAIL: gcc.target/i386/testimm-2.c (test for errors, line 92)
FAIL: gcc.target/i386/testimm-2.c (test for errors, line 93)
FAIL: gcc.target/i386/testimm-2.c (test for excess errors)
FAIL: gcc.target/i386/testimm-3.c (test for errors, line 20)
FAIL: gcc.target/i386/testimm-3.c (test for errors, line 21)
FAIL: gcc.target/i386/testimm-3.c (test for errors, line 22)
FAIL: gcc.target/i386/testimm-3.c (test for errors, line 23)
FAIL: gcc.target/i386/testimm-3.c (test for errors, line 24)
FAIL: gcc.target/i386/testimm-3.c (test for errors, line 25)
FAIL: gcc.target/i386/testimm-3.c (test for errors, line 26)
FAIL: gcc.target/i386/testimm-3.c (test for errors, line 27)
FAIL: gcc.target/i386/testimm-3.c (test for errors, line 28)
FAIL: gcc.target/i386/testimm-3.c (test for errors, line 29)
FAIL: gcc.target/i386/testimm-3.c (test for errors, line 30)
FAIL: gcc.target/i386/testimm-3.c (test for errors, line 31)
FAIL: gcc.target/i386/testimm-3.c (test for errors, line 32)
FAIL: gcc.target/i386/testimm-3.c (test for errors, line 33)
FAIL: gcc.target/i386/testimm-3.c (test for errors, line 34)
FAIL: gcc.target/i386/testimm-3.c (test for errors, line 35)
FAIL: gcc.target/i386/testimm-3.c (test for errors, line 36)
FAIL: gcc.target/i386/testimm-3.c (test for errors, line 37)
FAIL: gcc.target/i386/testimm-3.c (test for errors, line 38)
FAIL: gcc.target/i386/testimm-3.c (test for errors, line 39)
FAIL: gcc.target/i386/testimm-3.c (test for errors, line 40)
FAIL: gcc.target/i386/testimm-3.c (test for errors, line 41)
FAIL: gcc.target/i386/testimm-3.c (test for errors, line 42)
FAIL: gcc.target/i386/testimm-3.c (test for errors, line 43)
FAIL: gcc.target/i386/testimm-3.c (test for errors, line 44)
FAIL: gcc.target/i386/testimm-3.c (test for errors, line 45)
FAIL: gcc.target/i386/testimm-3.c (test for errors, line 46)
FAIL: gcc.target/i386/testimm-3.c (test for errors, line 47)
FAIL: gcc.target/i386/testimm-3.c (test for errors, line 48)
FAIL: gcc.target/i386/testimm-3.c (test for errors, line 49)
FAIL: gcc.target/i386/testimm-3.c (test for errors, line 50)
FAIL: gcc.target/i386/testimm-3.c (test for errors, line 51)
FAIL: gcc.target/i386/testimm-3.c (test for errors, line 52)
FAIL: gcc.target/i386/testimm-3.c (test for errors, line 58)
FAIL: gcc.target/i386/testimm-3.c (test for errors, line 59)
FAIL: gcc.target/i386/testimm-3.c (test for errors, line 60)
FAIL: gcc.target/i386/testimm-3.c (test for errors, line 61)
FAIL: gcc.target/i386/testimm-3.c (test for errors, line 62)
FAIL: gcc.target/i386/testimm-3.c (test for errors, line 63)
FAIL: gcc.target/i386/testimm-3.c (test for errors, line 69)
FAIL: gcc.target/i386/testimm-3.c (test for errors, line 70)
FAIL: gcc.target/i386/testimm-3.c (test for errors, line 71)
FAIL: gcc.target/i386/testimm-3.c (test for errors, line 72)
FAIL: gcc.target/i386/testimm-3.c (test for errors, line 73)
FAIL: gcc.target/i386/testimm-3.c (test for errors, line 74)
FAIL: gcc.target/i386/testimm-3.c (test for errors, line 75)
FAIL: gcc.target/i386/testimm-3.c (test for errors, line 76)
FAIL: gcc.target/i386/testimm-3.c (test for errors, line 82)
FAIL: gcc.target/i386/testimm-3.c (test for errors, line 88)
FAIL: gcc.target/i386/testimm-3.c (test for errors, line 89)
FAIL: gcc.target/i386/testimm-3.c (test for errors, line 90)
FAIL: gcc.target/i386/testimm-3.c (test for errors, line 91)
FAIL: gcc.target/i386/testimm-3.c (test for errors, line 92)
FAIL: gcc.target/i386/testimm-3.c (test for errors, line 93)
FAIL: gcc.target/i386/testimm-3.c (test for excess errors)
=== gcc Summary ===
# of expected passes 82084
# of unexpected failures 244
# of unexpected successes 20
# of expected failures 263
# of unsupported tests 2017
/home/regress/tbox/native/build/gcc/xgcc version 4.7.0 20111106 (experimental) (GCC)
=== gfortran tests ===
Running target unix
FAIL: gfortran.dg/select_type_12.f03 -O (internal compiler error)
FAIL: gfortran.dg/select_type_12.f03 -O (test for excess errors)
=== gfortran Summary ===
# of expected passes 39685
# of unexpected failures 2
# of expected failures 41
# of unsupported tests 212
/home/regress/tbox/native/build/gcc/testsuite/gfortran/../../gfortran version 4.7.0 20111106 (experimental) (GCC)
=== objc tests ===
Running target unix
=== objc Summary ===
# of expected passes 2988
# of expected failures 6
# of unsupported tests 74
/home/regress/tbox/native/build/gcc/xgcc version 4.7.0 20111106 (experimental) (GCC)
=== boehm-gc tests ===
Running target unix
FAIL: boehm-gc.c/thread_leak_test.c -O2 (test for excess errors)
=== boehm-gc Summary ===
# of expected passes 11
# of unexpected failures 1
# of unsupported tests 1
=== libffi tests ===
Running target unix
=== libffi Summary ===
# of expected passes 1634
# of expected failures 10
# of unsupported tests 15
=== libgomp tests ===
Running target unix
=== libgomp Summary ===
# of expected passes 2948
=== libjava tests ===
Running target unix
=== libjava Summary ===
# of expected passes 2574
=== libmudflap tests ===
Running target unix
=== libmudflap Summary ===
# of expected passes 1894
=== libstdc++ tests ===
Running target unix
=== libstdc++ Summary ===
# of expected passes 8726
# of expected failures 45
# of unsupported tests 143
Compiler version: 4.7.0 20111106 (experimental) (GCC)
Platform: i686-pc-linux-gnu
configure flags: --prefix=/home/regress/tbox/objs --target=i686-pc-linux-gnu
More information about the Gcc-testresults
mailing list