Results for 4.7.0 20111104 (experimental) [trunk revision 180916] (GCC) testsuite on x86_64-apple-darwin10.8.0
Sean McGovern
sean@seanmcgovern.ca
Sat Nov 5 10:31:00 GMT 2011
\$ uname -a
Darwin homura 10.8.0 Darwin Kernel Version 10.8.0: Tue Jun 7 16:32:41 PDT 2011; root:xnu-1504.15.3~1/RELEASE_X86_64 x86_64
********
LAST_UPDATED: Fri Nov 4 13:35:10 UTC 2011 (revision 180916)
Native configuration is x86_64-apple-darwin10.8.0
=== g++ tests ===
Running target unix/-m32
UNRESOLVED: g++.dg/ext/label13.C compilation failed to produce executable
FAIL: c-c++-common/cxxbitfields-3.c scan-assembler movl.*, var
=== g++ Summary for unix/-m32 ===
# of expected passes 26553
# of unexpected failures 1
# of expected failures 152
# of unresolved testcases 1
# of unsupported tests 216
Running target unix/-m64
UNRESOLVED: g++.dg/ext/label13.C compilation failed to produce executable
FAIL: c-c++-common/cxxbitfields-3.c scan-assembler movl.*, var
=== g++ Summary for unix/-m64 ===
# of expected passes 26865
# of unexpected failures 1
# of expected failures 152
# of unresolved testcases 1
# of unsupported tests 373
=== g++ Summary ===
# of expected passes 53418
# of unexpected failures 2
# of expected failures 304
# of unresolved testcases 2
# of unsupported tests 589
/BUILD/gcc/obj-180916/gcc/testsuite/g++/../../g++ version 4.7.0 20111104 (experimental) [trunk revision 180916] (GCC)
=== gcc tests ===
Running target unix/-m32
FAIL: c-c++-common/cxxbitfields-3.c scan-assembler movl.*, var
FAIL: gcc.dg/tree-ssa/vrp47.c scan-tree-dump-times dom1 "x[^ ]* & y" 1
FAIL: gcc.dg/vect/no-tree-sra-bb-slp-pr50730.c scan-tree-dump-times slp "not vectorized: more than one data ref in stmt" 0
=== gcc Summary for unix/-m32 ===
# of expected passes 66706
# of unexpected failures 3
# of expected failures 182
# of unsupported tests 1770
Running target unix/-m64
FAIL: gcc.dg/sibcall-6.c execution test
FAIL: c-c++-common/cxxbitfields-3.c scan-assembler movl.*, var
FAIL: gcc.dg/matrix/transpose-3.c execution, -fprofile-use -fipa-matrix-reorg -fdump-ipa-matrix-reorg -O3 -fwhole-program -fno-tree-fre
FAIL: gcc.dg/tree-ssa/vrp47.c scan-tree-dump-times dom1 "x[^ ]* & y" 1
FAIL: gcc.dg/vect/no-tree-sra-bb-slp-pr50730.c scan-tree-dump-times slp "not vectorized: more than one data ref in stmt" 0
FAIL: gcc.target/i386/pr49866.c (test for excess errors)
=== gcc Summary for unix/-m64 ===
# of expected passes 67051
# of unexpected failures 6
# of expected failures 183
# of unsupported tests 2043
=== gcc Summary ===
# of expected passes 133757
# of unexpected failures 9
# of expected failures 365
# of unsupported tests 3813
/BUILD/gcc/obj-180916/gcc/xgcc version 4.7.0 20111104 (experimental) [trunk revision 180916] (GCC)
=== libgomp tests ===
Running target unix/-m64
FAIL: libgomp.c++/pr24455.C -O0 (test for excess errors)
UNRESOLVED: libgomp.c++/pr24455.C -O0 compilation failed to produce executable
FAIL: libgomp.c++/pr24455.C -O1 (test for excess errors)
UNRESOLVED: libgomp.c++/pr24455.C -O1 compilation failed to produce executable
FAIL: libgomp.c++/pr24455.C -O2 (test for excess errors)
UNRESOLVED: libgomp.c++/pr24455.C -O2 compilation failed to produce executable
FAIL: libgomp.c++/pr24455.C -O3 -fomit-frame-pointer (test for excess errors)
UNRESOLVED: libgomp.c++/pr24455.C -O3 -fomit-frame-pointer compilation failed to produce executable
FAIL: libgomp.c++/pr24455.C -O3 -fomit-frame-pointer -funroll-loops (test for excess errors)
UNRESOLVED: libgomp.c++/pr24455.C -O3 -fomit-frame-pointer -funroll-loops compilation failed to produce executable
FAIL: libgomp.c++/pr24455.C -O3 -fomit-frame-pointer -funroll-all-loops -finline-functions (test for excess errors)
UNRESOLVED: libgomp.c++/pr24455.C -O3 -fomit-frame-pointer -funroll-all-loops -finline-functions compilation failed to produce executable
FAIL: libgomp.c++/pr24455.C -O3 -g (test for excess errors)
UNRESOLVED: libgomp.c++/pr24455.C -O3 -g compilation failed to produce executable
FAIL: libgomp.c++/pr24455.C -Os (test for excess errors)
UNRESOLVED: libgomp.c++/pr24455.C -Os compilation failed to produce executable
=== libgomp Summary for unix/-m64 ===
# of expected passes 1267
# of unexpected failures 8
# of unresolved testcases 8
# of unsupported tests 3
Running target unix/-m32
FAIL: libgomp.c++/pr24455.C -O0 (test for excess errors)
UNRESOLVED: libgomp.c++/pr24455.C -O0 compilation failed to produce executable
FAIL: libgomp.c++/pr24455.C -O1 (test for excess errors)
UNRESOLVED: libgomp.c++/pr24455.C -O1 compilation failed to produce executable
FAIL: libgomp.c++/pr24455.C -O2 (test for excess errors)
UNRESOLVED: libgomp.c++/pr24455.C -O2 compilation failed to produce executable
FAIL: libgomp.c++/pr24455.C -O3 -fomit-frame-pointer (test for excess errors)
UNRESOLVED: libgomp.c++/pr24455.C -O3 -fomit-frame-pointer compilation failed to produce executable
FAIL: libgomp.c++/pr24455.C -O3 -fomit-frame-pointer -funroll-loops (test for excess errors)
UNRESOLVED: libgomp.c++/pr24455.C -O3 -fomit-frame-pointer -funroll-loops compilation failed to produce executable
FAIL: libgomp.c++/pr24455.C -O3 -fomit-frame-pointer -funroll-all-loops -finline-functions (test for excess errors)
UNRESOLVED: libgomp.c++/pr24455.C -O3 -fomit-frame-pointer -funroll-all-loops -finline-functions compilation failed to produce executable
FAIL: libgomp.c++/pr24455.C -O3 -g (test for excess errors)
UNRESOLVED: libgomp.c++/pr24455.C -O3 -g compilation failed to produce executable
FAIL: libgomp.c++/pr24455.C -Os (test for excess errors)
UNRESOLVED: libgomp.c++/pr24455.C -Os compilation failed to produce executable
=== libgomp Summary for unix/-m32 ===
# of expected passes 1267
# of unexpected failures 8
# of unresolved testcases 8
# of unsupported tests 3
=== libgomp Summary ===
# of expected passes 2534
# of unexpected failures 16
# of unresolved testcases 16
# of unsupported tests 6
=== libstdc++ tests ===
Running target unix/-m32
FAIL: 30_threads/async/42819.cc (test for excess errors)
UNRESOLVED: 30_threads/async/42819.cc compilation failed to produce executable
FAIL: 30_threads/async/49668.cc (test for excess errors)
UNRESOLVED: 30_threads/async/49668.cc compilation failed to produce executable
FAIL: 30_threads/async/any.cc (test for excess errors)
UNRESOLVED: 30_threads/async/any.cc compilation failed to produce executable
FAIL: 30_threads/async/async.cc (test for excess errors)
UNRESOLVED: 30_threads/async/async.cc compilation failed to produce executable
FAIL: 30_threads/async/sync.cc (test for excess errors)
UNRESOLVED: 30_threads/async/sync.cc compilation failed to produce executable
FAIL: 30_threads/call_once/39909.cc (test for excess errors)
UNRESOLVED: 30_threads/call_once/39909.cc compilation failed to produce executable
FAIL: 30_threads/call_once/49668.cc (test for excess errors)
UNRESOLVED: 30_threads/call_once/49668.cc compilation failed to produce executable
FAIL: 30_threads/call_once/call_once1.cc (test for excess errors)
UNRESOLVED: 30_threads/call_once/call_once1.cc compilation failed to produce executable
FAIL: 30_threads/future/members/45133.cc (test for excess errors)
UNRESOLVED: 30_threads/future/members/45133.cc compilation failed to produce executable
FAIL: 30_threads/future/members/get.cc (test for excess errors)
UNRESOLVED: 30_threads/future/members/get.cc compilation failed to produce executable
FAIL: 30_threads/future/members/get2.cc (test for excess errors)
UNRESOLVED: 30_threads/future/members/get2.cc compilation failed to produce executable
FAIL: 30_threads/future/members/share.cc (test for excess errors)
UNRESOLVED: 30_threads/future/members/share.cc compilation failed to produce executable
FAIL: 30_threads/future/members/valid.cc (test for excess errors)
UNRESOLVED: 30_threads/future/members/valid.cc compilation failed to produce executable
FAIL: 30_threads/future/members/wait.cc (test for excess errors)
UNRESOLVED: 30_threads/future/members/wait.cc compilation failed to produce executable
FAIL: 30_threads/future/members/wait_for.cc (test for excess errors)
UNRESOLVED: 30_threads/future/members/wait_for.cc compilation failed to produce executable
FAIL: 30_threads/future/members/wait_until.cc (test for excess errors)
UNRESOLVED: 30_threads/future/members/wait_until.cc compilation failed to produce executable
FAIL: 30_threads/packaged_task/49668.cc (test for excess errors)
UNRESOLVED: 30_threads/packaged_task/49668.cc compilation failed to produce executable
FAIL: 30_threads/packaged_task/cons/3.cc (test for excess errors)
UNRESOLVED: 30_threads/packaged_task/cons/3.cc compilation failed to produce executable
FAIL: 30_threads/packaged_task/cons/alloc.cc (test for excess errors)
UNRESOLVED: 30_threads/packaged_task/cons/alloc.cc compilation failed to produce executable
FAIL: 30_threads/packaged_task/members/get_future.cc (test for excess errors)
UNRESOLVED: 30_threads/packaged_task/members/get_future.cc compilation failed to produce executable
FAIL: 30_threads/packaged_task/members/invoke.cc (test for excess errors)
UNRESOLVED: 30_threads/packaged_task/members/invoke.cc compilation failed to produce executable
FAIL: 30_threads/packaged_task/members/invoke2.cc (test for excess errors)
UNRESOLVED: 30_threads/packaged_task/members/invoke2.cc compilation failed to produce executable
FAIL: 30_threads/packaged_task/members/invoke3.cc (test for excess errors)
UNRESOLVED: 30_threads/packaged_task/members/invoke3.cc compilation failed to produce executable
FAIL: 30_threads/packaged_task/members/invoke4.cc (test for excess errors)
UNRESOLVED: 30_threads/packaged_task/members/invoke4.cc compilation failed to produce executable
FAIL: 30_threads/packaged_task/members/invoke5.cc (test for excess errors)
UNRESOLVED: 30_threads/packaged_task/members/invoke5.cc compilation failed to produce executable
FAIL: 30_threads/packaged_task/members/reset2.cc (test for excess errors)
UNRESOLVED: 30_threads/packaged_task/members/reset2.cc compilation failed to produce executable
FAIL: 30_threads/promise/cons/alloc.cc (test for excess errors)
UNRESOLVED: 30_threads/promise/cons/alloc.cc compilation failed to produce executable
FAIL: 30_threads/promise/cons/move.cc (test for excess errors)
UNRESOLVED: 30_threads/promise/cons/move.cc compilation failed to produce executable
FAIL: 30_threads/promise/cons/move_assign.cc (test for excess errors)
UNRESOLVED: 30_threads/promise/cons/move_assign.cc compilation failed to produce executable
FAIL: 30_threads/promise/members/get_future.cc (test for excess errors)
UNRESOLVED: 30_threads/promise/members/get_future.cc compilation failed to produce executable
FAIL: 30_threads/promise/members/set_exception.cc (test for excess errors)
UNRESOLVED: 30_threads/promise/members/set_exception.cc compilation failed to produce executable
FAIL: 30_threads/promise/members/set_exception2.cc (test for excess errors)
UNRESOLVED: 30_threads/promise/members/set_exception2.cc compilation failed to produce executable
FAIL: 30_threads/promise/members/set_value.cc (test for excess errors)
UNRESOLVED: 30_threads/promise/members/set_value.cc compilation failed to produce executable
FAIL: 30_threads/promise/members/set_value2.cc (test for excess errors)
UNRESOLVED: 30_threads/promise/members/set_value2.cc compilation failed to produce executable
FAIL: 30_threads/promise/members/set_value3.cc (test for excess errors)
UNRESOLVED: 30_threads/promise/members/set_value3.cc compilation failed to produce executable
FAIL: 30_threads/promise/members/swap.cc (test for excess errors)
UNRESOLVED: 30_threads/promise/members/swap.cc compilation failed to produce executable
FAIL: 30_threads/shared_future/members/get.cc (test for excess errors)
UNRESOLVED: 30_threads/shared_future/members/get.cc compilation failed to produce executable
FAIL: 30_threads/shared_future/members/get2.cc (test for excess errors)
UNRESOLVED: 30_threads/shared_future/members/get2.cc compilation failed to produce executable
FAIL: 30_threads/shared_future/members/valid.cc (test for excess errors)
UNRESOLVED: 30_threads/shared_future/members/valid.cc compilation failed to produce executable
FAIL: 30_threads/shared_future/members/wait.cc (test for excess errors)
UNRESOLVED: 30_threads/shared_future/members/wait.cc compilation failed to produce executable
FAIL: 30_threads/shared_future/members/wait_for.cc (test for excess errors)
UNRESOLVED: 30_threads/shared_future/members/wait_for.cc compilation failed to produce executable
FAIL: 30_threads/shared_future/members/wait_until.cc (test for excess errors)
UNRESOLVED: 30_threads/shared_future/members/wait_until.cc compilation failed to produce executable
FAIL: 30_threads/thread/native_handle/typesizes.cc execution test
=== libstdc++ Summary for unix/-m32 ===
# of expected passes 7552
# of unexpected failures 43
# of expected failures 46
# of unresolved testcases 42
# of unsupported tests 558
Running target unix/-m64
FAIL: 30_threads/async/42819.cc (test for excess errors)
UNRESOLVED: 30_threads/async/42819.cc compilation failed to produce executable
FAIL: 30_threads/async/49668.cc (test for excess errors)
UNRESOLVED: 30_threads/async/49668.cc compilation failed to produce executable
FAIL: 30_threads/async/any.cc (test for excess errors)
UNRESOLVED: 30_threads/async/any.cc compilation failed to produce executable
FAIL: 30_threads/async/async.cc (test for excess errors)
UNRESOLVED: 30_threads/async/async.cc compilation failed to produce executable
FAIL: 30_threads/async/sync.cc (test for excess errors)
UNRESOLVED: 30_threads/async/sync.cc compilation failed to produce executable
FAIL: 30_threads/call_once/39909.cc (test for excess errors)
UNRESOLVED: 30_threads/call_once/39909.cc compilation failed to produce executable
FAIL: 30_threads/call_once/49668.cc (test for excess errors)
UNRESOLVED: 30_threads/call_once/49668.cc compilation failed to produce executable
FAIL: 30_threads/call_once/call_once1.cc (test for excess errors)
UNRESOLVED: 30_threads/call_once/call_once1.cc compilation failed to produce executable
FAIL: 30_threads/future/members/45133.cc (test for excess errors)
UNRESOLVED: 30_threads/future/members/45133.cc compilation failed to produce executable
FAIL: 30_threads/future/members/get.cc (test for excess errors)
UNRESOLVED: 30_threads/future/members/get.cc compilation failed to produce executable
FAIL: 30_threads/future/members/get2.cc (test for excess errors)
UNRESOLVED: 30_threads/future/members/get2.cc compilation failed to produce executable
FAIL: 30_threads/future/members/share.cc (test for excess errors)
UNRESOLVED: 30_threads/future/members/share.cc compilation failed to produce executable
FAIL: 30_threads/future/members/valid.cc (test for excess errors)
UNRESOLVED: 30_threads/future/members/valid.cc compilation failed to produce executable
FAIL: 30_threads/future/members/wait.cc (test for excess errors)
UNRESOLVED: 30_threads/future/members/wait.cc compilation failed to produce executable
FAIL: 30_threads/future/members/wait_for.cc (test for excess errors)
UNRESOLVED: 30_threads/future/members/wait_for.cc compilation failed to produce executable
FAIL: 30_threads/future/members/wait_until.cc (test for excess errors)
UNRESOLVED: 30_threads/future/members/wait_until.cc compilation failed to produce executable
FAIL: 30_threads/packaged_task/49668.cc (test for excess errors)
UNRESOLVED: 30_threads/packaged_task/49668.cc compilation failed to produce executable
FAIL: 30_threads/packaged_task/cons/3.cc (test for excess errors)
UNRESOLVED: 30_threads/packaged_task/cons/3.cc compilation failed to produce executable
FAIL: 30_threads/packaged_task/cons/alloc.cc (test for excess errors)
UNRESOLVED: 30_threads/packaged_task/cons/alloc.cc compilation failed to produce executable
FAIL: 30_threads/packaged_task/members/get_future.cc (test for excess errors)
UNRESOLVED: 30_threads/packaged_task/members/get_future.cc compilation failed to produce executable
FAIL: 30_threads/packaged_task/members/invoke.cc (test for excess errors)
UNRESOLVED: 30_threads/packaged_task/members/invoke.cc compilation failed to produce executable
FAIL: 30_threads/packaged_task/members/invoke2.cc (test for excess errors)
UNRESOLVED: 30_threads/packaged_task/members/invoke2.cc compilation failed to produce executable
FAIL: 30_threads/packaged_task/members/invoke3.cc (test for excess errors)
UNRESOLVED: 30_threads/packaged_task/members/invoke3.cc compilation failed to produce executable
FAIL: 30_threads/packaged_task/members/invoke4.cc (test for excess errors)
UNRESOLVED: 30_threads/packaged_task/members/invoke4.cc compilation failed to produce executable
FAIL: 30_threads/packaged_task/members/invoke5.cc (test for excess errors)
UNRESOLVED: 30_threads/packaged_task/members/invoke5.cc compilation failed to produce executable
FAIL: 30_threads/packaged_task/members/reset2.cc (test for excess errors)
UNRESOLVED: 30_threads/packaged_task/members/reset2.cc compilation failed to produce executable
FAIL: 30_threads/promise/cons/alloc.cc (test for excess errors)
UNRESOLVED: 30_threads/promise/cons/alloc.cc compilation failed to produce executable
FAIL: 30_threads/promise/cons/move.cc (test for excess errors)
UNRESOLVED: 30_threads/promise/cons/move.cc compilation failed to produce executable
FAIL: 30_threads/promise/cons/move_assign.cc (test for excess errors)
UNRESOLVED: 30_threads/promise/cons/move_assign.cc compilation failed to produce executable
FAIL: 30_threads/promise/members/get_future.cc (test for excess errors)
UNRESOLVED: 30_threads/promise/members/get_future.cc compilation failed to produce executable
FAIL: 30_threads/promise/members/set_exception.cc (test for excess errors)
UNRESOLVED: 30_threads/promise/members/set_exception.cc compilation failed to produce executable
FAIL: 30_threads/promise/members/set_exception2.cc (test for excess errors)
UNRESOLVED: 30_threads/promise/members/set_exception2.cc compilation failed to produce executable
FAIL: 30_threads/promise/members/set_value.cc (test for excess errors)
UNRESOLVED: 30_threads/promise/members/set_value.cc compilation failed to produce executable
FAIL: 30_threads/promise/members/set_value2.cc (test for excess errors)
UNRESOLVED: 30_threads/promise/members/set_value2.cc compilation failed to produce executable
FAIL: 30_threads/promise/members/set_value3.cc (test for excess errors)
UNRESOLVED: 30_threads/promise/members/set_value3.cc compilation failed to produce executable
FAIL: 30_threads/promise/members/swap.cc (test for excess errors)
UNRESOLVED: 30_threads/promise/members/swap.cc compilation failed to produce executable
FAIL: 30_threads/shared_future/members/get.cc (test for excess errors)
UNRESOLVED: 30_threads/shared_future/members/get.cc compilation failed to produce executable
FAIL: 30_threads/shared_future/members/get2.cc (test for excess errors)
UNRESOLVED: 30_threads/shared_future/members/get2.cc compilation failed to produce executable
FAIL: 30_threads/shared_future/members/valid.cc (test for excess errors)
UNRESOLVED: 30_threads/shared_future/members/valid.cc compilation failed to produce executable
FAIL: 30_threads/shared_future/members/wait.cc (test for excess errors)
UNRESOLVED: 30_threads/shared_future/members/wait.cc compilation failed to produce executable
FAIL: 30_threads/shared_future/members/wait_for.cc (test for excess errors)
UNRESOLVED: 30_threads/shared_future/members/wait_for.cc compilation failed to produce executable
FAIL: 30_threads/shared_future/members/wait_until.cc (test for excess errors)
UNRESOLVED: 30_threads/shared_future/members/wait_until.cc compilation failed to produce executable
FAIL: 30_threads/thread/native_handle/typesizes.cc execution test
=== libstdc++ Summary for unix/-m64 ===
# of expected passes 7550
# of unexpected failures 43
# of expected failures 46
# of unresolved testcases 42
# of unsupported tests 559
=== libstdc++ Summary ===
# of expected passes 15102
# of unexpected failures 86
# of expected failures 92
# of unresolved testcases 84
# of unsupported tests 1117
=== libstdc++ Summary ===
Compiler version: 4.7.0 20111104 (experimental) [trunk revision 180916] (GCC)
Platform: x86_64-apple-darwin10.8.0
configure flags: --prefix=/BUILD/gcc/180916 --target=x86_64-apple-darwin10.8.0 --host=x86_64-apple-darwin10.8.0 --build=x86_64-apple-darwin10.8.0 --with-tune=core2 --with-gmp=/opt/gnu --with-mpfr=/opt/gnu --with-mpc=/opt/gnu --with-ppl=/opt/gnu --with-cloog=/opt/gnu --enable-cloog-backend=isl --enable-languages=c,c++ --program-suffix=-trunk
BOOT_CFLAGS=-g -O2
More information about the Gcc-testresults
mailing list