Results for 4.7.0 20110528 (experimental) [trunk revision 174386r1] (GCC) testsuite on powerpc-apple-darwin9
Dominique Dhumieres
dominiq@lps.ens.fr
Mon May 30 08:36:00 GMT 2011
LAST_UPDATED: Updated Sun May 29 00:05:18 CEST 2011 to revision 174386
with revision 174286 reverted.
Native configuration is powerpc-apple-darwin9
=== g++ tests ===
Running target unix/-m32
FAIL: g++.dg/cpp0x/lambda/lambda-eh2.C execution test
FAIL: g++.dg/eh/simd-3.C execution test
FAIL: g++.dg/eh/simd-4.C execution test
FAIL: g++.dg/ext/alignof2.C execution test
WARNING: g++.dg/ext/label13.C compilation failed to produce executable
=== g++ Summary for unix/-m32 ===
# of expected passes 26816
# of unexpected failures 4
# of expected failures 157
# of unsupported tests 391
Running target unix/-m64
FAIL: g++.dg/cpp0x/lambda/lambda-eh2.C execution test
WARNING: g++.dg/ext/label13.C compilation failed to produce executable
=== g++ Summary for unix/-m64 ===
# of expected passes 27431
# of unexpected failures 1
# of expected failures 157
# of unsupported tests 388
=== g++ Summary ===
# of expected passes 54247
# of unexpected failures 5
# of expected failures 314
# of unsupported tests 779
/opt/gcc/darwin_buildw/gcc/testsuite/g++/../../g++ version 4.7.0 20110528 (experimental) [trunk revision 174386r1] (GCC)
=== gcc tests ===
Running target unix/-m32
FAIL: gcc.c-torture/compile/pr44707.c -O1 (test for excess errors)
FAIL: gcc.c-torture/compile/pr44707.c -O2 (test for excess errors)
FAIL: gcc.c-torture/compile/pr44707.c -O3 -fomit-frame-pointer (test for excess errors)
FAIL: gcc.c-torture/compile/pr44707.c -O3 -g (test for excess errors)
FAIL: gcc.c-torture/compile/pr44707.c -Os (test for excess errors)
FAIL: gcc.c-torture/compile/pr44707.c -O2 -flto -flto-partition=none (test for excess errors)
FAIL: gcc.c-torture/compile/pr44707.c -O2 -flto (test for excess errors)
FAIL: gcc.dg/20020103-1.c scan-assembler-not LC[0-9]
FAIL: gcc.dg/and-1.c scan-assembler-not nand
FAIL: gcc.dg/binop-xor1.c scan-tree-dump-times optimized "<bb[^>]*>" 5
FAIL: gcc.dg/binop-xor1.c scan-tree-dump-times optimized "\\^" 1
FAIL: gcc.dg/binop-xor3.c scan-tree-dump-times optimized "<bb[^>]*>" 1
FAIL: gcc.dg/binop-xor3.c scan-tree-dump-times optimized "\\^" 1
FAIL: gcc.dg/graphite/id-pr46845.c (test for excess errors)
XPASS: gcc.dg/tree-ssa/20030807-7.c scan-tree-dump-times vrp1 "if " 1
FAIL: gcc.dg/tree-ssa/ssa-dom-thread-4.c scan-tree-dump-times dom1 "Threaded" 3
FAIL: gcc.dg/tree-ssa/vrp47.c scan-tree-dump-times vrp1 "[xy][^ ]* !=" 0
FAIL: gcc.dg/tree-ssa/vrp47.c scan-tree-dump-times dom1 "x[^ ]* & y" 1
FAIL: gcc.dg/vect/pr49038.c (test for excess errors)
WARNING: gcc.dg/vect/pr49038.c compilation failed to produce executable
FAIL: gcc.dg/vect/pr49038.c -flto (test for excess errors)
WARNING: gcc.dg/vect/pr49038.c -flto compilation failed to produce executable
FAIL: gcc.target/powerpc/405-dlmzb-strlen-1.c scan-assembler dlmzb\\\\.
FAIL: gcc.target/powerpc/440-dlmzb-strlen-1.c scan-assembler dlmzb\\\\.
FAIL: gcc.target/powerpc/ppc-vector-memcpy.c scan-assembler lvx
=== gcc Summary for unix/-m32 ===
# of expected passes 74147
# of unexpected failures 22
# of unexpected successes 1
# of expected failures 208
# of unsupported tests 1187
Running target unix/-m64
FAIL: gcc.c-torture/compile/pr44707.c -O1 (test for excess errors)
FAIL: gcc.c-torture/compile/pr44707.c -O2 (test for excess errors)
FAIL: gcc.c-torture/compile/pr44707.c -O3 -fomit-frame-pointer (test for excess errors)
FAIL: gcc.c-torture/compile/pr44707.c -O3 -g (test for excess errors)
FAIL: gcc.c-torture/compile/pr44707.c -Os (test for excess errors)
FAIL: gcc.c-torture/compile/pr44707.c -O2 -flto -flto-partition=none (test for excess errors)
FAIL: gcc.c-torture/compile/pr44707.c -O2 -flto (test for excess errors)
FAIL: gcc.dg/and-1.c scan-assembler-not nand
FAIL: gcc.dg/binop-xor1.c scan-tree-dump-times optimized "<bb[^>]*>" 5
FAIL: gcc.dg/binop-xor1.c scan-tree-dump-times optimized "\\^" 1
FAIL: gcc.dg/binop-xor3.c scan-tree-dump-times optimized "<bb[^>]*>" 1
FAIL: gcc.dg/binop-xor3.c scan-tree-dump-times optimized "\\^" 1
FAIL: gcc.dg/graphite/id-pr46845.c (test for excess errors)
FAIL: gcc.dg/lto/20090116 c_lto_20090116_0.o-c_lto_20090116_0.o link, -O1 -flto -flto-partition=1to1 -fPIC (internal compiler error)
UNRESOLVED: gcc.dg/lto/20090116 c_lto_20090116_0.o-c_lto_20090116_0.o execute -O1 -flto -flto-partition=1to1 -fPIC
XPASS: gcc.dg/tree-ssa/20030807-7.c scan-tree-dump-times vrp1 "if " 1
FAIL: gcc.dg/tree-ssa/ssa-dom-thread-4.c scan-tree-dump-times dom1 "Threaded" 3
FAIL: gcc.dg/tree-ssa/vrp47.c scan-tree-dump-times vrp1 "[xy][^ ]* !=" 0
FAIL: gcc.dg/tree-ssa/vrp47.c scan-tree-dump-times dom1 "x[^ ]* & y" 1
FAIL: gcc.dg/vect/costmodel/ppc/costmodel-pr37194.c scan-tree-dump-times vect "vectorization not profitable" 1
FAIL: gcc.dg/vect/costmodel/ppc/costmodel-pr37194.c scan-tree-dump-times vect "vectorized 1 loops" 1
FAIL: gcc.dg/vect/pr49038.c (test for excess errors)
WARNING: gcc.dg/vect/pr49038.c compilation failed to produce executable
FAIL: gcc.dg/vect/vect-89.c scan-tree-dump-times vect "Alignment of access forced using peeling" 1
FAIL: gcc.dg/vect/pr49038.c -flto (test for excess errors)
WARNING: gcc.dg/vect/pr49038.c -flto compilation failed to produce executable
FAIL: gcc.dg/vect/vect-89.c -flto scan-tree-dump-times vect "Alignment of access forced using peeling" 1
FAIL: gcc.target/powerpc/optimize-bswapdi-3.c scan-assembler ldbrx
FAIL: gcc.target/powerpc/optimize-bswapdi-3.c scan-assembler stdbrx
FAIL: gcc.target/powerpc/ppc-vector-memcpy.c scan-assembler lvx
=== gcc Summary for unix/-m64 ===
# of expected passes 74659
# of unexpected failures 26
# of unexpected successes 1
# of expected failures 222
# of unresolved testcases 1
# of unsupported tests 1254
=== gcc Summary ===
# of expected passes 148806
# of unexpected failures 48
# of unexpected successes 2
# of expected failures 430
# of unresolved testcases 1
# of unsupported tests 2441
/opt/gcc/darwin_buildw/gcc/xgcc version 4.7.0 20110528 (experimental) [trunk revision 174386r1] (GCC)
=== gfortran tests ===
Running target unix/-m32
FAIL: gfortran.dg/large_real_kind_3.F90 -O0 execution test
=== gfortran Summary for unix/-m32 ===
# of expected passes 38691
# of unexpected failures 1
# of expected failures 85
# of unsupported tests 241
Running target unix/-m64
FAIL: gfortran.dg/large_real_kind_3.F90 -O0 execution test
=== gfortran Summary for unix/-m64 ===
# of expected passes 39017
# of unexpected failures 1
# of expected failures 91
# of unsupported tests 80
=== gfortran Summary ===
# of expected passes 77708
# of unexpected failures 2
# of expected failures 176
# of unsupported tests 321
/opt/gcc/darwin_buildw/gcc/testsuite/gfortran/../../gfortran version 4.7.0 20110528 (experimental) [trunk revision 174386r1] (GCC)
=== obj-c++ tests ===
Running target unix/-m32
FAIL: obj-c++.dg/exceptions-3.mm -fgnu-runtime (internal compiler error)
FAIL: obj-c++.dg/exceptions-3.mm -fgnu-runtime (test for excess errors)
FAIL: obj-c++.dg/exceptions-4.mm -fgnu-runtime (internal compiler error)
FAIL: obj-c++.dg/exceptions-4.mm -fgnu-runtime (test for excess errors)
FAIL: obj-c++.dg/exceptions-5.mm -fgnu-runtime (internal compiler error)
FAIL: obj-c++.dg/exceptions-5.mm -fgnu-runtime (test for excess errors)
FAIL: obj-c++.dg/fobjc-exceptions-1.mm -fgnu-runtime (internal compiler error)
FAIL: obj-c++.dg/fobjc-exceptions-1.mm -fgnu-runtime (test for excess errors)
FAIL: obj-c++.dg/fobjc-exceptions-2.mm -fgnu-runtime (internal compiler error)
FAIL: obj-c++.dg/fobjc-exceptions-2.mm -fgnu-runtime (test for excess errors)
FAIL: obj-c++.dg/fobjc-exceptions-3.mm -fgnu-runtime (internal compiler error)
FAIL: obj-c++.dg/fobjc-exceptions-3.mm -fgnu-runtime (test for excess errors)
FAIL: obj-c++.dg/try-catch-13.mm -fgnu-runtime (internal compiler error)
FAIL: obj-c++.dg/try-catch-13.mm -fgnu-runtime (test for excess errors)
FAIL: obj-c++.dg/try-catch-4.mm -fgnu-runtime (internal compiler error)
FAIL: obj-c++.dg/try-catch-4.mm -fgnu-runtime (test for excess errors)
=== obj-c++ Summary for unix/-m32 ===
# of expected passes 3085
# of unexpected failures 16
# of expected failures 2
# of unsupported tests 68
Running target unix/-m64
FAIL: obj-c++.dg/exceptions-3.mm -fgnu-runtime (internal compiler error)
FAIL: obj-c++.dg/exceptions-3.mm -fgnu-runtime (test for excess errors)
FAIL: obj-c++.dg/exceptions-4.mm -fgnu-runtime (internal compiler error)
FAIL: obj-c++.dg/exceptions-4.mm -fgnu-runtime (test for excess errors)
FAIL: obj-c++.dg/exceptions-5.mm -fgnu-runtime (internal compiler error)
FAIL: obj-c++.dg/exceptions-5.mm -fgnu-runtime (test for excess errors)
FAIL: obj-c++.dg/fobjc-exceptions-1.mm -fgnu-runtime (internal compiler error)
FAIL: obj-c++.dg/fobjc-exceptions-1.mm -fgnu-runtime (test for excess errors)
FAIL: obj-c++.dg/fobjc-exceptions-2.mm -fgnu-runtime (internal compiler error)
FAIL: obj-c++.dg/fobjc-exceptions-2.mm -fgnu-runtime (test for excess errors)
FAIL: obj-c++.dg/fobjc-exceptions-3.mm -fgnu-runtime (internal compiler error)
FAIL: obj-c++.dg/fobjc-exceptions-3.mm -fgnu-runtime (test for excess errors)
FAIL: obj-c++.dg/try-catch-13.mm -fgnu-runtime (internal compiler error)
FAIL: obj-c++.dg/try-catch-13.mm -fgnu-runtime (test for excess errors)
FAIL: obj-c++.dg/try-catch-4.mm -fgnu-runtime (internal compiler error)
FAIL: obj-c++.dg/try-catch-4.mm -fgnu-runtime (test for excess errors)
=== obj-c++ Summary for unix/-m64 ===
# of expected passes 3035
# of unexpected failures 16
# of expected failures 19
# of unsupported tests 73
=== obj-c++ Summary ===
# of expected passes 6120
# of unexpected failures 32
# of expected failures 21
# of unsupported tests 141
/opt/gcc/darwin_buildw/gcc/testsuite/obj-c++/../../g++ version 4.7.0 20110528 (experimental) [trunk revision 174386r1] (GCC)
=== objc tests ===
Running target unix/-m32
=== objc Summary for unix/-m32 ===
# of expected passes 6017
# of expected failures 14
# of unsupported tests 85
Running target unix/-m64
=== objc Summary for unix/-m64 ===
# of expected passes 5951
# of expected failures 18
# of unsupported tests 102
=== objc Summary ===
# of expected passes 11968
# of expected failures 32
# of unsupported tests 187
/opt/gcc/darwin_buildw/gcc/xgcc version 4.7.0 20110528 (experimental) [trunk revision 174386r1] (GCC)
=== boehm-gc tests ===
Running target unix/-m32
=== boehm-gc Summary for unix/-m32 ===
# of expected passes 12
# of unsupported tests 1
Running target unix/-m64
=== boehm-gc Summary for unix/-m64 ===
# of expected passes 12
# of unsupported tests 1
=== boehm-gc Summary ===
# of expected passes 24
# of unsupported tests 2
=== libffi tests ===
Running target unix/-m32
FAIL: libffi.call/nested_struct5.c -O0 -W -Wall execution test
FAIL: libffi.call/nested_struct5.c -O2 execution test
FAIL: libffi.call/nested_struct5.c -O3 execution test
FAIL: libffi.call/nested_struct5.c -Os execution test
FAIL: libffi.call/nested_struct5.c -O2 -fomit-frame-pointer execution test
=== libffi Summary for unix/-m32 ===
# of expected passes 1624
# of unexpected failures 5
# of expected failures 10
# of unsupported tests 15
Running target unix/-m64
=== libffi Summary for unix/-m64 ===
# of expected passes 1634
# of expected failures 10
# of unsupported tests 15
=== libffi Summary ===
# of expected passes 3258
# of unexpected failures 5
# of expected failures 20
# of unsupported tests 30
=== libgomp tests ===
Running target unix/-m32
=== libgomp Summary for unix/-m32 ===
# of expected passes 2632
# of unsupported tests 3
Running target unix/-m64
=== libgomp Summary for unix/-m64 ===
# of expected passes 2632
# of unsupported tests 3
=== libgomp Summary ===
# of expected passes 5264
# of unsupported tests 6
=== libjava tests ===
Running target unix/-m32
FAIL: Thread_Sleep_2 output - source compiled test
FAIL: Thread_Sleep_2 -findirect-dispatch output - source compiled test
FAIL: Thread_Sleep_2 -O3 output - source compiled test
FAIL: Thread_Sleep_2 -O3 -findirect-dispatch output - source compiled test
=== libjava Summary for unix/-m32 ===
# of expected passes 2570
# of unexpected failures 4
Running target unix/-m64
FAIL: PR16923 output
FAIL: Thread_Sleep_2 output - source compiled test
FAIL: Thread_Sleep_2 -O3 output - source compiled test
FAIL: Thread_Sleep_2 -O3 -findirect-dispatch output - source compiled test
=== libjava Summary for unix/-m64 ===
# of expected passes 2570
# of unexpected failures 4
=== libjava Summary ===
# of expected passes 5140
# of unexpected failures 8
=== libstdc++ tests ===
Running target unix/-m32
FAIL: ext/mt_allocator/deallocate_global_thread-1.cc execution test
FAIL: ext/mt_allocator/deallocate_global_thread-3.cc execution test
=== libstdc++ Summary for unix/-m32 ===
# of expected passes 7117
# of unexpected failures 2
# of expected failures 81
# of unsupported tests 692
Running target unix/-m64
FAIL: ext/mt_allocator/deallocate_global_thread-1.cc execution test
FAIL: ext/mt_allocator/deallocate_global_thread-3.cc execution test
=== libstdc++ Summary for unix/-m64 ===
# of expected passes 7115
# of unexpected failures 2
# of expected failures 81
# of unsupported tests 693
=== libstdc++ Summary ===
# of expected passes 14232
# of unexpected failures 4
# of expected failures 162
# of unsupported tests 1385
Compiler version: 4.7.0 20110528 (experimental) [trunk revision 174386r1] (GCC)
Platform: powerpc-apple-darwin9
configure flags: --prefix=/opt/gcc/gcc4.7w --target=powerpc-apple-darwin9 --host=powerpc-apple-darwin9 --build=powerpc-apple-darwin9 --enable-languages=c,c++,fortran,objc,obj-c++,java,lto --with-gmp=/sw --with-libiconv-prefix=/usr --with-system-zlib --with-cloog=/sw --enable-lto
More information about the Gcc-testresults
mailing list