Results for 4.7.0 20110528 (experimental) [trunk revision 174383] (GCC) testsuite on armv7l-unknown-linux-gnueabi
Robert Nelson
robertcnelson@gmail.com
Mon May 30 02:24:00 GMT 2011
LAST_UPDATED: Sat May 28 17:56:50 UTC 2011 (revision 174383)
Native configuration is armv7l-unknown-linux-gnueabi
=== libgomp tests ===
Running target unix
=== libgomp Summary ===
# of expected passes 312
# of unsupported tests 1
=== libmudflap tests ===
Running target unix
FAIL: libmudflap.c/fail40-frag.c output pattern test
FAIL: libmudflap.c/pass51-frag.c execution test
FAIL: libmudflap.c/pass51-frag.c execution test
FAIL: libmudflap.c/fail40-frag.c (-static) output pattern test
FAIL: libmudflap.c/pass51-frag.c (-static) execution test
FAIL: libmudflap.c/pass51-frag.c (-static) execution test
FAIL: libmudflap.c/fail40-frag.c (-O2) output pattern test
FAIL: libmudflap.c/pass51-frag.c (-O2) execution test
FAIL: libmudflap.c/pass51-frag.c (-O2) execution test
FAIL: libmudflap.c/fail40-frag.c (-O3) output pattern test
FAIL: libmudflap.c/pass51-frag.c (-O3) execution test
FAIL: libmudflap.c/pass51-frag.c (-O3) execution test
=== libmudflap Summary ===
# of expected passes 1728
# of unexpected failures 12
# of unsupported tests 2
=== gcc tests ===
Running target unix
FAIL: gcc.c-torture/execute/920302-1.c compilation, -O1 (internal compiler error)
UNRESOLVED: gcc.c-torture/execute/920302-1.c execution, -O1
FAIL: gcc.c-torture/execute/920302-1.c compilation, -O2 (internal compiler error)
UNRESOLVED: gcc.c-torture/execute/920302-1.c execution, -O2
FAIL: gcc.c-torture/execute/920302-1.c compilation, -O3 -fomit-frame-pointer (internal compiler error)
UNRESOLVED: gcc.c-torture/execute/920302-1.c execution, -O3 -fomit-frame-pointer
FAIL: gcc.c-torture/execute/920302-1.c compilation, -O3 -fomit-frame-pointer -funroll-loops (internal compiler error)
UNRESOLVED: gcc.c-torture/execute/920302-1.c execution, -O3 -fomit-frame-pointer -funroll-loops
FAIL: gcc.c-torture/execute/920302-1.c compilation, -O3 -fomit-frame-pointer -funroll-all-loops -finline-functions (internal compiler error)
UNRESOLVED: gcc.c-torture/execute/920302-1.c execution, -O3 -fomit-frame-pointer -funroll-all-loops -finline-functions
FAIL: gcc.c-torture/execute/920302-1.c compilation, -O3 -g (internal compiler error)
UNRESOLVED: gcc.c-torture/execute/920302-1.c execution, -O3 -g
FAIL: gcc.c-torture/execute/920302-1.c compilation, -Os (internal compiler error)
UNRESOLVED: gcc.c-torture/execute/920302-1.c execution, -Os
FAIL: gcc.c-torture/execute/920302-1.c compilation, -O2 -flto -flto-partition=none (internal compiler error)
UNRESOLVED: gcc.c-torture/execute/920302-1.c execution, -O2 -flto -flto-partition=none
FAIL: gcc.c-torture/execute/920302-1.c compilation, -O2 -flto (internal compiler error)
UNRESOLVED: gcc.c-torture/execute/920302-1.c execution, -O2 -flto
FAIL: gcc.dg/c99-stdint-1.c (test for excess errors)
FAIL: gcc.dg/c99-stdint-7.c (test for excess errors)
FAIL: gcc.dg/memcpy-3.c scan-tree-dump-not optimized "memcpy"
FAIL: gcc.dg/memcpy-3.c scan-tree-dump-times optimized "MEM" 1
FAIL: gcc.dg/uninit-13.c unconditional (test for warnings, line 8)
FAIL: gcc.dg/uninit-13.c (test for excess errors)
FAIL: gcc.dg/tls/pr45870.c (test for excess errors)
FAIL: gcc.dg/torture/stackalign/builtin-apply-4.c -O2 -flto -flto-partition=none execution test
FAIL: gcc.dg/torture/stackalign/builtin-apply-4.c -O2 -flto execution test
FAIL: gcc.dg/torture/stackalign/builtin-apply-4.c -O2 -flto -flto-partition=none execution test
FAIL: gcc.dg/torture/stackalign/builtin-apply-4.c -O2 -flto execution test
XPASS: gcc.dg/tree-ssa/20030807-7.c scan-tree-dump-times vrp1 "if " 1
XPASS: gcc.dg/tree-ssa/20040204-1.c scan-tree-dump-times optimized "link_error" 0
FAIL: gcc.dg/tree-ssa/pr42585.c scan-tree-dump-times optimized "struct _fat_ptr _ans" 0
FAIL: gcc.dg/tree-ssa/pr42585.c scan-tree-dump-times optimized "struct _fat_ptr _T2" 0
FAIL: gcc.dg/tree-ssa/vrp47.c scan-tree-dump-times dom1 "x[^ ]* & y" 1
XPASS: gcc.dg/vect/vect-16.c scan-tree-dump-times vect "vectorized 1 loops" 1
FAIL: gcc.dg/vect/vect-72.c scan-tree-dump-times vect "Alignment of access forced using peeling" 0
FAIL: gcc.dg/vect/vect-multitypes-11.c scan-tree-dump-times vect "vectorized 1 loops" 1
FAIL: gcc.dg/vect/vect-multitypes-12.c scan-tree-dump-times vect "vectorized 1 loops" 1
FAIL: gcc.dg/vect/vect-peel-3.c scan-tree-dump-times vect "Vectorizing an unaligned access" 1
FAIL: gcc.dg/vect/vect-peel-4.c scan-tree-dump-times vect "Vectorizing an unaligned access" 1
FAIL: gcc.dg/vect/vect-reduc-dot-s16b.c scan-tree-dump-times vect "vectorized 1 loops" 0
FAIL: gcc.dg/vect/vect-reduc-pattern-1a.c scan-tree-dump-times vect "vectorized 1 loops" 0
FAIL: gcc.dg/vect/vect-reduc-pattern-1b.c scan-tree-dump-times vect "vectorized 1 loops" 0
FAIL: gcc.dg/vect/vect-reduc-pattern-1c.c scan-tree-dump-times vect "vectorized 1 loops" 0
FAIL: gcc.dg/vect/vect-reduc-pattern-2a.c scan-tree-dump-times vect "vectorized 1 loops" 0
FAIL: gcc.dg/vect/vect-reduc-pattern-2b.c scan-tree-dump-times vect "vectorized 1 loops" 0
XPASS: gcc.dg/vect/slp-reduc-3.c scan-tree-dump-times vect "vectorizing stmts using SLP" 1
FAIL: gcc.dg/vect/bb-slp-10.c scan-tree-dump-times slp "unsupported alignment in basic block." 1
XPASS: gcc.dg/vect/vect-16.c -flto scan-tree-dump-times vect "vectorized 1 loops" 1
FAIL: gcc.dg/vect/vect-72.c -flto scan-tree-dump-times vect "Alignment of access forced using peeling" 0
FAIL: gcc.dg/vect/vect-multitypes-11.c -flto scan-tree-dump-times vect "vectorized 1 loops" 1
FAIL: gcc.dg/vect/vect-multitypes-12.c -flto scan-tree-dump-times vect "vectorized 1 loops" 1
FAIL: gcc.dg/vect/vect-peel-3.c -flto scan-tree-dump-times vect "Vectorizing an unaligned access" 1
FAIL: gcc.dg/vect/vect-peel-4.c -flto scan-tree-dump-times vect "Vectorizing an unaligned access" 1
FAIL: gcc.dg/vect/vect-reduc-dot-s16b.c -flto scan-tree-dump-times vect "vectorized 1 loops" 0
FAIL: gcc.dg/vect/vect-reduc-pattern-1a.c -flto scan-tree-dump-times vect "vectorized 1 loops" 0
FAIL: gcc.dg/vect/vect-reduc-pattern-1b.c -flto scan-tree-dump-times vect "vectorized 1 loops" 0
FAIL: gcc.dg/vect/vect-reduc-pattern-1c.c -flto scan-tree-dump-times vect "vectorized 1 loops" 0
FAIL: gcc.dg/vect/vect-reduc-pattern-2a.c -flto scan-tree-dump-times vect "vectorized 1 loops" 0
FAIL: gcc.dg/vect/vect-reduc-pattern-2b.c -flto scan-tree-dump-times vect "vectorized 1 loops" 0
XPASS: gcc.dg/vect/slp-reduc-3.c -flto scan-tree-dump-times vect "vectorizing stmts using SLP" 1
FAIL: gcc.dg/vect/bb-slp-10.c -flto scan-tree-dump-times slp "unsupported alignment in basic block." 1
FAIL: gcc.dg/vect/wrapv-vect-reduc-pattern-2c.c scan-tree-dump-times vect "vectorized 1 loops" 0
XPASS: gcc.dg/vect/no-scevccp-outer-16.c scan-tree-dump-times vect "OUTER LOOP VECTORIZED." 1
XPASS: gcc.dg/vect/no-scevccp-outer-17.c scan-tree-dump-times vect "OUTER LOOP VECTORIZED." 1
XPASS: gcc.dg/vect/no-scevccp-outer-19.c scan-tree-dump-times vect "OUTER LOOP VECTORIZED." 1
XPASS: gcc.dg/vect/no-scevccp-outer-21.c scan-tree-dump-times vect "OUTER LOOP VECTORIZED." 1
FAIL: gcc.target/arm/pr42093.c scan-assembler-not tbb
FAIL: gcc.target/arm/pr42575.c scan-assembler-not mov
=== gcc Summary ===
# of expected passes 76346
# of unexpected failures 50
# of unexpected successes 10
# of expected failures 229
# of unresolved testcases 9
# of unsupported tests 1012
/var/builds/opt/trunk/objdir/gcc/xgcc version 4.7.0 20110528 (experimental) [trunk revision 174383] (GCC)
Compiler version: 4.7.0 20110528 (experimental) [trunk revision 174383] (GCC)
Platform: armv7l-unknown-linux-gnueabi
configure flags: --prefix=/opt/install-gcc-trunk --enable-languages=c --with-cpu=cortex-a8 --with-fpu=vfpv3 --with-float=softfp
Build Logs: http://rcn-ee.homeip.net:81/dl/gcc/
More information about the Gcc-testresults
mailing list