Results for 4.7.0 20110526 (experimental) (GCC) testsuite on s390x-ibm-linux-gnu default
Andreas Krebbel
Andreas.Krebbel@de.ibm.com
Thu May 26 05:02:00 GMT 2011
LAST_UPDATED: Thu May 26 00:30:52 UTC 2011 (revision 174252)
Native configuration is s390x-ibm-linux-gnu default
=== g++ tests ===
Running target unix
XPASS: g++.dg/tree-ssa/pr43411.C scan-tree-dump-not optimized "OBJ_TYPE_REF"
=== g++ Summary ===
# of expected passes 27612
# of unexpected successes 1
# of expected failures 160
# of unsupported tests 407
-default/gcc/testsuite/g++/../../g++ version 4.7.0 20110526 (experimental) (GCC)
=== gcc tests ===
Running target unix
FAIL: gcc.dg/binop-xor1.c scan-tree-dump-times optimized "<bb[^>]*>" 5
FAIL: gcc.dg/binop-xor1.c scan-tree-dump-times optimized "\\^" 1
FAIL: gcc.dg/binop-xor3.c scan-tree-dump-times optimized "<bb[^>]*>" 1
FAIL: gcc.dg/binop-xor3.c scan-tree-dump-times optimized "\\^" 1
FAIL: gcc.dg/march.c (test for excess errors)
FAIL: gcc.dg/uninit-13.c unconditional (test for warnings, line 8)
FAIL: gcc.dg/uninit-13.c (test for excess errors)
FAIL: gcc.dg/guality/asm-1.c -O1 line 14 f == 14
FAIL: gcc.dg/guality/asm-1.c -O2 line 14 f == 14
FAIL: gcc.dg/guality/asm-1.c -O3 -fomit-frame-pointer line 14 f == 14
FAIL: gcc.dg/guality/asm-1.c -O3 -g line 14 f == 14
FAIL: gcc.dg/guality/asm-1.c -Os line 14 f == 14
FAIL: gcc.dg/guality/asm-1.c -O2 -flto -flto-partition=none line 14 f == 14
FAIL: gcc.dg/guality/asm-1.c -O2 -flto line 14 f == 14
XPASS: gcc.dg/guality/example.c -O0 execution test
XPASS: gcc.dg/guality/guality.c -O0 execution test
XPASS: gcc.dg/guality/inline-params.c -O2 execution test
XPASS: gcc.dg/guality/inline-params.c -O3 -fomit-frame-pointer execution test
XPASS: gcc.dg/guality/inline-params.c -O3 -g execution test
XPASS: gcc.dg/guality/inline-params.c -Os execution test
XPASS: gcc.dg/guality/pr41353-1.c -O0 line 28 j == 28 + 37
FAIL: gcc.dg/guality/pr41353-1.c -O1 line 17 vari1 == 2 * 17
FAIL: gcc.dg/guality/pr41353-1.c -O1 line 17 vari2 == 3 * 17
FAIL: gcc.dg/guality/pr41353-1.c -O1 line 17 vari3 == 2 * 17
FAIL: gcc.dg/guality/pr41353-1.c -O1 line 17 vari4 == 3 * 17
FAIL: gcc.dg/guality/pr41353-1.c -O1 line 17 vari5 == 4 * 17
FAIL: gcc.dg/guality/pr41353-1.c -O1 line 17 vari6 == 5 * 17
FAIL: gcc.dg/guality/pr41353-1.c -O1 line 39 i1 == 2 * 12
FAIL: gcc.dg/guality/pr41353-1.c -O1 line 39 i2 == 2 * 12
FAIL: gcc.dg/guality/pr41353-1.c -O1 line 39 i3 == 3 * 12
FAIL: gcc.dg/guality/pr41353-1.c -O2 line 17 vari1 == 2 * 17
FAIL: gcc.dg/guality/pr41353-1.c -O2 line 17 vari2 == 3 * 17
FAIL: gcc.dg/guality/pr41353-1.c -O2 line 17 vari3 == 2 * 17
FAIL: gcc.dg/guality/pr41353-1.c -O2 line 17 vari4 == 3 * 17
FAIL: gcc.dg/guality/pr41353-1.c -O2 line 17 vari5 == 4 * 17
FAIL: gcc.dg/guality/pr41353-1.c -O2 line 17 vari6 == 5 * 17
FAIL: gcc.dg/guality/pr41353-1.c -O2 line 39 i1 == 2 * 12
FAIL: gcc.dg/guality/pr41353-1.c -O2 line 39 i2 == 2 * 12
FAIL: gcc.dg/guality/pr41353-1.c -O2 line 39 i3 == 3 * 12
FAIL: gcc.dg/guality/pr41353-1.c -O3 -fomit-frame-pointer line 17 vari1 == 2 * 17
FAIL: gcc.dg/guality/pr41353-1.c -O3 -fomit-frame-pointer line 17 vari2 == 3 * 17
FAIL: gcc.dg/guality/pr41353-1.c -O3 -fomit-frame-pointer line 17 vari3 == 2 * 17
FAIL: gcc.dg/guality/pr41353-1.c -O3 -fomit-frame-pointer line 17 vari4 == 3 * 17
FAIL: gcc.dg/guality/pr41353-1.c -O3 -fomit-frame-pointer line 17 vari5 == 4 * 17
FAIL: gcc.dg/guality/pr41353-1.c -O3 -fomit-frame-pointer line 17 vari6 == 5 * 17
FAIL: gcc.dg/guality/pr41353-1.c -O3 -fomit-frame-pointer line 39 i1 == 2 * 12
FAIL: gcc.dg/guality/pr41353-1.c -O3 -fomit-frame-pointer line 39 i2 == 2 * 12
FAIL: gcc.dg/guality/pr41353-1.c -O3 -fomit-frame-pointer line 39 i3 == 3 * 12
FAIL: gcc.dg/guality/pr41353-1.c -O3 -g line 17 vari1 == 2 * 17
FAIL: gcc.dg/guality/pr41353-1.c -O3 -g line 17 vari2 == 3 * 17
FAIL: gcc.dg/guality/pr41353-1.c -O3 -g line 17 vari3 == 2 * 17
FAIL: gcc.dg/guality/pr41353-1.c -O3 -g line 17 vari4 == 3 * 17
FAIL: gcc.dg/guality/pr41353-1.c -O3 -g line 17 vari5 == 4 * 17
FAIL: gcc.dg/guality/pr41353-1.c -O3 -g line 17 vari6 == 5 * 17
FAIL: gcc.dg/guality/pr41353-1.c -O3 -g line 39 i1 == 2 * 12
FAIL: gcc.dg/guality/pr41353-1.c -O3 -g line 39 i2 == 2 * 12
FAIL: gcc.dg/guality/pr41353-1.c -O3 -g line 39 i3 == 3 * 12
FAIL: gcc.dg/guality/pr41353-1.c -Os line 17 vari1 == 2 * 17
FAIL: gcc.dg/guality/pr41353-1.c -Os line 17 vari2 == 3 * 17
FAIL: gcc.dg/guality/pr41353-1.c -Os line 17 vari3 == 2 * 17
FAIL: gcc.dg/guality/pr41353-1.c -Os line 17 vari4 == 3 * 17
FAIL: gcc.dg/guality/pr41353-1.c -Os line 17 vari5 == 4 * 17
FAIL: gcc.dg/guality/pr41353-1.c -Os line 17 vari6 == 5 * 17
FAIL: gcc.dg/guality/pr41353-1.c -Os line 39 i1 == 2 * 12
FAIL: gcc.dg/guality/pr41353-1.c -Os line 39 i2 == 2 * 12
FAIL: gcc.dg/guality/pr41353-1.c -Os line 39 i3 == 3 * 12
FAIL: gcc.dg/guality/pr41353-1.c -O2 -flto -flto-partition=none line 17 vari1 == 2 * 17
FAIL: gcc.dg/guality/pr41353-1.c -O2 -flto -flto-partition=none line 17 vari2 == 3 * 17
FAIL: gcc.dg/guality/pr41353-1.c -O2 -flto -flto-partition=none line 17 vari3 == 2 * 17
FAIL: gcc.dg/guality/pr41353-1.c -O2 -flto -flto-partition=none line 17 vari4 == 3 * 17
FAIL: gcc.dg/guality/pr41353-1.c -O2 -flto -flto-partition=none line 17 vari5 == 4 * 17
FAIL: gcc.dg/guality/pr41353-1.c -O2 -flto -flto-partition=none line 17 vari6 == 5 * 17
FAIL: gcc.dg/guality/pr41353-1.c -O2 -flto -flto-partition=none line 39 i1 == 2 * 12
FAIL: gcc.dg/guality/pr41353-1.c -O2 -flto -flto-partition=none line 39 i2 == 2 * 12
FAIL: gcc.dg/guality/pr41353-1.c -O2 -flto -flto-partition=none line 39 i3 == 3 * 12
FAIL: gcc.dg/guality/pr41353-1.c -O2 -flto line 17 vari1 == 2 * 17
FAIL: gcc.dg/guality/pr41353-1.c -O2 -flto line 17 vari2 == 3 * 17
FAIL: gcc.dg/guality/pr41353-1.c -O2 -flto line 17 vari3 == 2 * 17
FAIL: gcc.dg/guality/pr41353-1.c -O2 -flto line 17 vari4 == 3 * 17
FAIL: gcc.dg/guality/pr41353-1.c -O2 -flto line 17 vari5 == 4 * 17
FAIL: gcc.dg/guality/pr41353-1.c -O2 -flto line 17 vari6 == 5 * 17
FAIL: gcc.dg/guality/pr41353-1.c -O2 -flto line 39 i1 == 2 * 12
FAIL: gcc.dg/guality/pr41353-1.c -O2 -flto line 39 i2 == 2 * 12
FAIL: gcc.dg/guality/pr41353-1.c -O2 -flto line 39 i3 == 3 * 12
FAIL: gcc.dg/guality/pr41353-2.c -O1 line 13 vari1 == 2 * 17
FAIL: gcc.dg/guality/pr41353-2.c -O1 line 13 vari2 == 3 * 17
FAIL: gcc.dg/guality/pr41353-2.c -O2 line 13 vari1 == 2 * 17
FAIL: gcc.dg/guality/pr41353-2.c -O2 line 13 vari2 == 3 * 17
FAIL: gcc.dg/guality/pr41353-2.c -O3 -fomit-frame-pointer line 13 vari1 == 2 * 17
FAIL: gcc.dg/guality/pr41353-2.c -O3 -fomit-frame-pointer line 13 vari2 == 3 * 17
FAIL: gcc.dg/guality/pr41353-2.c -O3 -g line 13 vari1 == 2 * 17
FAIL: gcc.dg/guality/pr41353-2.c -O3 -g line 13 vari2 == 3 * 17
FAIL: gcc.dg/guality/pr41353-2.c -Os line 13 vari1 == 2 * 17
FAIL: gcc.dg/guality/pr41353-2.c -Os line 13 vari2 == 3 * 17
FAIL: gcc.dg/guality/pr41353-2.c -O2 -flto -flto-partition=none line 13 vari1 == 2 * 17
FAIL: gcc.dg/guality/pr41353-2.c -O2 -flto -flto-partition=none line 13 vari2 == 3 * 17
FAIL: gcc.dg/guality/pr41353-2.c -O2 -flto line 13 vari1 == 2 * 17
FAIL: gcc.dg/guality/pr41353-2.c -O2 -flto line 13 vari2 == 3 * 17
XPASS: gcc.dg/guality/pr41447-1.c -O0 execution test
XPASS: gcc.dg/guality/pr41447-1.c -O1 execution test
XPASS: gcc.dg/guality/pr41447-1.c -O2 execution test
XPASS: gcc.dg/guality/pr41447-1.c -O3 -fomit-frame-pointer execution test
XPASS: gcc.dg/guality/pr41447-1.c -O3 -g execution test
XPASS: gcc.dg/guality/pr41447-1.c -Os execution test
XPASS: gcc.dg/guality/pr41616-1.c -O0 execution test
XPASS: gcc.dg/guality/pr41616-1.c -O1 execution test
XPASS: gcc.dg/guality/pr41616-1.c -O2 execution test
XPASS: gcc.dg/guality/pr41616-1.c -O3 -fomit-frame-pointer execution test
XPASS: gcc.dg/guality/pr41616-1.c -O3 -g execution test
XPASS: gcc.dg/guality/pr41616-1.c -Os execution test
FAIL: gcc.dg/guality/pr43077-1.c -O0 line 42 b == 2
FAIL: gcc.dg/guality/pr43077-1.c -O0 line 42 c == 3
FAIL: gcc.dg/guality/pr43077-1.c -O0 line 42 varb == 2
FAIL: gcc.dg/guality/pr43077-1.c -O0 line 42 varc == 3
FAIL: gcc.dg/guality/pr43077-1.c -O1 line 19 vara == 1
FAIL: gcc.dg/guality/pr43077-1.c -O1 line 42 b == 2
FAIL: gcc.dg/guality/pr43077-1.c -O1 line 42 varb == 2
FAIL: gcc.dg/guality/pr43077-1.c -O2 line 19 vara == 1
FAIL: gcc.dg/guality/pr43077-1.c -O2 line 42 b == 2
FAIL: gcc.dg/guality/pr43077-1.c -O2 line 42 varb == 2
FAIL: gcc.dg/guality/pr43077-1.c -O3 -fomit-frame-pointer line 19 vara == 1
FAIL: gcc.dg/guality/pr43077-1.c -O3 -fomit-frame-pointer line 42 b == 2
FAIL: gcc.dg/guality/pr43077-1.c -O3 -fomit-frame-pointer line 42 varb == 2
FAIL: gcc.dg/guality/pr43077-1.c -O3 -g line 19 vara == 1
FAIL: gcc.dg/guality/pr43077-1.c -O3 -g line 42 b == 2
FAIL: gcc.dg/guality/pr43077-1.c -O3 -g line 42 varb == 2
FAIL: gcc.dg/guality/pr43077-1.c -Os line 19 vara == 1
FAIL: gcc.dg/guality/pr43077-1.c -Os line 42 b == 2
FAIL: gcc.dg/guality/pr43077-1.c -Os line 42 varb == 2
FAIL: gcc.dg/guality/pr43077-1.c -O2 -flto -flto-partition=none line 19 vara == 1
FAIL: gcc.dg/guality/pr43077-1.c -O2 -flto -flto-partition=none line 42 b == 2
FAIL: gcc.dg/guality/pr43077-1.c -O2 -flto -flto-partition=none line 42 varb == 2
FAIL: gcc.dg/guality/pr43077-1.c -O2 -flto line 19 vara == 1
FAIL: gcc.dg/guality/pr43077-1.c -O2 -flto line 42 b == 2
FAIL: gcc.dg/guality/pr43077-1.c -O2 -flto line 42 varb == 2
FAIL: gcc.dg/guality/pr43177.c -O1 line 24 x == 7
FAIL: gcc.dg/guality/pr43177.c -O2 line 24 x == 7
FAIL: gcc.dg/guality/pr43177.c -O3 -fomit-frame-pointer line 24 x == 7
FAIL: gcc.dg/guality/pr43177.c -O3 -g line 24 x == 7
FAIL: gcc.dg/guality/pr43177.c -Os line 24 x == 7
FAIL: gcc.dg/guality/pr43177.c -O2 -flto -flto-partition=none line 24 x == 7
FAIL: gcc.dg/guality/pr43177.c -O2 -flto line 24 x == 7
FAIL: gcc.dg/guality/vla-1.c -O1 line 17 i == 5
FAIL: gcc.dg/guality/vla-1.c -O2 -flto -flto-partition=none line 24 sizeof (a) == 17 * sizeof (short)
FAIL: gcc.dg/guality/vla-1.c -O2 -flto line 24 sizeof (a) == 17 * sizeof (short)
FAIL: gcc.dg/guality/vla-2.c -O2 -flto -flto-partition=none line 16 sizeof (a) == 5 * sizeof (int)
FAIL: gcc.dg/guality/vla-2.c -O2 -flto -flto-partition=none line 25 sizeof (a) == 6 * sizeof (int)
FAIL: gcc.dg/guality/vla-2.c -O2 -flto line 16 sizeof (a) == 5 * sizeof (int)
FAIL: gcc.dg/guality/vla-2.c -O2 -flto line 25 sizeof (a) == 6 * sizeof (int)
FAIL: gcc.dg/torture/tls/run-gd.c -O0 (internal compiler error)
FAIL: gcc.dg/torture/tls/run-gd.c -O0 (test for excess errors)
WARNING: gcc.dg/torture/tls/run-gd.c -O0 compilation failed to produce executable
FAIL: gcc.dg/torture/tls/run-gd.c -O1 (internal compiler error)
FAIL: gcc.dg/torture/tls/run-gd.c -O1 (test for excess errors)
WARNING: gcc.dg/torture/tls/run-gd.c -O1 compilation failed to produce executable
FAIL: gcc.dg/torture/tls/run-gd.c -O2 (internal compiler error)
FAIL: gcc.dg/torture/tls/run-gd.c -O2 (test for excess errors)
WARNING: gcc.dg/torture/tls/run-gd.c -O2 compilation failed to produce executable
FAIL: gcc.dg/torture/tls/run-gd.c -O3 -fomit-frame-pointer (internal compiler error)
FAIL: gcc.dg/torture/tls/run-gd.c -O3 -fomit-frame-pointer (test for excess errors)
WARNING: gcc.dg/torture/tls/run-gd.c -O3 -fomit-frame-pointer compilation failed to produce executable
FAIL: gcc.dg/torture/tls/run-gd.c -O3 -g (internal compiler error)
FAIL: gcc.dg/torture/tls/run-gd.c -O3 -g (test for excess errors)
WARNING: gcc.dg/torture/tls/run-gd.c -O3 -g compilation failed to produce executable
FAIL: gcc.dg/torture/tls/run-gd.c -Os (internal compiler error)
FAIL: gcc.dg/torture/tls/run-gd.c -Os (test for excess errors)
WARNING: gcc.dg/torture/tls/run-gd.c -Os compilation failed to produce executable
FAIL: gcc.dg/torture/tls/run-gd.c -O2 -flto -flto-partition=none (internal compiler error)
FAIL: gcc.dg/torture/tls/run-gd.c -O2 -flto -flto-partition=none (test for excess errors)
WARNING: gcc.dg/torture/tls/run-gd.c -O2 -flto -flto-partition=none compilation failed to produce executable
FAIL: gcc.dg/torture/tls/run-gd.c -O2 -flto (internal compiler error)
FAIL: gcc.dg/torture/tls/run-gd.c -O2 -flto (test for excess errors)
WARNING: gcc.dg/torture/tls/run-gd.c -O2 -flto compilation failed to produce executable
FAIL: gcc.dg/torture/tls/run-ld.c -O0 (internal compiler error)
FAIL: gcc.dg/torture/tls/run-ld.c -O0 (test for excess errors)
WARNING: gcc.dg/torture/tls/run-ld.c -O0 compilation failed to produce executable
FAIL: gcc.dg/torture/tls/run-ld.c -O1 (internal compiler error)
FAIL: gcc.dg/torture/tls/run-ld.c -O1 (test for excess errors)
WARNING: gcc.dg/torture/tls/run-ld.c -O1 compilation failed to produce executable
FAIL: gcc.dg/torture/tls/run-ld.c -O2 (internal compiler error)
FAIL: gcc.dg/torture/tls/run-ld.c -O2 (test for excess errors)
WARNING: gcc.dg/torture/tls/run-ld.c -O2 compilation failed to produce executable
FAIL: gcc.dg/torture/tls/run-ld.c -O3 -fomit-frame-pointer (internal compiler error)
FAIL: gcc.dg/torture/tls/run-ld.c -O3 -fomit-frame-pointer (test for excess errors)
WARNING: gcc.dg/torture/tls/run-ld.c -O3 -fomit-frame-pointer compilation failed to produce executable
FAIL: gcc.dg/torture/tls/run-ld.c -O3 -g (internal compiler error)
FAIL: gcc.dg/torture/tls/run-ld.c -O3 -g (test for excess errors)
WARNING: gcc.dg/torture/tls/run-ld.c -O3 -g compilation failed to produce executable
FAIL: gcc.dg/torture/tls/run-ld.c -Os (internal compiler error)
FAIL: gcc.dg/torture/tls/run-ld.c -Os (test for excess errors)
WARNING: gcc.dg/torture/tls/run-ld.c -Os compilation failed to produce executable
FAIL: gcc.dg/torture/tls/run-ld.c -O2 -flto -flto-partition=none (internal compiler error)
FAIL: gcc.dg/torture/tls/run-ld.c -O2 -flto -flto-partition=none (test for excess errors)
WARNING: gcc.dg/torture/tls/run-ld.c -O2 -flto -flto-partition=none compilation failed to produce executable
FAIL: gcc.dg/torture/tls/run-ld.c -O2 -flto (internal compiler error)
FAIL: gcc.dg/torture/tls/run-ld.c -O2 -flto (test for excess errors)
WARNING: gcc.dg/torture/tls/run-ld.c -O2 -flto compilation failed to produce executable
FAIL: gcc.dg/tree-prof/bb-reorg.c compilation, -fprofile-use -D_PROFILE_USE
UNRESOLVED: gcc.dg/tree-prof/bb-reorg.c execution, -fprofile-use -D_PROFILE_USE
XPASS: gcc.dg/tree-ssa/20030807-7.c scan-tree-dump-times vrp1 "if " 1
XPASS: gcc.dg/tree-ssa/20040204-1.c scan-tree-dump-times optimized "link_error" 0
FAIL: gcc.dg/tree-ssa/ssa-dom-thread-4.c scan-tree-dump-times dom1 "Threaded" 3
=== gcc Summary ===
# of expected passes 71171
# of unexpected failures 164
# of unexpected successes 21
# of expected failures 123
# of unresolved testcases 1
# of unsupported tests 1329
-default/gcc/xgcc version 4.7.0 20110526 (experimental) (GCC)
=== gfortran tests ===
Running target unix
=== gfortran Summary ===
# of expected passes 38411
# of expected failures 41
# of unsupported tests 73
-default/gcc/testsuite/gfortran/../../gfortran version 4.7.0 20110526 (experimental) (GCC)
=== objc tests ===
Running target unix
FAIL: objc.dg/bitfield-1.m -fgnu-runtime execution test
FAIL: objc.dg/call-super-1.m -fgnu-runtime execution test
FAIL: objc.dg/call-super-3.m -fgnu-runtime execution test
FAIL: objc.dg/category-1.m -fgnu-runtime execution test
FAIL: objc.dg/defs.m -fgnu-runtime execution test
FAIL: objc.dg/demangle-1.m -fgnu-runtime execution test
FAIL: objc.dg/desig-init-1.m -fgnu-runtime execution test
FAIL: objc.dg/encode-2.m -fgnu-runtime execution test
FAIL: objc.dg/exceptions-2.m -fgnu-runtime execution test
FAIL: objc.dg/foreach-1.m -fgnu-runtime execution test
FAIL: objc.dg/foreach-2.m -fgnu-runtime execution test
FAIL: objc.dg/foreach-4.m -fgnu-runtime execution test
FAIL: objc.dg/foreach-5.m -fgnu-runtime execution test
FAIL: objc.dg/func-ptr-1.m -fgnu-runtime execution test
FAIL: objc.dg/func-ptr-2.m -fgnu-runtime execution test
FAIL: objc.dg/gnu-api-2-class.m -fgnu-runtime execution test
FAIL: objc.dg/gnu-api-2-method.m -fgnu-runtime execution test
FAIL: objc.dg/gnu-api-2-objc.m -fgnu-runtime execution test
FAIL: objc.dg/gnu-api-2-objc_msg_lookup.m -fgnu-runtime execution test
FAIL: objc.dg/gnu-api-2-object.m -fgnu-runtime execution test
FAIL: objc.dg/gnu-api-2-resolve-method.m -fgnu-runtime execution test
FAIL: objc.dg/gnu-runtime-3.m -fgnu-runtime execution test
FAIL: objc.dg/lookup-1.m -fgnu-runtime execution test
FAIL: objc.dg/method-10.m -fgnu-runtime execution test
FAIL: objc.dg/method-13.m -fgnu-runtime execution test
FAIL: objc.dg/method-20b.m -fgnu-runtime execution test
FAIL: objc.dg/method-3.m -fgnu-runtime execution test
FAIL: objc.dg/stret-1.m -fgnu-runtime execution test
FAIL: objc.dg/super-class-3.m -fgnu-runtime execution test
FAIL: objc.dg/va-meth-1.m -fgnu-runtime execution test
FAIL: objc.dg/lto/trivial-1 objc_lto_trivial-1_0.o-objc_lto_trivial-1_0.o execute -O0 -flto -fgnu-runtime
FAIL: objc.dg/lto/trivial-1 objc_lto_trivial-1_0.o-objc_lto_trivial-1_0.o execute -O2 -flto -fgnu-runtime
FAIL: objc.dg/lto/trivial-1 objc_lto_trivial-1_0.o-objc_lto_trivial-1_0.o execute -O0 -flto -flto-partition=none -fgnu-runtime
FAIL: objc.dg/lto/trivial-1 objc_lto_trivial-1_0.o-objc_lto_trivial-1_0.o execute -O2 -flto -flto-partition=none -fgnu-runtime
FAIL: objc.dg/property/at-property-10.m -fgnu-runtime execution test
FAIL: objc.dg/property/at-property-11.m -fgnu-runtime execution test
FAIL: objc.dg/property/at-property-12.m -fgnu-runtime execution test
FAIL: objc.dg/property/at-property-13.m -fgnu-runtime execution test
FAIL: objc.dg/property/at-property-19.m -fgnu-runtime execution test
FAIL: objc.dg/property/at-property-22.m -fgnu-runtime execution test
FAIL: objc.dg/property/at-property-24.m -fgnu-runtime execution test
FAIL: objc.dg/property/at-property-26.m -fgnu-runtime execution test
FAIL: objc.dg/property/at-property-27.m -fgnu-runtime execution test
FAIL: objc.dg/property/at-property-6.m -fgnu-runtime execution test
FAIL: objc.dg/property/at-property-7.m -fgnu-runtime execution test
FAIL: objc.dg/property/at-property-8.m -fgnu-runtime execution test
FAIL: objc.dg/property/at-property-9.m -fgnu-runtime execution test
FAIL: objc.dg/property/dotsyntax-1.m -fgnu-runtime execution test
FAIL: objc.dg/property/dotsyntax-10.m -fgnu-runtime execution test
FAIL: objc.dg/property/dotsyntax-12.m -fgnu-runtime execution test
FAIL: objc.dg/property/dotsyntax-13.m -fgnu-runtime execution test
FAIL: objc.dg/property/dotsyntax-16.m -fgnu-runtime execution test
FAIL: objc.dg/property/dotsyntax-18.m -fgnu-runtime execution test
FAIL: objc.dg/property/dotsyntax-19.m -fgnu-runtime execution test
FAIL: objc.dg/property/dotsyntax-2.m -fgnu-runtime execution test
FAIL: objc.dg/property/dotsyntax-21.m -fgnu-runtime execution test
FAIL: objc.dg/property/dotsyntax-3.m -fgnu-runtime execution test
FAIL: objc.dg/property/dotsyntax-5.m -fgnu-runtime execution test
FAIL: objc.dg/property/dotsyntax-6.m -fgnu-runtime execution test
FAIL: objc.dg/property/dotsyntax-7.m -fgnu-runtime execution test
FAIL: objc.dg/property/dotsyntax-8.m -fgnu-runtime execution test
FAIL: objc.dg/property/dotsyntax-9.m -fgnu-runtime execution test
FAIL: objc.dg/property/dynamic-5.m -fgnu-runtime execution test
FAIL: objc.dg/property/fsf-property-basic.m -fgnu-runtime execution test
FAIL: objc.dg/property/fsf-property-method-access.m -fgnu-runtime execution test
FAIL: objc.dg/property/fsf-property-named-ivar.m -fgnu-runtime execution test
FAIL: objc.dg/property/property-1.m -fgnu-runtime execution test
FAIL: objc.dg/property/synthesize-10.m -fgnu-runtime execution test
FAIL: objc.dg/property/synthesize-2.m -fgnu-runtime execution test
FAIL: objc.dg/property/synthesize-3.m -fgnu-runtime execution test
FAIL: objc.dg/property/synthesize-4.m -fgnu-runtime execution test
FAIL: objc.dg/property/synthesize-7.m -fgnu-runtime execution test
FAIL: objc.dg/torture/trivial.m -O0 -fgnu-runtime execution test
FAIL: objc.dg/torture/trivial.m -O1 -fgnu-runtime execution test
FAIL: objc.dg/torture/trivial.m -O2 -fgnu-runtime execution test
FAIL: objc.dg/torture/trivial.m -O3 -fomit-frame-pointer -fgnu-runtime execution test
FAIL: objc.dg/torture/trivial.m -O3 -g -fgnu-runtime execution test
FAIL: objc.dg/torture/trivial.m -Os -fgnu-runtime execution test
FAIL: objc.dg/torture/trivial.m -O2 -flto -flto-partition=none -fgnu-runtime execution test
FAIL: objc.dg/torture/trivial.m -O2 -flto -fgnu-runtime execution test
FAIL: objc.dg/torture/tls/thr-init-3.m -O0 -fgnu-runtime execution test
FAIL: objc.dg/torture/tls/thr-init-3.m -O1 -fgnu-runtime execution test
FAIL: objc.dg/torture/tls/thr-init-3.m -O2 -fgnu-runtime execution test
FAIL: objc.dg/torture/tls/thr-init-3.m -O3 -fomit-frame-pointer -fgnu-runtime execution test
FAIL: objc.dg/torture/tls/thr-init-3.m -O3 -g -fgnu-runtime execution test
FAIL: objc.dg/torture/tls/thr-init-3.m -Os -fgnu-runtime execution test
FAIL: objc.dg/torture/tls/thr-init-3.m -O2 -flto -flto-partition=none -fgnu-runtime execution test
FAIL: objc.dg/torture/tls/thr-init-3.m -O2 -flto -fgnu-runtime execution test
=== objc Summary ===
# of expected passes 1687
# of unexpected failures 88
# of expected failures 10
# of unsupported tests 74
-default/gcc/xgcc version 4.7.0 20110526 (experimental) (GCC)
=== libgomp tests ===
Running target unix
=== libgomp Summary ===
# of expected passes 2590
# of unsupported tests 1
=== libmudflap tests ===
Running target unix
FAIL: libmudflap.c++/pass41-frag.cxx (-static) (test for excess errors)
WARNING: libmudflap.c++/pass41-frag.cxx (-static) compilation failed to produce executable
=== libmudflap Summary ===
# of expected passes 1892
# of unexpected failures 1
=== libstdc++ tests ===
Running target unix
=== libstdc++ Summary ===
# of expected passes 8511
# of expected failures 84
# of unsupported tests 108
Version: 4.7.0 20110526 (experimental) (GCC)
Platform: s390x-ibm-linux-gnu default
configure flags: --prefix=/build/build-system/build/20110525/gcc-head/install-s390x-default --enable-shared --with-system-zlib --enable-threads=posix --enable-__cxa_atexit --enable-checking --enable-languages=c,c++,objc,fortran --with-mode=zarch
More information about the Gcc-testresults
mailing list