Results for 4.7.0 20110520 (experimental) [trunk revision 173967] (GCC) testsuite on sparc-sun-solaris2.9
Rainer Orth
ro@CeBiTec.Uni-Bielefeld.DE
Mon May 23 09:04:00 GMT 2011
LAST_UPDATED: Fri May 20 19:32:03 UTC 2011 (revision 173967)
=== acats tests ===
=== acats Summary ===
# of expected passes 2321
# of unexpected failures 0
Native configuration is sparc-sun-solaris2.9
=== g++ tests ===
Running target unix
FAIL: g++.dg/opt/devirt2.C scan-assembler-times xyzzy 2
XPASS: g++.dg/tree-ssa/pr43411.C scan-tree-dump-not optimized "OBJ_TYPE_REF"
WARNING: program timed out.
FAIL: g++.dg/lto/20091219 cp_lto_20091219_0.o-cp_lto_20091219_0.o link, -O3 -flto
UNRESOLVED: g++.dg/lto/20091219 cp_lto_20091219_0.o-cp_lto_20091219_0.o execute -O3 -flto
FAIL: g++.dg/torture/pr31863.C -O2 -flto (test for excess errors)
=== g++ Summary for unix ===
# of expected passes 26395
# of unexpected failures 3
# of unexpected successes 1
# of expected failures 161
# of unresolved testcases 1
# of unsupported tests 495
Running target unix/-m64
XPASS: g++.dg/tree-ssa/pr43411.C scan-tree-dump-not optimized "OBJ_TYPE_REF"
FAIL: g++.dg/lto/20091219 cp_lto_20091219_0.o-cp_lto_20091219_0.o link, -O3 -flto
UNRESOLVED: g++.dg/lto/20091219 cp_lto_20091219_0.o-cp_lto_20091219_0.o execute -O3 -flto
FAIL: g++.dg/torture/pr31863.C -O2 -flto (test for excess errors)
=== g++ Summary for unix/-m64 ===
# of expected passes 27008
# of unexpected failures 2
# of unexpected successes 1
# of expected failures 161
# of unresolved testcases 1
# of unsupported tests 492
=== g++ Summary ===
# of expected passes 53403
# of unexpected failures 5
# of unexpected successes 2
# of expected failures 322
# of unresolved testcases 2
# of unsupported tests 987
/var/gcc/regression/trunk/9-gcc/build/gcc/testsuite/g++/../../g++ version 4.7.0 20110520 (experimental) [trunk revision 173967] (GCC)
=== gcc tests ===
Running target unix
WARNING: program timed out.
FAIL: gcc.dg/graphite/interchange-8.c (test for excess errors)
WARNING: gcc.dg/graphite/interchange-8.c compilation failed to produce executable
FAIL: gcc.dg/graphite/interchange-8.c scan-tree-dump-times graphite "will be interchanged" 2
FAIL: gcc.dg/tree-ssa/vrp47.c scan-tree-dump-times dom1 "x[^ ]* & y" 1
FAIL: gcc.dg/vect/pr48377.c execution test
FAIL: gcc.dg/vect/slp-multitypes-2.c execution test
FAIL: gcc.dg/vect/pr48377.c -flto execution test
FAIL: gcc.dg/vect/slp-multitypes-2.c -flto execution test
=== gcc Summary for unix ===
# of expected passes 70862
# of unexpected failures 7
# of expected failures 287
# of unsupported tests 1363
Running target unix/-m64
FAIL: gcc.dg/tree-ssa/vrp47.c scan-tree-dump-times dom1 "x[^ ]* & y" 1
FAIL: gcc.dg/vect/pr33804.c scan-tree-dump-times vect "vectorized 1 loops" 1
FAIL: gcc.dg/vect/pr33804.c scan-tree-dump-times vect "vectorizing stmts using SLP" 1
FAIL: gcc.dg/vect/pr48377.c execution test
FAIL: gcc.dg/vect/slp-multitypes-3.c scan-tree-dump-times vect "vectorized 1 loops" 1
FAIL: gcc.dg/vect/slp-multitypes-3.c scan-tree-dump-times vect "vectorizing stmts using SLP" 2
FAIL: gcc.dg/vect/pr33804.c -flto scan-tree-dump-times vect "vectorized 1 loops" 1
FAIL: gcc.dg/vect/pr33804.c -flto scan-tree-dump-times vect "vectorizing stmts using SLP" 1
FAIL: gcc.dg/vect/pr48377.c -flto execution test
FAIL: gcc.dg/vect/slp-multitypes-3.c -flto scan-tree-dump-times vect "vectorized 1 loops" 1
FAIL: gcc.dg/vect/slp-multitypes-3.c -flto scan-tree-dump-times vect "vectorizing stmts using SLP" 2
=== gcc Summary for unix/-m64 ===
# of expected passes 71498
# of unexpected failures 11
# of expected failures 270
# of unsupported tests 1372
=== gcc Summary ===
# of expected passes 142360
# of unexpected failures 18
# of expected failures 557
# of unsupported tests 2735
/var/gcc/regression/trunk/9-gcc/build/gcc/xgcc version 4.7.0 20110520 (experimental) [trunk revision 173967] (GCC)
=== gfortran tests ===
Running target unix
=== gfortran Summary for unix ===
# of expected passes 38414
# of expected failures 55
# of unsupported tests 399
Running target unix/-m64
=== gfortran Summary for unix/-m64 ===
# of expected passes 38693
# of expected failures 55
# of unsupported tests 262
=== gfortran Summary ===
# of expected passes 77107
# of expected failures 110
# of unsupported tests 661
/var/gcc/regression/trunk/9-gcc/build/gcc/testsuite/gfortran/../../gfortran version 4.7.0 20110520 (experimental) [trunk revision 173967] (GCC)
=== gnat tests ===
Running target unix
=== gnat Summary for unix ===
# of expected passes 891
# of expected failures 11
# of unsupported tests 5
Running target unix/-m64
=== gnat Summary for unix/-m64 ===
# of expected passes 891
# of expected failures 11
# of unsupported tests 5
=== gnat Summary ===
# of expected passes 1782
# of expected failures 22
# of unsupported tests 10
/var/gcc/regression/trunk/9-gcc/build/gcc/gnatmake version 4.7.0 20110520 (experimental) [trunk revision 173967]
=== go tests ===
Running target unix
FAIL: ./64bit-out.go compilation, -O2 -g
FAIL: ./select5-out.go compilation, -O2 -g
FAIL: ./tmp.go compilation, -O2 -g
FAIL: go.test/test/cmplxdivide.go
WARNING: program timed out.
WARNING: program timed out.
WARNING: program timed out.
WARNING: program timed out.
=== go Summary for unix ===
# of expected passes 2980
# of unexpected failures 4
# of expected failures 23
# of untested testcases 3
Running target unix/-m64
FAIL: ./64bit-out.go compilation, -O2 -g
FAIL: ./select5-out.go compilation, -O2 -g
FAIL: ./tmp.go compilation, -O2 -g
FAIL: go.test/test/cmplxdivide.go
WARNING: program timed out.
WARNING: program timed out.
WARNING: program timed out.
WARNING: program timed out.
=== go Summary for unix/-m64 ===
# of expected passes 2980
# of unexpected failures 4
# of expected failures 23
# of untested testcases 3
=== go Summary ===
# of expected passes 5960
# of unexpected failures 8
# of expected failures 46
# of untested testcases 6
/var/gcc/regression/trunk/9-gcc/build/gcc/testsuite/go/../../gccgo version 4.7.0 20110520 (experimental) [trunk revision 173967] (GCC)
=== obj-c++ tests ===
Running target unix
=== obj-c++ Summary for unix ===
# of expected passes 1410
# of expected failures 2
# of unsupported tests 86
Running target unix/-m64
=== obj-c++ Summary for unix/-m64 ===
# of expected passes 1402
# of expected failures 10
# of unsupported tests 86
=== obj-c++ Summary ===
# of expected passes 2812
# of expected failures 12
# of unsupported tests 172
/var/gcc/regression/trunk/9-gcc/build/gcc/testsuite/obj-c++/../../g++ version 4.7.0 20110520 (experimental) [trunk revision 173967] (GCC)
=== objc tests ===
Running target unix
=== objc Summary for unix ===
# of expected passes 2934
# of expected failures 10
# of unsupported tests 74
Running target unix/-m64
=== objc Summary for unix/-m64 ===
# of expected passes 2934
# of expected failures 10
# of unsupported tests 74
=== objc Summary ===
# of expected passes 5868
# of expected failures 20
# of unsupported tests 148
/var/gcc/regression/trunk/9-gcc/build/gcc/xgcc version 4.7.0 20110520 (experimental) [trunk revision 173967] (GCC)
=== boehm-gc tests ===
Running target unix
=== boehm-gc Summary for unix ===
# of expected passes 12
# of unsupported tests 1
Running target unix/-m64
=== boehm-gc Summary for unix/-m64 ===
# of expected passes 12
# of unsupported tests 1
=== boehm-gc Summary ===
# of expected passes 24
# of unsupported tests 2
=== libffi tests ===
Running target unix
=== libffi Summary for unix ===
# of expected passes 1634
# of expected failures 10
# of unsupported tests 15
Running target unix/-m64
=== libffi Summary for unix/-m64 ===
# of expected passes 1634
# of expected failures 10
# of unsupported tests 15
=== libffi Summary ===
# of expected passes 3268
# of expected failures 20
# of unsupported tests 30
=== libgo tests ===
Running target unix
FAIL: big
FAIL: exec
FAIL: flag
FAIL: fmt
FAIL: gob
FAIL: json
FAIL: rand
FAIL: regexp
FAIL: rpc
FAIL: sync
FAIL: template
FAIL: time
FAIL: try
FAIL: archive/zip
FAIL: compress/flate
FAIL: crypto/rand
FAIL: http/spdy
FAIL: testing/quick
=== libgo Summary for unix ===
# of expected passes 106
# of unexpected failures 18
# of untested testcases 2
Running target unix/-m64
FAIL: big
FAIL: exec
FAIL: flag
FAIL: fmt
FAIL: gob
FAIL: json
FAIL: rand
FAIL: reflect
FAIL: regexp
FAIL: rpc
FAIL: sync
FAIL: template
FAIL: time
FAIL: try
FAIL: websocket
FAIL: archive/zip
FAIL: crypto/rand
FAIL: testing/quick
=== libgo Summary for unix/-m64 ===
# of expected passes 106
# of unexpected failures 18
# of untested testcases 2
=== libgo Summary ===
# of expected passes 212
# of unexpected failures 36
# of untested testcases 4
=== libgomp tests ===
Running target unix
FAIL: libgomp.graphite/force-parallel-1.c execution test
=== libgomp Summary for unix ===
# of expected passes 2617
# of unexpected failures 1
# of unsupported tests 10
Running target unix/-m64
FAIL: libgomp.graphite/force-parallel-1.c execution test
=== libgomp Summary for unix/-m64 ===
# of expected passes 2617
# of unexpected failures 1
# of unsupported tests 10
=== libgomp Summary ===
# of expected passes 5234
# of unexpected failures 2
# of unsupported tests 20
=== libjava tests ===
Running target unix
FAIL: InvokeInterface execution - source compiled test
FAIL: InvokeInterface -O3 execution - source compiled test
=== libjava Summary for unix ===
# of expected passes 2570
# of unexpected failures 2
# of untested testcases 2
Running target unix/-m64
FAIL: InvokeInterface execution - source compiled test
FAIL: InvokeInterface -O3 execution - source compiled test
=== libjava Summary for unix/-m64 ===
# of expected passes 2570
# of unexpected failures 2
# of untested testcases 2
=== libjava Summary ===
# of expected passes 5140
# of unexpected failures 4
# of untested testcases 4
=== libstdc++ tests ===
Running target unix
FAIL: 26_numerics/complex/cons/48760.cc (test for excess errors)
WARNING: 26_numerics/complex/cons/48760.cc compilation failed to produce executable
FAIL: 26_numerics/complex/cons/48760_c++0x.cc (test for excess errors)
WARNING: 26_numerics/complex/cons/48760_c++0x.cc compilation failed to produce executable
=== libstdc++ Summary for unix ===
# of expected passes 6975
# of unexpected failures 2
# of expected failures 84
# of unsupported tests 746
Running target unix/-m64
FAIL: 26_numerics/complex/cons/48760.cc (test for excess errors)
WARNING: 26_numerics/complex/cons/48760.cc compilation failed to produce executable
FAIL: 26_numerics/complex/cons/48760_c++0x.cc (test for excess errors)
WARNING: 26_numerics/complex/cons/48760_c++0x.cc compilation failed to produce executable
=== libstdc++ Summary for unix/-m64 ===
# of expected passes 6975
# of unexpected failures 2
# of expected failures 84
# of unsupported tests 746
=== libstdc++ Summary ===
# of expected passes 13950
# of unexpected failures 4
# of expected failures 168
# of unsupported tests 1492
Compiler version: 4.7.0 20110520 (experimental) [trunk revision 173967] (GCC)
Platform: sparc-sun-solaris2.9
configure flags: --prefix=/vol/gcc --target=sparc-sun-solaris2.9 --enable-objc-gc --with-host-libstdcxx='-Wl,-Bstatic -lstdc++ -Wl,-Bdynamic -lm' --with-boot-ldflags='-static-libstdc++ -static-libgcc -L/vol/gcc-4.4/lib' --with-gmp=/vol/gcc --with-mpfr=/vol/gcc --with-mpc=/vol/gcc --enable-languages=all,ada,obj-c++,go --with-ppl=/vol/gcc --with-cloog=/vol/gcc --enable-cloog-backend=ppl
BOOT_CFLAGS=-g -O2
More information about the Gcc-testresults
mailing list