Results for 4.7.0 20110520 (experimental) [trunk revision 173967] (GCC) testsuite on i386-pc-solaris2.8
ro@smtp-relay.CeBiTec.Uni-Bielefeld.DE
ro@smtp-relay.CeBiTec.Uni-Bielefeld.DE
Mon May 23 09:00:00 GMT 2011
LAST_UPDATED: Fri May 20 19:32:03 UTC 2011 (revision 173967)
=== acats tests ===
FAIL: cxg2001
=== acats Summary ===
# of expected passes 2320
# of unexpected failures 1
Native configuration is i386-pc-solaris2.8
=== g++ tests ===
Running target unix
XPASS: g++.dg/tree-ssa/pr43411.C scan-tree-dump-not optimized "OBJ_TYPE_REF"
FAIL: g++.dg/lto/20091219 cp_lto_20091219_0.o-cp_lto_20091219_0.o link, -O3 -flto
UNRESOLVED: g++.dg/lto/20091219 cp_lto_20091219_0.o-cp_lto_20091219_0.o execute -O3 -flto
FAIL: g++.dg/torture/pr31863.C -O2 -flto (test for excess errors)
=== g++ Summary ===
# of expected passes 26822
# of unexpected failures 2
# of unexpected successes 1
# of expected failures 162
# of unresolved testcases 1
# of unsupported tests 276
/var/gcc/regression/trunk/8-gcc/build/gcc/testsuite/g++/../../g++ version 4.7.0 20110520 (experimental) [trunk revision 173967] (GCC)
=== gcc tests ===
Running target unix
FAIL: gcc.dg/tree-ssa/vrp47.c scan-tree-dump-times dom1 "x[^ ]* & y" 1
FAIL: gcc.dg/vect/pr48172.c (test for excess errors)
WARNING: gcc.dg/vect/pr48172.c compilation failed to produce executable
FAIL: gcc.dg/vect/pr48172.c -flto (test for excess errors)
WARNING: gcc.dg/vect/pr48172.c -flto compilation failed to produce executable
=== gcc Summary ===
# of expected passes 74460
# of unexpected failures 3
# of expected failures 246
# of unsupported tests 1931
/var/gcc/regression/trunk/8-gcc/build/gcc/xgcc version 4.7.0 20110520 (experimental) [trunk revision 173967] (GCC)
=== gfortran tests ===
Running target unix
FAIL: gfortran.dg/graphite/vect-pr40979.f90 -O scan-tree-dump-times vect "vectorized 1 loops" 1
=== gfortran Summary ===
# of expected passes 37961
# of unexpected failures 1
# of expected failures 53
# of unsupported tests 369
/var/gcc/regression/trunk/8-gcc/build/gcc/testsuite/gfortran/../../gfortran version 4.7.0 20110520 (experimental) [trunk revision 173967] (GCC)
=== gnat tests ===
Running target unix
=== gnat Summary ===
# of expected passes 890
# of expected failures 11
# of unsupported tests 5
/var/gcc/regression/trunk/8-gcc/build/gcc/gnatmake version 4.7.0 20110520 (experimental) [trunk revision 173967]
=== go tests ===
Running target unix
FAIL: go.test/test/chan/powser1.go execution, -O2 -g
FAIL: go.test/test/chan/powser2.go execution, -O2 -g
FAIL: go.test/test/chan/select2.go execution, -O2 -g
FAIL: go.test/test/chan/select3.go execution, -O2 -g
FAIL: go.test/test/chan/sieve2.go execution, -O2 -g
FAIL: go.test/test/mallocfin.go execution, -O2 -g
WARNING: program timed out.
WARNING: program timed out.
WARNING: program timed out.
WARNING: program timed out.
WARNING: program timed out.
=== go Summary ===
# of expected passes 2981
# of unexpected failures 6
# of expected failures 23
/var/gcc/regression/trunk/8-gcc/build/gcc/testsuite/go/../../gccgo version 4.7.0 20110520 (experimental) [trunk revision 173967] (GCC)
=== obj-c++ tests ===
Running target unix
=== obj-c++ Summary ===
# of expected passes 1410
# of expected failures 2
# of unsupported tests 86
/var/gcc/regression/trunk/8-gcc/build/gcc/testsuite/obj-c++/../../g++ version 4.7.0 20110520 (experimental) [trunk revision 173967] (GCC)
=== objc tests ===
Running target unix
=== objc Summary ===
# of expected passes 2938
# of expected failures 6
# of unsupported tests 74
/var/gcc/regression/trunk/8-gcc/build/gcc/xgcc version 4.7.0 20110520 (experimental) [trunk revision 173967] (GCC)
=== boehm-gc tests ===
Running target unix
=== boehm-gc Summary ===
# of expected passes 12
# of unsupported tests 1
=== libffi tests ===
Running target unix
=== libffi Summary ===
# of expected passes 1634
# of expected failures 10
# of unsupported tests 15
=== libgo tests ===
Running target unix
FAIL: big
FAIL: bufio
FAIL: bytes
FAIL: exec
FAIL: flag
FAIL: http
FAIL: netchan
FAIL: os
FAIL: rand
FAIL: regexp
FAIL: sort
FAIL: sync
FAIL: template
FAIL: time
FAIL: websocket
FAIL: xml
FAIL: archive/tar
FAIL: archive/zip
FAIL: compress/bzip2
FAIL: compress/flate
FAIL: compress/gzip
FAIL: compress/lzw
FAIL: compress/zlib
FAIL: crypto/openpgp
FAIL: crypto/rand
FAIL: crypto/rsa
FAIL: crypto/subtle
FAIL: crypto/tls
FAIL: crypto/x509
FAIL: debug/dwarf
FAIL: debug/elf
FAIL: debug/macho
FAIL: debug/pe
FAIL: exp/datafmt
FAIL: go/printer
FAIL: go/scanner
FAIL: go/token
FAIL: http/cgi
FAIL: http/spdy
FAIL: image/jpeg
FAIL: image/png
FAIL: mime/multipart
FAIL: rpc/jsonrpc
=== libgo Summary ===
# of expected passes 81
# of unexpected failures 43
# of untested testcases 2
=== libgomp tests ===
Running target unix
FAIL: libgomp.graphite/force-parallel-1.c execution test
=== libgomp Summary ===
# of expected passes 2631
# of unexpected failures 1
# of unsupported tests 3
=== libjava tests ===
Running target unix
FAIL: PR16923 run
FAIL: Divide_1 output - source compiled test
FAIL: Divide_1 -findirect-dispatch output - source compiled test
FAIL: Divide_1 -O3 output - source compiled test
FAIL: Divide_1 -O3 -findirect-dispatch output - source compiled test
FAIL: InvokeInterface execution - source compiled test
FAIL: InvokeInterface -O3 execution - source compiled test
=== libjava Summary ===
# of expected passes 2565
# of unexpected failures 7
# of untested testcases 3
=== libstdc++ tests ===
Running target unix
FAIL: 26_numerics/complex/cons/48760.cc (test for excess errors)
WARNING: 26_numerics/complex/cons/48760.cc compilation failed to produce executable
FAIL: 26_numerics/complex/cons/48760_c++0x.cc (test for excess errors)
WARNING: 26_numerics/complex/cons/48760_c++0x.cc compilation failed to produce executable
=== libstdc++ Summary ===
# of expected passes 6962
# of unexpected failures 2
# of expected failures 83
# of unsupported tests 753
Compiler version: 4.7.0 20110520 (experimental) [trunk revision 173967] (GCC)
Platform: i386-pc-solaris2.8
configure flags: --prefix=/vol/gcc --target=i386-pc-solaris2.8 --enable-obsolete --enable-objc-gc --with-host-libstdcxx='-Wl,-Bstatic -lstdc++ -Wl,-Bdynamic -lm' --with-boot-ldflags='-static-libstdc++ -static-libgcc -L/vol/gcc-4.4/lib' --with-gmp=/vol/gcc --with-mpfr=/vol/gcc --with-mpc=/vol/gcc --enable-languages=all,ada,obj-c++,go --with-ppl=/vol/gcc --with-cloog=/vol/gcc --enable-cloog-backend=ppl
BOOT_CFLAGS=-g -O2
More information about the Gcc-testresults
mailing list