Results for 4.4.7 20110517 (prerelease) (GCC) testsuite on armv5tel-brewer-linux-gnueabi
Mikael Pettersson
mikpe@it.uu.se
Thu May 19 07:46:00 GMT 2011
LAST_UPDATED: Obtained from SVN: branches/gcc-4_4-branch revision 173836
Native configuration is armv5tel-brewer-linux-gnueabi
=== libffi tests ===
Running target unix
=== libffi Summary ===
# of expected passes 1399
# of unsupported tests 10
=== libgomp tests ===
Running target unix
=== libgomp Summary ===
# of expected passes 2540
=== libjava tests ===
Running target unix
FAIL: StackTrace2 output - source compiled test
FAIL: StackTrace2 -findirect-dispatch output - source compiled test
FAIL: StackTrace2 -O3 output - source compiled test
FAIL: StackTrace2 -O3 -findirect-dispatch output - source compiled test
FAIL: Throw_2 execution - source compiled test
FAIL: Throw_2 -findirect-dispatch execution - source compiled test
FAIL: Throw_2 -O3 execution - source compiled test
FAIL: Throw_2 -O3 -findirect-dispatch execution - source compiled test
FAIL: Throw_3 output - source compiled test
FAIL: Throw_3 -findirect-dispatch output - source compiled test
FAIL: Throw_3 -O3 output - source compiled test
FAIL: Throw_3 -O3 -findirect-dispatch output - source compiled test
FAIL: stacktrace -O3 output - source compiled test
FAIL: stacktrace -O3 -findirect-dispatch output - source compiled test
=== libjava Summary ===
# of expected passes 2556
# of unexpected failures 14
# of untested testcases 4
=== libstdc++ tests ===
Running target unix
=== libstdc++ Summary ===
# of expected passes 6491
# of expected failures 80
# of unsupported tests 27
=== g++ tests ===
Running target unix
FAIL: g++.dg/ipa/iinline-1.C scan-ipa-dump inline "String::funcOne[^\\n]*inline copy in int main"
FAIL: g++.dg/tree-ssa/new1.C scan-tree-dump-not forwprop1 "= .* \\+ -"
FAIL: g++.dg/pch/static-1.C -O2 -g -I. (test for excess errors)
FAIL: g++.dg/pch/static-1.C -O2 -g assembly comparison
=== g++ Summary ===
# of expected passes 19723
# of unexpected failures 4
# of expected failures 159
# of unsupported tests 158
/mnt/scratch/objdir44/gcc/testsuite/g++/../../g++ version 4.4.7 20110517 (prerelease) (GCC)
=== gcc tests ===
Running target unix
FAIL: gcc.dg/uninit-13.c unconditional (test for warnings, line 8)
FAIL: gcc.dg/uninit-13.c (test for excess errors)
FAIL: gcc.dg/pch/common-1.c -O3 -g -I. (test for excess errors)
FAIL: gcc.dg/pch/common-1.c -O3 -g assembly comparison
FAIL: gcc.dg/pch/common-1.c -Os -I. (test for excess errors)
FAIL: gcc.dg/pch/common-1.c -Os assembly comparison
FAIL: gcc.dg/pch/counter-3.c -O3 -fomit-frame-pointer -I. (test for excess errors)
FAIL: gcc.dg/pch/counter-3.c -O3 -fomit-frame-pointer assembly comparison
FAIL: gcc.dg/pch/counter-3.c -O3 -g -I. (test for excess errors)
FAIL: gcc.dg/pch/counter-3.c -O3 -g assembly comparison
FAIL: gcc.dg/pch/cpp-1.c -O0 -g -I. (test for excess errors)
FAIL: gcc.dg/pch/cpp-1.c -O0 -g assembly comparison
FAIL: gcc.dg/pch/cpp-1.c -O0 -I. (test for excess errors)
FAIL: gcc.dg/pch/cpp-1.c -O0 assembly comparison
FAIL: gcc.dg/pch/cpp-2.c -O0 -g -I. (test for excess errors)
FAIL: gcc.dg/pch/cpp-2.c -O0 -g assembly comparison
FAIL: gcc.dg/pch/cpp-2.c -O0 -I. (test for excess errors)
FAIL: gcc.dg/pch/cpp-2.c -O0 assembly comparison
FAIL: gcc.dg/pch/cpp-2.c -Os -I. (test for excess errors)
FAIL: gcc.dg/pch/cpp-2.c -Os assembly comparison
FAIL: gcc.dg/pch/cpp-3.c -O2 -I. (test for warnings, line )
FAIL: gcc.dg/pch/cpp-3.c -O2 -I. (test for excess errors)
FAIL: gcc.dg/pch/cpp-3.c -O2 assembly comparison
FAIL: gcc.dg/pch/cpp-3.c -Os -I. (test for warnings, line )
FAIL: gcc.dg/pch/cpp-3.c -Os -I. (test for excess errors)
FAIL: gcc.dg/pch/cpp-3.c -Os assembly comparison
FAIL: gcc.dg/pch/decl-1.c -O0 -I. (test for excess errors)
FAIL: gcc.dg/pch/decl-1.c -O0 assembly comparison
FAIL: gcc.dg/pch/decl-1.c -Os -I. (test for excess errors)
FAIL: gcc.dg/pch/decl-1.c -Os assembly comparison
FAIL: gcc.dg/pch/decl-2.c -O0 -g -I. (test for excess errors)
FAIL: gcc.dg/pch/decl-2.c -O0 -g assembly comparison
FAIL: gcc.dg/pch/decl-4.c -O3 -fomit-frame-pointer -I. (test for excess errors)
FAIL: gcc.dg/pch/decl-4.c -O3 -fomit-frame-pointer assembly comparison
FAIL: gcc.dg/pch/decl-5.c -O3 -fomit-frame-pointer -I. (test for excess errors)
FAIL: gcc.dg/pch/decl-5.c -O3 -fomit-frame-pointer assembly comparison
FAIL: gcc.dg/pch/except-1.c -O3 -fomit-frame-pointer -I. (test for excess errors)
FAIL: gcc.dg/pch/except-1.c -O3 -fomit-frame-pointer assembly comparison
FAIL: gcc.dg/pch/global-1.c -O0 -I. (test for excess errors)
FAIL: gcc.dg/pch/global-1.c -O0 assembly comparison
FAIL: gcc.dg/pch/import-2.c -O1 -I. (test for excess errors)
FAIL: gcc.dg/pch/import-2.c -O1 assembly comparison
FAIL: gcc.dg/pch/import-2.c -O2 -I. (test for excess errors)
FAIL: gcc.dg/pch/import-2.c -O2 assembly comparison
FAIL: gcc.dg/pch/inline-1.c -O0 -g -I. (test for excess errors)
FAIL: gcc.dg/pch/inline-1.c -O0 -g assembly comparison
FAIL: gcc.dg/pch/inline-2.c -O3 -fomit-frame-pointer -I. (test for excess errors)
FAIL: gcc.dg/pch/inline-2.c -O3 -fomit-frame-pointer assembly comparison
FAIL: gcc.dg/pch/inline-3.c -O3 -g -I. (test for excess errors)
FAIL: gcc.dg/pch/inline-3.c -O3 -g assembly comparison
FAIL: gcc.dg/pch/macro-2.c -O1 -I. (test for excess errors)
FAIL: gcc.dg/pch/macro-2.c -O1 assembly comparison
FAIL: gcc.dg/pch/macro-2.c -O3 -g -I. (test for excess errors)
FAIL: gcc.dg/pch/macro-2.c -O3 -g assembly comparison
FAIL: gcc.dg/pch/macro-3.c -Os -I. (test for excess errors)
FAIL: gcc.dg/pch/macro-3.c -Os assembly comparison
FAIL: gcc.dg/pch/static-2.c -Os -I. (test for excess errors)
FAIL: gcc.dg/pch/static-2.c -Os assembly comparison
FAIL: gcc.dg/pch/static-3.c -O2 -I. (test for excess errors)
FAIL: gcc.dg/pch/static-3.c -O2 assembly comparison
FAIL: gcc.dg/pch/struct-1.c -O0 -I. (test for excess errors)
FAIL: gcc.dg/pch/struct-1.c -O0 assembly comparison
FAIL: gcc.dg/pch/valid-1b.c -O2 -I. (test for excess errors)
FAIL: gcc.dg/pch/valid-1b.c -O2 assembly comparison
FAIL: gcc.dg/pch/valid-4.c -O0 -g -I. (test for warnings, line 5)
FAIL: gcc.dg/pch/valid-4.c -O0 -g -I. (test for excess errors)
FAIL: gcc.dg/pch/valid-4.c -O0 -g assembly comparison
FAIL: largefile.c -O2 -I. (test for excess errors)
FAIL: gcc.dg/pch/largefile.c -O2 assembly comparison
FAIL: gcc.dg/tree-prof/bb-reorg.c compilation, -fprofile-use -D_PROFILE_USE
UNRESOLVED: gcc.dg/tree-prof/bb-reorg.c execution, -fprofile-use -D_PROFILE_USE
FAIL: gcc.dg/tree-prof/pr34999.c compilation, -fprofile-use -D_PROFILE_USE
UNRESOLVED: gcc.dg/tree-prof/pr34999.c execution, -fprofile-use -D_PROFILE_USE
ERROR: gcc.target/arm/neon-vset_lanes8.c: Unrecognized option type: arm_neon for " dg-add-options 6 arm_neon "
UNRESOLVED: gcc.target/arm/neon-vset_lanes8.c: Unrecognized option type: arm_neon for " dg-add-options 6 arm_neon "
FAIL: gcc.target/arm/neon/polytypes.c (test for excess errors)
=== gcc Summary ===
# of expected passes 55476
# of unexpected failures 72
# of expected failures 242
# of unresolved testcases 3
# of unsupported tests 593
/mnt/scratch/objdir44/gcc/xgcc version 4.4.7 20110517 (prerelease) (GCC)
=== gfortran tests ===
Running target unix
FAIL: gfortran.dg/gomp/pr43836.f90 -O (internal compiler error)
FAIL: gfortran.dg/gomp/pr43836.f90 -O (test for excess errors)
=== gfortran Summary ===
# of expected passes 29529
# of unexpected failures 2
# of expected failures 17
# of unsupported tests 267
/mnt/scratch/objdir44/gcc/testsuite/gfortran/../../gfortran version 4.4.7 20110517 (prerelease) (GCC)
=== obj-c++ tests ===
Running target unix
XPASS: obj-c++.dg/comp-types-10.mm (test for excess errors)
WARNING: obj-c++.dg/lookup-2.mm compilation failed to produce executable
WARNING: obj-c++.dg/try-catch-2.mm compilation failed to produce executable
WARNING: obj-c++.dg/try-catch-9.mm compilation failed to produce executable
=== obj-c++ Summary ===
# of expected passes 436
# of unexpected successes 1
# of expected failures 9
# of unsupported tests 13
/mnt/scratch/objdir44/gcc/testsuite/obj-c++/../../g++ version 4.4.7 20110517 (prerelease) (GCC)
=== objc tests ===
Running target unix
FAIL: objc/execute/class-13.m compilation, -O1 -fgnu-runtime
UNRESOLVED: objc/execute/class-13.m execution, -O1 -fgnu-runtime
FAIL: objc/execute/class-13.m compilation, -O2 -fgnu-runtime
UNRESOLVED: objc/execute/class-13.m execution, -O2 -fgnu-runtime
FAIL: objc/execute/class-13.m compilation, -O3 -fomit-frame-pointer -fgnu-runtime
UNRESOLVED: objc/execute/class-13.m execution, -O3 -fomit-frame-pointer -fgnu-runtime
FAIL: objc/execute/class-13.m compilation, -O3 -g -fgnu-runtime
UNRESOLVED: objc/execute/class-13.m execution, -O3 -g -fgnu-runtime
FAIL: objc/execute/class-13.m compilation, -Os -fgnu-runtime
UNRESOLVED: objc/execute/class-13.m execution, -Os -fgnu-runtime
FAIL: objc/execute/class-6.m compilation, -O1 -fgnu-runtime
UNRESOLVED: objc/execute/class-6.m execution, -O1 -fgnu-runtime
FAIL: objc/execute/class-6.m compilation, -O2 -fgnu-runtime
UNRESOLVED: objc/execute/class-6.m execution, -O2 -fgnu-runtime
FAIL: objc/execute/class-6.m compilation, -O3 -fomit-frame-pointer -fgnu-runtime
UNRESOLVED: objc/execute/class-6.m execution, -O3 -fomit-frame-pointer -fgnu-runtime
FAIL: objc/execute/class-6.m compilation, -O3 -g -fgnu-runtime
UNRESOLVED: objc/execute/class-6.m execution, -O3 -g -fgnu-runtime
FAIL: objc/execute/class-6.m compilation, -Os -fgnu-runtime
UNRESOLVED: objc/execute/class-6.m execution, -Os -fgnu-runtime
FAIL: objc/execute/forward-1.m execution, -O0 -fgnu-runtime
FAIL: objc/execute/forward-1.m compilation, -O1 -fgnu-runtime
UNRESOLVED: objc/execute/forward-1.m execution, -O1 -fgnu-runtime
FAIL: objc/execute/forward-1.m compilation, -O2 -fgnu-runtime
UNRESOLVED: objc/execute/forward-1.m execution, -O2 -fgnu-runtime
FAIL: objc/execute/forward-1.m compilation, -O3 -fomit-frame-pointer -fgnu-runtime
UNRESOLVED: objc/execute/forward-1.m execution, -O3 -fomit-frame-pointer -fgnu-runtime
FAIL: objc/execute/forward-1.m compilation, -O3 -fomit-frame-pointer -funroll-loops -fgnu-runtime
UNRESOLVED: objc/execute/forward-1.m execution, -O3 -fomit-frame-pointer -funroll-loops -fgnu-runtime
FAIL: objc/execute/forward-1.m compilation, -O3 -fomit-frame-pointer -funroll-all-loops -finline-functions -fgnu-runtime
UNRESOLVED: objc/execute/forward-1.m execution, -O3 -fomit-frame-pointer -funroll-all-loops -finline-functions -fgnu-runtime
FAIL: objc/execute/forward-1.m compilation, -O3 -g -fgnu-runtime
UNRESOLVED: objc/execute/forward-1.m execution, -O3 -g -fgnu-runtime
FAIL: objc/execute/forward-1.m compilation, -Os -fgnu-runtime
UNRESOLVED: objc/execute/forward-1.m execution, -Os -fgnu-runtime
FAIL: objc/execute/object_is_class.m compilation, -O1 -fgnu-runtime
UNRESOLVED: objc/execute/object_is_class.m execution, -O1 -fgnu-runtime
FAIL: objc/execute/object_is_class.m compilation, -O2 -fgnu-runtime
UNRESOLVED: objc/execute/object_is_class.m execution, -O2 -fgnu-runtime
FAIL: objc/execute/object_is_class.m compilation, -O3 -fomit-frame-pointer -fgnu-runtime
UNRESOLVED: objc/execute/object_is_class.m execution, -O3 -fomit-frame-pointer -fgnu-runtime
FAIL: objc/execute/object_is_class.m compilation, -O3 -g -fgnu-runtime
UNRESOLVED: objc/execute/object_is_class.m execution, -O3 -g -fgnu-runtime
FAIL: objc/execute/object_is_class.m compilation, -Os -fgnu-runtime
UNRESOLVED: objc/execute/object_is_class.m execution, -Os -fgnu-runtime
FAIL: objc/execute/object_is_meta_class.m compilation, -O1 -fgnu-runtime
UNRESOLVED: objc/execute/object_is_meta_class.m execution, -O1 -fgnu-runtime
FAIL: objc/execute/object_is_meta_class.m compilation, -O2 -fgnu-runtime
UNRESOLVED: objc/execute/object_is_meta_class.m execution, -O2 -fgnu-runtime
FAIL: objc/execute/object_is_meta_class.m compilation, -O3 -fomit-frame-pointer -fgnu-runtime
UNRESOLVED: objc/execute/object_is_meta_class.m execution, -O3 -fomit-frame-pointer -fgnu-runtime
FAIL: objc/execute/object_is_meta_class.m compilation, -O3 -g -fgnu-runtime
UNRESOLVED: objc/execute/object_is_meta_class.m execution, -O3 -g -fgnu-runtime
FAIL: objc/execute/object_is_meta_class.m compilation, -Os -fgnu-runtime
UNRESOLVED: objc/execute/object_is_meta_class.m execution, -Os -fgnu-runtime
=== objc Summary ===
# of expected passes 1819
# of unexpected failures 28
# of expected failures 7
# of unresolved testcases 27
# of unsupported tests 24
/mnt/scratch/objdir44/gcc/xgcc version 4.4.7 20110517 (prerelease) (GCC)
Compiler version: 4.4.7 20110517 (prerelease) (GCC)
Platform: armv5tel-brewer-linux-gnueabi
configure flags: --prefix=/mnt/scratch/install44 --enable-bootstrap --enable-shared --enable-threads=posix --enable-checking=release --with-system-zlib --enable-__cxa_atexit --disable-libunwind-exceptions --enable-languages=c,c++,objc,obj-c++,java,fortran --enable-java-awt=gtk --disable-dssi --with-java-home=/usr/lib/jvm/java-1.5.0-gcj-1.5.0.0/jre --enable-libgcj-multifile --disable-java-maintainer-mode --with-ecj-jar=/usr/share/java/eclipse-ecj.jar --disable-libjava-multilib --disable-sjlj-exceptions --with-arch=armv5te --with-tune=xscale --build=armv5tel-brewer-linux-gnueabi --disable-libmudflap
BOOT_CFLAGS=-g -O2
More information about the Gcc-testresults
mailing list