Results for 4.7.0 20110515 (experimental) [trunk revision 173775p1] (GCC) testsuite on x86_64-apple-darwin10.7.0
Dominique Dhumieres
dominiq@lps.ens.fr
Mon May 16 09:30:00 GMT 2011
LAST_UPDATED: Updated Sun May 15 22:41:36 CEST 2011 to revision 173775.
With the patches in http://gcc.gnu.org/ml/gcc-patches/2011-05/msg01033.html
and http://gcc.gnu.org/ml/gcc-patches/2011-05/msg00889.html .
Native configuration is x86_64-apple-darwin10.7.0
=== g++ tests ===
Running target unix/-m32
WARNING: g++.dg/ext/label13.C compilation failed to produce executable
XPASS: g++.dg/tree-ssa/pr43411.C scan-tree-dump-not optimized "OBJ_TYPE_REF"
FAIL: g++.dg/torture/20090706-1.C -O0 (internal compiler error)
FAIL: g++.dg/torture/20090706-1.C -O0 (test for excess errors)
FAIL: g++.dg/torture/20090706-1.C -O1 (internal compiler error)
FAIL: g++.dg/torture/20090706-1.C -O1 (test for excess errors)
FAIL: g++.dg/torture/20090706-1.C -O2 (internal compiler error)
FAIL: g++.dg/torture/20090706-1.C -O2 (test for excess errors)
FAIL: g++.dg/torture/20090706-1.C -O3 -fomit-frame-pointer (internal compiler error)
FAIL: g++.dg/torture/20090706-1.C -O3 -fomit-frame-pointer (test for excess errors)
FAIL: g++.dg/torture/20090706-1.C -O3 -g (internal compiler error)
FAIL: g++.dg/torture/20090706-1.C -O3 -g (test for excess errors)
FAIL: g++.dg/torture/20090706-1.C -Os (internal compiler error)
FAIL: g++.dg/torture/20090706-1.C -Os (test for excess errors)
FAIL: g++.dg/torture/20090706-1.C -O2 -flto -flto-partition=none (internal compiler error)
FAIL: g++.dg/torture/20090706-1.C -O2 -flto -flto-partition=none (test for excess errors)
FAIL: g++.dg/torture/20090706-1.C -O2 -flto (internal compiler error)
FAIL: g++.dg/torture/20090706-1.C -O2 -flto (test for excess errors)
=== g++ Summary for unix/-m32 ===
# of expected passes 27015
# of unexpected failures 16
# of unexpected successes 1
# of expected failures 163
# of unsupported tests 178
Running target unix/-m64
WARNING: g++.dg/ext/label13.C compilation failed to produce executable
XPASS: g++.dg/tree-ssa/pr43411.C scan-tree-dump-not optimized "OBJ_TYPE_REF"
FAIL: g++.dg/torture/20090706-1.C -O0 (internal compiler error)
FAIL: g++.dg/torture/20090706-1.C -O0 (test for excess errors)
FAIL: g++.dg/torture/20090706-1.C -O1 (internal compiler error)
FAIL: g++.dg/torture/20090706-1.C -O1 (test for excess errors)
FAIL: g++.dg/torture/20090706-1.C -O2 (internal compiler error)
FAIL: g++.dg/torture/20090706-1.C -O2 (test for excess errors)
FAIL: g++.dg/torture/20090706-1.C -O3 -fomit-frame-pointer (internal compiler error)
FAIL: g++.dg/torture/20090706-1.C -O3 -fomit-frame-pointer (test for excess errors)
FAIL: g++.dg/torture/20090706-1.C -O3 -g (internal compiler error)
FAIL: g++.dg/torture/20090706-1.C -O3 -g (test for excess errors)
FAIL: g++.dg/torture/20090706-1.C -Os (internal compiler error)
FAIL: g++.dg/torture/20090706-1.C -Os (test for excess errors)
FAIL: g++.dg/torture/20090706-1.C -O2 -flto -flto-partition=none (internal compiler error)
FAIL: g++.dg/torture/20090706-1.C -O2 -flto -flto-partition=none (test for excess errors)
FAIL: g++.dg/torture/20090706-1.C -O2 -flto (internal compiler error)
FAIL: g++.dg/torture/20090706-1.C -O2 -flto (test for excess errors)
=== g++ Summary for unix/-m64 ===
# of expected passes 27248
# of unexpected failures 16
# of unexpected successes 1
# of expected failures 163
# of unsupported tests 376
=== g++ Summary ===
# of expected passes 54263
# of unexpected failures 32
# of unexpected successes 2
# of expected failures 326
# of unsupported tests 554
/opt/gcc/build_w/gcc/testsuite/g++/../../g++ version 4.7.0 20110515 (experimental) [trunk revision 173775p1] (GCC)
=== gcc tests ===
Running target unix/-m32
FAIL: gcc.dg/tree-ssa/vrp47.c scan-tree-dump-times dom1 "x[^ ]* & y" 1
=== gcc Summary for unix/-m32 ===
# of expected passes 76324
# of unexpected failures 1
# of expected failures 244
# of unsupported tests 1405
Running target unix/-m64
FAIL: gcc.dg/matrix/transpose-3.c execution, -fprofile-use -fipa-matrix-reorg -fdump-ipa-matrix-reorg -O3 -fwhole-program -fno-tree-fre
FAIL: gcc.dg/tree-ssa/vrp47.c scan-tree-dump-times dom1 "x[^ ]* & y" 1
=== gcc Summary for unix/-m64 ===
# of expected passes 76474
# of unexpected failures 2
# of expected failures 245
# of unsupported tests 1775
=== gcc Summary ===
# of expected passes 152798
# of unexpected failures 3
# of expected failures 489
# of unsupported tests 3180
/opt/gcc/build_w/gcc/xgcc version 4.7.0 20110515 (experimental) [trunk revision 173775p1] (GCC)
=== gfortran tests ===
Running target unix/-m32
=== gfortran Summary for unix/-m32 ===
# of expected passes 38721
# of expected failures 53
# of unsupported tests 209
Running target unix/-m64
=== gfortran Summary for unix/-m64 ===
# of expected passes 39008
# of expected failures 53
# of unsupported tests 71
=== gfortran Summary ===
# of expected passes 77729
# of expected failures 106
# of unsupported tests 280
/opt/gcc/build_w/gcc/testsuite/gfortran/../../gfortran version 4.7.0 20110515 (experimental) [trunk revision 173775p1] (GCC)
=== obj-c++ tests ===
Running target unix/-m32
=== obj-c++ Summary for unix/-m32 ===
# of expected passes 3079
# of expected failures 2
# of unsupported tests 68
Running target unix/-m64
=== obj-c++ Summary for unix/-m64 ===
# of expected passes 3029
# of expected failures 19
# of unsupported tests 73
=== obj-c++ Summary ===
# of expected passes 6108
# of expected failures 21
# of unsupported tests 141
/opt/gcc/build_w/gcc/testsuite/obj-c++/../../g++ version 4.7.0 20110515 (experimental) [trunk revision 173775p1] (GCC)
=== objc tests ===
Running target unix/-m32
=== objc Summary for unix/-m32 ===
# of expected passes 5995
# of expected failures 6
# of unsupported tests 86
Running target unix/-m64
=== objc Summary for unix/-m64 ===
# of expected passes 5917
# of expected failures 24
# of unsupported tests 102
=== objc Summary ===
# of expected passes 11912
# of expected failures 30
# of unsupported tests 188
/opt/gcc/build_w/gcc/xgcc version 4.7.0 20110515 (experimental) [trunk revision 173775p1] (GCC)
=== boehm-gc tests ===
Running target unix/-m32
=== boehm-gc Summary for unix/-m32 ===
# of expected passes 12
# of unsupported tests 1
Running target unix/-m64
=== boehm-gc Summary for unix/-m64 ===
# of expected passes 12
# of unsupported tests 1
=== boehm-gc Summary ===
# of expected passes 24
# of unsupported tests 2
=== libffi tests ===
Running target unix/-m32
=== libffi Summary for unix/-m32 ===
# of expected passes 1634
# of expected failures 10
# of unsupported tests 15
Running target unix/-m64
=== libffi Summary for unix/-m64 ===
# of expected passes 1634
# of expected failures 10
# of unsupported tests 15
=== libffi Summary ===
# of expected passes 3268
# of expected failures 20
# of unsupported tests 30
=== libgomp tests ===
Running target unix/-m32
=== libgomp Summary for unix/-m32 ===
# of expected passes 2600
# of unsupported tests 3
Running target unix/-m64
=== libgomp Summary for unix/-m64 ===
# of expected passes 2600
# of unsupported tests 3
=== libgomp Summary ===
# of expected passes 5200
# of unsupported tests 6
=== libjava tests ===
Running target unix/-m32
FAIL: PR16923.c compilation
=== libjava Summary for unix/-m32 ===
# of expected passes 2572
# of unexpected failures 1
Running target unix/-m64
=== libjava Summary for unix/-m64 ===
# of expected passes 2574
=== libjava Summary ===
# of expected passes 5146
# of unexpected failures 1
=== libstdc++ tests ===
Running target unix/-m32
=== libstdc++ Summary for unix/-m32 ===
# of expected passes 7049
# of expected failures 82
# of unsupported tests 690
Running target unix/-m64
=== libstdc++ Summary for unix/-m64 ===
# of expected passes 7047
# of expected failures 82
# of unsupported tests 691
=== libstdc++ Summary ===
# of expected passes 14096
# of expected failures 164
# of unsupported tests 1381
Compiler version: 4.7.0 20110515 (experimental) [trunk revision 173775p1] (GCC)
Platform: x86_64-apple-darwin10.7.0
configure flags: --prefix=/opt/gcc/gcc4.7w --enable-languages=c,c++,fortran,objc,obj-c++,java,lto --with-gmp=/opt/sw64 --with-libiconv-prefix=/opt/sw64 --with-system-zlib --with-cloog=/opt/sw64 --enable-cloog-backend=isl --enable-lto
More information about the Gcc-testresults
mailing list