Results for 4.7.0 20110511 (experimental) (GCC) testsuite on x86_64-apple-darwin10.7.0
Jack Howarth
howarth@bromo.med.uc.edu
Wed May 11 22:12:00 GMT 2011
r173643 with Xcode 4.0.2
Native configuration is x86_64-apple-darwin10.7.0
=== g++ tests ===
Running target unix/-m32
WARNING: g++.dg/ext/label13.C compilation failed to produce executable
XPASS: g++.dg/tree-ssa/pr43411.C scan-tree-dump-not optimized "OBJ_TYPE_REF"
FAIL: g++.dg/torture/20090706-1.C -O0 (internal compiler error)
FAIL: g++.dg/torture/20090706-1.C -O0 (test for excess errors)
FAIL: g++.dg/torture/20090706-1.C -O1 (internal compiler error)
FAIL: g++.dg/torture/20090706-1.C -O1 (test for excess errors)
FAIL: g++.dg/torture/20090706-1.C -O2 (internal compiler error)
FAIL: g++.dg/torture/20090706-1.C -O2 (test for excess errors)
FAIL: g++.dg/torture/20090706-1.C -O3 -fomit-frame-pointer (internal compiler error)
FAIL: g++.dg/torture/20090706-1.C -O3 -fomit-frame-pointer (test for excess errors)
FAIL: g++.dg/torture/20090706-1.C -O3 -g (internal compiler error)
FAIL: g++.dg/torture/20090706-1.C -O3 -g (test for excess errors)
FAIL: g++.dg/torture/20090706-1.C -Os (internal compiler error)
FAIL: g++.dg/torture/20090706-1.C -Os (test for excess errors)
=== g++ Summary for unix/-m32 ===
# of expected passes 25509
# of unexpected failures 12
# of unexpected successes 1
# of expected failures 161
# of unsupported tests 207
Running target unix/-m64
WARNING: g++.dg/ext/label13.C compilation failed to produce executable
XPASS: g++.dg/tree-ssa/pr43411.C scan-tree-dump-not optimized "OBJ_TYPE_REF"
FAIL: g++.dg/torture/20090706-1.C -O0 (internal compiler error)
FAIL: g++.dg/torture/20090706-1.C -O0 (test for excess errors)
FAIL: g++.dg/torture/20090706-1.C -O1 (internal compiler error)
FAIL: g++.dg/torture/20090706-1.C -O1 (test for excess errors)
FAIL: g++.dg/torture/20090706-1.C -O2 (internal compiler error)
FAIL: g++.dg/torture/20090706-1.C -O2 (test for excess errors)
FAIL: g++.dg/torture/20090706-1.C -O3 -fomit-frame-pointer (internal compiler error)
FAIL: g++.dg/torture/20090706-1.C -O3 -fomit-frame-pointer (test for excess errors)
FAIL: g++.dg/torture/20090706-1.C -O3 -g (internal compiler error)
FAIL: g++.dg/torture/20090706-1.C -O3 -g (test for excess errors)
FAIL: g++.dg/torture/20090706-1.C -Os (internal compiler error)
FAIL: g++.dg/torture/20090706-1.C -Os (test for excess errors)
FAIL: g++.dg/tree-prof/partition1.C compilation, -g -fprofile-use
UNRESOLVED: g++.dg/tree-prof/partition1.C execution, -g -fprofile-use
FAIL: g++.dg/tree-prof/partition1.C compilation, -O0 -fprofile-use
UNRESOLVED: g++.dg/tree-prof/partition1.C execution, -O0 -fprofile-use
FAIL: g++.dg/tree-prof/partition1.C compilation, -O1 -fprofile-use
UNRESOLVED: g++.dg/tree-prof/partition1.C execution, -O1 -fprofile-use
FAIL: g++.dg/tree-prof/partition1.C compilation, -O2 -fprofile-use
UNRESOLVED: g++.dg/tree-prof/partition1.C execution, -O2 -fprofile-use
FAIL: g++.dg/tree-prof/partition1.C compilation, -O3 -fprofile-use
UNRESOLVED: g++.dg/tree-prof/partition1.C execution, -O3 -fprofile-use
FAIL: g++.dg/tree-prof/partition1.C compilation, -O3 -g -fprofile-use
UNRESOLVED: g++.dg/tree-prof/partition1.C execution, -O3 -g -fprofile-use
FAIL: g++.dg/tree-prof/partition1.C compilation, -Os -fprofile-use
UNRESOLVED: g++.dg/tree-prof/partition1.C execution, -Os -fprofile-use
=== g++ Summary for unix/-m64 ===
# of expected passes 25804
# of unexpected failures 19
# of unexpected successes 1
# of expected failures 161
# of unresolved testcases 7
# of unsupported tests 365
=== g++ Summary ===
# of expected passes 51313
# of unexpected failures 31
# of unexpected successes 2
# of expected failures 322
# of unresolved testcases 7
# of unsupported tests 572
/sw/src/fink.build/gcc47-4.7.0-1000/darwin_objdir/gcc/testsuite/g++/../../g++ version 4.7.0 20110511 (experimental) (GCC)
=== gcc tests ===
Running target unix/-m32
=== gcc Summary for unix/-m32 ===
# of expected passes 63410
# of expected failures 185
# of unsupported tests 1337
Running target unix/-m64
FAIL: gcc.dg/matrix/transpose-3.c execution, -fprofile-use -fipa-matrix-reorg -fdump-ipa-matrix-reorg -O3 -fwhole-program -fno-tree-fre
FAIL: gcc.dg/tree-prof/pr34999.c compilation, -fprofile-use -D_PROFILE_USE
UNRESOLVED: gcc.dg/tree-prof/pr34999.c execution, -fprofile-use -D_PROFILE_USE
FAIL: gcc.dg/tree-prof/pr45354.c compilation, -fprofile-use -D_PROFILE_USE
UNRESOLVED: gcc.dg/tree-prof/pr45354.c execution, -fprofile-use -D_PROFILE_USE
=== gcc Summary for unix/-m64 ===
# of expected passes 63700
# of unexpected failures 3
# of expected failures 186
# of unresolved testcases 2
# of unsupported tests 1634
=== gcc Summary ===
# of expected passes 127110
# of unexpected failures 3
# of expected failures 371
# of unresolved testcases 2
# of unsupported tests 2971
/sw/src/fink.build/gcc47-4.7.0-1000/darwin_objdir/gcc/xgcc version 4.7.0 20110511 (experimental) (GCC)
=== gfortran tests ===
Running target unix/-m32
FAIL: gfortran.dg/coarray/image_index_2.f90 -fcoarray=single -O2 (internal compiler error)
FAIL: gfortran.dg/coarray/image_index_2.f90 -fcoarray=single -O2 (test for excess errors)
WARNING: gfortran.dg/coarray/image_index_2.f90 -fcoarray=single -O2 compilation failed to produce executable
FAIL: gfortran.dg/coarray/image_index_2.f90 -fcoarray=lib -O2 -lcaf_single (internal compiler error)
FAIL: gfortran.dg/coarray/image_index_2.f90 -fcoarray=lib -O2 -lcaf_single (test for excess errors)
WARNING: gfortran.dg/coarray/image_index_2.f90 -fcoarray=lib -O2 -lcaf_single compilation failed to produce executable
FAIL: gfortran.dg/coarray_20.f90 -O (test for errors, line 10)
FAIL: gfortran.dg/coarray_20.f90 -O (test for excess errors)
=== gfortran Summary for unix/-m32 ===
# of expected passes 38447
# of unexpected failures 6
# of expected failures 53
# of unsupported tests 209
Running target unix/-m64
FAIL: gfortran.dg/coarray/image_index_2.f90 -fcoarray=single -O2 (internal compiler error)
FAIL: gfortran.dg/coarray/image_index_2.f90 -fcoarray=single -O2 (test for excess errors)
WARNING: gfortran.dg/coarray/image_index_2.f90 -fcoarray=single -O2 compilation failed to produce executable
FAIL: gfortran.dg/coarray/image_index_2.f90 -fcoarray=lib -O2 -lcaf_single (internal compiler error)
FAIL: gfortran.dg/coarray/image_index_2.f90 -fcoarray=lib -O2 -lcaf_single (test for excess errors)
WARNING: gfortran.dg/coarray/image_index_2.f90 -fcoarray=lib -O2 -lcaf_single compilation failed to produce executable
FAIL: gfortran.dg/coarray_20.f90 -O (test for errors, line 10)
FAIL: gfortran.dg/coarray_20.f90 -O (test for excess errors)
=== gfortran Summary for unix/-m64 ===
# of expected passes 38734
# of unexpected failures 6
# of expected failures 53
# of unsupported tests 71
=== gfortran Summary ===
# of expected passes 77181
# of unexpected failures 12
# of expected failures 106
# of unsupported tests 280
/sw/src/fink.build/gcc47-4.7.0-1000/darwin_objdir/gcc/testsuite/gfortran/../../gfortran version 4.7.0 20110511 (experimental) (GCC)
=== obj-c++ tests ===
Running target unix/-m32
FAIL: obj-c++.dg/torture/strings/const-cfstring-1.mm -O0 -fnext-runtime execution test
FAIL: obj-c++.dg/torture/strings/const-cfstring-1.mm -O1 -fnext-runtime execution test
FAIL: obj-c++.dg/torture/strings/const-cfstring-1.mm -O2 -fnext-runtime execution test
FAIL: obj-c++.dg/torture/strings/const-cfstring-1.mm -O3 -fomit-frame-pointer -fnext-runtime execution test
FAIL: obj-c++.dg/torture/strings/const-cfstring-1.mm -O3 -g -fnext-runtime execution test
FAIL: obj-c++.dg/torture/strings/const-cfstring-1.mm -Os -fnext-runtime execution test
=== obj-c++ Summary for unix/-m32 ===
# of expected passes 2937
# of unexpected failures 6
# of expected failures 2
# of unsupported tests 56
Running target unix/-m64
FAIL: obj-c++.dg/torture/strings/const-cfstring-1.mm -O0 -fnext-runtime execution test
FAIL: obj-c++.dg/torture/strings/const-cfstring-1.mm -O1 -fnext-runtime execution test
FAIL: obj-c++.dg/torture/strings/const-cfstring-1.mm -O2 -fnext-runtime execution test
FAIL: obj-c++.dg/torture/strings/const-cfstring-1.mm -O3 -fomit-frame-pointer -fnext-runtime execution test
FAIL: obj-c++.dg/torture/strings/const-cfstring-1.mm -O3 -g -fnext-runtime execution test
FAIL: obj-c++.dg/torture/strings/const-cfstring-1.mm -Os -fnext-runtime execution test
=== obj-c++ Summary for unix/-m64 ===
# of expected passes 2911
# of unexpected failures 6
# of expected failures 19
# of unsupported tests 59
=== obj-c++ Summary ===
# of expected passes 5848
# of unexpected failures 12
# of expected failures 21
# of unsupported tests 115
/sw/src/fink.build/gcc47-4.7.0-1000/darwin_objdir/gcc/testsuite/obj-c++/../../g++ version 4.7.0 20110511 (experimental) (GCC)
=== objc tests ===
Running target unix/-m32
FAIL: objc.dg/torture/strings/const-cfstring-1.m -O0 -fnext-runtime execution test
FAIL: objc.dg/torture/strings/const-cfstring-1.m -O1 -fnext-runtime execution test
FAIL: objc.dg/torture/strings/const-cfstring-1.m -O2 -fnext-runtime execution test
FAIL: objc.dg/torture/strings/const-cfstring-1.m -O3 -fomit-frame-pointer -fnext-runtime execution test
FAIL: objc.dg/torture/strings/const-cfstring-1.m -O3 -g -fnext-runtime execution test
FAIL: objc.dg/torture/strings/const-cfstring-1.m -Os -fnext-runtime execution test
=== objc Summary for unix/-m32 ===
# of expected passes 5821
# of unexpected failures 6
# of expected failures 6
# of unsupported tests 74
Running target unix/-m64
FAIL: objc.dg/torture/strings/const-cfstring-1.m -O0 -fnext-runtime execution test
FAIL: objc.dg/torture/strings/const-cfstring-1.m -O1 -fnext-runtime execution test
FAIL: objc.dg/torture/strings/const-cfstring-1.m -O2 -fnext-runtime execution test
FAIL: objc.dg/torture/strings/const-cfstring-1.m -O3 -fomit-frame-pointer -fnext-runtime execution test
FAIL: objc.dg/torture/strings/const-cfstring-1.m -O3 -g -fnext-runtime execution test
FAIL: objc.dg/torture/strings/const-cfstring-1.m -Os -fnext-runtime execution test
=== objc Summary for unix/-m64 ===
# of expected passes 5773
# of unexpected failures 6
# of expected failures 22
# of unsupported tests 86
=== objc Summary ===
# of expected passes 11594
# of unexpected failures 12
# of expected failures 28
# of unsupported tests 160
/sw/src/fink.build/gcc47-4.7.0-1000/darwin_objdir/gcc/xgcc version 4.7.0 20110511 (experimental) (GCC)
=== boehm-gc tests ===
Running target unix/-m32
=== boehm-gc Summary for unix/-m32 ===
# of expected passes 12
# of unsupported tests 1
Running target unix/-m64
=== boehm-gc Summary for unix/-m64 ===
# of expected passes 12
# of unsupported tests 1
=== boehm-gc Summary ===
# of expected passes 24
# of unsupported tests 2
=== libffi tests ===
Running target unix/-m32
=== libffi Summary for unix/-m32 ===
# of expected passes 1634
# of expected failures 10
# of unsupported tests 15
Running target unix/-m64
=== libffi Summary for unix/-m64 ===
# of expected passes 1634
# of expected failures 10
# of unsupported tests 15
=== libffi Summary ===
# of expected passes 3268
# of expected failures 20
# of unsupported tests 30
=== libgomp tests ===
Running target unix/-m32
=== libgomp Summary for unix/-m32 ===
# of expected passes 2600
# of unsupported tests 3
Running target unix/-m64
=== libgomp Summary for unix/-m64 ===
# of expected passes 2600
# of unsupported tests 3
=== libgomp Summary ===
# of expected passes 5200
# of unsupported tests 6
=== libjava tests ===
Running target unix/-m32
FAIL: PR16923.c compilation
=== libjava Summary for unix/-m32 ===
# of expected passes 2572
# of unexpected failures 1
Running target unix/-m64
FAIL: Throw_2 execution - source compiled test
FAIL: Throw_2 -findirect-dispatch execution - source compiled test
FAIL: Throw_2 -O3 execution - source compiled test
FAIL: Throw_2 -O3 -findirect-dispatch execution - source compiled test
=== libjava Summary for unix/-m64 ===
# of expected passes 2566
# of unexpected failures 4
# of untested testcases 4
=== libjava Summary ===
# of expected passes 5138
# of unexpected failures 5
# of untested testcases 4
=== libstdc++ tests ===
Running target unix/-m32
WARNING: program timed out.
FAIL: 20_util/shared_ptr/thread/default_weaktoshared.cc execution test
FAIL: 26_numerics/headers/cmath/overloads_c++0x_neg.cc (test for errors, line 29)
FAIL: 26_numerics/headers/cmath/overloads_c++0x_neg.cc (test for errors, line 30)
FAIL: 26_numerics/headers/cmath/overloads_c++0x_neg.cc (test for errors, line 31)
FAIL: 26_numerics/headers/cmath/overloads_c++0x_neg.cc (test for errors, line 32)
FAIL: 26_numerics/headers/cmath/overloads_c++0x_neg.cc (test for errors, line 33)
FAIL: 26_numerics/headers/cmath/overloads_c++0x_neg.cc (test for errors, line 34)
FAIL: 26_numerics/headers/cmath/overloads_c++0x_neg.cc (test for errors, line 35)
FAIL: 26_numerics/headers/cmath/overloads_c++0x_neg.cc (test for errors, line 36)
FAIL: 26_numerics/headers/cmath/overloads_c++0x_neg.cc (test for errors, line 37)
FAIL: 26_numerics/headers/cmath/overloads_c++0x_neg.cc (test for errors, line 38)
FAIL: 26_numerics/headers/cmath/overloads_c++0x_neg.cc (test for errors, line 39)
FAIL: 26_numerics/headers/cmath/overloads_c++0x_neg.cc (test for errors, line 40)
FAIL: 26_numerics/headers/cmath/overloads_c++0x_neg.cc (test for errors, line 41)
FAIL: 26_numerics/headers/cmath/overloads_c++0x_neg.cc (test for errors, line 42)
FAIL: 26_numerics/headers/cmath/overloads_c++0x_neg.cc (test for errors, line 43)
FAIL: 26_numerics/headers/cmath/overloads_c++0x_neg.cc (test for errors, line 44)
FAIL: 26_numerics/headers/cmath/overloads_c++0x_neg.cc (test for errors, line 45)
FAIL: 26_numerics/headers/cmath/overloads_c++0x_neg.cc (test for errors, line 46)
FAIL: 26_numerics/headers/cmath/overloads_c++0x_neg.cc (test for errors, line 47)
FAIL: 26_numerics/headers/cmath/overloads_c++0x_neg.cc (test for errors, line 48)
FAIL: 26_numerics/headers/cmath/overloads_c++0x_neg.cc (test for errors, line 49)
FAIL: 26_numerics/headers/cmath/overloads_c++0x_neg.cc (test for errors, line 50)
FAIL: 26_numerics/headers/cmath/overloads_c++0x_neg.cc (test for errors, line 51)
FAIL: 26_numerics/headers/cmath/overloads_c++0x_neg.cc (test for errors, line 52)
FAIL: 26_numerics/headers/cmath/overloads_c++0x_neg.cc (test for errors, line 53)
FAIL: 26_numerics/headers/cmath/overloads_c++0x_neg.cc (test for errors, line 54)
FAIL: 26_numerics/headers/cmath/overloads_c++0x_neg.cc (test for errors, line 55)
FAIL: 26_numerics/headers/cmath/overloads_c++0x_neg.cc (test for errors, line 56)
FAIL: 26_numerics/headers/cmath/overloads_c++0x_neg.cc (test for errors, line 57)
FAIL: 26_numerics/headers/cmath/overloads_c++0x_neg.cc (test for errors, line 58)
FAIL: 26_numerics/headers/cmath/overloads_c++0x_neg.cc (test for errors, line 59)
FAIL: 26_numerics/headers/cmath/overloads_c++0x_neg.cc (test for errors, line 60)
FAIL: 26_numerics/headers/cmath/overloads_c++0x_neg.cc (test for errors, line 61)
FAIL: 26_numerics/headers/cmath/overloads_c++0x_neg.cc (test for errors, line 62)
FAIL: 26_numerics/headers/cmath/overloads_c++0x_neg.cc (test for errors, line 63)
FAIL: tr1/8_c_compatibility/cmath/overloads_neg.cc (test for errors, line 30)
FAIL: tr1/8_c_compatibility/cmath/overloads_neg.cc (test for errors, line 31)
FAIL: tr1/8_c_compatibility/cmath/overloads_neg.cc (test for errors, line 32)
FAIL: tr1/8_c_compatibility/cmath/overloads_neg.cc (test for errors, line 33)
FAIL: tr1/8_c_compatibility/cmath/overloads_neg.cc (test for errors, line 34)
FAIL: tr1/8_c_compatibility/cmath/overloads_neg.cc (test for errors, line 35)
FAIL: tr1/8_c_compatibility/cmath/overloads_neg.cc (test for errors, line 36)
FAIL: tr1/8_c_compatibility/cmath/overloads_neg.cc (test for errors, line 37)
FAIL: tr1/8_c_compatibility/cmath/overloads_neg.cc (test for errors, line 38)
FAIL: tr1/8_c_compatibility/cmath/overloads_neg.cc (test for errors, line 39)
FAIL: tr1/8_c_compatibility/cmath/overloads_neg.cc (test for errors, line 40)
FAIL: tr1/8_c_compatibility/cmath/overloads_neg.cc (test for errors, line 41)
FAIL: tr1/8_c_compatibility/cmath/overloads_neg.cc (test for errors, line 42)
FAIL: tr1/8_c_compatibility/cmath/overloads_neg.cc (test for errors, line 43)
FAIL: tr1/8_c_compatibility/cmath/overloads_neg.cc (test for errors, line 44)
FAIL: tr1/8_c_compatibility/cmath/overloads_neg.cc (test for errors, line 45)
FAIL: tr1/8_c_compatibility/cmath/overloads_neg.cc (test for errors, line 46)
FAIL: tr1/8_c_compatibility/cmath/overloads_neg.cc (test for errors, line 47)
FAIL: tr1/8_c_compatibility/cmath/overloads_neg.cc (test for errors, line 48)
FAIL: tr1/8_c_compatibility/cmath/overloads_neg.cc (test for errors, line 49)
FAIL: tr1/8_c_compatibility/cmath/overloads_neg.cc (test for errors, line 50)
FAIL: tr1/8_c_compatibility/cmath/overloads_neg.cc (test for errors, line 51)
FAIL: tr1/8_c_compatibility/cmath/overloads_neg.cc (test for errors, line 52)
FAIL: tr1/8_c_compatibility/cmath/overloads_neg.cc (test for errors, line 53)
FAIL: tr1/8_c_compatibility/cmath/overloads_neg.cc (test for errors, line 54)
FAIL: tr1/8_c_compatibility/cmath/overloads_neg.cc (test for errors, line 55)
FAIL: tr1/8_c_compatibility/cmath/overloads_neg.cc (test for errors, line 56)
FAIL: tr1/8_c_compatibility/cmath/overloads_neg.cc (test for errors, line 57)
FAIL: tr1/8_c_compatibility/cmath/overloads_neg.cc (test for errors, line 58)
FAIL: tr1/8_c_compatibility/cmath/overloads_neg.cc (test for errors, line 59)
FAIL: tr1/8_c_compatibility/cmath/overloads_neg.cc (test for errors, line 60)
FAIL: tr1/8_c_compatibility/cmath/overloads_neg.cc (test for errors, line 61)
FAIL: tr1/8_c_compatibility/cmath/overloads_neg.cc (test for errors, line 62)
FAIL: tr1/8_c_compatibility/cmath/overloads_neg.cc (test for errors, line 63)
FAIL: tr1/8_c_compatibility/cmath/overloads_neg.cc (test for errors, line 64)
=== libstdc++ Summary for unix/-m32 ===
# of expected passes 7050
# of unexpected failures 71
# of expected failures 82
# of unsupported tests 688
Running target unix/-m64
FAIL: 26_numerics/headers/cmath/overloads_c++0x_neg.cc (test for errors, line 29)
FAIL: 26_numerics/headers/cmath/overloads_c++0x_neg.cc (test for errors, line 30)
FAIL: 26_numerics/headers/cmath/overloads_c++0x_neg.cc (test for errors, line 31)
FAIL: 26_numerics/headers/cmath/overloads_c++0x_neg.cc (test for errors, line 32)
FAIL: 26_numerics/headers/cmath/overloads_c++0x_neg.cc (test for errors, line 33)
FAIL: 26_numerics/headers/cmath/overloads_c++0x_neg.cc (test for errors, line 34)
FAIL: 26_numerics/headers/cmath/overloads_c++0x_neg.cc (test for errors, line 35)
FAIL: 26_numerics/headers/cmath/overloads_c++0x_neg.cc (test for errors, line 36)
FAIL: 26_numerics/headers/cmath/overloads_c++0x_neg.cc (test for errors, line 37)
FAIL: 26_numerics/headers/cmath/overloads_c++0x_neg.cc (test for errors, line 38)
FAIL: 26_numerics/headers/cmath/overloads_c++0x_neg.cc (test for errors, line 39)
FAIL: 26_numerics/headers/cmath/overloads_c++0x_neg.cc (test for errors, line 40)
FAIL: 26_numerics/headers/cmath/overloads_c++0x_neg.cc (test for errors, line 41)
FAIL: 26_numerics/headers/cmath/overloads_c++0x_neg.cc (test for errors, line 42)
FAIL: 26_numerics/headers/cmath/overloads_c++0x_neg.cc (test for errors, line 43)
FAIL: 26_numerics/headers/cmath/overloads_c++0x_neg.cc (test for errors, line 44)
FAIL: 26_numerics/headers/cmath/overloads_c++0x_neg.cc (test for errors, line 45)
FAIL: 26_numerics/headers/cmath/overloads_c++0x_neg.cc (test for errors, line 46)
FAIL: 26_numerics/headers/cmath/overloads_c++0x_neg.cc (test for errors, line 47)
FAIL: 26_numerics/headers/cmath/overloads_c++0x_neg.cc (test for errors, line 48)
FAIL: 26_numerics/headers/cmath/overloads_c++0x_neg.cc (test for errors, line 49)
FAIL: 26_numerics/headers/cmath/overloads_c++0x_neg.cc (test for errors, line 50)
FAIL: 26_numerics/headers/cmath/overloads_c++0x_neg.cc (test for errors, line 51)
FAIL: 26_numerics/headers/cmath/overloads_c++0x_neg.cc (test for errors, line 52)
FAIL: 26_numerics/headers/cmath/overloads_c++0x_neg.cc (test for errors, line 53)
FAIL: 26_numerics/headers/cmath/overloads_c++0x_neg.cc (test for errors, line 54)
FAIL: 26_numerics/headers/cmath/overloads_c++0x_neg.cc (test for errors, line 55)
FAIL: 26_numerics/headers/cmath/overloads_c++0x_neg.cc (test for errors, line 56)
FAIL: 26_numerics/headers/cmath/overloads_c++0x_neg.cc (test for errors, line 57)
FAIL: 26_numerics/headers/cmath/overloads_c++0x_neg.cc (test for errors, line 58)
FAIL: 26_numerics/headers/cmath/overloads_c++0x_neg.cc (test for errors, line 59)
FAIL: 26_numerics/headers/cmath/overloads_c++0x_neg.cc (test for errors, line 60)
FAIL: 26_numerics/headers/cmath/overloads_c++0x_neg.cc (test for errors, line 61)
FAIL: 26_numerics/headers/cmath/overloads_c++0x_neg.cc (test for errors, line 62)
FAIL: 26_numerics/headers/cmath/overloads_c++0x_neg.cc (test for errors, line 63)
FAIL: tr1/8_c_compatibility/cmath/overloads_neg.cc (test for errors, line 30)
FAIL: tr1/8_c_compatibility/cmath/overloads_neg.cc (test for errors, line 31)
FAIL: tr1/8_c_compatibility/cmath/overloads_neg.cc (test for errors, line 32)
FAIL: tr1/8_c_compatibility/cmath/overloads_neg.cc (test for errors, line 33)
FAIL: tr1/8_c_compatibility/cmath/overloads_neg.cc (test for errors, line 34)
FAIL: tr1/8_c_compatibility/cmath/overloads_neg.cc (test for errors, line 35)
FAIL: tr1/8_c_compatibility/cmath/overloads_neg.cc (test for errors, line 36)
FAIL: tr1/8_c_compatibility/cmath/overloads_neg.cc (test for errors, line 37)
FAIL: tr1/8_c_compatibility/cmath/overloads_neg.cc (test for errors, line 38)
FAIL: tr1/8_c_compatibility/cmath/overloads_neg.cc (test for errors, line 39)
FAIL: tr1/8_c_compatibility/cmath/overloads_neg.cc (test for errors, line 40)
FAIL: tr1/8_c_compatibility/cmath/overloads_neg.cc (test for errors, line 41)
FAIL: tr1/8_c_compatibility/cmath/overloads_neg.cc (test for errors, line 42)
FAIL: tr1/8_c_compatibility/cmath/overloads_neg.cc (test for errors, line 43)
FAIL: tr1/8_c_compatibility/cmath/overloads_neg.cc (test for errors, line 44)
FAIL: tr1/8_c_compatibility/cmath/overloads_neg.cc (test for errors, line 45)
FAIL: tr1/8_c_compatibility/cmath/overloads_neg.cc (test for errors, line 46)
FAIL: tr1/8_c_compatibility/cmath/overloads_neg.cc (test for errors, line 47)
FAIL: tr1/8_c_compatibility/cmath/overloads_neg.cc (test for errors, line 48)
FAIL: tr1/8_c_compatibility/cmath/overloads_neg.cc (test for errors, line 49)
FAIL: tr1/8_c_compatibility/cmath/overloads_neg.cc (test for errors, line 50)
FAIL: tr1/8_c_compatibility/cmath/overloads_neg.cc (test for errors, line 51)
FAIL: tr1/8_c_compatibility/cmath/overloads_neg.cc (test for errors, line 52)
FAIL: tr1/8_c_compatibility/cmath/overloads_neg.cc (test for errors, line 53)
FAIL: tr1/8_c_compatibility/cmath/overloads_neg.cc (test for errors, line 54)
FAIL: tr1/8_c_compatibility/cmath/overloads_neg.cc (test for errors, line 55)
FAIL: tr1/8_c_compatibility/cmath/overloads_neg.cc (test for errors, line 56)
FAIL: tr1/8_c_compatibility/cmath/overloads_neg.cc (test for errors, line 57)
FAIL: tr1/8_c_compatibility/cmath/overloads_neg.cc (test for errors, line 58)
FAIL: tr1/8_c_compatibility/cmath/overloads_neg.cc (test for errors, line 59)
FAIL: tr1/8_c_compatibility/cmath/overloads_neg.cc (test for errors, line 60)
FAIL: tr1/8_c_compatibility/cmath/overloads_neg.cc (test for errors, line 61)
FAIL: tr1/8_c_compatibility/cmath/overloads_neg.cc (test for errors, line 62)
FAIL: tr1/8_c_compatibility/cmath/overloads_neg.cc (test for errors, line 63)
FAIL: tr1/8_c_compatibility/cmath/overloads_neg.cc (test for errors, line 64)
=== libstdc++ Summary for unix/-m64 ===
# of expected passes 7049
# of unexpected failures 70
# of expected failures 82
# of unsupported tests 689
=== libstdc++ Summary ===
# of expected passes 14099
# of unexpected failures 141
# of expected failures 164
# of unsupported tests 1377
Compiler version: 4.7.0 20110511 (experimental) (GCC)
Platform: x86_64-apple-darwin10.7.0
configure flags: --prefix=/sw --prefix=/sw/lib/gcc4.7 --mandir=/sw/share/man --infodir=/sw/lib/gcc4.7/info --enable-languages=c,c++,fortran,objc,obj-c++,java --with-gmp=/sw --with-libiconv-prefix=/sw --with-ppl=/sw --with-cloog=/sw --with-mpc=/sw --with-system-zlib --x-includes=/usr/X11R6/include --x-libraries=/usr/X11R6/lib --program-suffix=-fsf-4.7 --enable-checking=yes --enable-cloog-backend=isl
More information about the Gcc-testresults
mailing list