Results for 4.7.0 20110429 (experimental) [trunk revision 173183] (GCC) testsuite on i386-pc-solaris2.11
Rainer Orth
ro@CeBiTec.Uni-Bielefeld.DE
Mon May 2 16:51:00 GMT 2011
LAST_UPDATED: Fri Apr 29 20:26:37 UTC 2011 (revision 173183)
=== acats tests ===
FAIL: cxg2001
=== acats Summary ===
# of expected passes 2320
# of unexpected failures 1
Native configuration is i386-pc-solaris2.11
=== g++ tests ===
Running target unix
XPASS: g++.dg/tree-ssa/pr43411.C scan-tree-dump-not optimized "OBJ_TYPE_REF"
FAIL: g++.dg/torture/pr48661.C -O1 (test for excess errors)
WARNING: g++.dg/torture/pr48661.C -O1 compilation failed to produce executable
FAIL: g++.dg/torture/pr48661.C -O2 (test for excess errors)
WARNING: g++.dg/torture/pr48661.C -O2 compilation failed to produce executable
FAIL: g++.dg/torture/pr48661.C -O3 -fomit-frame-pointer (test for excess errors)
WARNING: g++.dg/torture/pr48661.C -O3 -fomit-frame-pointer compilation failed to produce executable
FAIL: g++.dg/torture/pr48661.C -O3 -g (test for excess errors)
WARNING: g++.dg/torture/pr48661.C -O3 -g compilation failed to produce executable
FAIL: g++.dg/torture/pr48661.C -Os (test for excess errors)
WARNING: g++.dg/torture/pr48661.C -Os compilation failed to produce executable
FAIL: g++.dg/torture/pr48661.C -O2 -flto -flto-partition=none (test for excess errors)
WARNING: g++.dg/torture/pr48661.C -O2 -flto -flto-partition=none compilation failed to produce executable
FAIL: g++.dg/torture/pr48661.C -O2 -flto (test for excess errors)
WARNING: g++.dg/torture/pr48661.C -O2 -flto compilation failed to produce executable
=== g++ Summary for unix ===
# of expected passes 26882
# of unexpected failures 7
# of unexpected successes 1
# of expected failures 163
# of unsupported tests 191
Running target unix/-m64
XPASS: g++.dg/tree-ssa/pr43411.C scan-tree-dump-not optimized "OBJ_TYPE_REF"
FAIL: g++.dg/torture/pr48661.C -O1 (test for excess errors)
WARNING: g++.dg/torture/pr48661.C -O1 compilation failed to produce executable
FAIL: g++.dg/torture/pr48661.C -O2 (test for excess errors)
WARNING: g++.dg/torture/pr48661.C -O2 compilation failed to produce executable
FAIL: g++.dg/torture/pr48661.C -O3 -fomit-frame-pointer (test for excess errors)
WARNING: g++.dg/torture/pr48661.C -O3 -fomit-frame-pointer compilation failed to produce executable
FAIL: g++.dg/torture/pr48661.C -O3 -g (test for excess errors)
WARNING: g++.dg/torture/pr48661.C -O3 -g compilation failed to produce executable
FAIL: g++.dg/torture/pr48661.C -Os (test for excess errors)
WARNING: g++.dg/torture/pr48661.C -Os compilation failed to produce executable
FAIL: g++.dg/torture/pr48661.C -O2 -flto -flto-partition=none (test for excess errors)
WARNING: g++.dg/torture/pr48661.C -O2 -flto -flto-partition=none compilation failed to produce executable
FAIL: g++.dg/torture/pr48661.C -O2 -flto (test for excess errors)
WARNING: g++.dg/torture/pr48661.C -O2 -flto compilation failed to produce executable
=== g++ Summary for unix/-m64 ===
# of expected passes 27114
# of unexpected failures 7
# of unexpected successes 1
# of expected failures 163
# of unsupported tests 390
=== g++ Summary ===
# of expected passes 53996
# of unexpected failures 14
# of unexpected successes 2
# of expected failures 326
# of unsupported tests 581
/var/gcc/regression/trunk/11-gcc-gas/build/gcc/testsuite/g++/../../g++ version 4.7.0 20110429 (experimental) [trunk revision 173183] (GCC)
=== gcc tests ===
Running target unix
=== gcc Summary for unix ===
# of expected passes 77434
# of expected failures 246
# of unsupported tests 808
Running target unix/-m64
=== gcc Summary for unix/-m64 ===
# of expected passes 77579
# of expected failures 246
# of unsupported tests 1216
=== gcc Summary ===
# of expected passes 155013
# of expected failures 492
# of unsupported tests 2024
/var/gcc/regression/trunk/11-gcc-gas/build/gcc/xgcc version 4.7.0 20110429 (experimental) [trunk revision 173183] (GCC)
=== gfortran tests ===
Running target unix
FAIL: gfortran.dg/fmt_g0_6.f08 -O1 execution test
FAIL: gfortran.dg/fmt_g0_6.f08 -O2 execution test
FAIL: gfortran.dg/fmt_g0_6.f08 -O3 -fomit-frame-pointer execution test
FAIL: gfortran.dg/fmt_g0_6.f08 -O3 -fomit-frame-pointer -funroll-loops execution test
FAIL: gfortran.dg/fmt_g0_6.f08 -O3 -fomit-frame-pointer -funroll-all-loops -finline-functions execution test
FAIL: gfortran.dg/fmt_g0_6.f08 -O3 -g execution test
FAIL: gfortran.dg/fmt_g0_6.f08 -Os execution test
=== gfortran Summary for unix ===
# of expected passes 38622
# of unexpected failures 7
# of expected failures 53
# of unsupported tests 228
Running target unix/-m64
=== gfortran Summary for unix/-m64 ===
# of expected passes 38924
# of expected failures 53
# of unsupported tests 90
=== gfortran Summary ===
# of expected passes 77546
# of unexpected failures 7
# of expected failures 106
# of unsupported tests 318
/var/gcc/regression/trunk/11-gcc-gas/build/gcc/testsuite/gfortran/../../gfortran version 4.7.0 20110429 (experimental) [trunk revision 173183] (GCC)
=== gnat tests ===
Running target unix
=== gnat Summary for unix ===
# of expected passes 886
# of expected failures 11
# of unsupported tests 4
Running target unix/-m64
=== gnat Summary for unix/-m64 ===
# of expected passes 886
# of expected failures 11
# of unsupported tests 4
=== gnat Summary ===
# of expected passes 1772
# of expected failures 22
# of unsupported tests 8
/var/gcc/regression/trunk/11-gcc-gas/build/gcc/gnatmake version 4.7.0 20110429 (experimental) [trunk revision 173183]
=== go tests ===
Running target unix
=== go Summary for unix ===
# of expected passes 2987
# of expected failures 23
Running target unix/-m64
=== go Summary for unix/-m64 ===
# of expected passes 2987
# of expected failures 23
=== go Summary ===
# of expected passes 5974
# of expected failures 46
/var/gcc/regression/trunk/11-gcc-gas/build/gcc/testsuite/go/../../gccgo version 4.7.0 20110429 (experimental) [trunk revision 173183] (GCC)
=== obj-c++ tests ===
Running target unix
=== obj-c++ Summary for unix ===
# of expected passes 1410
# of expected failures 2
# of unsupported tests 86
Running target unix/-m64
=== obj-c++ Summary for unix/-m64 ===
# of expected passes 1402
# of expected failures 10
# of unsupported tests 86
=== obj-c++ Summary ===
# of expected passes 2812
# of expected failures 12
# of unsupported tests 172
/var/gcc/regression/trunk/11-gcc-gas/build/gcc/testsuite/obj-c++/../../g++ version 4.7.0 20110429 (experimental) [trunk revision 173183] (GCC)
=== objc tests ===
Running target unix
=== objc Summary for unix ===
# of expected passes 2938
# of expected failures 6
# of unsupported tests 74
Running target unix/-m64
=== objc Summary for unix/-m64 ===
# of expected passes 2928
# of expected failures 16
# of unsupported tests 74
=== objc Summary ===
# of expected passes 5866
# of expected failures 22
# of unsupported tests 148
/var/gcc/regression/trunk/11-gcc-gas/build/gcc/xgcc version 4.7.0 20110429 (experimental) [trunk revision 173183] (GCC)
=== boehm-gc tests ===
Running target unix
=== boehm-gc Summary for unix ===
# of expected passes 12
# of unsupported tests 1
Running target unix/-m64
=== boehm-gc Summary for unix/-m64 ===
# of expected passes 12
# of unsupported tests 1
=== boehm-gc Summary ===
# of expected passes 24
# of unsupported tests 2
=== libffi tests ===
Running target unix
=== libffi Summary for unix ===
# of expected passes 1634
# of expected failures 10
# of unsupported tests 15
Running target unix/-m64
=== libffi Summary for unix/-m64 ===
# of expected passes 1634
# of expected failures 10
# of unsupported tests 15
=== libffi Summary ===
# of expected passes 3268
# of expected failures 20
# of unsupported tests 30
=== libgo tests ===
Running target unix
FAIL: os
=== libgo Summary for unix ===
# of expected passes 116
# of unexpected failures 1
# of untested testcases 2
Running target unix/-m64
FAIL: os
=== libgo Summary for unix/-m64 ===
# of expected passes 116
# of unexpected failures 1
# of untested testcases 2
=== libgo Summary ===
# of expected passes 232
# of unexpected failures 2
# of untested testcases 4
/var/gcc/regression/trunk/11-gcc-gas/build/./gcc/gccgo version 4.7.0 20110429 (experimental) [trunk revision 173183] (GCC)
=== libgomp tests ===
Running target unix
FAIL: libgomp.graphite/force-parallel-1.c execution test
=== libgomp Summary for unix ===
# of expected passes 2583
# of unexpected failures 1
# of unsupported tests 3
Running target unix/-m64
FAIL: libgomp.graphite/force-parallel-1.c execution test
=== libgomp Summary for unix/-m64 ===
# of expected passes 2583
# of unexpected failures 1
# of unsupported tests 3
=== libgomp Summary ===
# of expected passes 5166
# of unexpected failures 2
# of unsupported tests 6
=== libjava tests ===
Running target unix
=== libjava Summary for unix ===
# of expected passes 2574
Running target unix/-m64
=== libjava Summary for unix/-m64 ===
# of expected passes 2574
=== libjava Summary ===
# of expected passes 5148
=== libstdc++ tests ===
Running target unix
=== libstdc++ Summary for unix ===
# of expected passes 7470
# of expected failures 82
# of unsupported tests 461
Running target unix/-m64
=== libstdc++ Summary for unix/-m64 ===
# of expected passes 7470
# of expected failures 82
# of unsupported tests 461
=== libstdc++ Summary ===
# of expected passes 14940
# of expected failures 164
# of unsupported tests 922
Compiler version: 4.7.0 20110429 (experimental) [trunk revision 173183] (GCC)
Platform: i386-pc-solaris2.11
configure flags: --prefix=/vol/gcc --target=i386-pc-solaris2.11 --enable-objc-gc --with-host-libstdcxx='-Wl,-Bstatic -lstdc++ -Wl,-Bdynamic -lm' --with-boot-ldflags='-static-libstdc++ -static-libgcc -L/vol/gcc-4.4/lib' --with-as=/vol/gcc/bin/gas-2.21 --with-gnu-as --with-gmp=/vol/gcc --with-mpfr=/vol/gcc --with-mpc=/vol/gcc --enable-languages=all,ada,obj-c++,go --with-ppl=/vol/gcc --with-cloog=/vol/gcc --enable-cloog-backend=ppl
BOOT_CFLAGS=-g -O2
More information about the Gcc-testresults
mailing list