Results for 4.6.0 20110324 (prerelease) [trunk revision 171371] (GCC) gcc testsuite on m32r-unknown-elf
Mike Stein
mstein.lists@googlemail.com
Wed Mar 30 22:06:00 GMT 2011
Debian 5 on x86_64
cross tool versions:
GNU assembler (GNU Binutils) 2.18.50.20080330
GNU gdb 6.8.50.20080329-cvs
GNU ld (GNU Binutils) 2.18.50.20080330
GNU Make 3.81
expect version 5.43.0
host gcc version: gcc (GCC) 4.7.0 20110328 (experimental) [trunk revision 171635]
LAST_UPDATED: Thu Mar 24 00:03:16 UTC 2011 (revision 171371)
Target is m32r-unknown-elf
Host is x86_64-unknown-linux-gnu
=== gcc tests ===
Running target m32r-sim
FAIL: gcc.c-torture/execute/20101011-1.c execution, -O0
FAIL: gcc.c-torture/execute/20101011-1.c execution, -O1
FAIL: gcc.c-torture/execute/20101011-1.c execution, -O2
FAIL: gcc.c-torture/execute/20101011-1.c execution, -O3 -fomit-frame-pointer
FAIL: gcc.c-torture/execute/20101011-1.c execution, -O3 -g
FAIL: gcc.c-torture/execute/20101011-1.c execution, -Os
FAIL: gcc.c-torture/execute/20101011-1.c execution, -O2 -flto -flto-partition=none
FAIL: gcc.c-torture/execute/20101011-1.c execution, -O2 -flto
XPASS: gcc.c-torture/execute/981130-1.c execution, -O0
XPASS: gcc.c-torture/execute/981130-1.c execution, -O1
XPASS: gcc.c-torture/execute/981130-1.c execution, -O2
XPASS: gcc.c-torture/execute/981130-1.c execution, -Os
XPASS: gcc.c-torture/execute/981130-1.c execution, -O2 -flto -flto-partition=none
XPASS: gcc.c-torture/execute/981130-1.c execution, -O2 -flto
FAIL: gcc.dg/20021014-1.c (test for excess errors)
UNRESOLVED: gcc.dg/20021014-1.c compilation failed to produce executable
FAIL: gcc.dg/20040123-1.c scan-assembler abort
FAIL: gcc.dg/builtin-apply2.c execution test
FAIL: gcc.dg/c99-stdint-7.c (test for excess errors)
FAIL: gcc.dg/initpri1.c execution test
FAIL: gcc.dg/initpri3.c execution test
FAIL: gcc.dg/nest.c (test for excess errors)
UNRESOLVED: gcc.dg/nest.c compilation failed to produce executable
FAIL: gcc.dg/nested-func-4.c (test for excess errors)
UNRESOLVED: gcc.dg/nested-func-4.c compilation failed to produce executable
FAIL: gcc.dg/pr32450.c (test for excess errors)
UNRESOLVED: gcc.dg/pr32450.c compilation failed to produce executable
FAIL: gcc.dg/pr43643.c (test for excess errors)
UNRESOLVED: gcc.dg/pr43643.c compilation failed to produce executable
FAIL: gcc.dg/stack-usage-1.c (test for excess errors)
FAIL: gcc.dg/stack-usage-1.c scan-file foo\\t(256|264)\\tstatic
FAIL: gcc.dg/uninit-pred-7_a.c bogus warning (test for bogus messages, line 26)
FAIL: gcc.dg/uninit-pred-8_a.c bogus warning (test for bogus messages, line 26)
FAIL: gcc.dg/torture/stackalign/builtin-apply-2.c -O0 execution test
FAIL: gcc.dg/torture/stackalign/builtin-apply-2.c -O0 execution test
FAIL: gcc.dg/torture/stackalign/builtin-apply-2.c -O1 execution test
FAIL: gcc.dg/torture/stackalign/builtin-apply-2.c -O2 execution test
FAIL: gcc.dg/torture/stackalign/builtin-apply-2.c -O3 -fomit-frame-pointer execution test
FAIL: gcc.dg/torture/stackalign/builtin-apply-2.c -O3 -g execution test
FAIL: gcc.dg/torture/stackalign/builtin-apply-2.c -Os execution test
FAIL: gcc.dg/torture/stackalign/builtin-apply-2.c -O2 -flto -flto-partition=none execution test
FAIL: gcc.dg/torture/stackalign/builtin-apply-2.c -O2 -flto execution test
FAIL: gcc.dg/tree-prof/pr34999.c execution, -fprofile-generate -D_PROFILE_GENERATE
UNRESOLVED: gcc.dg/tree-prof/pr34999.c compilation, -fprofile-use -D_PROFILE_USE
UNRESOLVED: gcc.dg/tree-prof/pr34999.c execution, -fprofile-use -D_PROFILE_USE
XPASS: gcc.dg/tree-ssa/20040204-1.c scan-tree-dump-times optimized "link_error" 0
FAIL: gcc.dg/tree-ssa/pr42585.c scan-tree-dump-times optimized "struct _fat_ptr _ans" 0
FAIL: gcc.dg/tree-ssa/pr42585.c scan-tree-dump-times optimized "struct _fat_ptr _T2" 0
FAIL: gcc.dg/tree-ssa/vrp47.c scan-tree-dump-times vrp1 "[xy][^ ]* !=" 0
FAIL: gcc.dg/tree-ssa/vrp47.c scan-tree-dump-times dom1 "x[^ ]* & y" 1
FAIL: gcc.dg/tree-ssa/vrp47.c scan-tree-dump-times vrp1 "x[^ ]* [|] y" 1
=== gcc Summary ===
# of expected passes 67494
# of unexpected failures 37
# of unexpected successes 7
# of expected failures 124
# of unresolved testcases 7
# of unsupported tests 1067
/home/mstein/sim/gcc-4_6-branch/m32r-elf/build/gcc/xgcc version 4.6.0 20110324 (prerelease) [trunk revision 171371] (GCC)
Compiler version: 4.6.0 20110324 (prerelease) [trunk revision 171371] (GCC) gcc
Platform: m32r-unknown-elf
configure flags: --target=m32r-elf --prefix=/home/mstein/cross-local/m32r-elf --enable-languages=c --disable-nls --disable-build-warnings --with-sysroot=/home/mstein/cross-local/m32r-elf --with-build-sysroot=/home/mstein/cross-local/m32r-elf --with-ld=/home/mstein/cross-local/m32r-elf/usr/bin/ld --with-as=/home/mstein/cross-local/m32r-elf/usr/bin/as --disable-libssp --with-mpfr=/opt/cfarm/mpfr-2.4.1 --with-gmp=/opt/cfarm/gmp-4.2.4 --with-libelf=/opt/cfarm/libelf-0.8.12 --with-mpc=/opt/cfarm/mpc-0.8
More information about the Gcc-testresults
mailing list