Results for 4.7.0 20110328 (experimental) [trunk revision 171590] (GCC) testsuite on sparc-sun-solaris2.10

Sean McGovern sean@seanmcgovern.ca
Mon Mar 28 21:10:00 GMT 2011


\$ uname -a
SunOS spark 5.10 Generic_141444-09 sun4u sparc SUNW,Sun-Blade-1000

\$ cat /etc/release
                      Solaris 10 10/09 s10s_u8wos_08a SPARC
           Copyright 2009 Sun Microsystems, Inc.  All Rights Reserved.
                        Use is subject to license terms.
                           Assembled 16 September 2009

\$ /usr/local/bin/as --version
GNU assembler (GNU Binutils) 2.21

\$ /usr/ccs/bin/ld -V
ld: Software Generation Utilities - Solaris Link Editors: 5.10-1.497

\$ /usr/sbin/psrinfo -pv
The physical processor has 1 virtual processor (0)
  UltraSPARC-III+ (portid 0 impl 0x15 ver 0x23 clock 900 MHz)

Bootstrapped with:

\$ /usr/sfw/bin/gcc -v
Reading specs from /usr/sfw/lib/gcc/sparc-sun-solaris2.10/3.4.3/specs
Configured with: /sfw10/builds/build/sfw10-patch/usr/src/cmd/gcc/gcc-3.4.3/configure --prefix=/usr/sfw --with-as=/usr/ccs/bin/as --without-gnu-as --with-ld=/usr/ccs/bin/ld --without-gnu-ld --enable-languages=c,c++ --enable-shared
Thread model: posix
gcc version 3.4.3 (csl-sol210-3_4-branch+sol_rpath)

********
LAST_UPDATED: Mon Mar 28 05:30:14 UTC 2011 (revision 171590)

Native configuration is sparc-sun-solaris2.10

		=== gcc tests ===


Running target unix/-m32
FAIL: gcc.c-torture/execute/960116-1.c execution,  -O2 -flto -flto-partition=none 
FAIL: gcc.dg/compare6.c signed (test for warnings, line 11)
FAIL: gcc.dg/compare6.c unsigned (test for warnings, line 12)
FAIL: gcc.dg/compare6.c (test for excess errors)
FAIL: gcc.dg/enum-incomplete-1.c  (test for errors, line 14)
FAIL: gcc.dg/enum-incomplete-1.c  (test for errors, line 15)
FAIL: gcc.dg/enum-incomplete-1.c  (test for errors, line 18)
FAIL: gcc.dg/enum-incomplete-1.c  (test for errors, line 19)
FAIL: gcc.dg/enum-incomplete-1.c  (test for errors, line 20)
FAIL: gcc.dg/enum-incomplete-1.c  (test for errors, line 21)
FAIL: gcc.dg/enum-incomplete-1.c  (test for errors, line 26)
FAIL: gcc.dg/enum-incomplete-1.c  (test for errors, line 27)
FAIL: gcc.dg/enum-incomplete-1.c  (test for errors, line 33)
FAIL: gcc.dg/enum-incomplete-1.c  (test for errors, line 34)
FAIL: gcc.dg/enum-incomplete-1.c  (test for errors, line 35)
FAIL: gcc.dg/enum-incomplete-1.c  (test for errors, line 36)
FAIL: gcc.dg/enum-incomplete-1.c  (test for errors, line 37)
FAIL: gcc.dg/enum-incomplete-1.c  (test for errors, line 38)
FAIL: gcc.dg/enum-incomplete-1.c  (test for errors, line 39)
FAIL: gcc.dg/enum-incomplete-1.c  (test for errors, line 40)
FAIL: gcc.dg/enum-incomplete-1.c  (test for errors, line 41)
FAIL: gcc.dg/enum-incomplete-1.c  (test for errors, line 42)
FAIL: gcc.dg/enum-incomplete-1.c  (test for errors, line 43)
FAIL: gcc.dg/enum-incomplete-1.c  (test for errors, line 44)
FAIL: gcc.dg/enum-incomplete-1.c  (test for errors, line 45)
FAIL: gcc.dg/enum-incomplete-1.c  (test for errors, line 46)
FAIL: gcc.dg/enum-incomplete-1.c  (test for errors, line 47)
FAIL: gcc.dg/enum-incomplete-1.c  (test for errors, line 48)
FAIL: gcc.dg/enum-incomplete-1.c  (test for errors, line 49)
FAIL: gcc.dg/enum-incomplete-1.c  (test for errors, line 50)
FAIL: gcc.dg/enum-incomplete-1.c  (test for errors, line 51)
FAIL: gcc.dg/enum-incomplete-1.c  (test for errors, line 52)
FAIL: gcc.dg/enum-incomplete-1.c  (test for errors, line 53)
FAIL: gcc.dg/enum-incomplete-1.c  (test for errors, line 54)
FAIL: gcc.dg/enum-incomplete-1.c  (test for errors, line 55)
FAIL: gcc.dg/enum-incomplete-1.c  (test for errors, line 56)
FAIL: gcc.dg/enum-incomplete-1.c  (test for errors, line 57)
FAIL: gcc.dg/enum-incomplete-1.c  (test for errors, line 58)
FAIL: gcc.dg/enum-incomplete-1.c  (test for errors, line 59)
FAIL: gcc.dg/enum-incomplete-1.c  (test for errors, line 60)
FAIL: gcc.dg/enum-incomplete-1.c  (test for errors, line 61)
FAIL: gcc.dg/enum-incomplete-1.c  (test for errors, line 62)
FAIL: gcc.dg/enum-incomplete-1.c  (test for errors, line 63)
FAIL: gcc.dg/enum-incomplete-1.c  (test for errors, line 64)
FAIL: gcc.dg/enum-incomplete-1.c  (test for errors, line 65)
FAIL: gcc.dg/enum-incomplete-1.c  (test for errors, line 66)
FAIL: gcc.dg/enum-incomplete-1.c  (test for errors, line 67)
FAIL: gcc.dg/enum-incomplete-1.c  (test for errors, line 68)
FAIL: gcc.dg/enum-incomplete-1.c  (test for errors, line 69)
FAIL: gcc.dg/enum-incomplete-1.c  (test for errors, line 70)
FAIL: gcc.dg/enum-incomplete-1.c  (test for errors, line 71)
FAIL: gcc.dg/enum-incomplete-1.c  (test for errors, line 72)
FAIL: gcc.dg/enum-incomplete-1.c  (test for errors, line 76)
FAIL: gcc.dg/enum-incomplete-1.c  (test for errors, line 77)
FAIL: gcc.dg/enum-incomplete-1.c  (test for errors, line 79)
FAIL: gcc.dg/enum-incomplete-1.c  (test for errors, line 80)
FAIL: gcc.dg/enum-incomplete-1.c  (test for errors, line 81)
FAIL: gcc.dg/enum-incomplete-1.c  (test for errors, line 83)
FAIL: gcc.dg/enum-incomplete-1.c  (test for errors, line 85)
FAIL: gcc.dg/enum-incomplete-1.c (test for excess errors)
XPASS: gcc.dg/vect/slp-3.c scan-tree-dump-times vect "vectorized 3 loops" 1
XPASS: gcc.dg/vect/slp-3.c scan-tree-dump-times vect "vectorizing stmts using SLP" 3
XPASS: gcc.dg/vect/no-vfa-pr29145.c scan-tree-dump-times vect "vectorized 0 loops" 2
XPASS: gcc.dg/vect/no-vfa-pr29145.c scan-tree-dump-times vect "vectorized 1 loops" 1

		=== gcc Summary for unix/-m32 ===

# of expected passes		69383
# of unexpected failures	60
# of unexpected successes	4
# of expected failures		206
# of unsupported tests		1171

Running target unix/-m64
XPASS: gcc.dg/vect/slp-3.c scan-tree-dump-times vect "vectorized 3 loops" 1
XPASS: gcc.dg/vect/slp-3.c scan-tree-dump-times vect "vectorizing stmts using SLP" 3
XPASS: gcc.dg/vect/no-vfa-pr29145.c scan-tree-dump-times vect "vectorized 0 loops" 2
XPASS: gcc.dg/vect/no-vfa-pr29145.c scan-tree-dump-times vect "vectorized 1 loops" 1

		=== gcc Summary for unix/-m64 ===

# of expected passes		70092
# of unexpected successes	4
# of expected failures		197
# of unsupported tests		1169

		=== gcc Summary ===

# of expected passes		139475
# of unexpected failures	60
# of unexpected successes	8
# of expected failures		403
# of unsupported tests		2340
/BUILD/gcc/obj-171590/gcc/xgcc  version 4.7.0 20110328 (experimental) [trunk revision 171590] (GCC) 

		=== libgomp tests ===


Running target unix/-m64

		=== libgomp Summary for unix/-m64 ===

# of expected passes		248
# of unsupported tests		9

Running target unix/-m32

		=== libgomp Summary for unix/-m32 ===

# of expected passes		248
# of unsupported tests		9

		=== libgomp Summary ===

# of expected passes		496
# of unsupported tests		18

Compiler version: 4.7.0 20110328 (experimental) [trunk revision 171590] (GCC) 
Platform: sparc-sun-solaris2.10
configure flags: --prefix=/BUILD/gcc/171590 --target=sparc-sun-solaris2.10 --with-tune=ultrasparc3 --with-gnu-as --with-as=/usr/local/bin/as --with-gmp=/local/gcc --with-mpfr=/local/gcc --with-mpc=/local/gcc --disable-libmudflap --disable-libssp --enable-stage1-languages=c --enable-languages=c --program-suffix=-trunk
BOOT_CFLAGS=-g -O2



More information about the Gcc-testresults mailing list