Results for 4.7.0 20110328 (experimental) (GCC) testsuite on x86_64-unknown-linux-gnu
Toon Moene
toon@super.moene.org
Mon Mar 28 03:34:00 GMT 2011
LAST_UPDATED: Mon Mar 28 00:31:40 UTC 2011 (revision 171588)
Native configuration is x86_64-unknown-linux-gnu
=== gcc tests ===
Running target unix
FAIL: gcc.dg/cproj-fails-with-broken-glibc.c execution test
XPASS: gcc.dg/guality/example.c -O0 execution test
XPASS: gcc.dg/guality/example.c -O1 execution test
XPASS: gcc.dg/guality/example.c -O2 execution test
XPASS: gcc.dg/guality/example.c -O2 -flto -flto-partition=none execution test
XPASS: gcc.dg/guality/example.c -O2 -flto execution test
XPASS: gcc.dg/guality/guality.c -O0 execution test
XPASS: gcc.dg/guality/guality.c -O1 execution test
XPASS: gcc.dg/guality/guality.c -O2 execution test
XPASS: gcc.dg/guality/guality.c -O3 -fomit-frame-pointer execution test
XPASS: gcc.dg/guality/guality.c -O3 -g execution test
XPASS: gcc.dg/guality/guality.c -Os execution test
XPASS: gcc.dg/guality/guality.c -O2 -flto -flto-partition=none execution test
XPASS: gcc.dg/guality/guality.c -O2 -flto execution test
XPASS: gcc.dg/guality/inline-params.c -O2 execution test
XPASS: gcc.dg/guality/inline-params.c -O3 -fomit-frame-pointer execution test
XPASS: gcc.dg/guality/inline-params.c -O3 -g execution test
XPASS: gcc.dg/guality/inline-params.c -Os execution test
XPASS: gcc.dg/guality/pr41353-1.c -O0 line 28 j == 28 + 37
XPASS: gcc.dg/guality/pr41353-1.c -O1 line 28 j == 28 + 37
XPASS: gcc.dg/guality/pr41353-1.c -O2 line 28 j == 28 + 37
XPASS: gcc.dg/guality/pr41353-1.c -O3 -fomit-frame-pointer line 28 j == 28 + 37
XPASS: gcc.dg/guality/pr41353-1.c -O3 -g line 28 j == 28 + 37
XPASS: gcc.dg/guality/pr41353-1.c -Os line 28 j == 28 + 37
XPASS: gcc.dg/guality/pr41353-1.c -O2 -flto -flto-partition=none line 28 j == 28 + 37
XPASS: gcc.dg/guality/pr41353-1.c -O2 -flto line 28 j == 28 + 37
XPASS: gcc.dg/guality/pr41447-1.c -O0 execution test
XPASS: gcc.dg/guality/pr41447-1.c -O1 execution test
XPASS: gcc.dg/guality/pr41447-1.c -O2 execution test
XPASS: gcc.dg/guality/pr41447-1.c -O3 -fomit-frame-pointer execution test
XPASS: gcc.dg/guality/pr41447-1.c -O3 -g execution test
XPASS: gcc.dg/guality/pr41447-1.c -Os execution test
XPASS: gcc.dg/guality/pr41616-1.c -O0 execution test
XPASS: gcc.dg/guality/pr41616-1.c -O1 execution test
XPASS: gcc.dg/guality/pr41616-1.c -Os execution test
FAIL: gcc.dg/guality/vla-1.c -O0 line 17 sizeof (a) == 6
FAIL: gcc.dg/guality/vla-1.c -O0 line 24 sizeof (a) == 17 * sizeof (short)
FAIL: gcc.dg/guality/vla-1.c -O1 line 17 sizeof (a) == 6
FAIL: gcc.dg/guality/vla-1.c -O1 line 24 sizeof (a) == 17 * sizeof (short)
FAIL: gcc.dg/guality/vla-1.c -O2 line 17 sizeof (a) == 6
FAIL: gcc.dg/guality/vla-1.c -O2 line 24 sizeof (a) == 17 * sizeof (short)
FAIL: gcc.dg/guality/vla-1.c -O3 -fomit-frame-pointer line 17 sizeof (a) == 6
FAIL: gcc.dg/guality/vla-1.c -O3 -fomit-frame-pointer line 24 sizeof (a) == 17 * sizeof (short)
FAIL: gcc.dg/guality/vla-1.c -O3 -g line 24 sizeof (a) == 17 * sizeof (short)
FAIL: gcc.dg/guality/vla-1.c -Os line 17 sizeof (a) == 6
FAIL: gcc.dg/guality/vla-1.c -Os line 24 sizeof (a) == 17 * sizeof (short)
FAIL: gcc.dg/guality/vla-1.c -O2 -flto -flto-partition=none line 17 sizeof (a) == 6
FAIL: gcc.dg/guality/vla-1.c -O2 -flto -flto-partition=none line 24 sizeof (a) == 17 * sizeof (short)
FAIL: gcc.dg/guality/vla-1.c -O2 -flto line 17 sizeof (a) == 6
FAIL: gcc.dg/guality/vla-1.c -O2 -flto line 24 sizeof (a) == 17 * sizeof (short)
FAIL: gcc.dg/guality/vla-2.c -O0 line 16 sizeof (a) == 5 * sizeof (int)
FAIL: gcc.dg/guality/vla-2.c -O0 line 25 sizeof (a) == 6 * sizeof (int)
FAIL: gcc.dg/guality/vla-2.c -O1 line 16 sizeof (a) == 5 * sizeof (int)
FAIL: gcc.dg/guality/vla-2.c -O1 line 25 sizeof (a) == 6 * sizeof (int)
FAIL: gcc.dg/guality/vla-2.c -O2 line 16 sizeof (a) == 5 * sizeof (int)
FAIL: gcc.dg/guality/vla-2.c -O2 line 25 sizeof (a) == 6 * sizeof (int)
FAIL: gcc.dg/guality/vla-2.c -O3 -fomit-frame-pointer line 16 sizeof (a) == 5 * sizeof (int)
FAIL: gcc.dg/guality/vla-2.c -O3 -fomit-frame-pointer line 25 sizeof (a) == 6 * sizeof (int)
FAIL: gcc.dg/guality/vla-2.c -O3 -g line 16 sizeof (a) == 5 * sizeof (int)
FAIL: gcc.dg/guality/vla-2.c -O3 -g line 25 sizeof (a) == 6 * sizeof (int)
FAIL: gcc.dg/guality/vla-2.c -Os line 16 sizeof (a) == 5 * sizeof (int)
FAIL: gcc.dg/guality/vla-2.c -Os line 25 sizeof (a) == 6 * sizeof (int)
FAIL: gcc.dg/guality/vla-2.c -O2 -flto -flto-partition=none line 16 sizeof (a) == 5 * sizeof (int)
FAIL: gcc.dg/guality/vla-2.c -O2 -flto -flto-partition=none line 25 sizeof (a) == 6 * sizeof (int)
FAIL: gcc.dg/guality/vla-2.c -O2 -flto line 16 sizeof (a) == 5 * sizeof (int)
FAIL: gcc.dg/guality/vla-2.c -O2 -flto line 25 sizeof (a) == 6 * sizeof (int)
FAIL: gcc.dg/vect/pr38529.c (internal compiler error)
FAIL: gcc.dg/vect/pr38529.c (test for excess errors)
FAIL: gcc.dg/vect/pr38529.c scan-tree-dump-times vect "OUTER LOOP VECTORIZED" 1
FAIL: gcc.target/i386/avx-1.c (internal compiler error)
FAIL: gcc.target/i386/avx-1.c (test for excess errors)
FAIL: gcc.target/i386/avx-2.c (internal compiler error)
FAIL: gcc.target/i386/avx-2.c (test for excess errors)
FAIL: gcc.target/i386/avx-vandnpd-256-1.c (internal compiler error)
FAIL: gcc.target/i386/avx-vandnpd-256-1.c (test for excess errors)
UNRESOLVED: gcc.target/i386/avx-vandnpd-256-1.c compilation failed to produce executable
FAIL: gcc.target/i386/avx-vandnps-256-1.c (internal compiler error)
FAIL: gcc.target/i386/avx-vandnps-256-1.c (test for excess errors)
UNRESOLVED: gcc.target/i386/avx-vandnps-256-1.c compilation failed to produce executable
FAIL: gcc.target/i386/avx-vandpd-256-1.c (internal compiler error)
FAIL: gcc.target/i386/avx-vandpd-256-1.c (test for excess errors)
UNRESOLVED: gcc.target/i386/avx-vandpd-256-1.c compilation failed to produce executable
FAIL: gcc.target/i386/avx-vandps-256-1.c (internal compiler error)
FAIL: gcc.target/i386/avx-vandps-256-1.c (test for excess errors)
UNRESOLVED: gcc.target/i386/avx-vandps-256-1.c compilation failed to produce executable
FAIL: gcc.target/i386/avx-vblendvps-256-1.c (internal compiler error)
FAIL: gcc.target/i386/avx-vblendvps-256-1.c (test for excess errors)
UNRESOLVED: gcc.target/i386/avx-vblendvps-256-1.c compilation failed to produce executable
FAIL: gcc.target/i386/avx-vcmppd-256-1.c (internal compiler error)
FAIL: gcc.target/i386/avx-vcmppd-256-1.c (test for excess errors)
UNRESOLVED: gcc.target/i386/avx-vcmppd-256-1.c compilation failed to produce executable
FAIL: gcc.target/i386/avx-vcmpps-256-1.c (internal compiler error)
FAIL: gcc.target/i386/avx-vcmpps-256-1.c (test for excess errors)
UNRESOLVED: gcc.target/i386/avx-vcmpps-256-1.c compilation failed to produce executable
FAIL: gcc.target/i386/avx-vmaskmovpd-256-1.c (internal compiler error)
FAIL: gcc.target/i386/avx-vmaskmovpd-256-1.c (test for excess errors)
UNRESOLVED: gcc.target/i386/avx-vmaskmovpd-256-1.c compilation failed to produce executable
FAIL: gcc.target/i386/avx-vmaskmovpd-256-2.c (internal compiler error)
FAIL: gcc.target/i386/avx-vmaskmovpd-256-2.c (test for excess errors)
UNRESOLVED: gcc.target/i386/avx-vmaskmovpd-256-2.c compilation failed to produce executable
FAIL: gcc.target/i386/avx-vmaskmovps-256-1.c (internal compiler error)
FAIL: gcc.target/i386/avx-vmaskmovps-256-1.c (test for excess errors)
UNRESOLVED: gcc.target/i386/avx-vmaskmovps-256-1.c compilation failed to produce executable
FAIL: gcc.target/i386/avx-vmaskmovps-256-2.c (internal compiler error)
FAIL: gcc.target/i386/avx-vmaskmovps-256-2.c (test for excess errors)
UNRESOLVED: gcc.target/i386/avx-vmaskmovps-256-2.c compilation failed to produce executable
FAIL: gcc.target/i386/avx-vmovdqu-256-1.c (internal compiler error)
FAIL: gcc.target/i386/avx-vmovdqu-256-1.c (test for excess errors)
UNRESOLVED: gcc.target/i386/avx-vmovdqu-256-1.c compilation failed to produce executable
FAIL: gcc.target/i386/avx-vmovdqu-256-2.c (internal compiler error)
FAIL: gcc.target/i386/avx-vmovdqu-256-2.c (test for excess errors)
UNRESOLVED: gcc.target/i386/avx-vmovdqu-256-2.c compilation failed to produce executable
FAIL: gcc.target/i386/avx-vmovmskpd-256-1.c (internal compiler error)
FAIL: gcc.target/i386/avx-vmovmskpd-256-1.c (test for excess errors)
UNRESOLVED: gcc.target/i386/avx-vmovmskpd-256-1.c compilation failed to produce executable
FAIL: gcc.target/i386/avx-vmovmskps-256-1.c (internal compiler error)
FAIL: gcc.target/i386/avx-vmovmskps-256-1.c (test for excess errors)
UNRESOLVED: gcc.target/i386/avx-vmovmskps-256-1.c compilation failed to produce executable
FAIL: gcc.target/i386/avx-vmovupd-256-1.c (internal compiler error)
FAIL: gcc.target/i386/avx-vmovupd-256-1.c (test for excess errors)
UNRESOLVED: gcc.target/i386/avx-vmovupd-256-1.c compilation failed to produce executable
FAIL: gcc.target/i386/avx-vmovupd-256-2.c (internal compiler error)
FAIL: gcc.target/i386/avx-vmovupd-256-2.c (test for excess errors)
UNRESOLVED: gcc.target/i386/avx-vmovupd-256-2.c compilation failed to produce executable
FAIL: gcc.target/i386/avx-vmovups-256-1.c (internal compiler error)
FAIL: gcc.target/i386/avx-vmovups-256-1.c (test for excess errors)
UNRESOLVED: gcc.target/i386/avx-vmovups-256-1.c compilation failed to produce executable
FAIL: gcc.target/i386/avx-vmovups-256-2.c (internal compiler error)
FAIL: gcc.target/i386/avx-vmovups-256-2.c (test for excess errors)
UNRESOLVED: gcc.target/i386/avx-vmovups-256-2.c compilation failed to produce executable
FAIL: gcc.target/i386/avx-vorpd-256-1.c (internal compiler error)
FAIL: gcc.target/i386/avx-vorpd-256-1.c (test for excess errors)
UNRESOLVED: gcc.target/i386/avx-vorpd-256-1.c compilation failed to produce executable
FAIL: gcc.target/i386/avx-vorps-256-1.c (internal compiler error)
FAIL: gcc.target/i386/avx-vorps-256-1.c (test for excess errors)
UNRESOLVED: gcc.target/i386/avx-vorps-256-1.c compilation failed to produce executable
FAIL: gcc.target/i386/avx-vperm2f128-256-2.c (internal compiler error)
FAIL: gcc.target/i386/avx-vperm2f128-256-2.c (test for excess errors)
UNRESOLVED: gcc.target/i386/avx-vperm2f128-256-2.c compilation failed to produce executable
FAIL: gcc.target/i386/avx-vperm2f128-256-3.c (internal compiler error)
FAIL: gcc.target/i386/avx-vperm2f128-256-3.c (test for excess errors)
UNRESOLVED: gcc.target/i386/avx-vperm2f128-256-3.c compilation failed to produce executable
FAIL: gcc.target/i386/avx-vpermilpd-256-2.c (internal compiler error)
FAIL: gcc.target/i386/avx-vpermilpd-256-2.c (test for excess errors)
UNRESOLVED: gcc.target/i386/avx-vpermilpd-256-2.c compilation failed to produce executable
FAIL: gcc.target/i386/avx-vpermilps-256-2.c (internal compiler error)
FAIL: gcc.target/i386/avx-vpermilps-256-2.c (test for excess errors)
UNRESOLVED: gcc.target/i386/avx-vpermilps-256-2.c compilation failed to produce executable
FAIL: gcc.target/i386/avx-vptest-256-1.c (internal compiler error)
FAIL: gcc.target/i386/avx-vptest-256-1.c (test for excess errors)
UNRESOLVED: gcc.target/i386/avx-vptest-256-1.c compilation failed to produce executable
FAIL: gcc.target/i386/avx-vptest-256-2.c (internal compiler error)
FAIL: gcc.target/i386/avx-vptest-256-2.c (test for excess errors)
UNRESOLVED: gcc.target/i386/avx-vptest-256-2.c compilation failed to produce executable
FAIL: gcc.target/i386/avx-vptest-256-3.c (internal compiler error)
FAIL: gcc.target/i386/avx-vptest-256-3.c (test for excess errors)
UNRESOLVED: gcc.target/i386/avx-vptest-256-3.c compilation failed to produce executable
FAIL: gcc.target/i386/avx-vroundpd-256-1.c (internal compiler error)
FAIL: gcc.target/i386/avx-vroundpd-256-1.c (test for excess errors)
UNRESOLVED: gcc.target/i386/avx-vroundpd-256-1.c compilation failed to produce executable
FAIL: gcc.target/i386/avx-vroundpd-256-2.c (internal compiler error)
FAIL: gcc.target/i386/avx-vroundpd-256-2.c (test for excess errors)
UNRESOLVED: gcc.target/i386/avx-vroundpd-256-2.c compilation failed to produce executable
FAIL: gcc.target/i386/avx-vroundpd-256-3.c (internal compiler error)
FAIL: gcc.target/i386/avx-vroundpd-256-3.c (test for excess errors)
UNRESOLVED: gcc.target/i386/avx-vroundpd-256-3.c compilation failed to produce executable
FAIL: gcc.target/i386/avx-vroundps-256-1.c (internal compiler error)
FAIL: gcc.target/i386/avx-vroundps-256-1.c (test for excess errors)
UNRESOLVED: gcc.target/i386/avx-vroundps-256-1.c compilation failed to produce executable
FAIL: gcc.target/i386/avx-vtestpd-256-1.c (internal compiler error)
FAIL: gcc.target/i386/avx-vtestpd-256-1.c (test for excess errors)
UNRESOLVED: gcc.target/i386/avx-vtestpd-256-1.c compilation failed to produce executable
FAIL: gcc.target/i386/avx-vtestpd-256-2.c (internal compiler error)
FAIL: gcc.target/i386/avx-vtestpd-256-2.c (test for excess errors)
UNRESOLVED: gcc.target/i386/avx-vtestpd-256-2.c compilation failed to produce executable
FAIL: gcc.target/i386/avx-vtestpd-256-3.c (internal compiler error)
FAIL: gcc.target/i386/avx-vtestpd-256-3.c (test for excess errors)
UNRESOLVED: gcc.target/i386/avx-vtestpd-256-3.c compilation failed to produce executable
FAIL: gcc.target/i386/avx-vtestps-256-1.c (internal compiler error)
FAIL: gcc.target/i386/avx-vtestps-256-1.c (test for excess errors)
UNRESOLVED: gcc.target/i386/avx-vtestps-256-1.c compilation failed to produce executable
FAIL: gcc.target/i386/avx-vtestps-256-2.c (internal compiler error)
FAIL: gcc.target/i386/avx-vtestps-256-2.c (test for excess errors)
UNRESOLVED: gcc.target/i386/avx-vtestps-256-2.c compilation failed to produce executable
FAIL: gcc.target/i386/avx-vtestps-256-3.c (internal compiler error)
FAIL: gcc.target/i386/avx-vtestps-256-3.c (test for excess errors)
UNRESOLVED: gcc.target/i386/avx-vtestps-256-3.c compilation failed to produce executable
FAIL: gcc.target/i386/avx-vxorpd-256-1.c (internal compiler error)
FAIL: gcc.target/i386/avx-vxorpd-256-1.c (test for excess errors)
UNRESOLVED: gcc.target/i386/avx-vxorpd-256-1.c compilation failed to produce executable
FAIL: gcc.target/i386/avx-vxorps-256-1.c (internal compiler error)
FAIL: gcc.target/i386/avx-vxorps-256-1.c (test for excess errors)
UNRESOLVED: gcc.target/i386/avx-vxorps-256-1.c compilation failed to produce executable
FAIL: gcc.target/i386/avx-vzeroupper-3.c (internal compiler error)
FAIL: gcc.target/i386/avx-vzeroupper-3.c (test for excess errors)
UNRESOLVED: gcc.target/i386/avx-vzeroupper-3.c compilation failed to produce executable
FAIL: gcc.target/i386/sse-13.c (internal compiler error)
FAIL: gcc.target/i386/sse-13.c (test for excess errors)
FAIL: gcc.target/i386/sse-14.c (internal compiler error)
FAIL: gcc.target/i386/sse-14.c (test for excess errors)
FAIL: gcc.target/i386/sse-22.c (internal compiler error)
FAIL: gcc.target/i386/sse-22.c (test for excess errors)
FAIL: gcc.target/i386/sse-23.c (internal compiler error)
FAIL: gcc.target/i386/sse-23.c (test for excess errors)
FAIL: gcc.target/i386/sse-24.c (internal compiler error)
FAIL: gcc.target/i386/sse-24.c (test for excess errors)
=== gcc Summary ===
# of expected passes 77911
# of unexpected failures 131
# of unexpected successes 34
# of expected failures 198
# of unresolved testcases 41
# of unsupported tests 1168
/home/toon/compilers/obj-t/gcc/xgcc version 4.7.0 20110328 (experimental) (GCC)
=== gfortran tests ===
Running target unix
=== gfortran Summary ===
# of expected passes 38611
# of expected failures 41
# of unsupported tests 67
/home/toon/compilers/obj-t/gcc/testsuite/gfortran/../../gfortran version 4.7.0 20110328 (experimental) (GCC)
=== g++ tests ===
Running target unix
=== g++ Summary ===
# of expected passes 27298
# of expected failures 162
# of unsupported tests 359
/home/toon/compilers/obj-t/gcc/testsuite/g++/../../g++ version 4.7.0 20110328 (experimental) (GCC)
=== objc tests ===
Running target unix
=== objc Summary ===
# of expected passes 2908
# of expected failures 16
# of unsupported tests 74
/home/toon/compilers/obj-t/gcc/xgcc version 4.7.0 20110328 (experimental) (GCC)
=== boehm-gc tests ===
Running target unix
FAIL: boehm-gc.c/thread_leak_test.c -O2 (test for excess errors)
=== boehm-gc Summary ===
# of expected passes 11
# of unexpected failures 1
# of unsupported tests 1
=== libffi tests ===
Running target unix
=== libffi Summary ===
# of expected passes 1634
# of expected failures 10
# of unsupported tests 15
=== libgomp tests ===
Running target unix
=== libgomp Summary ===
# of expected passes 2542
=== libjava tests ===
Running target unix
=== libjava Summary ===
# of expected passes 2574
=== libmudflap tests ===
Running target unix
FAIL: libmudflap.c/pass49-frag.c execution test
FAIL: libmudflap.c/pass49-frag.c output pattern test
FAIL: libmudflap.c/pass49-frag.c execution test
FAIL: libmudflap.c/pass49-frag.c output pattern test
FAIL: libmudflap.c/pass49-frag.c (-O2) execution test
FAIL: libmudflap.c/pass49-frag.c (-O2) output pattern test
FAIL: libmudflap.c/pass49-frag.c (-O2) execution test
FAIL: libmudflap.c/pass49-frag.c (-O2) output pattern test
FAIL: libmudflap.c/pass49-frag.c (-O3) execution test
FAIL: libmudflap.c/pass49-frag.c (-O3) output pattern test
FAIL: libmudflap.c/pass49-frag.c (-O3) execution test
FAIL: libmudflap.c/pass49-frag.c (-O3) output pattern test
=== libmudflap Summary ===
# of expected passes 1415
# of unexpected failures 12
=== libstdc++ tests ===
Running target unix
FAIL: libstdc++-abi/abi_check
FAIL: tr1/5_numerical_facilities/special_functions/07_conf_hyperg/check_nan.cc (test for excess errors)
UNRESOLVED: tr1/5_numerical_facilities/special_functions/07_conf_hyperg/check_nan.cc compilation failed to produce executable
FAIL: tr1/5_numerical_facilities/special_functions/07_conf_hyperg/compile.cc (test for excess errors)
FAIL: tr1/5_numerical_facilities/special_functions/07_conf_hyperg/compile_2.cc (test for excess errors)
FAIL: tr1/5_numerical_facilities/special_functions/09_cyl_bessel_j/check_nan.cc (test for excess errors)
UNRESOLVED: tr1/5_numerical_facilities/special_functions/09_cyl_bessel_j/check_nan.cc compilation failed to produce executable
FAIL: tr1/5_numerical_facilities/special_functions/09_cyl_bessel_j/compile.cc (test for excess errors)
FAIL: tr1/5_numerical_facilities/special_functions/09_cyl_bessel_j/compile_2.cc (test for excess errors)
FAIL: tr1/5_numerical_facilities/special_functions/11_cyl_neumann/check_nan.cc (test for excess errors)
UNRESOLVED: tr1/5_numerical_facilities/special_functions/11_cyl_neumann/check_nan.cc compilation failed to produce executable
FAIL: tr1/5_numerical_facilities/special_functions/11_cyl_neumann/compile.cc (test for excess errors)
FAIL: tr1/5_numerical_facilities/special_functions/11_cyl_neumann/compile_2.cc (test for excess errors)
FAIL: tr1/5_numerical_facilities/special_functions/17_hyperg/check_nan.cc (test for excess errors)
UNRESOLVED: tr1/5_numerical_facilities/special_functions/17_hyperg/check_nan.cc compilation failed to produce executable
FAIL: tr1/5_numerical_facilities/special_functions/17_hyperg/compile.cc (test for excess errors)
FAIL: tr1/5_numerical_facilities/special_functions/17_hyperg/compile_2.cc (test for excess errors)
FAIL: tr1/5_numerical_facilities/special_functions/21_sph_bessel/check_nan.cc (test for excess errors)
UNRESOLVED: tr1/5_numerical_facilities/special_functions/21_sph_bessel/check_nan.cc compilation failed to produce executable
FAIL: tr1/5_numerical_facilities/special_functions/21_sph_bessel/compile.cc (test for excess errors)
FAIL: tr1/5_numerical_facilities/special_functions/21_sph_bessel/compile_2.cc (test for excess errors)
FAIL: tr1/5_numerical_facilities/special_functions/23_sph_neumann/check_nan.cc (test for excess errors)
UNRESOLVED: tr1/5_numerical_facilities/special_functions/23_sph_neumann/check_nan.cc compilation failed to produce executable
FAIL: tr1/5_numerical_facilities/special_functions/23_sph_neumann/compile.cc (test for excess errors)
FAIL: tr1/5_numerical_facilities/special_functions/23_sph_neumann/compile_2.cc (test for excess errors)
=== libstdc++ Summary ===
# of expected passes 7651
# of unexpected failures 19
# of expected failures 84
# of unresolved testcases 6
# of unsupported tests 413
Compiler version: 4.7.0 20110328 (experimental) (GCC)
Platform: x86_64-unknown-linux-gnu
configure flags: --prefix=/usr/snp --disable-multilib --disable-nls --with-arch-64=native --with-tune-64=native --disable-werror
More information about the Gcc-testresults
mailing list