Results for 4.7.0 20110318 (experimental) [trunk revision 171156] (GCC) testsuite on sparc-sun-solaris2.11

Rainer Orth ro@CeBiTec.Uni-Bielefeld.DE
Mon Mar 21 10:01:00 GMT 2011


LAST_UPDATED: Fri Mar 18 18:11:24 UTC 2011 (revision 171156)

Native configuration is sparc-sun-solaris2.11

		=== g++ tests ===


Running target unix
FAIL: g++.dg/lto/20081204-1 cp_lto_20081204-1_0.o-cp_lto_20081204-1_1.o link, -flto -flto-partition=1to1 -fPIC -r -nostdlib
UNRESOLVED: g++.dg/lto/20081204-1 cp_lto_20081204-1_0.o-cp_lto_20081204-1_1.o execute -flto -flto-partition=1to1 -fPIC -r -nostdlib

		=== g++ Summary for unix ===

# of expected passes		26201
# of unexpected failures	1
# of expected failures		163
# of unresolved testcases	1
# of unsupported tests		427

Running target unix/-m64
FAIL: g++.dg/lto/20081204-1 cp_lto_20081204-1_0.o-cp_lto_20081204-1_1.o link, -flto -flto-partition=1to1 -fPIC -r -nostdlib
UNRESOLVED: g++.dg/lto/20081204-1 cp_lto_20081204-1_0.o-cp_lto_20081204-1_1.o execute -flto -flto-partition=1to1 -fPIC -r -nostdlib

		=== g++ Summary for unix/-m64 ===

# of expected passes		26813
# of unexpected failures	1
# of expected failures		163
# of unresolved testcases	1
# of unsupported tests		424

		=== g++ Summary ===

# of expected passes		53014
# of unexpected failures	2
# of expected failures		326
# of unresolved testcases	2
# of unsupported tests		851
/var/gcc/regression/trunk/11-gcc-gas/build/gcc/testsuite/g++/../../g++  version 4.7.0 20110318 (experimental) [trunk revision 171156] (GCC) 

		=== gcc tests ===


Running target unix
FAIL: gcc.dg/lto/20100430-1 c_lto_20100430-1_0.o-c_lto_20100430-1_0.o link, -O2 -fprofile-arcs -flto -r -nostdlib
UNRESOLVED: gcc.dg/lto/20100430-1 c_lto_20100430-1_0.o-c_lto_20100430-1_0.o execute -O2 -fprofile-arcs -flto -r -nostdlib

		=== gcc Summary for unix ===

# of expected passes		69457
# of unexpected failures	1
# of expected failures		236
# of unresolved testcases	1
# of unsupported tests		1161

Running target unix/-m64
FAIL: gcc.dg/lto/20100430-1 c_lto_20100430-1_0.o-c_lto_20100430-1_0.o link, -O2 -fprofile-arcs -flto -r -nostdlib
UNRESOLVED: gcc.dg/lto/20100430-1 c_lto_20100430-1_0.o-c_lto_20100430-1_0.o execute -O2 -fprofile-arcs -flto -r -nostdlib

		=== gcc Summary for unix/-m64 ===

# of expected passes		70095
# of unexpected failures	1
# of expected failures		227
# of unresolved testcases	1
# of unsupported tests		1166

		=== gcc Summary ===

# of expected passes		139552
# of unexpected failures	2
# of expected failures		463
# of unresolved testcases	2
# of unsupported tests		2327
/var/gcc/regression/trunk/11-gcc-gas/build/gcc/xgcc  version 4.7.0 20110318 (experimental) [trunk revision 171156] (GCC) 

		=== gfortran tests ===


Running target unix

		=== gfortran Summary for unix ===

# of expected passes		38137
# of expected failures		43
# of unsupported tests		265

Running target unix/-m64

		=== gfortran Summary for unix/-m64 ===

# of expected passes		38464
# of expected failures		43
# of unsupported tests		104

		=== gfortran Summary ===

# of expected passes		76601
# of expected failures		86
# of unsupported tests		369
/var/gcc/regression/trunk/11-gcc-gas/build/gcc/testsuite/gfortran/../../gfortran  version 4.7.0 20110318 (experimental) [trunk revision 171156] (GCC) 

		=== objc tests ===


Running target unix

		=== objc Summary for unix ===

# of expected passes		2914
# of expected failures		10
# of unsupported tests		74

Running target unix/-m64

		=== objc Summary for unix/-m64 ===

# of expected passes		2914
# of expected failures		10
# of unsupported tests		74

		=== objc Summary ===

# of expected passes		5828
# of expected failures		20
# of unsupported tests		148
/var/gcc/regression/trunk/11-gcc-gas/build/gcc/xgcc  version 4.7.0 20110318 (experimental) [trunk revision 171156] (GCC) 

		=== boehm-gc tests ===


Running target unix

		=== boehm-gc Summary for unix ===

# of expected passes		12
# of unsupported tests		1

Running target unix/-m64

		=== boehm-gc Summary for unix/-m64 ===

# of expected passes		12
# of unsupported tests		1

		=== boehm-gc Summary ===

# of expected passes		24
# of unsupported tests		2
		=== libffi tests ===


Running target unix

		=== libffi Summary for unix ===

# of expected passes		1634
# of expected failures		10
# of unsupported tests		15

Running target unix/-m64

		=== libffi Summary for unix/-m64 ===

# of expected passes		1634
# of expected failures		10
# of unsupported tests		15

		=== libffi Summary ===

# of expected passes		3268
# of expected failures		20
# of unsupported tests		30
		=== libgomp tests ===


Running target unix

		=== libgomp Summary for unix ===

# of expected passes		2524
# of unsupported tests		9

Running target unix/-m64

		=== libgomp Summary for unix/-m64 ===

# of expected passes		2524
# of unsupported tests		9

		=== libgomp Summary ===

# of expected passes		5048
# of unsupported tests		18
		=== libjava tests ===


Running target unix

		=== libjava Summary for unix ===

# of expected passes		2574

Running target unix/-m64

		=== libjava Summary for unix/-m64 ===

# of expected passes		2574

		=== libjava Summary ===

# of expected passes		5148
		=== libstdc++ tests ===


Running target unix

		=== libstdc++ Summary for unix ===

# of expected passes		7361
# of expected failures		81
# of unsupported tests		460

Running target unix/-m64

		=== libstdc++ Summary for unix/-m64 ===

# of expected passes		7361
# of expected failures		81
# of unsupported tests		460

		=== libstdc++ Summary ===

# of expected passes		14722
# of expected failures		162
# of unsupported tests		920

Compiler version: 4.7.0 20110318 (experimental) [trunk revision 171156] (GCC) 
Platform: sparc-sun-solaris2.11
configure flags: --prefix=/vol/gcc --target=sparc-sun-solaris2.11 --with-as=/vol/gcc/bin/gas-2.21 --with-gnu-as --with-gmp=/vol/gcc --with-mpfr=/vol/gcc --with-mpc=/vol/gcc --enable-languages=all,ada --enable-languages=all
BOOT_CFLAGS=-g -O2



More information about the Gcc-testresults mailing list