Results for 4.6.0 20110318 (prerelease) [gcc-4_6-branch revision 171151] (GCC) testsuite on sparc-sun-solaris2.8
Rainer Orth
ro@CeBiTec.Uni-Bielefeld.DE
Mon Mar 21 10:01:00 GMT 2011
LAST_UPDATED: Fri Mar 18 18:13:02 UTC 2011 (revision 171151)
=== acats tests ===
=== acats Summary ===
# of expected passes 2321
# of unexpected failures 0
Native configuration is sparc-sun-solaris2.8
=== g++ tests ===
Running target unix
WARNING: program timed out.
FAIL: g++.dg/lto/20091219 cp_lto_20091219_0.o-cp_lto_20091219_0.o link, -O3 -flto
UNRESOLVED: g++.dg/lto/20091219 cp_lto_20091219_0.o-cp_lto_20091219_0.o execute -O3 -flto
FAIL: g++.dg/torture/pr31863.C -O2 -flto (test for excess errors)
=== g++ Summary for unix ===
# of expected passes 26013
# of unexpected failures 2
# of expected failures 163
# of unresolved testcases 1
# of unsupported tests 492
Running target unix/-m64
FAIL: g++.dg/lto/20091219 cp_lto_20091219_0.o-cp_lto_20091219_0.o link, -O3 -flto
UNRESOLVED: g++.dg/lto/20091219 cp_lto_20091219_0.o-cp_lto_20091219_0.o execute -O3 -flto
FAIL: g++.dg/torture/pr31863.C -O2 -flto (test for excess errors)
=== g++ Summary for unix/-m64 ===
# of expected passes 26625
# of unexpected failures 2
# of expected failures 163
# of unresolved testcases 1
# of unsupported tests 489
=== g++ Summary ===
# of expected passes 52638
# of unexpected failures 4
# of expected failures 326
# of unresolved testcases 2
# of unsupported tests 981
/var/gcc/regression/gcc-4.6-branch/8-gcc/build/gcc/testsuite/g++/../../g++ version 4.6.0 20110318 (prerelease) [gcc-4_6-branch revision 171151] (GCC)
=== gcc tests ===
Running target unix
FAIL: gcc.dg/lto/20110201-1 c_lto_20110201-1_0.o-c_lto_20110201-1_0.o link, -O0 -flto
UNRESOLVED: gcc.dg/lto/20110201-1 c_lto_20110201-1_0.o-c_lto_20110201-1_0.o execute -O0 -flto
=== gcc Summary for unix ===
# of expected passes 69253
# of unexpected failures 1
# of expected failures 235
# of unresolved testcases 1
# of unsupported tests 1227
Running target unix/-m64
=== gcc Summary for unix/-m64 ===
# of expected passes 69835
# of expected failures 227
# of unsupported tests 1236
=== gcc Summary ===
# of expected passes 139088
# of unexpected failures 1
# of expected failures 462
# of unresolved testcases 1
# of unsupported tests 2463
/var/gcc/regression/gcc-4.6-branch/8-gcc/build/gcc/xgcc version 4.6.0 20110318 (prerelease) [gcc-4_6-branch revision 171151] (GCC)
=== gfortran tests ===
Running target unix
=== gfortran Summary for unix ===
# of expected passes 37857
# of expected failures 43
# of unsupported tests 396
Running target unix/-m64
=== gfortran Summary for unix/-m64 ===
# of expected passes 38136
# of expected failures 43
# of unsupported tests 259
=== gfortran Summary ===
# of expected passes 75993
# of expected failures 86
# of unsupported tests 655
/var/gcc/regression/gcc-4.6-branch/8-gcc/build/gcc/testsuite/gfortran/../../gfortran version 4.6.0 20110318 (prerelease) [gcc-4_6-branch revision 171151] (GCC)
=== gnat tests ===
Running target unix
=== gnat Summary for unix ===
# of expected passes 865
# of expected failures 10
# of unsupported tests 4
Running target unix/-m64
=== gnat Summary for unix/-m64 ===
# of expected passes 865
# of expected failures 10
# of unsupported tests 4
=== gnat Summary ===
# of expected passes 1730
# of expected failures 20
# of unsupported tests 8
/var/gcc/regression/gcc-4.6-branch/8-gcc/build/gcc/gnatmake version 4.6.0 20110318 (prerelease) [gcc-4_6-branch revision 171151]
=== objc tests ===
Running target unix
=== objc Summary for unix ===
# of expected passes 2914
# of expected failures 10
# of unsupported tests 74
Running target unix/-m64
=== objc Summary for unix/-m64 ===
# of expected passes 2914
# of expected failures 10
# of unsupported tests 74
=== objc Summary ===
# of expected passes 5828
# of expected failures 20
# of unsupported tests 148
/var/gcc/regression/gcc-4.6-branch/8-gcc/build/gcc/xgcc version 4.6.0 20110318 (prerelease) [gcc-4_6-branch revision 171151] (GCC)
=== libffi tests ===
Running target unix
=== libffi Summary for unix ===
# of expected passes 1634
# of expected failures 10
# of unsupported tests 15
Running target unix/-m64
=== libffi Summary for unix/-m64 ===
# of expected passes 1634
# of expected failures 10
# of unsupported tests 15
=== libffi Summary ===
# of expected passes 3268
# of expected failures 20
# of unsupported tests 30
=== libgomp tests ===
Running target unix
=== libgomp Summary for unix ===
# of expected passes 2524
# of unsupported tests 9
Running target unix/-m64
=== libgomp Summary for unix/-m64 ===
# of expected passes 2524
# of unsupported tests 9
=== libgomp Summary ===
# of expected passes 5048
# of unsupported tests 18
=== libjava tests ===
Running target unix
FAIL: InvokeInterface execution - source compiled test
FAIL: InvokeInterface -O3 execution - source compiled test
=== libjava Summary for unix ===
# of expected passes 2570
# of unexpected failures 2
# of untested testcases 2
Running target unix/-m64
FAIL: InvokeInterface execution - source compiled test
FAIL: InvokeInterface -O3 execution - source compiled test
=== libjava Summary for unix/-m64 ===
# of expected passes 2570
# of unexpected failures 2
# of untested testcases 2
=== libjava Summary ===
# of expected passes 5140
# of unexpected failures 4
# of untested testcases 4
=== libstdc++ tests ===
Running target unix
=== libstdc++ Summary for unix ===
# of expected passes 6841
# of expected failures 83
# of unsupported tests 738
Running target unix/-m64
=== libstdc++ Summary for unix/-m64 ===
# of expected passes 6841
# of expected failures 83
# of unsupported tests 738
=== libstdc++ Summary ===
# of expected passes 13682
# of expected failures 166
# of unsupported tests 1476
Compiler version: 4.6.0 20110318 (prerelease) [gcc-4_6-branch revision 171151] (GCC)
Platform: sparc-sun-solaris2.8
configure flags: --prefix=/vol/gcc --target=sparc-sun-solaris2.8 --with-gmp=/vol/gcc --with-mpfr=/vol/gcc --with-mpc=/vol/gcc --enable-languages=all,ada
BOOT_CFLAGS=-g -O2
More information about the Gcc-testresults
mailing list