Results for 4.6.0 20110318 (prerelease) [gcc-4_6-branch revision 171151] (GCC) testsuite on i386-pc-solaris2.8
ro@smtp-relay.CeBiTec.Uni-Bielefeld.DE
ro@smtp-relay.CeBiTec.Uni-Bielefeld.DE
Mon Mar 21 09:57:00 GMT 2011
LAST_UPDATED: Fri Mar 18 18:13:02 UTC 2011 (revision 171151)
=== acats tests ===
=== acats Summary ===
# of expected passes 2321
# of unexpected failures 0
Native configuration is i386-pc-solaris2.8
=== g++ tests ===
Running target unix
=== g++ Summary ===
# of expected passes 26610
# of expected failures 163
# of unsupported tests 202
/var/gcc/regression/gcc-4.6-branch/8-gcc-gas/build/gcc/testsuite/g++/../../g++ version 4.6.0 20110318 (prerelease) [gcc-4_6-branch revision 171151] (GCC)
=== gcc tests ===
Running target unix
FAIL: gcc.dg/lto/20110201-1 c_lto_20110201-1_0.o-c_lto_20110201-1_0.o link, -O0 -flto
UNRESOLVED: gcc.dg/lto/20110201-1 c_lto_20110201-1_0.o-c_lto_20110201-1_0.o execute -O0 -flto
=== gcc Summary ===
# of expected passes 74525
# of unexpected failures 1
# of expected failures 212
# of unresolved testcases 1
# of unsupported tests 1031
/var/gcc/regression/gcc-4.6-branch/8-gcc-gas/build/gcc/xgcc version 4.6.0 20110318 (prerelease) [gcc-4_6-branch revision 171151] (GCC)
=== gfortran tests ===
Running target unix
=== gfortran Summary ===
# of expected passes 37404
# of expected failures 41
# of unsupported tests 372
/var/gcc/regression/gcc-4.6-branch/8-gcc-gas/build/gcc/testsuite/gfortran/../../gfortran version 4.6.0 20110318 (prerelease) [gcc-4_6-branch revision 171151] (GCC)
=== gnat tests ===
Running target unix
=== gnat Summary ===
# of expected passes 864
# of expected failures 10
# of unsupported tests 4
/var/gcc/regression/gcc-4.6-branch/8-gcc-gas/build/gcc/gnatmake version 4.6.0 20110318 (prerelease) [gcc-4_6-branch revision 171151]
=== objc tests ===
Running target unix
=== objc Summary ===
# of expected passes 2870
# of expected failures 6
# of unsupported tests 98
/var/gcc/regression/gcc-4.6-branch/8-gcc-gas/build/gcc/xgcc version 4.6.0 20110318 (prerelease) [gcc-4_6-branch revision 171151] (GCC)
=== libffi tests ===
Running target unix
=== libffi Summary ===
# of expected passes 1634
# of expected failures 10
# of unsupported tests 15
=== libgomp tests ===
Running target unix
=== libgomp Summary ===
# of expected passes 2538
# of unsupported tests 2
=== libjava tests ===
Running target unix
FAIL: PR16923 run
FAIL: Divide_1 output - source compiled test
FAIL: Divide_1 -findirect-dispatch output - source compiled test
FAIL: Divide_1 -O3 output - source compiled test
FAIL: Divide_1 -O3 -findirect-dispatch output - source compiled test
=== libjava Summary ===
# of expected passes 2569
# of unexpected failures 5
# of untested testcases 1
=== libstdc++ tests ===
Running target unix
=== libstdc++ Summary ===
# of expected passes 6828
# of expected failures 82
# of unsupported tests 745
Compiler version: 4.6.0 20110318 (prerelease) [gcc-4_6-branch revision 171151] (GCC)
Platform: i386-pc-solaris2.8
configure flags: --prefix=/vol/gcc --target=i386-pc-solaris2.8 --with-as=/vol/gcc/bin/gas-2.21 --with-gnu-as --with-gmp=/vol/gcc --with-mpfr=/vol/gcc --with-mpc=/vol/gcc --enable-languages=all,ada
BOOT_CFLAGS=-g -O2
More information about the Gcc-testresults
mailing list