Results for 4.6.0 20110312 (experimental) (GCC) testsuite on m68k-unknown-linux-gnu
Mikael Pettersson
mikpe@it.uu.se
Sun Mar 20 12:34:00 GMT 2011
LAST_UPDATED: Obtained from SVN: trunk revision 170907
Native configuration is m68k-unknown-linux-gnu
=== g++ tests ===
Running target unix
FAIL: tmpdir-g++.dg-struct-layout-1/t014 cp_compat_x_tst.o-cp_compat_y_tst.o execute
FAIL: tmpdir-g++.dg-struct-layout-1/t015 cp_compat_x_tst.o-cp_compat_y_tst.o execute
FAIL: tmpdir-g++.dg-struct-layout-1/t021 cp_compat_x_tst.o-cp_compat_y_tst.o execute
FAIL: g++.dg/cdce3.C scan-tree-dump cdce "cdce3.C:98: note: function call is shrink-wrapped into error conditions."
FAIL: g++.dg/cdce3.C scan-tree-dump cdce "cdce3.C:108: note: function call is shrink-wrapped into error conditions."
FAIL: g++.dg/tree-ssa/pr41186.C scan-tree-dump fre "Replaced b1.b with 1"
WARNING: program timed out.
FAIL: c-c++-common/torture/complex-sign-add.c -O0 execution test
FAIL: c-c++-common/torture/complex-sign-add.c -O1 execution test
FAIL: c-c++-common/torture/complex-sign-add.c -O2 execution test
FAIL: c-c++-common/torture/complex-sign-add.c -O3 -fomit-frame-pointer execution test
FAIL: c-c++-common/torture/complex-sign-add.c -O3 -fomit-frame-pointer -funroll-loops execution test
FAIL: c-c++-common/torture/complex-sign-add.c -O3 -fomit-frame-pointer -funroll-all-loops -finline-functions execution test
FAIL: c-c++-common/torture/complex-sign-add.c -O3 -g execution test
FAIL: c-c++-common/torture/complex-sign-add.c -Os execution test
FAIL: c-c++-common/torture/complex-sign-mixed-add.c -O0 execution test
FAIL: c-c++-common/torture/complex-sign-mixed-add.c -O1 execution test
FAIL: c-c++-common/torture/complex-sign-mixed-add.c -O2 execution test
FAIL: c-c++-common/torture/complex-sign-mixed-add.c -O3 -fomit-frame-pointer execution test
FAIL: c-c++-common/torture/complex-sign-mixed-add.c -O3 -fomit-frame-pointer -funroll-loops execution test
FAIL: c-c++-common/torture/complex-sign-mixed-add.c -O3 -fomit-frame-pointer -funroll-all-loops -finline-functions execution test
FAIL: c-c++-common/torture/complex-sign-mixed-add.c -O3 -g execution test
FAIL: c-c++-common/torture/complex-sign-mixed-add.c -Os execution test
FAIL: c-c++-common/torture/complex-sign-mixed-div.c -O0 execution test
FAIL: c-c++-common/torture/complex-sign-mixed-div.c -O1 execution test
FAIL: c-c++-common/torture/complex-sign-mixed-div.c -O2 execution test
FAIL: c-c++-common/torture/complex-sign-mixed-div.c -O3 -fomit-frame-pointer execution test
FAIL: c-c++-common/torture/complex-sign-mixed-div.c -O3 -fomit-frame-pointer -funroll-loops execution test
FAIL: c-c++-common/torture/complex-sign-mixed-div.c -O3 -fomit-frame-pointer -funroll-all-loops -finline-functions execution test
FAIL: c-c++-common/torture/complex-sign-mixed-div.c -O3 -g execution test
FAIL: c-c++-common/torture/complex-sign-mixed-div.c -Os execution test
FAIL: c-c++-common/torture/complex-sign-mixed-mul.c -O0 execution test
FAIL: c-c++-common/torture/complex-sign-mixed-mul.c -O1 execution test
FAIL: c-c++-common/torture/complex-sign-mixed-mul.c -O2 execution test
FAIL: c-c++-common/torture/complex-sign-mixed-mul.c -O3 -fomit-frame-pointer execution test
FAIL: c-c++-common/torture/complex-sign-mixed-mul.c -O3 -fomit-frame-pointer -funroll-loops execution test
FAIL: c-c++-common/torture/complex-sign-mixed-mul.c -O3 -fomit-frame-pointer -funroll-all-loops -finline-functions execution test
FAIL: c-c++-common/torture/complex-sign-mixed-mul.c -O3 -g execution test
FAIL: c-c++-common/torture/complex-sign-mixed-mul.c -Os execution test
FAIL: c-c++-common/torture/complex-sign-mixed-sub.c -O0 execution test
FAIL: c-c++-common/torture/complex-sign-mixed-sub.c -O1 execution test
FAIL: c-c++-common/torture/complex-sign-mixed-sub.c -O2 execution test
FAIL: c-c++-common/torture/complex-sign-mixed-sub.c -O3 -fomit-frame-pointer execution test
FAIL: c-c++-common/torture/complex-sign-mixed-sub.c -O3 -fomit-frame-pointer -funroll-loops execution test
FAIL: c-c++-common/torture/complex-sign-mixed-sub.c -O3 -fomit-frame-pointer -funroll-all-loops -finline-functions execution test
FAIL: c-c++-common/torture/complex-sign-mixed-sub.c -O3 -g execution test
FAIL: c-c++-common/torture/complex-sign-mixed-sub.c -Os execution test
FAIL: c-c++-common/torture/complex-sign-mul-minus-one.c -O0 execution test
FAIL: c-c++-common/torture/complex-sign-mul-minus-one.c -O1 execution test
FAIL: c-c++-common/torture/complex-sign-mul-minus-one.c -O2 execution test
FAIL: c-c++-common/torture/complex-sign-mul-minus-one.c -O3 -fomit-frame-pointer execution test
FAIL: c-c++-common/torture/complex-sign-mul-minus-one.c -O3 -fomit-frame-pointer -funroll-loops execution test
FAIL: c-c++-common/torture/complex-sign-mul-minus-one.c -O3 -fomit-frame-pointer -funroll-all-loops -finline-functions execution test
FAIL: c-c++-common/torture/complex-sign-mul-minus-one.c -O3 -g execution test
FAIL: c-c++-common/torture/complex-sign-mul-minus-one.c -Os execution test
FAIL: c-c++-common/torture/complex-sign-mul-one.c -O0 execution test
FAIL: c-c++-common/torture/complex-sign-mul-one.c -O1 execution test
FAIL: c-c++-common/torture/complex-sign-mul-one.c -O2 execution test
FAIL: c-c++-common/torture/complex-sign-mul-one.c -O3 -fomit-frame-pointer execution test
FAIL: c-c++-common/torture/complex-sign-mul-one.c -O3 -fomit-frame-pointer -funroll-loops execution test
FAIL: c-c++-common/torture/complex-sign-mul-one.c -O3 -fomit-frame-pointer -funroll-all-loops -finline-functions execution test
FAIL: c-c++-common/torture/complex-sign-mul-one.c -O3 -g execution test
FAIL: c-c++-common/torture/complex-sign-mul-one.c -Os execution test
FAIL: c-c++-common/torture/complex-sign-mul.c -O0 execution test
FAIL: c-c++-common/torture/complex-sign-mul.c -O1 execution test
FAIL: c-c++-common/torture/complex-sign-mul.c -O2 execution test
FAIL: c-c++-common/torture/complex-sign-mul.c -O3 -fomit-frame-pointer execution test
FAIL: c-c++-common/torture/complex-sign-mul.c -O3 -fomit-frame-pointer -funroll-loops execution test
FAIL: c-c++-common/torture/complex-sign-mul.c -O3 -fomit-frame-pointer -funroll-all-loops -finline-functions execution test
FAIL: c-c++-common/torture/complex-sign-mul.c -O3 -g execution test
FAIL: c-c++-common/torture/complex-sign-mul.c -Os execution test
FAIL: c-c++-common/torture/complex-sign-sub.c -O0 execution test
FAIL: c-c++-common/torture/complex-sign-sub.c -O1 execution test
FAIL: c-c++-common/torture/complex-sign-sub.c -O2 execution test
FAIL: c-c++-common/torture/complex-sign-sub.c -O3 -fomit-frame-pointer execution test
FAIL: c-c++-common/torture/complex-sign-sub.c -O3 -fomit-frame-pointer -funroll-loops execution test
FAIL: c-c++-common/torture/complex-sign-sub.c -O3 -fomit-frame-pointer -funroll-all-loops -finline-functions execution test
FAIL: c-c++-common/torture/complex-sign-sub.c -O3 -g execution test
FAIL: c-c++-common/torture/complex-sign-sub.c -Os execution test
FAIL: g++.dg/torture/pr47559.C -O3 -fomit-frame-pointer (test for excess errors)
FAIL: g++.dg/torture/pr47559.C -O3 -fomit-frame-pointer -funroll-loops (test for excess errors)
FAIL: g++.dg/torture/pr47559.C -O3 -fomit-frame-pointer -funroll-all-loops -finline-functions (test for excess errors)
FAIL: g++.dg/torture/type-generic-1.C -O2 execution test
FAIL: g++.dg/torture/type-generic-1.C -O3 -fomit-frame-pointer execution test
FAIL: g++.dg/torture/type-generic-1.C -O3 -g execution test
FAIL: g++.dg/torture/type-generic-1.C -Os execution test
=== g++ Summary ===
# of expected passes 24705
# of unexpected failures 85
# of expected failures 159
# of unsupported tests 387
/mnt/scratch/objdir46/gcc/testsuite/g++/../../g++ version 4.6.0 20110312 (experimental) (GCC)
=== gcc tests ===
Running target unix
WARNING: program timed out.
FAIL: gcc.c-torture/compile/20001226-1.c -O2 (test for excess errors)
WARNING: program timed out.
FAIL: gcc.c-torture/compile/20001226-1.c -O3 -fomit-frame-pointer (test for excess errors)
WARNING: program timed out.
FAIL: gcc.c-torture/compile/20001226-1.c -O3 -g (test for excess errors)
FAIL: gcc.c-torture/compile/limits-exprparen.c -O0 (internal compiler error)
FAIL: gcc.c-torture/compile/limits-exprparen.c -O0 (test for excess errors)
FAIL: gcc.c-torture/compile/limits-exprparen.c -O1 (internal compiler error)
FAIL: gcc.c-torture/compile/limits-exprparen.c -O1 (test for excess errors)
FAIL: gcc.c-torture/compile/limits-exprparen.c -O2 (internal compiler error)
FAIL: gcc.c-torture/compile/limits-exprparen.c -O2 (test for excess errors)
FAIL: gcc.c-torture/compile/limits-exprparen.c -O3 -fomit-frame-pointer (internal compiler error)
FAIL: gcc.c-torture/compile/limits-exprparen.c -O3 -fomit-frame-pointer (test for excess errors)
FAIL: gcc.c-torture/compile/limits-exprparen.c -O3 -g (internal compiler error)
FAIL: gcc.c-torture/compile/limits-exprparen.c -O3 -g (test for excess errors)
FAIL: gcc.c-torture/compile/limits-exprparen.c -Os (internal compiler error)
FAIL: gcc.c-torture/compile/limits-exprparen.c -Os (test for excess errors)
WARNING: program timed out.
FAIL: gcc.c-torture/compile/limits-externalid.c -O3 -g (test for excess errors)
FAIL: gcc.c-torture/compile/limits-structnest.c -O2 (test for excess errors)
WARNING: program timed out.
FAIL: gcc.c-torture/compile/limits-structnest.c -O3 -fomit-frame-pointer (test for excess errors)
FAIL: gcc.c-torture/compile/limits-structnest.c -O3 -g (test for excess errors)
WARNING: program timed out.
FAIL: gcc.c-torture/compile/limits-structnest.c -Os (test for excess errors)
WARNING: program timed out.
FAIL: gcc.c-torture/compile/pr37669-2.c -O1 (test for excess errors)
WARNING: program timed out.
FAIL: gcc.c-torture/compile/pr37669-2.c -O2 (test for excess errors)
WARNING: program timed out.
FAIL: gcc.c-torture/compile/pr37669-2.c -O3 -fomit-frame-pointer (test for excess errors)
WARNING: program timed out.
FAIL: gcc.c-torture/compile/pr37669-2.c -O3 -g (test for excess errors)
WARNING: program timed out.
FAIL: gcc.c-torture/compile/pr37669-2.c -Os (test for excess errors)
FAIL: gcc.c-torture/execute/920501-7.c execution, -O3 -fomit-frame-pointer
FAIL: gcc.c-torture/execute/comp-goto-2.c execution, -O3 -fomit-frame-pointer
FAIL: gcc.c-torture/execute/ieee/compare-fp-1.c execution, -O0
FAIL: gcc.c-torture/execute/ieee/compare-fp-1.c execution, -O1
FAIL: gcc.c-torture/execute/ieee/compare-fp-1.c execution, -O2
FAIL: gcc.c-torture/execute/ieee/compare-fp-1.c execution, -O3 -fomit-frame-pointer
FAIL: gcc.c-torture/execute/ieee/compare-fp-1.c execution, -O3 -g
FAIL: gcc.c-torture/execute/ieee/compare-fp-1.c execution, -Os
FAIL: gcc.c-torture/execute/ieee/compare-fp-4.c execution, -O0
FAIL: gcc.c-torture/execute/ieee/compare-fp-4.c execution, -O1
FAIL: gcc.c-torture/execute/ieee/compare-fp-4.c execution, -O2
FAIL: gcc.c-torture/execute/ieee/compare-fp-4.c execution, -O3 -fomit-frame-pointer
FAIL: gcc.c-torture/execute/ieee/compare-fp-4.c execution, -O3 -g
FAIL: gcc.c-torture/execute/ieee/compare-fp-4.c execution, -Os
FAIL: gcc.c-torture/execute/ieee/copysign1.c execution, -O0
FAIL: gcc.c-torture/execute/ieee/copysign1.c execution, -O1
FAIL: gcc.c-torture/execute/ieee/copysign1.c execution, -O2
FAIL: gcc.c-torture/execute/ieee/copysign1.c execution, -O3 -fomit-frame-pointer
FAIL: gcc.c-torture/execute/ieee/copysign1.c execution, -O3 -fomit-frame-pointer -funroll-loops
FAIL: gcc.c-torture/execute/ieee/copysign1.c execution, -O3 -fomit-frame-pointer -funroll-all-loops -finline-functions
FAIL: gcc.c-torture/execute/ieee/copysign1.c execution, -O3 -g
FAIL: gcc.c-torture/execute/ieee/copysign1.c execution, -Os
FAIL: gcc.c-torture/execute/ieee/copysign2.c execution, -O0
FAIL: gcc.c-torture/execute/ieee/copysign2.c execution, -O1
FAIL: gcc.c-torture/execute/ieee/copysign2.c execution, -O2
FAIL: gcc.c-torture/execute/ieee/copysign2.c execution, -O3 -fomit-frame-pointer
FAIL: gcc.c-torture/execute/ieee/copysign2.c execution, -O3 -fomit-frame-pointer -funroll-loops
FAIL: gcc.c-torture/execute/ieee/copysign2.c execution, -O3 -fomit-frame-pointer -funroll-all-loops -finline-functions
FAIL: gcc.c-torture/execute/ieee/copysign2.c execution, -O3 -g
FAIL: gcc.c-torture/execute/ieee/copysign2.c execution, -Os
FAIL: gcc.c-torture/execute/ieee/fp-cmp-8l.c execution, -Os
FAIL: tmpdir-gcc.dg-struct-layout-1/t005 c_compat_x_tst.o-c_compat_y_tst.o execute
FAIL: tmpdir-gcc.dg-struct-layout-1/t010 c_compat_x_tst.o-c_compat_y_tst.o execute
FAIL: tmpdir-gcc.dg-struct-layout-1/t021 c_compat_x_tst.o-c_compat_y_tst.o execute
FAIL: tmpdir-gcc.dg-struct-layout-1/t022 c_compat_x_tst.o-c_compat_y_tst.o execute
FAIL: gcc.dg/O16384.c (internal compiler error)
FAIL: gcc.dg/O16384.c (test for excess errors)
FAIL: gcc.dg/cproj-fails-with-broken-glibc.c execution test
FAIL: gcc.dg/pr28796-2.c execution test
FAIL: gcc.dg/pr37106-1.c (internal compiler error)
FAIL: gcc.dg/pr37106-1.c (test for excess errors)
FAIL: gcc.dg/pr37544.c execution test
WARNING: program timed out.
FAIL: gcc.dg/pr43058.c (test for excess errors)
FAIL: gcc.dg/pr43419.c execution test
FAIL: gcc.dg/pr43562.c (internal compiler error)
FAIL: gcc.dg/pr43562.c (test for excess errors)
FAIL: gcc.dg/pr43564.c (internal compiler error)
FAIL: gcc.dg/pr43564.c (test for excess errors)
FAIL: gcc.dg/pr46647.c scan-tree-dump-not optimized "memset"
FAIL: gcc.dg/stack-usage-1.c (test for excess errors)
FAIL: gcc.dg/stack-usage-1.c scan-file foo\\t(256|264)\\tstatic
FAIL: gcc.dg/uninit-pred-7_a.c bogus warning (test for bogus messages, line 26)
FAIL: gcc.dg/uninit-pred-8_a.c bogus warning (test for bogus messages, line 26)
WARNING: program timed out.
FAIL: gcc.dg/tls/pie-1.c (internal compiler error)
FAIL: gcc.dg/tls/pie-1.c (test for excess errors)
FAIL: c-c++-common/torture/complex-sign-add.c -O0 execution test
FAIL: c-c++-common/torture/complex-sign-add.c -O1 execution test
FAIL: c-c++-common/torture/complex-sign-add.c -O2 execution test
FAIL: c-c++-common/torture/complex-sign-add.c -O3 -fomit-frame-pointer execution test
FAIL: c-c++-common/torture/complex-sign-add.c -O3 -fomit-frame-pointer -funroll-loops execution test
FAIL: c-c++-common/torture/complex-sign-add.c -O3 -fomit-frame-pointer -funroll-all-loops -finline-functions execution test
FAIL: c-c++-common/torture/complex-sign-add.c -O3 -g execution test
FAIL: c-c++-common/torture/complex-sign-add.c -Os execution test
FAIL: c-c++-common/torture/complex-sign-mixed-add.c -O0 execution test
FAIL: c-c++-common/torture/complex-sign-mixed-add.c -O1 execution test
FAIL: c-c++-common/torture/complex-sign-mixed-add.c -O2 execution test
FAIL: c-c++-common/torture/complex-sign-mixed-add.c -O3 -fomit-frame-pointer execution test
FAIL: c-c++-common/torture/complex-sign-mixed-add.c -O3 -fomit-frame-pointer -funroll-loops execution test
FAIL: c-c++-common/torture/complex-sign-mixed-add.c -O3 -fomit-frame-pointer -funroll-all-loops -finline-functions execution test
FAIL: c-c++-common/torture/complex-sign-mixed-add.c -O3 -g execution test
FAIL: c-c++-common/torture/complex-sign-mixed-add.c -Os execution test
FAIL: c-c++-common/torture/complex-sign-mixed-div.c -O0 execution test
FAIL: c-c++-common/torture/complex-sign-mixed-div.c -O1 execution test
FAIL: c-c++-common/torture/complex-sign-mixed-div.c -O2 execution test
FAIL: c-c++-common/torture/complex-sign-mixed-div.c -O3 -fomit-frame-pointer execution test
FAIL: c-c++-common/torture/complex-sign-mixed-div.c -O3 -fomit-frame-pointer -funroll-loops execution test
FAIL: c-c++-common/torture/complex-sign-mixed-div.c -O3 -fomit-frame-pointer -funroll-all-loops -finline-functions execution test
FAIL: c-c++-common/torture/complex-sign-mixed-div.c -O3 -g execution test
FAIL: c-c++-common/torture/complex-sign-mixed-div.c -Os execution test
FAIL: c-c++-common/torture/complex-sign-mixed-mul.c -O0 execution test
FAIL: c-c++-common/torture/complex-sign-mixed-mul.c -O1 execution test
FAIL: c-c++-common/torture/complex-sign-mixed-mul.c -O2 execution test
FAIL: c-c++-common/torture/complex-sign-mixed-mul.c -O3 -fomit-frame-pointer execution test
FAIL: c-c++-common/torture/complex-sign-mixed-mul.c -O3 -fomit-frame-pointer -funroll-loops execution test
FAIL: c-c++-common/torture/complex-sign-mixed-mul.c -O3 -fomit-frame-pointer -funroll-all-loops -finline-functions execution test
FAIL: c-c++-common/torture/complex-sign-mixed-mul.c -O3 -g execution test
FAIL: c-c++-common/torture/complex-sign-mixed-mul.c -Os execution test
FAIL: c-c++-common/torture/complex-sign-mixed-sub.c -O0 execution test
FAIL: c-c++-common/torture/complex-sign-mixed-sub.c -O1 execution test
FAIL: c-c++-common/torture/complex-sign-mixed-sub.c -O2 execution test
FAIL: c-c++-common/torture/complex-sign-mixed-sub.c -O3 -fomit-frame-pointer execution test
FAIL: c-c++-common/torture/complex-sign-mixed-sub.c -O3 -fomit-frame-pointer -funroll-loops execution test
FAIL: c-c++-common/torture/complex-sign-mixed-sub.c -O3 -fomit-frame-pointer -funroll-all-loops -finline-functions execution test
FAIL: c-c++-common/torture/complex-sign-mixed-sub.c -O3 -g execution test
FAIL: c-c++-common/torture/complex-sign-mixed-sub.c -Os execution test
FAIL: c-c++-common/torture/complex-sign-mul-minus-one.c -O0 execution test
FAIL: c-c++-common/torture/complex-sign-mul-minus-one.c -O1 execution test
FAIL: c-c++-common/torture/complex-sign-mul-minus-one.c -O2 execution test
FAIL: c-c++-common/torture/complex-sign-mul-minus-one.c -O3 -fomit-frame-pointer execution test
FAIL: c-c++-common/torture/complex-sign-mul-minus-one.c -O3 -fomit-frame-pointer -funroll-loops execution test
FAIL: c-c++-common/torture/complex-sign-mul-minus-one.c -O3 -fomit-frame-pointer -funroll-all-loops -finline-functions execution test
FAIL: c-c++-common/torture/complex-sign-mul-minus-one.c -O3 -g execution test
FAIL: c-c++-common/torture/complex-sign-mul-minus-one.c -Os execution test
FAIL: c-c++-common/torture/complex-sign-mul-one.c -O0 execution test
FAIL: c-c++-common/torture/complex-sign-mul-one.c -O1 execution test
FAIL: c-c++-common/torture/complex-sign-mul-one.c -O2 execution test
FAIL: c-c++-common/torture/complex-sign-mul-one.c -O3 -fomit-frame-pointer execution test
FAIL: c-c++-common/torture/complex-sign-mul-one.c -O3 -fomit-frame-pointer -funroll-loops execution test
FAIL: c-c++-common/torture/complex-sign-mul-one.c -O3 -fomit-frame-pointer -funroll-all-loops -finline-functions execution test
FAIL: c-c++-common/torture/complex-sign-mul-one.c -O3 -g execution test
FAIL: c-c++-common/torture/complex-sign-mul-one.c -Os execution test
FAIL: c-c++-common/torture/complex-sign-mul.c -O0 execution test
FAIL: c-c++-common/torture/complex-sign-mul.c -O1 execution test
FAIL: c-c++-common/torture/complex-sign-mul.c -O2 execution test
FAIL: c-c++-common/torture/complex-sign-mul.c -O3 -fomit-frame-pointer execution test
FAIL: c-c++-common/torture/complex-sign-mul.c -O3 -fomit-frame-pointer -funroll-loops execution test
FAIL: c-c++-common/torture/complex-sign-mul.c -O3 -fomit-frame-pointer -funroll-all-loops -finline-functions execution test
FAIL: c-c++-common/torture/complex-sign-mul.c -O3 -g execution test
FAIL: c-c++-common/torture/complex-sign-mul.c -Os execution test
FAIL: c-c++-common/torture/complex-sign-sub.c -O0 execution test
FAIL: c-c++-common/torture/complex-sign-sub.c -O1 execution test
FAIL: c-c++-common/torture/complex-sign-sub.c -O2 execution test
FAIL: c-c++-common/torture/complex-sign-sub.c -O3 -fomit-frame-pointer execution test
FAIL: c-c++-common/torture/complex-sign-sub.c -O3 -fomit-frame-pointer -funroll-loops execution test
FAIL: c-c++-common/torture/complex-sign-sub.c -O3 -fomit-frame-pointer -funroll-all-loops -finline-functions execution test
FAIL: c-c++-common/torture/complex-sign-sub.c -O3 -g execution test
FAIL: c-c++-common/torture/complex-sign-sub.c -Os execution test
FAIL: gcc.dg/torture/builtin-math-7.c -O0 execution test
FAIL: gcc.dg/torture/builtin-math-7.c -O1 execution test
FAIL: gcc.dg/torture/builtin-math-7.c -O2 execution test
FAIL: gcc.dg/torture/builtin-math-7.c -O3 -fomit-frame-pointer execution test
FAIL: gcc.dg/torture/builtin-math-7.c -O3 -fomit-frame-pointer -funroll-loops execution test
FAIL: gcc.dg/torture/builtin-math-7.c -O3 -fomit-frame-pointer -funroll-all-loops -finline-functions execution test
FAIL: gcc.dg/torture/builtin-math-7.c -O3 -g execution test
FAIL: gcc.dg/torture/builtin-math-7.c -Os execution test
FAIL: gcc.dg/torture/fp-int-convert-double.c -O2 execution test
FAIL: gcc.dg/torture/fp-int-convert-double.c -O3 -g execution test
FAIL: gcc.dg/torture/fp-int-convert-float.c -O2 execution test
FAIL: gcc.dg/torture/fp-int-convert-float.c -O3 -g execution test
FAIL: gcc.dg/torture/pr45720.c -O3 -fomit-frame-pointer -funroll-loops execution test
FAIL: gcc.dg/torture/pr45720.c -O3 -fomit-frame-pointer -funroll-all-loops -finline-functions execution test
FAIL: gcc.dg/torture/type-generic-1.c -O2 execution test
FAIL: gcc.dg/torture/type-generic-1.c -O3 -fomit-frame-pointer execution test
FAIL: gcc.dg/torture/type-generic-1.c -O3 -g execution test
FAIL: gcc.dg/torture/type-generic-1.c -Os execution test
FAIL: gcc.dg/torture/stackalign/comp-goto-1.c -O3 -fomit-frame-pointer execution test
FAIL: gcc.dg/torture/stackalign/non-local-goto-4.c -O3 -fomit-frame-pointer execution test
FAIL: gcc.dg/torture/stackalign/comp-goto-1.c -O3 -fomit-frame-pointer execution test
FAIL: gcc.dg/torture/stackalign/non-local-goto-4.c -O3 -fomit-frame-pointer execution test
FAIL: gcc.dg/tree-prof/stringop-2.c scan-tree-dump optimized "a\\[0\\] = 168430090"
FAIL: gcc.dg/tree-ssa/vrp47.c scan-tree-dump-times vrp1 "[xy][^ ]* !=" 0
FAIL: gcc.dg/tree-ssa/vrp47.c scan-tree-dump-times dom1 "x[^ ]* & y" 1
FAIL: gcc.dg/tree-ssa/vrp47.c scan-tree-dump-times vrp1 "x[^ ]* [|] y" 1
FAIL: gcc.target/m68k/20090709-1.c scan-assembler-times .LC0 3
FAIL: gcc.target/m68k/tls-gd.c scan-assembler foo@TLSGD\\\\(%a5\\\\)
FAIL: gcc.target/m68k/tls-ie-xgot.c scan-assembler #foo@TLSIE,%[ad][0-7]
FAIL: gcc.target/m68k/tls-ld-xgot.c scan-assembler lea \\\\(foo@TLSLDO,%a0\\\\)
FAIL: gcc.target/m68k/tls-ld-xtls.c scan-assembler foo@TLSLDM\\\\(%a5\\\\)
FAIL: gcc.target/m68k/tls-ld.c scan-assembler foo@TLSLDM\\\\(%a5\\\\)
FAIL: gcc.target/m68k/tls-ld.c scan-assembler lea \\\\(foo@TLSLDO,%a0\\\\)
FAIL: gcc.target/m68k/tls-le.c scan-assembler lea \\\\(foo@TLSLE,%a0\\\\)
=== gcc Summary ===
# of expected passes 57051
# of unexpected failures 186
# of expected failures 132
# of unsupported tests 864
/mnt/scratch/objdir46/gcc/xgcc version 4.6.0 20110312 (experimental) (GCC)
=== libgomp tests ===
Running target unix
FAIL: libgomp.c/autopar-1.c execution test
FAIL: libgomp.c++/for-1.C -O3 -fomit-frame-pointer -funroll-loops execution test
FAIL: libgomp.c++/for-1.C -O3 -fomit-frame-pointer -funroll-all-loops -finline-functions execution test
FAIL: libgomp.c++/for-2.C -O3 -fomit-frame-pointer -funroll-loops execution test
FAIL: libgomp.c++/for-2.C -O3 -fomit-frame-pointer -funroll-all-loops -finline-functions execution test
FAIL: libgomp.c++/for-3.C -O3 -fomit-frame-pointer -funroll-loops execution test
FAIL: libgomp.c++/for-3.C -O3 -fomit-frame-pointer -funroll-all-loops -finline-functions execution test
FAIL: libgomp.c++/for-4.C -O3 -fomit-frame-pointer -funroll-loops execution test
FAIL: libgomp.c++/for-4.C -O3 -fomit-frame-pointer -funroll-all-loops -finline-functions execution test
FAIL: libgomp.c++/for-5.C -O3 -fomit-frame-pointer -funroll-loops execution test
FAIL: libgomp.c++/for-5.C -O3 -fomit-frame-pointer -funroll-all-loops -finline-functions execution test
FAIL: libgomp.c++/for-8.C -O3 -fomit-frame-pointer -funroll-loops execution test
FAIL: libgomp.c++/for-8.C -O3 -fomit-frame-pointer -funroll-all-loops -finline-functions execution test
=== libgomp Summary ===
# of expected passes 1002
# of unexpected failures 13
# of unsupported tests 7
=== libstdc++ tests ===
Running target unix
FAIL: 20_util/shared_ptr/thread/mutex_weaktoshared.cc execution test
WARNING: program timed out.
FAIL: 23_containers/list/pthread1.cc execution test
WARNING: program timed out.
FAIL: 23_containers/list/pthread5.cc execution test
FAIL: 26_numerics/complex/pow.cc execution test
FAIL: 27_io/basic_ofstream/pthread2.cc execution test
FAIL: 27_io/basic_ostringstream/pthread3.cc execution test
FAIL: tr1/2_general_utilities/shared_ptr/thread/default_weaktoshared.cc execution test
FAIL: tr1/2_general_utilities/shared_ptr/thread/mutex_weaktoshared.cc execution test
FAIL: tr1/5_numerical_facilities/special_functions/06_comp_ellint_3/check_nan.cc execution test
FAIL: tr1/5_numerical_facilities/special_functions/08_cyl_bessel_i/check_nan.cc execution test
FAIL: tr1/5_numerical_facilities/special_functions/09_cyl_bessel_j/check_nan.cc execution test
FAIL: tr1/5_numerical_facilities/special_functions/10_cyl_bessel_k/check_nan.cc execution test
FAIL: tr1/5_numerical_facilities/special_functions/11_cyl_neumann/check_nan.cc execution test
FAIL: tr1/5_numerical_facilities/special_functions/12_ellint_1/check_nan.cc execution test
FAIL: tr1/5_numerical_facilities/special_functions/14_ellint_3/check_nan.cc execution test
FAIL: tr1/5_numerical_facilities/special_functions/17_hyperg/check_value.cc execution test
FAIL: tr1/5_numerical_facilities/special_functions/20_riemann_zeta/check_value_neg.cc execution test
FAIL: tr1/5_numerical_facilities/special_functions/20_riemann_zeta/check_value_pos.cc execution test
=== libstdc++ Summary ===
# of expected passes 7204
# of unexpected failures 18
# of expected failures 81
# of unsupported tests 531
Compiler version: 4.6.0 20110312 (experimental) (GCC)
Platform: m68k-unknown-linux-gnu
configure flags: --prefix=/mnt/scratch/install46 --enable-bootstrap --enable-shared --enable-threads=posix --enable-checking=release --with-system-zlib --enable-__cxa_atexit --disable-libunwind-exceptions --enable-languages=c,c++ --enable-java-awt=gtk --disable-dssi --with-java-home=/usr/lib/jvm/java-1.5.0-gcj-1.5.0.0/jre --enable-libgcj-multifile --disable-java-maintainer-mode --with-ecj-jar=/usr/share/java/eclipse-ecj.jar --disable-libjava-multilib --disable-sjlj-exceptions --disable-libmudflap --with-gmp=/home/mikpe/pkgs/linux-m68k/gmp-4.3.2 --with-mpfr=/home/mikpe/pkgs/linux-m68k/mpfr-2.4.2 --with-mpc=/home/mikpe/pkgs/linux-m68k/mpc-0.8.2 --disable-plugin --disable-lto --disable-multilib
BOOT_CFLAGS=-g -O2
More information about the Gcc-testresults
mailing list