Results for 4.6.0 20110319 (prerelease) [gcc-4_6-branch revision 171183] (GCC) testsuite on x86_64-unknown-linux-gnu
Alfred Minarik
alfred.minarik@aon.at
Sun Mar 20 02:45:00 GMT 2011
LAST_UPDATED: Sat Mar 19 18:25:27 UTC 2011 (revision 171183)
=== acats tests ===
=== acats Summary ===
# of expected passes 2321
# of unexpected failures 0
Native configuration is x86_64-unknown-linux-gnu
=== gcc tests ===
Running target unix
FAIL: gcc.c-torture/compile/limits-exprparen.c -O0 (internal compiler
error)
FAIL: gcc.c-torture/compile/limits-exprparen.c -O0 (test for excess
errors)
FAIL: gcc.c-torture/compile/limits-exprparen.c -O1 (internal compiler
error)
FAIL: gcc.c-torture/compile/limits-exprparen.c -O1 (test for excess
errors)
FAIL: gcc.c-torture/compile/limits-exprparen.c -O2 (internal compiler
error)
FAIL: gcc.c-torture/compile/limits-exprparen.c -O2 (test for excess
errors)
FAIL: gcc.c-torture/compile/limits-exprparen.c -O3 -fomit-frame-pointer
(internal compiler error)
FAIL: gcc.c-torture/compile/limits-exprparen.c -O3 -fomit-frame-pointer
(test for excess errors)
FAIL: gcc.c-torture/compile/limits-exprparen.c -O3 -g (internal compiler
error)
FAIL: gcc.c-torture/compile/limits-exprparen.c -O3 -g (test for excess
errors)
FAIL: gcc.c-torture/compile/limits-exprparen.c -Os (internal compiler
error)
FAIL: gcc.c-torture/compile/limits-exprparen.c -Os (test for excess
errors)
FAIL:
gcc.c-torture/compile/limits-exprparen.c -O2 -flto -flto-partition=none
(internal compiler error)
FAIL:
gcc.c-torture/compile/limits-exprparen.c -O2 -flto -flto-partition=none
(test for excess errors)
FAIL: gcc.c-torture/compile/limits-exprparen.c -O2 -flto (internal
compiler error)
FAIL: gcc.c-torture/compile/limits-exprparen.c -O2 -flto (test for excess
errors)
FAIL: gcc.dg/cproj-fails-with-broken-glibc.c execution test
XPASS: gcc.dg/guality/example.c -O0 execution test
XPASS: gcc.dg/guality/example.c -O1 execution test
XPASS: gcc.dg/guality/example.c -O2 execution test
XPASS: gcc.dg/guality/example.c -Os execution test
XPASS: gcc.dg/guality/guality.c -O0 execution test
XPASS: gcc.dg/guality/guality.c -O1 execution test
XPASS: gcc.dg/guality/guality.c -O2 execution test
XPASS: gcc.dg/guality/guality.c -O3 -fomit-frame-pointer execution test
XPASS: gcc.dg/guality/guality.c -O3 -g execution test
XPASS: gcc.dg/guality/guality.c -Os execution test
XPASS: gcc.dg/guality/guality.c -O2 -flto -flto-partition=none execution
test
XPASS: gcc.dg/guality/guality.c -O2 -flto execution test
XPASS: gcc.dg/guality/inline-params.c -O2 execution test
XPASS: gcc.dg/guality/inline-params.c -O3 -fomit-frame-pointer execution
test
XPASS: gcc.dg/guality/inline-params.c -O3 -g execution test
XPASS: gcc.dg/guality/inline-params.c -Os execution test
XPASS: gcc.dg/guality/pr41353-1.c -O0 line 28 j == 28 + 37
XPASS: gcc.dg/guality/pr41353-1.c -O1 line 28 j == 28 + 37
XPASS: gcc.dg/guality/pr41353-1.c -O2 line 28 j == 28 + 37
XPASS: gcc.dg/guality/pr41353-1.c -O3 -fomit-frame-pointer line 28 j == 28
+ 37
XPASS: gcc.dg/guality/pr41353-1.c -O3 -g line 28 j == 28 + 37
XPASS: gcc.dg/guality/pr41353-1.c -Os line 28 j == 28 + 37
XPASS: gcc.dg/guality/pr41353-1.c -O2 -flto -flto-partition=none line 28 j
== 28 + 37
XPASS: gcc.dg/guality/pr41353-1.c -O2 -flto line 28 j == 28 + 37
XPASS: gcc.dg/guality/pr41447-1.c -O0 execution test
XPASS: gcc.dg/guality/pr41447-1.c -O1 execution test
XPASS: gcc.dg/guality/pr41447-1.c -O2 execution test
XPASS: gcc.dg/guality/pr41447-1.c -O3 -fomit-frame-pointer execution test
XPASS: gcc.dg/guality/pr41447-1.c -O3 -g execution test
XPASS: gcc.dg/guality/pr41447-1.c -Os execution test
XPASS: gcc.dg/guality/pr41616-1.c -O0 execution test
XPASS: gcc.dg/guality/pr41616-1.c -O1 execution test
XPASS: gcc.dg/guality/pr41616-1.c -O2 execution test
XPASS: gcc.dg/guality/pr41616-1.c -O3 -fomit-frame-pointer execution test
XPASS: gcc.dg/guality/pr41616-1.c -O3 -g execution test
XPASS: gcc.dg/guality/pr41616-1.c -Os execution test
FAIL: gcc.dg/guality/sra-1.c -O2 line 43 a.j == 14
FAIL: gcc.dg/guality/sra-1.c -O3 -fomit-frame-pointer line 43 a.j == 14
FAIL: gcc.dg/guality/sra-1.c -O3 -g line 43 a.j == 14
FAIL: gcc.dg/guality/sra-1.c -Os line 43 a.j == 14
FAIL: gcc.dg/guality/sra-1.c -O2 -flto -flto-partition=none line 43 a.j ==
14
FAIL: gcc.dg/guality/sra-1.c -O2 -flto line 43 a.j == 14
FAIL: gcc.dg/guality/vla-1.c -O2 -flto -flto-partition=none line 17 sizeof
(a) == 6
FAIL: gcc.dg/guality/vla-1.c -O2 -flto -flto-partition=none line 24 sizeof
(a) == 17 * sizeof (short)
FAIL: gcc.dg/guality/vla-1.c -O2 -flto line 17 sizeof (a) == 6
FAIL: gcc.dg/guality/vla-1.c -O2 -flto line 24 sizeof (a) == 17 * sizeof
(short)
FAIL: gcc.dg/guality/vla-2.c -O2 -flto -flto-partition=none line 16 sizeof
(a) == 5 * sizeof (int)
FAIL: gcc.dg/guality/vla-2.c -O2 -flto -flto-partition=none line 25 sizeof
(a) == 6 * sizeof (int)
FAIL: gcc.dg/guality/vla-2.c -O2 -flto line 16 sizeof (a) == 5 * sizeof
(int)
FAIL: gcc.dg/guality/vla-2.c -O2 -flto line 25 sizeof (a) == 6 * sizeof
(int)
=== gcc Summary ===
# of expected passes 78215
# of unexpected failures 31
# of unexpected successes 36
# of expected failures 228
# of unsupported tests 1085
/home/am/tools/gcc/build/gcc/xgcc version 4.6.0 20110319 (prerelease)
[gcc-4_6-branch revision 171183] (GCC)
=== gfortran tests ===
Running target unix
=== gfortran Summary ===
# of expected passes 38647
# of expected failures 53
# of unsupported tests 69
/home/am/tools/gcc/build/gcc/testsuite/gfortran/../../gfortran version
4.6.0 20110319 (prerelease) [gcc-4_6-branch revision 171183] (GCC)
=== g++ tests ===
Running target unix
=== g++ Summary ===
# of expected passes 27262
# of expected failures 161
# of unsupported tests 359
/home/am/tools/gcc/build/gcc/testsuite/g++/../../g++ version 4.6.0 20110319
(prerelease) [gcc-4_6-branch revision 171183] (GCC)
=== gnat tests ===
Running target unix
=== gnat Summary ===
# of expected passes 868
# of expected failures 10
# of unsupported tests 2
/home/am/tools/gcc/build/gcc/gnatmake version 4.6.0 20110319 (prerelease)
[gcc-4_6-branch revision 171183]
=== go tests ===
Running target unix
FAIL: ./tmp.go execution, -O2 -g
=== go Summary ===
# of expected passes 2877
# of unexpected failures 1
# of expected failures 24
/home/am/tools/gcc/build/gcc/testsuite/go/../../gccgo version 4.6.0
20110319 (prerelease) [gcc-4_6-branch revision 171183] (GCC)
=== obj-c++ tests ===
Running target unix
=== obj-c++ Summary ===
# of expected passes 1378
# of expected failures 10
# of unsupported tests 86
/home/am/tools/gcc/build/gcc/testsuite/obj-c++/../../g++ version 4.6.0
20110319 (prerelease) [gcc-4_6-branch revision 171183] (GCC)
=== objc tests ===
Running target unix
=== objc Summary ===
# of expected passes 2908
# of expected failures 16
# of unsupported tests 74
/home/am/tools/gcc/build/gcc/xgcc version 4.6.0 20110319 (prerelease)
[gcc-4_6-branch revision 171183] (GCC)
=== libffi tests ===
Running target unix
=== libffi Summary ===
# of expected passes 1634
# of expected failures 10
# of unsupported tests 15
=== libgomp tests ===
Running target unix
FAIL: libgomp.graphite/force-parallel-1.c execution test
=== libgomp Summary ===
# of expected passes 2587
# of unexpected failures 1
=== libjava tests ===
Running target unix
=== libjava Summary ===
# of expected passes 2574
=== libmudflap tests ===
Running target unix
FAIL: libmudflap.c/pass49-frag.c execution test
FAIL: libmudflap.c/pass49-frag.c output pattern test
FAIL: libmudflap.c/pass49-frag.c execution test
FAIL: libmudflap.c/pass49-frag.c output pattern test
FAIL: libmudflap.c/pass49-frag.c (-O2) execution test
FAIL: libmudflap.c/pass49-frag.c (-O2) output pattern test
FAIL: libmudflap.c/pass49-frag.c (-O2) execution test
FAIL: libmudflap.c/pass49-frag.c (-O2) output pattern test
FAIL: libmudflap.c/pass49-frag.c (-O3) execution test
FAIL: libmudflap.c/pass49-frag.c (-O3) output pattern test
FAIL: libmudflap.c/pass49-frag.c (-O3) execution test
FAIL: libmudflap.c/pass49-frag.c (-O3) output pattern test
=== libmudflap Summary ===
# of expected passes 1415
# of unexpected failures 12
=== libstdc++ tests ===
Running target unix
=== libstdc++ Summary ===
# of expected passes 8259
# of expected failures 83
# of unsupported tests 108
Compiler version: 4.6.0 20110319 (prerelease) [gcc-4_6-branch revision
171183] (GCC)
Platform: x86_64-unknown-linux-gnu
configure
flags: --prefix=/usr/local2/gcc_exp --enable-languages=all,ada,obj-c++,go --enable-threads=posix
--enable-__cxa_atexit --enable-checking=release --disable-bootstrap
More information about the Gcc-testresults
mailing list