Results for 4.3.6 20110317 (prerelease) [gcc-4_3-branch revision 171082] (GCC) gcc testsuite on mips-unknown-elf
Mike Stein
mstein.lists@googlemail.com
Thu Mar 17 23:08:00 GMT 2011
Debian 5 on x86_64
cross tool versions:
GNU assembler (GNU Binutils) 2.18.50.20080419
GNU gdb 6.8.50.20080419-cvs
GNU ld (GNU Binutils) 2.18.50.20080419
GNU Make 3.81
expect version 5.43.0
host gcc version: gcc (GCC) 4.7.0 20110315 (experimental) [trunk revision 171019]
LAST_UPDATED: Thu Mar 17 01:19:27 UTC 2011 (revision 171082)
Target is mips-unknown-elf
Host is x86_64-unknown-linux-gnu
=== gcc tests ===
Running target mips-sim
FAIL: gcc.c-torture/compile/20080806-1.c -O1 (internal compiler error)
FAIL: gcc.c-torture/compile/20080806-1.c -O1 (test for excess errors)
FAIL: gcc.c-torture/execute/pr36321.c execution, -O0
FAIL: gcc.c-torture/execute/pr36321.c execution, -O1
FAIL: gcc.c-torture/execute/pr36321.c execution, -O2
FAIL: gcc.c-torture/execute/pr36321.c execution, -O3 -fomit-frame-pointer
FAIL: gcc.c-torture/execute/pr36321.c execution, -O3 -g
FAIL: gcc.c-torture/execute/pr36321.c execution, -Os
=== gcc Summary ===
# of expected passes 47698
# of unexpected failures 8
# of expected failures 86
# of untested testcases 35
# of unsupported tests 400
/home/mstein/sim/gcc-4_3-branch/mips-elf/build/gcc/xgcc version 4.3.6 20110317 (prerelease) [gcc-4_3-branch revision 171082] (GCC)
Compiler version: 4.3.6 20110317 (prerelease) [gcc-4_3-branch revision 171082] (GCC) gcc
Platform: mips-unknown-elf
configure flags: --target=mips-elf --prefix=/home/mstein/cross-local/mips-elf --enable-languages=c --disable-nls --disable-build-warnings --with-sysroot=/home/mstein/cross-local/mips-elf --with-build-sysroot=/home/mstein/cross-local/mips-elf --with-ld=/home/mstein/cross-local/mips-elf/usr/bin/ld --with-as=/home/mstein/cross-local/mips-elf/usr/bin/as --disable-libssp --with-mpfr=/opt/cfarm/mpfr-2.3.2
More information about the Gcc-testresults
mailing list