Results for 4.6.0 20110316 (prerelease) [gcc-4_6-branch revision 171032] (GCC) testsuite on powerpc-apple-darwin9
IainS
developer@sandoe-acoustics.co.uk
Thu Mar 17 10:46:00 GMT 2011
LAST_UPDATED: Thu Mar 17 08:30:02 UTC 2011 (revision 171086)
Native configuration is powerpc-apple-darwin9
=== g++ tests ===
Running target unix/-m32
FAIL: g++.dg/eh/simd-3.C execution test
FAIL: g++.dg/eh/simd-4.C execution test
FAIL: g++.dg/ext/alignof2.C execution test
WARNING: g++.dg/ext/label13.C compilation failed to produce executable
=== g++ Summary for unix/-m32 ===
# of expected passes 26265
# of unexpected failures 3
# of expected failures 162
# of unsupported tests 389
Running target unix/-m64
WARNING: g++.dg/ext/label13.C compilation failed to produce executable
=== g++ Summary for unix/-m64 ===
# of expected passes 26880
# of expected failures 162
# of unsupported tests 386
=== g++ Summary ===
# of expected passes 53145
# of unexpected failures 3
# of expected failures 324
# of unsupported tests 775
/Volumes/ScratchCS/gcc-4-6-branch-build/gcc/testsuite/g++/../../g++
version 4.6.0 20110316 (prerelease) [gcc-4_6-branch revision 171032]
(GCC)
=== gcc tests ===
Running target unix/-m32
FAIL: gcc.c-torture/compile/pr44707.c -O1 (test for excess errors)
FAIL: gcc.c-torture/compile/pr44707.c -O2 (test for excess errors)
FAIL: gcc.c-torture/compile/pr44707.c -O3 -fomit-frame-pointer (test
for excess errors)
FAIL: gcc.c-torture/compile/pr44707.c -O3 -g (test for excess errors)
FAIL: gcc.c-torture/compile/pr44707.c -Os (test for excess errors)
FAIL: gcc.c-torture/compile/pr44707.c -O2 -flto -flto-partition=none
(test for excess errors)
FAIL: gcc.c-torture/compile/pr44707.c -O2 -flto (test for excess
errors)
FAIL: gcc.c-torture/execute/20040811-1.c compilation, -O3 -g
UNRESOLVED: gcc.c-torture/execute/20040811-1.c execution, -O3 -g
FAIL: gcc.c-torture/execute/pr22061-4.c compilation, -O3 -g
UNRESOLVED: gcc.c-torture/execute/pr22061-4.c execution, -O3 -g
FAIL: gcc.c-torture/execute/pr43220.c compilation, -O3 -g
UNRESOLVED: gcc.c-torture/execute/pr43220.c execution, -O3 -g
FAIL: gcc.c-torture/execute/vla-dealloc-1.c compilation, -O3 -g
UNRESOLVED: gcc.c-torture/execute/vla-dealloc-1.c execution, -O3 -g
FAIL: gcc.dg/and-1.c scan-assembler-not nand
FAIL: gcc.dg/sms-2.c scan-rtl-dump-times sms "SMS succeeded" 1
FAIL: gcc.dg/sms-3.c scan-rtl-dump-times sms "SMS succeeded" 1
FAIL: gcc.dg/sms-4.c scan-rtl-dump-times sms "SMS succeeded" 1
FAIL: gcc.dg/sms-5.c scan-rtl-dump-times sms "SMS succeeded" 1
FAIL: gcc.dg/sms-6.c scan-rtl-dump-times sms "SMS succeeded" 3
FAIL: gcc.dg/sms-7.c scan-rtl-dump-times sms "SMS succeeded" 3
FAIL: gcc.dg/sms-8.c scan-rtl-dump-times sms "SMS succeeded" 1
FAIL: gcc.dg/stack-usage-1.c scan-file foo\\t(256|264)\\tstatic
FAIL: gcc.dg/tree-ssa/vrp47.c scan-tree-dump-times vrp1 "[xy][^ ]* !=" 0
FAIL: gcc.dg/tree-ssa/vrp47.c scan-tree-dump-times dom1 "x[^ ]* & y" 1
FAIL: gcc.target/powerpc/405-dlmzb-strlen-1.c scan-assembler dlmzb\\\\.
FAIL: gcc.target/powerpc/440-dlmzb-strlen-1.c scan-assembler dlmzb\\\\.
FAIL: gcc.target/powerpc/ppc-vector-memcpy.c scan-assembler lvx
=== gcc Summary for unix/-m32 ===
# of expected passes 71792
# of unexpected failures 25
# of expected failures 192
# of unresolved testcases 4
# of unsupported tests 1165
Running target unix/-m64
FAIL: gcc.c-torture/compile/pr44707.c -O1 (test for excess errors)
FAIL: gcc.c-torture/compile/pr44707.c -O2 (test for excess errors)
FAIL: gcc.c-torture/compile/pr44707.c -O3 -fomit-frame-pointer (test
for excess errors)
FAIL: gcc.c-torture/compile/pr44707.c -O3 -g (test for excess errors)
FAIL: gcc.c-torture/compile/pr44707.c -Os (test for excess errors)
FAIL: gcc.c-torture/compile/pr44707.c -O2 -flto -flto-partition=none
(test for excess errors)
FAIL: gcc.c-torture/compile/pr44707.c -O2 -flto (test for excess
errors)
FAIL: gcc.c-torture/execute/nestfunc-3.c execution, -O1
FAIL: gcc.c-torture/execute/nestfunc-3.c execution, -O2
FAIL: gcc.c-torture/execute/nestfunc-3.c execution, -O3 -fomit-frame-
pointer
FAIL: gcc.c-torture/execute/nestfunc-3.c execution, -O3 -fomit-frame-
pointer -funroll-loops
FAIL: gcc.c-torture/execute/nestfunc-3.c execution, -O3 -fomit-frame-
pointer -funroll-all-loops -finline-functions
FAIL: gcc.c-torture/execute/nestfunc-3.c execution, -O3 -g
FAIL: gcc.c-torture/execute/nestfunc-3.c execution, -Os
FAIL: gcc.c-torture/execute/nestfunc-3.c execution, -O2 -flto -flto-
partition=none
FAIL: gcc.c-torture/execute/nestfunc-3.c execution, -O2 -flto
FAIL: gcc.c-torture/execute/nestfunc-6.c execution, -O1
FAIL: gcc.c-torture/execute/nestfunc-6.c execution, -O2
FAIL: gcc.c-torture/execute/nestfunc-6.c execution, -O3 -fomit-frame-
pointer
FAIL: gcc.c-torture/execute/nestfunc-6.c execution, -O3 -g
FAIL: gcc.c-torture/execute/nestfunc-6.c execution, -Os
FAIL: gcc.c-torture/execute/nestfunc-6.c execution, -O2 -flto -flto-
partition=none
FAIL: gcc.c-torture/execute/nestfunc-6.c execution, -O2 -flto
FAIL: gcc.dg/and-1.c scan-assembler-not nand
FAIL: gcc.dg/sms-2.c scan-rtl-dump-times sms "SMS succeeded" 1
FAIL: gcc.dg/sms-4.c scan-rtl-dump-times sms "SMS succeeded" 1
FAIL: gcc.dg/sms-5.c scan-rtl-dump-times sms "SMS succeeded" 1
FAIL: gcc.dg/sms-6.c scan-rtl-dump-times sms "SMS succeeded" 3
FAIL: gcc.dg/sms-7.c scan-rtl-dump-times sms "SMS succeeded" 3
FAIL: gcc.dg/sms-8.c scan-rtl-dump-times sms "SMS succeeded" 1
FAIL: gcc.dg/stack-usage-1.c scan-file foo\\t(256|264)\\tstatic
FAIL: gcc.dg/lto/20090116 c_lto_20090116_0.o-c_lto_20090116_0.o link, -
O1 -flto -flto-partition=1to1 -fPIC (internal compiler error)
UNRESOLVED: gcc.dg/lto/20090116 c_lto_20090116_0.o-c_lto_20090116_0.o
execute -O1 -flto -flto-partition=1to1 -fPIC
FAIL: gcc.dg/tree-ssa/vrp47.c scan-tree-dump-times vrp1 "[xy][^ ]* !=" 0
FAIL: gcc.dg/tree-ssa/vrp47.c scan-tree-dump-times dom1 "x[^ ]* & y" 1
FAIL: gcc.dg/vect/costmodel/ppc/costmodel-pr37194.c scan-tree-dump-
times vect "vectorization not profitable" 1
FAIL: gcc.dg/vect/costmodel/ppc/costmodel-pr37194.c scan-tree-dump-
times vect "vectorized 1 loops" 1
FAIL: gcc.target/powerpc/optimize-bswapdi-3.c scan-assembler ldbrx
FAIL: gcc.target/powerpc/optimize-bswapdi-3.c scan-assembler stdbrx
FAIL: gcc.target/powerpc/ppc-vector-memcpy.c scan-assembler lvx
=== gcc Summary for unix/-m64 ===
# of expected passes 72314
# of unexpected failures 39
# of expected failures 200
# of unresolved testcases 1
# of unsupported tests 1227
=== gcc Summary ===
# of expected passes 144106
# of unexpected failures 64
# of expected failures 392
# of unresolved testcases 5
# of unsupported tests 2392
/Volumes/ScratchCS/gcc-4-6-branch-build/gcc/xgcc version 4.6.0
20110316 (prerelease) [gcc-4_6-branch revision 171032] (GCC)
=== gfortran tests ===
Running target unix/-m32
FAIL: gfortran.dg/large_real_kind_3.F90 -O0 execution test
=== gfortran Summary for unix/-m32 ===
# of expected passes 38098
# of unexpected failures 1
# of expected failures 73
# of unsupported tests 237
Running target unix/-m64
FAIL: gfortran.dg/large_real_kind_3.F90 -O0 execution test
FAIL: gfortran.dg/vect/pr45714-b.f -O (internal compiler error)
FAIL: gfortran.dg/vect/pr45714-b.f -O (test for excess errors)
=== gfortran Summary for unix/-m64 ===
# of expected passes 38423
# of unexpected failures 3
# of expected failures 79
# of unsupported tests 76
=== gfortran Summary ===
# of expected passes 76521
# of unexpected failures 4
# of expected failures 152
# of unsupported tests 313
/Volumes/ScratchCS/gcc-4-6-branch-build/gcc/testsuite/gfortran/../../
gfortran version 4.6.0 20110316 (prerelease) [gcc-4_6-branch revision
171032] (GCC)
=== obj-c++ tests ===
Running target unix/-m32
=== obj-c++ Summary for unix/-m32 ===
# of expected passes 3031
# of expected failures 2
# of unsupported tests 68
Running target unix/-m32/-fobjc-abi-version=1
=== obj-c++ Summary for unix/-m32/-fobjc-abi-version=1 ===
# of expected passes 3031
# of expected failures 2
# of unsupported tests 68
Running target unix/-m64
=== obj-c++ Summary for unix/-m64 ===
# of expected passes 2981
# of expected failures 19
# of unsupported tests 73
=== obj-c++ Summary ===
# of expected passes 9043
# of expected failures 23
# of unsupported tests 209
/Volumes/ScratchCS/gcc-4-6-branch-build/gcc/testsuite/obj-c++/../../g+
+ version 4.6.0 20110316 (prerelease) [gcc-4_6-branch revision
171032] (GCC)
=== objc tests ===
Running target unix/-m32
=== objc Summary for unix/-m32 ===
# of expected passes 5951
# of expected failures 14
# of unsupported tests 85
Running target unix/-m32/-fobjc-abi-version=1
=== objc Summary for unix/-m32/-fobjc-abi-version=1 ===
# of expected passes 5949
# of expected failures 14
# of unsupported tests 86
Running target unix/-m64
=== objc Summary for unix/-m64 ===
# of expected passes 5885
# of expected failures 18
# of unsupported tests 102
=== objc Summary ===
# of expected passes 17785
# of expected failures 46
# of unsupported tests 273
/Volumes/ScratchCS/gcc-4-6-branch-build/gcc/xgcc version 4.6.0
20110316 (prerelease) [gcc-4_6-branch revision 171032] (GCC)
=== libffi tests ===
Running target unix/-m32
FAIL: libffi.call/nested_struct5.c -O0 -W -Wall execution test
FAIL: libffi.call/nested_struct5.c -O2 execution test
FAIL: libffi.call/nested_struct5.c -O3 execution test
FAIL: libffi.call/nested_struct5.c -Os execution test
FAIL: libffi.call/nested_struct5.c -O2 -fomit-frame-pointer execution
test
=== libffi Summary for unix/-m32 ===
# of expected passes 1624
# of unexpected failures 5
# of expected failures 10
# of unsupported tests 15
Running target unix/-m64
=== libffi Summary for unix/-m64 ===
# of expected passes 1634
# of expected failures 10
# of unsupported tests 15
=== libffi Summary ===
# of expected passes 3258
# of unexpected failures 5
# of expected failures 20
# of unsupported tests 30
=== libgomp tests ===
Running target unix/-m32
=== libgomp Summary for unix/-m32 ===
# of expected passes 2538
# of unsupported tests 2
Running target unix/-m64
=== libgomp Summary for unix/-m64 ===
# of expected passes 2538
# of unsupported tests 2
=== libgomp Summary ===
# of expected passes 5076
# of unsupported tests 4
=== libjava tests ===
Running target unix/-m32
=== libjava Summary for unix/-m32 ===
# of expected passes 2574
Running target unix/-m64
FAIL: PR16923 output
FAIL: Thread_Sleep_2 output - source compiled test
FAIL: Thread_Sleep_2 -O3 -findirect-dispatch output - source compiled
test
=== libjava Summary for unix/-m64 ===
# of expected passes 2571
# of unexpected failures 3
=== libjava Summary ===
# of expected passes 5145
# of unexpected failures 3
=== libstdc++ tests ===
Running target unix/-m32
FAIL: ext/mt_allocator/deallocate_global_thread-1.cc execution test
FAIL: ext/mt_allocator/deallocate_global_thread-3.cc execution test
=== libstdc++ Summary for unix/-m32 ===
# of expected passes 6994
# of unexpected failures 2
# of expected failures 81
# of unsupported tests 652
Running target unix/-m64
FAIL: ext/mt_allocator/deallocate_global_thread-1.cc execution test
FAIL: ext/mt_allocator/deallocate_global_thread-3.cc execution test
=== libstdc++ Summary for unix/-m64 ===
# of expected passes 6992
# of unexpected failures 2
# of expected failures 81
# of unsupported tests 653
=== libstdc++ Summary ===
# of expected passes 13986
# of unexpected failures 4
# of expected failures 162
# of unsupported tests 1305
=== libstdc++ Summary ===
Compiler version: 4.6.0 20110316 (prerelease) [gcc-4_6-branch revision
171032] (GCC)
Platform: powerpc-apple-darwin9
configure flags: --prefix=/GCC/gcc-4-6-install --target=powerpc-apple-
darwin9 --host=powerpc-apple-darwin9 --build=powerpc-apple-darwin9 --
enable-version-specific-runtime-libs --enable-threads --enable-
checking=yes --with-libiconv-prefix=/usr --with-system-zlib --program-
suffix=-4.6trunk --with-gmp=/GCC/multiprec-math/ppc --with-mpfr=/GCC/
multiprec-math/ppc --with-mpc=/GCC/multiprec-math/ppc --enable-lto
CC=gcc-4.2 CXX=g++-4.2 build_alias=powerpc-apple-darwin9
host_alias=powerpc-apple-darwin9 target_alias=powerpc-apple-darwin9 --
enable-languages=c,c++,fortran,java,lto,objc,obj-c++ --no-create --no-
recursion
More information about the Gcc-testresults
mailing list