Results for 4.5.3 20110315 (prerelease) [gcc-4_5-branch revision 170975] (GCC) testsuite on hppa64-hp-hpux11.11
John David Anglin
dave@hiauly3.hia.nrc.ca
Wed Mar 16 20:41:00 GMT 2011
Native configuration is hppa64-hp-hpux11.11
=== g++ tests ===
Running target unix
=== g++ Summary ===
# of expected passes 20519
# of expected failures 153
# of unsupported tests 249
/mnt/gnu/gcc/objdir-test/gcc/testsuite/g++/../../g++ version 4.5.3 20110315 (prerelease) [gcc-4_5-branch revision 170975] (GCC)
=== gcc tests ===
Running target unix
WARNING: program timed out.
FAIL: gcc.c-torture/compile/limits-fndefn.c -O3 -g (test for excess errors)
XPASS: gcc.dg/funcorder.c scan-assembler-not link_error,%r
WARNING: program timed out.
=== gcc Summary ===
# of expected passes 52752
# of unexpected failures 1
# of unexpected successes 1
# of expected failures 89
# of unsupported tests 702
/mnt/gnu/gcc/objdir-test/gcc/xgcc version 4.5.3 20110315 (prerelease) [gcc-4_5-branch revision 170975] (GCC)
=== gfortran tests ===
Running target unix
=== gfortran Summary ===
# of expected passes 33285
# of expected failures 20
# of unsupported tests 286
/mnt/gnu/gcc/objdir-test/gcc/testsuite/gfortran/../../gfortran version 4.5.3 20110315 (prerelease) [gcc-4_5-branch revision 170975] (GCC)
=== obj-c++ tests ===
Running target unix
WARNING: obj-c++.dg/lookup-2.mm -fgnu-runtime compilation failed to produce executable
WARNING: obj-c++.dg/try-catch-2.mm -fgnu-runtime compilation failed to produce executable
WARNING: obj-c++.dg/try-catch-9.mm -fgnu-runtime compilation failed to produce executable
=== obj-c++ Summary ===
# of expected passes 432
# of expected failures 11
# of unsupported tests 14
/mnt/gnu/gcc/objdir-test/gcc/testsuite/obj-c++/../../g++ version 4.5.3 20110315 (prerelease) [gcc-4_5-branch revision 170975] (GCC)
=== objc tests ===
Running target unix
=== objc Summary ===
# of expected passes 1872
# of expected failures 15
# of unsupported tests 21
/mnt/gnu/gcc/objdir-test/gcc/xgcc version 4.5.3 20110315 (prerelease) [gcc-4_5-branch revision 170975] (GCC)
=== libgomp tests ===
Running target unix
=== libgomp Summary ===
# of expected passes 2524
# of unsupported tests 9
=== libstdc++ tests ===
Running target unix
=== libstdc++ Summary ===
# of expected passes 6338
# of expected failures 89
# of unsupported tests 616
Compiler version: 4.5.3 20110315 (prerelease) [gcc-4_5-branch revision 170975] (GCC)
Platform: hppa64-hp-hpux11.11
configure flags:Test Run By dave on Tue Mar 15 09:36:08 2011
More information about the Gcc-testresults
mailing list