Results for 4.7.0 20110315 (experimental) [trunk revision 170978] (Debian 20110315-1) testsuite on s390-ibm-linux-gnu
Matthias Klose
doko@debian.org
Wed Mar 16 17:55:00 GMT 2011
LAST_UPDATED: Tue Mar 15 03:03:17 UTC 2011 (revision 170978)
Target: s390-linux-gnu
gcc version 4.7.0 20110315 (experimental) [trunk revision 170978] (Debian 20110315-1)
=== acats tests ===
FAIL: c52103x
FAIL: c52104x
FAIL: c52104y
=== acats Summary ===
# of expected passes 2318
# of unexpected failures 3
Native configuration is s390-ibm-linux-gnu
=== g++ tests ===
Running target unix
FAIL: g++.dg/debug/dwarf2/icf.C scan-assembler \\\\.section.*.debug_dcall
FAIL: g++.dg/debug/dwarf2/icf.C scan-assembler New caller
FAIL: g++.dg/debug/dwarf2/icf.C scan-assembler Caller DIE offset
FAIL: g++.dg/debug/dwarf2/icf.C scan-assembler Callee DIE offset
UNRESOLVED: attribute_plugin.c compilation, -I. -I/build/buildd-gcc-snapshot_20110315-1-s390-Ps8MqO/gcc-snapshot-20110315/src/gcc/testsuite -I/build/buildd-gcc-snapshot_20110315-1-s390-Ps8MqO/gcc-snapshot-20110315/src/gcc/testsuite/../../gcc -I/build/buildd-gcc-snapshot_20110315-1-s390-Ps8MqO/gcc-snapshot-20110315/build/gcc/testsuite/g++/../../../gcc -I/build/buildd-gcc-snapshot_20110315-1-s390-Ps8MqO/gcc-snapshot-20110315/src/gcc/testsuite/../../include -I/build/buildd-gcc-snapshot_20110315-1-s390-Ps8MqO/gcc-snapshot-20110315/src/gcc/testsuite/../../libcpp/include -I/build/buildd-gcc-snapshot_20110315-1-s390-Ps8MqO/gcc-snapshot-20110315/build/gcc/testsuite/g++/../../../intl -DIN_GCC -fPIC -shared
UNRESOLVED: pragma_plugin.c compilation, -I. -I/build/buildd-gcc-snapshot_20110315-1-s390-Ps8MqO/gcc-snapshot-20110315/src/gcc/testsuite -I/build/buildd-gcc-snapshot_20110315-1-s390-Ps8MqO/gcc-snapshot-20110315/src/gcc/testsuite/../../gcc -I/build/buildd-gcc-snapshot_20110315-1-s390-Ps8MqO/gcc-snapshot-20110315/build/gcc/testsuite/g++/../../../gcc -I/build/buildd-gcc-snapshot_20110315-1-s390-Ps8MqO/gcc-snapshot-20110315/src/gcc/testsuite/../../include -I/build/buildd-gcc-snapshot_20110315-1-s390-Ps8MqO/gcc-snapshot-20110315/src/gcc/testsuite/../../libcpp/include -I/build/buildd-gcc-snapshot_20110315-1-s390-Ps8MqO/gcc-snapshot-20110315/build/gcc/testsuite/g++/../../../intl -DIN_GCC -fPIC -shared
UNRESOLVED: selfassign.c compilation, -I. -I/build/buildd-gcc-snapshot_20110315-1-s390-Ps8MqO/gcc-snapshot-20110315/src/gcc/testsuite -I/build/buildd-gcc-snapshot_20110315-1-s390-Ps8MqO/gcc-snapshot-20110315/src/gcc/testsuite/../../gcc -I/build/buildd-gcc-snapshot_20110315-1-s390-Ps8MqO/gcc-snapshot-20110315/build/gcc/testsuite/g++/../../../gcc -I/build/buildd-gcc-snapshot_20110315-1-s390-Ps8MqO/gcc-snapshot-20110315/src/gcc/testsuite/../../include -I/build/buildd-gcc-snapshot_20110315-1-s390-Ps8MqO/gcc-snapshot-20110315/src/gcc/testsuite/../../libcpp/include -I/build/buildd-gcc-snapshot_20110315-1-s390-Ps8MqO/gcc-snapshot-20110315/build/gcc/testsuite/g++/../../../intl -O -DIN_GCC -fPIC -shared
UNRESOLVED: dumb_plugin.c compilation, -I. -I/build/buildd-gcc-snapshot_20110315-1-s390-Ps8MqO/gcc-snapshot-20110315/src/gcc/testsuite -I/build/buildd-gcc-snapshot_20110315-1-s390-Ps8MqO/gcc-snapshot-20110315/src/gcc/testsuite/../../gcc -I/build/buildd-gcc-snapshot_20110315-1-s390-Ps8MqO/gcc-snapshot-20110315/build/gcc/testsuite/g++/../../../gcc -I/build/buildd-gcc-snapshot_20110315-1-s390-Ps8MqO/gcc-snapshot-20110315/src/gcc/testsuite/../../include -I/build/buildd-gcc-snapshot_20110315-1-s390-Ps8MqO/gcc-snapshot-20110315/src/gcc/testsuite/../../libcpp/include -I/build/buildd-gcc-snapshot_20110315-1-s390-Ps8MqO/gcc-snapshot-20110315/build/gcc/testsuite/g++/../../../intl -DIN_GCC -fPIC -shared
UNRESOLVED: header_plugin.c compilation, -I. -I/build/buildd-gcc-snapshot_20110315-1-s390-Ps8MqO/gcc-snapshot-20110315/src/gcc/testsuite -I/build/buildd-gcc-snapshot_20110315-1-s390-Ps8MqO/gcc-snapshot-20110315/src/gcc/testsuite/../../gcc -I/build/buildd-gcc-snapshot_20110315-1-s390-Ps8MqO/gcc-snapshot-20110315/build/gcc/testsuite/g++/../../../gcc -I/build/buildd-gcc-snapshot_20110315-1-s390-Ps8MqO/gcc-snapshot-20110315/src/gcc/testsuite/../../include -I/build/buildd-gcc-snapshot_20110315-1-s390-Ps8MqO/gcc-snapshot-20110315/src/gcc/testsuite/../../libcpp/include -I/build/buildd-gcc-snapshot_20110315-1-s390-Ps8MqO/gcc-snapshot-20110315/build/gcc/testsuite/g++/../../../intl -DIN_GCC -fPIC -shared
=== g++ Summary for unix ===
# of expected passes 26411
# of unexpected failures 4
# of expected failures 161
# of unresolved testcases 5
# of unsupported tests 390
Running target unix/-m64
UNRESOLVED: attribute_plugin.c compilation, -I. -I/build/buildd-gcc-snapshot_20110315-1-s390-Ps8MqO/gcc-snapshot-20110315/src/gcc/testsuite -I/build/buildd-gcc-snapshot_20110315-1-s390-Ps8MqO/gcc-snapshot-20110315/src/gcc/testsuite/../../gcc -I/build/buildd-gcc-snapshot_20110315-1-s390-Ps8MqO/gcc-snapshot-20110315/build/gcc/testsuite/g++/../../../gcc -I/build/buildd-gcc-snapshot_20110315-1-s390-Ps8MqO/gcc-snapshot-20110315/src/gcc/testsuite/../../include -I/build/buildd-gcc-snapshot_20110315-1-s390-Ps8MqO/gcc-snapshot-20110315/src/gcc/testsuite/../../libcpp/include -I/build/buildd-gcc-snapshot_20110315-1-s390-Ps8MqO/gcc-snapshot-20110315/build/gcc/testsuite/g++/../../../intl -DIN_GCC -fPIC -shared
UNRESOLVED: pragma_plugin.c compilation, -I. -I/build/buildd-gcc-snapshot_20110315-1-s390-Ps8MqO/gcc-snapshot-20110315/src/gcc/testsuite -I/build/buildd-gcc-snapshot_20110315-1-s390-Ps8MqO/gcc-snapshot-20110315/src/gcc/testsuite/../../gcc -I/build/buildd-gcc-snapshot_20110315-1-s390-Ps8MqO/gcc-snapshot-20110315/build/gcc/testsuite/g++/../../../gcc -I/build/buildd-gcc-snapshot_20110315-1-s390-Ps8MqO/gcc-snapshot-20110315/src/gcc/testsuite/../../include -I/build/buildd-gcc-snapshot_20110315-1-s390-Ps8MqO/gcc-snapshot-20110315/src/gcc/testsuite/../../libcpp/include -I/build/buildd-gcc-snapshot_20110315-1-s390-Ps8MqO/gcc-snapshot-20110315/build/gcc/testsuite/g++/../../../intl -DIN_GCC -fPIC -shared
UNRESOLVED: selfassign.c compilation, -I. -I/build/buildd-gcc-snapshot_20110315-1-s390-Ps8MqO/gcc-snapshot-20110315/src/gcc/testsuite -I/build/buildd-gcc-snapshot_20110315-1-s390-Ps8MqO/gcc-snapshot-20110315/src/gcc/testsuite/../../gcc -I/build/buildd-gcc-snapshot_20110315-1-s390-Ps8MqO/gcc-snapshot-20110315/build/gcc/testsuite/g++/../../../gcc -I/build/buildd-gcc-snapshot_20110315-1-s390-Ps8MqO/gcc-snapshot-20110315/src/gcc/testsuite/../../include -I/build/buildd-gcc-snapshot_20110315-1-s390-Ps8MqO/gcc-snapshot-20110315/src/gcc/testsuite/../../libcpp/include -I/build/buildd-gcc-snapshot_20110315-1-s390-Ps8MqO/gcc-snapshot-20110315/build/gcc/testsuite/g++/../../../intl -O -DIN_GCC -fPIC -shared
UNRESOLVED: dumb_plugin.c compilation, -I. -I/build/buildd-gcc-snapshot_20110315-1-s390-Ps8MqO/gcc-snapshot-20110315/src/gcc/testsuite -I/build/buildd-gcc-snapshot_20110315-1-s390-Ps8MqO/gcc-snapshot-20110315/src/gcc/testsuite/../../gcc -I/build/buildd-gcc-snapshot_20110315-1-s390-Ps8MqO/gcc-snapshot-20110315/build/gcc/testsuite/g++/../../../gcc -I/build/buildd-gcc-snapshot_20110315-1-s390-Ps8MqO/gcc-snapshot-20110315/src/gcc/testsuite/../../include -I/build/buildd-gcc-snapshot_20110315-1-s390-Ps8MqO/gcc-snapshot-20110315/src/gcc/testsuite/../../libcpp/include -I/build/buildd-gcc-snapshot_20110315-1-s390-Ps8MqO/gcc-snapshot-20110315/build/gcc/testsuite/g++/../../../intl -DIN_GCC -fPIC -shared
UNRESOLVED: header_plugin.c compilation, -I. -I/build/buildd-gcc-snapshot_20110315-1-s390-Ps8MqO/gcc-snapshot-20110315/src/gcc/testsuite -I/build/buildd-gcc-snapshot_20110315-1-s390-Ps8MqO/gcc-snapshot-20110315/src/gcc/testsuite/../../gcc -I/build/buildd-gcc-snapshot_20110315-1-s390-Ps8MqO/gcc-snapshot-20110315/build/gcc/testsuite/g++/../../../gcc -I/build/buildd-gcc-snapshot_20110315-1-s390-Ps8MqO/gcc-snapshot-20110315/src/gcc/testsuite/../../include -I/build/buildd-gcc-snapshot_20110315-1-s390-Ps8MqO/gcc-snapshot-20110315/src/gcc/testsuite/../../libcpp/include -I/build/buildd-gcc-snapshot_20110315-1-s390-Ps8MqO/gcc-snapshot-20110315/build/gcc/testsuite/g++/../../../intl -DIN_GCC -fPIC -shared
=== g++ Summary for unix/-m64 ===
# of expected passes 27027
# of expected failures 161
# of unresolved testcases 5
# of unsupported tests 387
=== g++ Summary ===
# of expected passes 53438
# of unexpected failures 4
# of expected failures 322
# of unresolved testcases 10
# of unsupported tests 777
/build/buildd-gcc-snapshot_20110315-1-s390-Ps8MqO/gcc-snapshot-20110315/build/gcc/testsuite/g++/../../g++ version 4.7.0 20110315 (experimental) [trunk revision 170978] (Debian 20110315-1)
=== gcc tests ===
Running target unix
FAIL: gcc.dg/c99-stdint-1.c (test for excess errors)
FAIL: gcc.dg/cproj-fails-with-broken-glibc.c execution test
FAIL: gcc.dg/uninit-13.c unconditional (test for warnings, line 8)
FAIL: gcc.dg/uninit-13.c (test for excess errors)
FAIL: gcc.dg/uninit-pred-7_a.c bogus warning (test for bogus messages, line 26)
FAIL: gcc.dg/uninit-pred-8_a.c bogus warning (test for bogus messages, line 26)
UNRESOLVED: selfassign.c compilation, -I. -I/build/buildd-gcc-snapshot_20110315-1-s390-Ps8MqO/gcc-snapshot-20110315/src/gcc/testsuite -I/build/buildd-gcc-snapshot_20110315-1-s390-Ps8MqO/gcc-snapshot-20110315/src/gcc/testsuite/../../gcc -I/build/buildd-gcc-snapshot_20110315-1-s390-Ps8MqO/gcc-snapshot-20110315/build/gcc/testsuite/gcc/../../../gcc -I/build/buildd-gcc-snapshot_20110315-1-s390-Ps8MqO/gcc-snapshot-20110315/src/gcc/testsuite/../../include -I/build/buildd-gcc-snapshot_20110315-1-s390-Ps8MqO/gcc-snapshot-20110315/src/gcc/testsuite/../../libcpp/include -I/build/buildd-gcc-snapshot_20110315-1-s390-Ps8MqO/gcc-snapshot-20110315/build/gcc/testsuite/gcc/../../../intl -O -DIN_GCC -fPIC -shared
UNRESOLVED: ggcplug.c compilation, -I. -I/build/buildd-gcc-snapshot_20110315-1-s390-Ps8MqO/gcc-snapshot-20110315/src/gcc/testsuite -I/build/buildd-gcc-snapshot_20110315-1-s390-Ps8MqO/gcc-snapshot-20110315/src/gcc/testsuite/../../gcc -I/build/buildd-gcc-snapshot_20110315-1-s390-Ps8MqO/gcc-snapshot-20110315/build/gcc/testsuite/gcc/../../../gcc -I/build/buildd-gcc-snapshot_20110315-1-s390-Ps8MqO/gcc-snapshot-20110315/src/gcc/testsuite/../../include -I/build/buildd-gcc-snapshot_20110315-1-s390-Ps8MqO/gcc-snapshot-20110315/src/gcc/testsuite/../../libcpp/include -I/build/buildd-gcc-snapshot_20110315-1-s390-Ps8MqO/gcc-snapshot-20110315/build/gcc/testsuite/gcc/../../../intl -O -DIN_GCC -fPIC -shared
UNRESOLVED: one_time_plugin.c compilation, -I. -I/build/buildd-gcc-snapshot_20110315-1-s390-Ps8MqO/gcc-snapshot-20110315/src/gcc/testsuite -I/build/buildd-gcc-snapshot_20110315-1-s390-Ps8MqO/gcc-snapshot-20110315/src/gcc/testsuite/../../gcc -I/build/buildd-gcc-snapshot_20110315-1-s390-Ps8MqO/gcc-snapshot-20110315/build/gcc/testsuite/gcc/../../../gcc -I/build/buildd-gcc-snapshot_20110315-1-s390-Ps8MqO/gcc-snapshot-20110315/src/gcc/testsuite/../../include -I/build/buildd-gcc-snapshot_20110315-1-s390-Ps8MqO/gcc-snapshot-20110315/src/gcc/testsuite/../../libcpp/include -I/build/buildd-gcc-snapshot_20110315-1-s390-Ps8MqO/gcc-snapshot-20110315/build/gcc/testsuite/gcc/../../../intl -DIN_GCC -fPIC -shared
UNRESOLVED: start_unit_plugin.c compilation, -I. -I/build/buildd-gcc-snapshot_20110315-1-s390-Ps8MqO/gcc-snapshot-20110315/src/gcc/testsuite -I/build/buildd-gcc-snapshot_20110315-1-s390-Ps8MqO/gcc-snapshot-20110315/src/gcc/testsuite/../../gcc -I/build/buildd-gcc-snapshot_20110315-1-s390-Ps8MqO/gcc-snapshot-20110315/build/gcc/testsuite/gcc/../../../gcc -I/build/buildd-gcc-snapshot_20110315-1-s390-Ps8MqO/gcc-snapshot-20110315/src/gcc/testsuite/../../include -I/build/buildd-gcc-snapshot_20110315-1-s390-Ps8MqO/gcc-snapshot-20110315/src/gcc/testsuite/../../libcpp/include -I/build/buildd-gcc-snapshot_20110315-1-s390-Ps8MqO/gcc-snapshot-20110315/build/gcc/testsuite/gcc/../../../intl -DIN_GCC -fPIC -shared
UNRESOLVED: finish_unit_plugin.c compilation, -I. -I/build/buildd-gcc-snapshot_20110315-1-s390-Ps8MqO/gcc-snapshot-20110315/src/gcc/testsuite -I/build/buildd-gcc-snapshot_20110315-1-s390-Ps8MqO/gcc-snapshot-20110315/src/gcc/testsuite/../../gcc -I/build/buildd-gcc-snapshot_20110315-1-s390-Ps8MqO/gcc-snapshot-20110315/build/gcc/testsuite/gcc/../../../gcc -I/build/buildd-gcc-snapshot_20110315-1-s390-Ps8MqO/gcc-snapshot-20110315/src/gcc/testsuite/../../include -I/build/buildd-gcc-snapshot_20110315-1-s390-Ps8MqO/gcc-snapshot-20110315/src/gcc/testsuite/../../libcpp/include -I/build/buildd-gcc-snapshot_20110315-1-s390-Ps8MqO/gcc-snapshot-20110315/build/gcc/testsuite/gcc/../../../intl -DIN_GCC -fPIC -shared
XPASS: gcc.dg/tree-ssa/20040204-1.c scan-tree-dump-times optimized "link_error" 0
=== gcc Summary for unix ===
# of expected passes 69626
# of unexpected failures 6
# of unexpected successes 1
# of expected failures 133
# of unresolved testcases 5
# of unsupported tests 962
Running target unix/-m64
FAIL: gcc.dg/dfp/pr41049.c execution test
FAIL: gcc.dg/cproj-fails-with-broken-glibc.c execution test
FAIL: gcc.dg/uninit-13.c unconditional (test for warnings, line 8)
FAIL: gcc.dg/uninit-13.c (test for excess errors)
FAIL: gcc.dg/uninit-pred-7_a.c bogus warning (test for bogus messages, line 26)
FAIL: gcc.dg/uninit-pred-8_a.c bogus warning (test for bogus messages, line 26)
UNRESOLVED: selfassign.c compilation, -I. -I/build/buildd-gcc-snapshot_20110315-1-s390-Ps8MqO/gcc-snapshot-20110315/src/gcc/testsuite -I/build/buildd-gcc-snapshot_20110315-1-s390-Ps8MqO/gcc-snapshot-20110315/src/gcc/testsuite/../../gcc -I/build/buildd-gcc-snapshot_20110315-1-s390-Ps8MqO/gcc-snapshot-20110315/build/gcc/testsuite/gcc/../../../gcc -I/build/buildd-gcc-snapshot_20110315-1-s390-Ps8MqO/gcc-snapshot-20110315/src/gcc/testsuite/../../include -I/build/buildd-gcc-snapshot_20110315-1-s390-Ps8MqO/gcc-snapshot-20110315/src/gcc/testsuite/../../libcpp/include -I/build/buildd-gcc-snapshot_20110315-1-s390-Ps8MqO/gcc-snapshot-20110315/build/gcc/testsuite/gcc/../../../intl -O -DIN_GCC -fPIC -shared
UNRESOLVED: ggcplug.c compilation, -I. -I/build/buildd-gcc-snapshot_20110315-1-s390-Ps8MqO/gcc-snapshot-20110315/src/gcc/testsuite -I/build/buildd-gcc-snapshot_20110315-1-s390-Ps8MqO/gcc-snapshot-20110315/src/gcc/testsuite/../../gcc -I/build/buildd-gcc-snapshot_20110315-1-s390-Ps8MqO/gcc-snapshot-20110315/build/gcc/testsuite/gcc/../../../gcc -I/build/buildd-gcc-snapshot_20110315-1-s390-Ps8MqO/gcc-snapshot-20110315/src/gcc/testsuite/../../include -I/build/buildd-gcc-snapshot_20110315-1-s390-Ps8MqO/gcc-snapshot-20110315/src/gcc/testsuite/../../libcpp/include -I/build/buildd-gcc-snapshot_20110315-1-s390-Ps8MqO/gcc-snapshot-20110315/build/gcc/testsuite/gcc/../../../intl -O -DIN_GCC -fPIC -shared
UNRESOLVED: one_time_plugin.c compilation, -I. -I/build/buildd-gcc-snapshot_20110315-1-s390-Ps8MqO/gcc-snapshot-20110315/src/gcc/testsuite -I/build/buildd-gcc-snapshot_20110315-1-s390-Ps8MqO/gcc-snapshot-20110315/src/gcc/testsuite/../../gcc -I/build/buildd-gcc-snapshot_20110315-1-s390-Ps8MqO/gcc-snapshot-20110315/build/gcc/testsuite/gcc/../../../gcc -I/build/buildd-gcc-snapshot_20110315-1-s390-Ps8MqO/gcc-snapshot-20110315/src/gcc/testsuite/../../include -I/build/buildd-gcc-snapshot_20110315-1-s390-Ps8MqO/gcc-snapshot-20110315/src/gcc/testsuite/../../libcpp/include -I/build/buildd-gcc-snapshot_20110315-1-s390-Ps8MqO/gcc-snapshot-20110315/build/gcc/testsuite/gcc/../../../intl -DIN_GCC -fPIC -shared
UNRESOLVED: start_unit_plugin.c compilation, -I. -I/build/buildd-gcc-snapshot_20110315-1-s390-Ps8MqO/gcc-snapshot-20110315/src/gcc/testsuite -I/build/buildd-gcc-snapshot_20110315-1-s390-Ps8MqO/gcc-snapshot-20110315/src/gcc/testsuite/../../gcc -I/build/buildd-gcc-snapshot_20110315-1-s390-Ps8MqO/gcc-snapshot-20110315/build/gcc/testsuite/gcc/../../../gcc -I/build/buildd-gcc-snapshot_20110315-1-s390-Ps8MqO/gcc-snapshot-20110315/src/gcc/testsuite/../../include -I/build/buildd-gcc-snapshot_20110315-1-s390-Ps8MqO/gcc-snapshot-20110315/src/gcc/testsuite/../../libcpp/include -I/build/buildd-gcc-snapshot_20110315-1-s390-Ps8MqO/gcc-snapshot-20110315/build/gcc/testsuite/gcc/../../../intl -DIN_GCC -fPIC -shared
UNRESOLVED: finish_unit_plugin.c compilation, -I. -I/build/buildd-gcc-snapshot_20110315-1-s390-Ps8MqO/gcc-snapshot-20110315/src/gcc/testsuite -I/build/buildd-gcc-snapshot_20110315-1-s390-Ps8MqO/gcc-snapshot-20110315/src/gcc/testsuite/../../gcc -I/build/buildd-gcc-snapshot_20110315-1-s390-Ps8MqO/gcc-snapshot-20110315/build/gcc/testsuite/gcc/../../../gcc -I/build/buildd-gcc-snapshot_20110315-1-s390-Ps8MqO/gcc-snapshot-20110315/src/gcc/testsuite/../../include -I/build/buildd-gcc-snapshot_20110315-1-s390-Ps8MqO/gcc-snapshot-20110315/src/gcc/testsuite/../../libcpp/include -I/build/buildd-gcc-snapshot_20110315-1-s390-Ps8MqO/gcc-snapshot-20110315/build/gcc/testsuite/gcc/../../../intl -DIN_GCC -fPIC -shared
XPASS: gcc.dg/tree-ssa/20040204-1.c scan-tree-dump-times optimized "link_error" 0
FAIL: gcc.target/s390/20020926-1.c (test for excess errors)
ERROR: gcc.target/s390/20020926-1.c: error executing dg-final: couldn't open "20020926-1.s": no such file or directory
UNRESOLVED: gcc.target/s390/20020926-1.c: error executing dg-final: couldn't open "20020926-1.s": no such file or directory
=== gcc Summary for unix/-m64 ===
# of expected passes 70280
# of unexpected failures 7
# of unexpected successes 1
# of expected failures 134
# of unresolved testcases 6
# of unsupported tests 951
=== gcc Summary ===
# of expected passes 139906
# of unexpected failures 13
# of unexpected successes 2
# of expected failures 267
# of unresolved testcases 11
# of unsupported tests 1913
/build/buildd-gcc-snapshot_20110315-1-s390-Ps8MqO/gcc-snapshot-20110315/build/gcc/xgcc version 4.7.0 20110315 (experimental) [trunk revision 170978] (Debian 20110315-1)
=== gfortran tests ===
Running target unix
FAIL: gfortran.dg/bessel_7.f90 -O0 execution test
FAIL: gfortran.dg/bessel_7.f90 -O1 execution test
FAIL: gfortran.dg/bessel_7.f90 -O2 execution test
FAIL: gfortran.dg/bessel_7.f90 -O3 -fomit-frame-pointer execution test
FAIL: gfortran.dg/bessel_7.f90 -O3 -fomit-frame-pointer -funroll-loops execution test
FAIL: gfortran.dg/bessel_7.f90 -O3 -fomit-frame-pointer -funroll-all-loops -finline-functions execution test
FAIL: gfortran.dg/bessel_7.f90 -O3 -g execution test
FAIL: gfortran.dg/bessel_7.f90 -Os execution test
=== gfortran Summary for unix ===
# of expected passes 37720
# of unexpected failures 8
# of expected failures 53
# of unsupported tests 244
Running target unix/-m64
FAIL: gfortran.dg/bessel_7.f90 -O0 execution test
FAIL: gfortran.dg/bessel_7.f90 -O1 execution test
FAIL: gfortran.dg/bessel_7.f90 -O2 execution test
FAIL: gfortran.dg/bessel_7.f90 -O3 -fomit-frame-pointer execution test
FAIL: gfortran.dg/bessel_7.f90 -O3 -fomit-frame-pointer -funroll-loops execution test
FAIL: gfortran.dg/bessel_7.f90 -O3 -fomit-frame-pointer -funroll-all-loops -finline-functions execution test
FAIL: gfortran.dg/bessel_7.f90 -O3 -g execution test
FAIL: gfortran.dg/bessel_7.f90 -Os execution test
=== gfortran Summary for unix/-m64 ===
# of expected passes 38047
# of unexpected failures 8
# of expected failures 53
# of unsupported tests 83
=== gfortran Summary ===
# of expected passes 75767
# of unexpected failures 16
# of expected failures 106
# of unsupported tests 327
/build/buildd-gcc-snapshot_20110315-1-s390-Ps8MqO/gcc-snapshot-20110315/build/gcc/testsuite/gfortran/../../gfortran version 4.7.0 20110315 (experimental) [trunk revision 170978] (Debian 20110315-1)
=== gnat tests ===
Running target unix
=== gnat Summary for unix ===
# of expected passes 860
# of expected failures 10
# of unsupported tests 5
Running target unix/-m64
UNRESOLVED: gnat.dg/abstract_with_anonymous_result.adb compilation failed to produce executable
UNRESOLVED: gnat.dg/access4.adb compilation failed to produce executable
UNRESOLVED: gnat.dg/access_discr2.adb compilation failed to produce executable
UNRESOLVED: gnat.dg/access_test.adb compilation failed to produce executable
UNRESOLVED: gnat.dg/addr2.adb compilation failed to produce executable
UNRESOLVED: gnat.dg/address_conversion.adb compilation failed to produce executable
UNRESOLVED: gnat.dg/aggr1.adb compilation failed to produce executable
FAIL: gnat.dg/aggr12.adb scan-tree-dump-not original "{.i1=0, .i2=2}": dump file does not exist
FAIL: gnat.dg/aggr13.adb scan-tree-dump-not gimple "= {}": dump file does not exist
UNRESOLVED: gnat.dg/aggr14.adb compilation failed to produce executable
UNRESOLVED: gnat.dg/aggr3.adb compilation failed to produce executable
UNRESOLVED: gnat.dg/aliased_prefix_accessibility.adb compilation failed to produce executable
FAIL: gnat.dg/aliasing1.adb scan-tree-dump-not optimized "__gnat_rcheck": dump file does not exist
FAIL: gnat.dg/aliasing2.adb scan-tree-dump-not optimized "gnat_rcheck": dump file does not exist
UNRESOLVED: gnat.dg/aliasing3.adb compilation failed to produce executable
UNRESOLVED: gnat.dg/align_check.adb compilation failed to produce executable
UNRESOLVED: gnat.dg/align_max.adb compilation failed to produce executable
UNRESOLVED: gnat.dg/aligned_vla.adb compilation failed to produce executable
UNRESOLVED: gnat.dg/alignment1.adb compilation failed to produce executable
UNRESOLVED: gnat.dg/alignment2.adb compilation failed to produce executable
FAIL: gnat.dg/alignment4.adb scan-tree-dump-not gimple ".F": dump file does not exist
FAIL: gnat.dg/alignment5.adb scan-tree-dump-not gimple ".F": dump file does not exist
FAIL: gnat.dg/alignment6.adb scan-tree-dump-not gimple "VIEW_CONVERT_EXPR": dump file does not exist
UNRESOLVED: gnat.dg/alignment7.adb compilation failed to produce executable
UNRESOLVED: gnat.dg/alignment8.adb compilation failed to produce executable
UNRESOLVED: gnat.dg/alignment9.adb compilation failed to produce executable
UNRESOLVED: gnat.dg/allocator_maxalign1.adb compilation failed to produce executable
FAIL: gnat.dg/ancestor_type.adb (test for errors, line 8)
UNRESOLVED: gnat.dg/array10.adb compilation failed to produce executable
FAIL: gnat.dg/array11.adb (test for warnings, line 8)
FAIL: gnat.dg/array11.adb (test for warnings, line 9)
FAIL: gnat.dg/array11.adb (test for warnings, line 12)
UNRESOLVED: gnat.dg/array12.adb compilation failed to produce executable
UNRESOLVED: gnat.dg/array3.adb compilation failed to produce executable
UNRESOLVED: gnat.dg/array4.adb compilation failed to produce executable
UNRESOLVED: gnat.dg/array5.adb compilation failed to produce executable
UNRESOLVED: gnat.dg/array6.adb compilation failed to produce executable
FAIL: gnat.dg/array7.adb scan-tree-dump-not optimized "MAX_EXPR": dump file does not exist
UNRESOLVED: gnat.dg/array9.adb compilation failed to produce executable
UNRESOLVED: gnat.dg/array_bounds_test.adb compilation failed to produce executable
UNRESOLVED: gnat.dg/assert1.adb compilation failed to produce executable
UNRESOLVED: gnat.dg/assign_from_packed.adb compilation failed to produce executable
FAIL: gnat.dg/atomic1.adb scan-tree-dump-times gimple "v_16" 1: dump file does not exist
FAIL: gnat.dg/atomic1.adb scan-tree-dump-times gimple "v_32" 1: dump file does not exist
FAIL: gnat.dg/atomic2.adb (test for warnings, line 7)
UNRESOLVED: gnat.dg/biased_uc.adb compilation failed to produce executable
UNRESOLVED: gnat.dg/bip_aggregate_bug.adb compilation failed to produce executable
UNRESOLVED: gnat.dg/bit_packed_array3.adb compilation failed to produce executable
UNRESOLVED: gnat.dg/blkextract_from_reg.adb compilation failed to produce executable
UNRESOLVED: gnat.dg/bltins.adb compilation failed to produce executable
UNRESOLVED: gnat.dg/boolean_bitfield.adb compilation failed to produce executable
UNRESOLVED: gnat.dg/boolean_conv.adb compilation failed to produce executable
UNRESOLVED: gnat.dg/boolean_expr2.adb compilation failed to produce executable
UNRESOLVED: gnat.dg/capture_value.adb compilation failed to produce executable
UNRESOLVED: gnat.dg/case_optimization2.adb compilation failed to produce executable
UNRESOLVED: gnat.dg/check_displace_generation.adb compilation failed to produce executable
UNRESOLVED: gnat.dg/check_elaboration_code.adb compilation failed to produce executable
UNRESOLVED: gnat.dg/compose.adb compilation failed to produce executable
UNRESOLVED: gnat.dg/concat1.adb compilation failed to produce executable
UNRESOLVED: gnat.dg/concat_length.adb compilation failed to produce executable
UNRESOLVED: gnat.dg/constant2.adb compilation failed to produce executable
UNRESOLVED: gnat.dg/controlled5.adb compilation failed to produce executable
UNRESOLVED: gnat.dg/conv_bug.adb compilation failed to produce executable
UNRESOLVED: gnat.dg/conv_decimal.adb compilation failed to produce executable
UNRESOLVED: gnat.dg/conv_real.adb compilation failed to produce executable
UNRESOLVED: gnat.dg/curr_task.adb compilation failed to produce executable
FAIL: gnat.dg/deferred_const1.adb (test for warnings, line 8)
UNRESOLVED: gnat.dg/deferred_const2.adb compilation failed to produce executable
UNRESOLVED: gnat.dg/deferred_const3.adb compilation failed to produce executable
UNRESOLVED: gnat.dg/derived_aggregate.adb compilation failed to produce executable
FAIL: gnat.dg/derived_type1.adb scan-tree-dump-not original "VIEW_CONVERT_EXPR<struct derived_type1__root>": dump file does not exist
FAIL: gnat.dg/derived_type1.adb scan-tree-dump-not original "VIEW_CONVERT_EXPR<struct derived_type1__derived1>": dump file does not exist
UNRESOLVED: gnat.dg/discr24.adb compilation failed to produce executable
UNRESOLVED: gnat.dg/discr4.adb compilation failed to produce executable
UNRESOLVED: gnat.dg/dispatch1.adb compilation failed to produce executable
UNRESOLVED: gnat.dg/dispatch2.adb compilation failed to produce executable
UNRESOLVED: gnat.dg/elim2.adb compilation failed to produce executable
UNRESOLVED: gnat.dg/empty_vector_length.adb compilation failed to produce executable
UNRESOLVED: gnat.dg/entry_queues.adb compilation failed to produce executable
UNRESOLVED: gnat.dg/enum1.adb compilation failed to produce executable
UNRESOLVED: gnat.dg/enum2.adb compilation failed to produce executable
UNRESOLVED: gnat.dg/exp0_eval.adb compilation failed to produce executable
UNRESOLVED: gnat.dg/expect1.adb compilation failed to produce executable
UNRESOLVED: gnat.dg/fixce.adb compilation failed to produce executable
UNRESOLVED: gnat.dg/fixedpnt.adb compilation failed to produce executable
FAIL: gnat.dg/frame_overflow.adb (test for errors, line 17)
FAIL: gnat.dg/frame_overflow.adb (test for errors, line 24)
UNRESOLVED: gnat.dg/generic_dispatch.adb compilation failed to produce executable
UNRESOLVED: gnat.dg/gnat_malloc.adb compilation failed to produce executable
UNRESOLVED: gnat.dg/handle_and_return.adb compilation failed to produce executable
UNRESOLVED: gnat.dg/handle_raise_from_pure.adb compilation failed to produce executable
UNRESOLVED: gnat.dg/hyper_flat.adb compilation failed to produce executable
UNRESOLVED: gnat.dg/in_out_parameter.adb compilation failed to produce executable
UNRESOLVED: gnat.dg/in_out_parameter2.adb compilation failed to produce executable
UNRESOLVED: gnat.dg/in_out_parameter3.adb compilation failed to produce executable
FAIL: gnat.dg/include.adb (test for errors, line )
XPASS: gnat.dg/incomplete2.adb (test for excess errors)
UNRESOLVED: gnat.dg/init_scalar1.adb compilation failed to produce executable
UNRESOLVED: gnat.dg/inline_tagged.adb compilation failed to produce executable
UNRESOLVED: gnat.dg/interface1.adb compilation failed to produce executable
UNRESOLVED: gnat.dg/interface2.adb compilation failed to produce executable
UNRESOLVED: gnat.dg/interface3.adb compilation failed to produce executable
UNRESOLVED: gnat.dg/interface_conv.adb compilation failed to produce executable
UNRESOLVED: gnat.dg/iprot_test.adb compilation failed to produce executable
UNRESOLVED: gnat.dg/kill_value.adb compilation failed to produce executable
UNRESOLVED: gnat.dg/lhs_view_convert.adb compilation failed to produce executable
UNRESOLVED: gnat.dg/loop_boolean.adb compilation failed to produce executable
UNRESOLVED: gnat.dg/loop_optimization3.adb compilation failed to produce executable
UNRESOLVED: gnat.dg/loop_optimization4.adb compilation failed to produce executable
FAIL: gnat.dg/loop_optimization6.adb scan-tree-dump-not optimized "goto": dump file does not exist
UNRESOLVED: gnat.dg/loop_optimization8.adb compilation failed to produce executable
UNRESOLVED: gnat.dg/lto1.adb compilation failed to produce executable
UNRESOLVED: gnat.dg/lto10.adb compilation failed to produce executable
UNRESOLVED: gnat.dg/lto5.adb compilation failed to produce executable
UNRESOLVED: gnat.dg/lto6.adb compilation failed to produce executable
UNRESOLVED: gnat.dg/lto7.adb compilation failed to produce executable
UNRESOLVED: gnat.dg/lto8.adb compilation failed to produce executable
UNRESOLVED: gnat.dg/lto9.adb compilation failed to produce executable
UNRESOLVED: gnat.dg/md5_test.adb compilation failed to produce executable
ERROR: gnat.dg/memtrap.adb: error executing dg-final: couldn't open "memtrap.s": no such file or directory
UNRESOLVED: gnat.dg/memtrap.adb: error executing dg-final: couldn't open "memtrap.s": no such file or directory
UNRESOLVED: gnat.dg/misaligned_nest.adb compilation failed to produce executable
UNRESOLVED: gnat.dg/misaligned_param.adb compilation failed to produce executable
UNRESOLVED: gnat.dg/missing_acc_check.adb compilation failed to produce executable
UNRESOLVED: gnat.dg/modular1.adb compilation failed to produce executable
UNRESOLVED: gnat.dg/modular2.adb compilation failed to produce executable
UNRESOLVED: gnat.dg/modular3.adb compilation failed to produce executable
UNRESOLVED: gnat.dg/mutable1.adb compilation failed to produce executable
UNRESOLVED: gnat.dg/named_test.adb compilation failed to produce executable
UNRESOLVED: gnat.dg/nat1r.adb compilation failed to produce executable
UNRESOLVED: gnat.dg/nested_controlled_alloc.adb compilation failed to produce executable
UNRESOLVED: gnat.dg/nested_proc1.adb compilation failed to produce executable
UNRESOLVED: gnat.dg/nested_return_test.adb compilation failed to produce executable
UNRESOLVED: gnat.dg/no_final.adb compilation failed to produce executable
UNRESOLVED: gnat.dg/not_null.adb compilation failed to produce executable
FAIL: gnat.dg/notnot.adb (test for warnings, line 6)
UNRESOLVED: gnat.dg/null_pointer_deref1.adb compilation failed to produce executable
UNRESOLVED: gnat.dg/null_pointer_deref2.adb compilation failed to produce executable
FAIL: gnat.dg/object_overflow.adb (test for warnings, line 8)
ERROR: gnat.dg/oconst1.adb: error executing dg-final: couldn't open "oconst1.s": no such file or directory
UNRESOLVED: gnat.dg/oconst1.adb: error executing dg-final: couldn't open "oconst1.s": no such file or directory
ERROR: gnat.dg/oconst2.adb: error executing dg-final: couldn't open "oconst2.s": no such file or directory
UNRESOLVED: gnat.dg/oconst2.adb: error executing dg-final: couldn't open "oconst2.s": no such file or directory
ERROR: gnat.dg/oconst3.adb: error executing dg-final: couldn't open "oconst3.s": no such file or directory
UNRESOLVED: gnat.dg/oconst3.adb: error executing dg-final: couldn't open "oconst3.s": no such file or directory
ERROR: gnat.dg/oconst4.adb: error executing dg-final: couldn't open "oconst4.s": no such file or directory
UNRESOLVED: gnat.dg/oconst4.adb: error executing dg-final: couldn't open "oconst4.s": no such file or directory
ERROR: gnat.dg/oconst5.adb: error executing dg-final: couldn't open "oconst5.s": no such file or directory
UNRESOLVED: gnat.dg/oconst5.adb: error executing dg-final: couldn't open "oconst5.s": no such file or directory
FAIL: gnat.dg/old_errors.adb (test for errors, line 7)
FAIL: gnat.dg/old_errors.adb (test for errors, line 16)
FAIL: gnat.dg/old_errors.adb (test for errors, line 28)
FAIL: gnat.dg/old_errors.adb (test for errors, line 34)
FAIL: gnat.dg/old_errors.adb (test for errors, line 38)
FAIL: gnat.dg/old_errors.adb (test for warnings, line 40)
FAIL: gnat.dg/old_errors.adb (test for errors, line 44)
UNRESOLVED: gnat.dg/opt12.adb compilation failed to produce executable
UNRESOLVED: gnat.dg/opt13.adb compilation failed to produce executable
UNRESOLVED: gnat.dg/opt14.adb compilation failed to produce executable
UNRESOLVED: gnat.dg/opt2.adb compilation failed to produce executable
UNRESOLVED: gnat.dg/opt4.adb compilation failed to produce executable
UNRESOLVED: gnat.dg/opt5.adb compilation failed to produce executable
UNRESOLVED: gnat.dg/outer_agg_bitfield_constructor.adb compilation failed to produce executable
UNRESOLVED: gnat.dg/overflow_sum.adb compilation failed to produce executable
UNRESOLVED: gnat.dg/pack10.adb compilation failed to produce executable
UNRESOLVED: gnat.dg/pack11.adb compilation failed to produce executable
UNRESOLVED: gnat.dg/pack12.adb compilation failed to produce executable
UNRESOLVED: gnat.dg/pack3.adb compilation failed to produce executable
UNRESOLVED: gnat.dg/pack4.adb compilation failed to produce executable
FAIL: gnat.dg/pack8.adb (test for errors, line 19)
FAIL: gnat.dg/pack9.adb scan-tree-dump-not optimized "gnat_rcheck": dump file does not exist
UNRESOLVED: gnat.dg/packed_subtype.adb compilation failed to produce executable
UNRESOLVED: gnat.dg/pointer_conversion.adb compilation failed to produce executable
UNRESOLVED: gnat.dg/prot_def.adb compilation failed to produce executable
UNRESOLVED: gnat.dg/protected_self_ref1.adb compilation failed to produce executable
FAIL: gnat.dg/protected_self_ref2.adb (test for errors, line 12)
UNRESOLVED: gnat.dg/quote.adb compilation failed to produce executable
UNRESOLVED: gnat.dg/range_check.adb compilation failed to produce executable
UNRESOLVED: gnat.dg/regpat1.adb compilation failed to produce executable
UNRESOLVED: gnat.dg/release_unc_maxalign.adb compilation failed to produce executable
UNRESOLVED: gnat.dg/renaming2.adb compilation failed to produce executable
UNRESOLVED: gnat.dg/renaming3.adb compilation failed to produce executable
UNRESOLVED: gnat.dg/rep_clause4.adb compilation failed to produce executable
UNRESOLVED: gnat.dg/requeue1.adb compilation failed to produce executable
UNRESOLVED: gnat.dg/scalar_mode_agg_compare.adb compilation failed to produce executable
UNRESOLVED: gnat.dg/self_aggregate_with_array.adb compilation failed to produce executable
UNRESOLVED: gnat.dg/self_aggregate_with_call.adb compilation failed to produce executable
UNRESOLVED: gnat.dg/self_aggregate_with_pointer.adb compilation failed to produce executable
UNRESOLVED: gnat.dg/self_aggregate_with_zeros.adb compilation failed to produce executable
UNRESOLVED: gnat.dg/sizetype1.adb compilation failed to produce executable
UNRESOLVED: gnat.dg/sizetype2.adb compilation failed to produce executable
UNRESOLVED: gnat.dg/sizetype4.adb compilation failed to produce executable
UNRESOLVED: gnat.dg/slice3.adb compilation failed to produce executable
UNRESOLVED: gnat.dg/slice4.adb compilation failed to produce executable
FAIL: gnat.dg/slice5.adb (test for warnings, line 15)
FAIL: gnat.dg/slice5.adb (test for warnings, line 21)
UNRESOLVED: gnat.dg/small_alignment.adb compilation failed to produce executable
UNRESOLVED: gnat.dg/socket1.adb compilation failed to produce executable
UNRESOLVED: gnat.dg/sort2.adb compilation failed to produce executable
UNRESOLVED: gnat.dg/spipaterr.adb compilation failed to produce executable
UNRESOLVED: gnat.dg/stack_check1.adb compilation failed to produce executable
UNRESOLVED: gnat.dg/stack_check2.adb compilation failed to produce executable
UNRESOLVED: gnat.dg/string_slice.adb compilation failed to produce executable
FAIL: gnat.dg/subp_elim_errors.adb (test for errors, line 25)
FAIL: gnat.dg/subp_elim_errors.adb (test for errors, line 27)
FAIL: gnat.dg/subp_elim_errors.adb (test for errors, line 29)
FAIL: gnat.dg/subp_elim_errors.adb (test for errors, line 31)
UNRESOLVED: gnat.dg/tag1.adb compilation failed to produce executable
UNRESOLVED: gnat.dg/tagged_alloc_free.adb compilation failed to produce executable
UNRESOLVED: gnat.dg/tail_call.adb compilation failed to produce executable
UNRESOLVED: gnat.dg/task_stack_align.adb compilation failed to produce executable
UNRESOLVED: gnat.dg/test_8bitlong_overflow.adb compilation failed to produce executable
UNRESOLVED: gnat.dg/test_address_null_init.adb compilation failed to produce executable
UNRESOLVED: gnat.dg/test_allocator_maxalign2.adb compilation failed to produce executable
UNRESOLVED: gnat.dg/test_bounded.adb compilation failed to produce executable
UNRESOLVED: gnat.dg/test_delay.adb compilation failed to produce executable
UNRESOLVED: gnat.dg/test_direct_io.adb compilation failed to produce executable
UNRESOLVED: gnat.dg/test_enum_io.adb compilation failed to produce executable
UNRESOLVED: gnat.dg/test_fixed_io.adb compilation failed to produce executable
UNRESOLVED: gnat.dg/test_iface_aggr.adb compilation failed to produce executable
UNRESOLVED: gnat.dg/test_ifaces.adb compilation failed to produce executable
UNRESOLVED: gnat.dg/test_image.adb compilation failed to produce executable
UNRESOLVED: gnat.dg/test_nested_subtype_byref.adb compilation failed to produce executable
UNRESOLVED: gnat.dg/test_oalign.adb compilation failed to produce executable
UNRESOLVED: gnat.dg/test_oconst.adb compilation failed to produce executable
UNRESOLVED: gnat.dg/test_prefix1.adb compilation failed to produce executable
UNRESOLVED: gnat.dg/test_prio.adb compilation failed to produce executable
UNRESOLVED: gnat.dg/test_raise_from_pure.adb compilation failed to produce executable
UNRESOLVED: gnat.dg/test_self.adb compilation failed to produce executable
UNRESOLVED: gnat.dg/test_self_ref.adb compilation failed to produce executable
UNRESOLVED: gnat.dg/test_table1.adb compilation failed to produce executable
UNRESOLVED: gnat.dg/test_tamdt.adb compilation failed to produce executable
UNRESOLVED: gnat.dg/test_time_stamp.adb compilation failed to produce executable
UNRESOLVED: gnat.dg/test_version.adb compilation failed to produce executable
UNRESOLVED: gnat.dg/testint.adb compilation failed to produce executable
UNRESOLVED: gnat.dg/tfren.adb compilation failed to produce executable
UNRESOLVED: gnat.dg/thin_pointer2.adb compilation failed to produce executable
UNRESOLVED: gnat.dg/timer_cancel.adb compilation failed to produce executable
UNRESOLVED: gnat.dg/timing_events.adb compilation failed to produce executable
ERROR: gnat.dg/trampoline1.adb: error executing dg-final: couldn't open "trampoline1.s": no such file or directory
UNRESOLVED: gnat.dg/trampoline1.adb: error executing dg-final: couldn't open "trampoline1.s": no such file or directory
UNRESOLVED: gnat.dg/trampoline2.adb compilation failed to produce executable
UNRESOLVED: gnat.dg/tree_static_use.adb compilation failed to produce executable
UNRESOLVED: gnat.dg/unc_memfree.adb compilation failed to produce executable
UNRESOLVED: gnat.dg/unchecked_convert1.adb compilation failed to produce executable
UNRESOLVED: gnat.dg/unchecked_convert2.adb compilation failed to produce executable
UNRESOLVED: gnat.dg/unchecked_convert3.adb compilation failed to produce executable
UNRESOLVED: gnat.dg/unchecked_union1.adb compilation failed to produce executable
FAIL: gnat.dg/uninit_func.adb (test for warnings, line 12)
UNRESOLVED: gnat.dg/valid1.adb compilation failed to produce executable
ERROR: gnat.dg/volatile3.adb: error executing dg-final: couldn't open "volatile3.s": no such file or directory
UNRESOLVED: gnat.dg/volatile3.adb: error executing dg-final: couldn't open "volatile3.s": no such file or directory
UNRESOLVED: gnat.dg/volatile4.adb compilation failed to produce executable
UNRESOLVED: gnat.dg/warn1.adb compilation failed to produce executable
FAIL: gnat.dg/warn4.adb (test for warnings, line 14)
FAIL: gnat.dg/warn4.adb (test for warnings, line 14)
UNRESOLVED: gnat.dg/wide_boolean.adb compilation failed to produce executable
UNRESOLVED: gnat.dg/wide_test.adb compilation failed to produce executable
FAIL: gnat.dg/specs/abstract_private.ads (test for errors, line 12)
FAIL: gnat.dg/specs/access_constant.ads (test for errors, line 10)
FAIL: gnat.dg/specs/access_constant_decl.ads (test for errors, line 9)
FAIL: gnat.dg/specs/addr1.ads (test for warnings, line 30)
FAIL: gnat.dg/specs/alignment2.ads (test for warnings, line 12)
FAIL: gnat.dg/specs/alignment2.ads (test for warnings, line 18)
FAIL: gnat.dg/specs/alignment2.ads (test for warnings, line 36)
FAIL: gnat.dg/specs/alignment2.ads (test for warnings, line 40)
XPASS: gnat.dg/specs/controlled1_pkg.ads (test for excess errors)
XPASS: gnat.dg/specs/fe_inlining_helper.ads (test for excess errors)
FAIL: gnat.dg/specs/import_abstract.ads (test for errors, line 5)
FAIL: gnat.dg/specs/integer_value.ads (test for errors, line 4)
FAIL: gnat.dg/specs/linker_section.ads (test for errors, line 6)
FAIL: gnat.dg/specs/linker_section.ads (test for errors, line 10)
XPASS: gnat.dg/specs/lto3_pkg1.ads (test for excess errors)
XPASS: gnat.dg/specs/lto3_pkg2.ads (test for excess errors)
FAIL: gnat.dg/specs/oversize.ads (test for errors, line 18)
FAIL: gnat.dg/specs/oversize.ads (test for errors, line 25)
FAIL: gnat.dg/specs/oversize.ads (test for errors, line 33)
FAIL: gnat.dg/specs/oversize.ads (test for errors, line 44)
XPASS: gnat.dg/specs/pack3_pkg.ads (test for excess errors)
FAIL: gnat.dg/specs/renamings.ads (test for errors, line 9)
FAIL: gnat.dg/specs/renamings.ads (test for errors, line 13)
XPASS: gnat.dg/specs/size_attribute1_pkg1.ads (test for excess errors)
XPASS: gnat.dg/specs/size_attribute1_pkg2.ads (test for excess errors)
FAIL: gnat.dg/specs/size_clause2.ads (test for errors, line 40)
FAIL: gnat.dg/specs/size_clause3.ads (test for errors, line 17)
FAIL: gnat.dg/specs/size_clause3.ads (test for errors, line 47)
ERROR: gnat.dg/specs/static_initializer.ads: error executing dg-final: couldn't open "static_initializer.s": no such file or directory
UNRESOLVED: gnat.dg/specs/static_initializer.ads: error executing dg-final: couldn't open "static_initializer.s": no such file or directory
ERROR: gnat.dg/specs/static_initializer2.ads: error executing dg-final: couldn't open "static_initializer2.s": no such file or directory
UNRESOLVED: gnat.dg/specs/static_initializer2.ads: error executing dg-final: couldn't open "static_initializer2.s": no such file or directory
FAIL: gnat.dg/specs/storage.ads (test for errors, line 6)
FAIL: gnat.dg/specs/tag2.ads (test for errors, line 11)
FAIL: gnat.dg/specs/tag2.ads (test for errors, line 12)
FAIL: gnat.dg/specs/tag2.ads (test for errors, line 13)
FAIL: gnat.dg/specs/variant_part.ads (test for errors, line 4)
XPASS: gnat.dg/specs/varsize_return_pkg1.ads (test for excess errors)
XPASS: gnat.dg/specs/varsize_return_pkg2.ads (test for excess errors)
=== gnat Summary for unix/-m64 ===
# of expected passes 583
# of unexpected failures 69
# of unexpected successes 10
# of unresolved testcases 208
# of unsupported tests 5
=== gnat Summary ===
# of expected passes 1443
# of unexpected failures 69
# of unexpected successes 10
# of expected failures 10
# of unresolved testcases 208
# of unsupported tests 10
/build/buildd-gcc-snapshot_20110315-1-s390-Ps8MqO/gcc-snapshot-20110315/build/gcc/gnatmake version 4.7.0 20110315 (experimental) [trunk revision 170978]
=== obj-c++ tests ===
Running target unix
=== obj-c++ Summary for unix ===
# of expected passes 1386
# of expected failures 2
# of unsupported tests 86
Running target unix/-m64
=== obj-c++ Summary for unix/-m64 ===
# of expected passes 1378
# of expected failures 10
# of unsupported tests 86
=== obj-c++ Summary ===
# of expected passes 2764
# of expected failures 12
# of unsupported tests 172
/build/buildd-gcc-snapshot_20110315-1-s390-Ps8MqO/gcc-snapshot-20110315/build/gcc/testsuite/obj-c++/../../g++ version 4.7.0 20110315 (experimental) [trunk revision 170978] (Debian 20110315-1)
=== objc tests ===
Running target unix
=== objc Summary for unix ===
# of expected passes 2914
# of expected failures 10
# of unsupported tests 74
Running target unix/-m64
=== objc Summary for unix/-m64 ===
# of expected passes 2914
# of expected failures 10
# of unsupported tests 74
=== objc Summary ===
# of expected passes 5828
# of expected failures 20
# of unsupported tests 148
/build/buildd-gcc-snapshot_20110315-1-s390-Ps8MqO/gcc-snapshot-20110315/build/gcc/xgcc version 4.7.0 20110315 (experimental) [trunk revision 170978] (Debian 20110315-1)
=== libgomp tests ===
Running target unix
=== libgomp Summary for unix ===
# of expected passes 2588
Running target unix/-m64
=== libgomp Summary for unix/-m64 ===
# of expected passes 2588
=== libgomp Summary ===
# of expected passes 5176
=== libmudflap tests ===
Running target unix
FAIL: libmudflap.c/fail40-frag.c output pattern test
FAIL: libmudflap.c/pass49-frag.c execution test
FAIL: libmudflap.c/pass49-frag.c output pattern test
FAIL: libmudflap.c/pass49-frag.c execution test
FAIL: libmudflap.c/pass49-frag.c output pattern test
FAIL: libmudflap.c/pass51-frag.c execution test
FAIL: libmudflap.c/pass51-frag.c execution test
FAIL: libmudflap.c/fail40-frag.c (-static) output pattern test
FAIL: libmudflap.c/pass49-frag.c (-static) execution test
FAIL: libmudflap.c/pass49-frag.c (-static) output pattern test
FAIL: libmudflap.c/pass49-frag.c (-static) execution test
FAIL: libmudflap.c/pass49-frag.c (-static) output pattern test
FAIL: libmudflap.c/pass51-frag.c (-static) execution test
FAIL: libmudflap.c/pass51-frag.c (-static) execution test
FAIL: libmudflap.c/fail40-frag.c (-O2) output pattern test
FAIL: libmudflap.c/pass49-frag.c (-O2) execution test
FAIL: libmudflap.c/pass49-frag.c (-O2) output pattern test
FAIL: libmudflap.c/pass49-frag.c (-O2) execution test
FAIL: libmudflap.c/pass49-frag.c (-O2) output pattern test
FAIL: libmudflap.c/pass51-frag.c (-O2) execution test
FAIL: libmudflap.c/pass51-frag.c (-O2) execution test
FAIL: libmudflap.c/fail40-frag.c (-O3) output pattern test
FAIL: libmudflap.c/pass49-frag.c (-O3) execution test
FAIL: libmudflap.c/pass49-frag.c (-O3) output pattern test
FAIL: libmudflap.c/pass49-frag.c (-O3) execution test
FAIL: libmudflap.c/pass49-frag.c (-O3) output pattern test
FAIL: libmudflap.c/pass51-frag.c (-O3) execution test
FAIL: libmudflap.c/pass51-frag.c (-O3) execution test
=== libmudflap Summary for unix ===
# of expected passes 1866
# of unexpected failures 28
Running target unix/-m64
FAIL: libmudflap.c/fail40-frag.c output pattern test
FAIL: libmudflap.c/pass49-frag.c execution test
FAIL: libmudflap.c/pass49-frag.c output pattern test
FAIL: libmudflap.c/pass49-frag.c execution test
FAIL: libmudflap.c/pass49-frag.c output pattern test
FAIL: libmudflap.c/pass51-frag.c execution test
FAIL: libmudflap.c/pass51-frag.c execution test
FAIL: libmudflap.c/fail40-frag.c (-static) output pattern test
FAIL: libmudflap.c/pass49-frag.c (-static) execution test
FAIL: libmudflap.c/pass49-frag.c (-static) output pattern test
FAIL: libmudflap.c/pass49-frag.c (-static) execution test
FAIL: libmudflap.c/pass49-frag.c (-static) output pattern test
FAIL: libmudflap.c/pass51-frag.c (-static) execution test
FAIL: libmudflap.c/pass51-frag.c (-static) execution test
FAIL: libmudflap.c/fail40-frag.c (-O2) output pattern test
FAIL: libmudflap.c/pass49-frag.c (-O2) execution test
FAIL: libmudflap.c/pass49-frag.c (-O2) output pattern test
FAIL: libmudflap.c/pass49-frag.c (-O2) execution test
FAIL: libmudflap.c/pass49-frag.c (-O2) output pattern test
FAIL: libmudflap.c/pass51-frag.c (-O2) execution test
FAIL: libmudflap.c/pass51-frag.c (-O2) execution test
FAIL: libmudflap.c/fail40-frag.c (-O3) output pattern test
FAIL: libmudflap.c/pass49-frag.c (-O3) execution test
FAIL: libmudflap.c/pass49-frag.c (-O3) output pattern test
FAIL: libmudflap.c/pass49-frag.c (-O3) execution test
FAIL: libmudflap.c/pass49-frag.c (-O3) output pattern test
FAIL: libmudflap.c/pass51-frag.c (-O3) execution test
FAIL: libmudflap.c/pass51-frag.c (-O3) execution test
=== libmudflap Summary for unix/-m64 ===
# of expected passes 1866
# of unexpected failures 28
=== libmudflap Summary ===
# of expected passes 3732
# of unexpected failures 56
=== libstdc++ tests ===
Running target unix
FAIL: 22_locale/time_get/get_date/wchar_t/4.cc execution test
=== libstdc++ Summary for unix ===
# of expected passes 8254
# of unexpected failures 1
# of expected failures 83
# of unsupported tests 109
Running target unix/-m64
FAIL: libstdc++-abi/abi_check
FAIL: 22_locale/time_get/get_date/wchar_t/4.cc execution test
FAIL: decimal/comparison.cc execution test
=== libstdc++ Summary for unix/-m64 ===
# of expected passes 8252
# of unexpected failures 3
# of expected failures 83
# of unsupported tests 109
=== libstdc++ Summary ===
# of expected passes 16506
# of unexpected failures 4
# of expected failures 166
# of unsupported tests 218
Compiler version: 4.7.0 20110315 (experimental) [trunk revision 170978] (Debian 20110315-1)
Platform: s390-ibm-linux-gnu
configure flags: -v --with-pkgversion='Debian 20110315-1' --with-bugurl=file:///usr/share/doc/gcc-snapshot/README.Bugs --enable-languages=c,ada,c++,fortran,objc,obj-c++ --prefix=/usr/lib/gcc-snapshot --enable-shared --enable-multiarch --enable-linker-build-id --with-system-zlib --disable-nls --enable-clocale=gnu --enable-libstdcxx-debug --enable-libstdcxx-time=yes --enable-plugin --enable-objc-gc --with-long-double-128 --enable-targets=all --disable-werror --enable-checking=yes --build=s390-linux-gnu --host=s390-linux-gnu --target=s390-linux-gnu
BOOT_CFLAGS=
Build Dependencies:
Desired=Unknown/Install/Remove/Purge/Hold
| Status=Not/Inst/Conf-files/Unpacked/halF-conf/Half-inst/trig-aWait/Trig-pend
|/ Err?=(none)/Reinst-required (Status,Err: uppercase=bad)
||/ Name Version Description
+++-===============================-=====================-========================================================================
ii binutils 2.21.0.20110302-2 The GNU assembler, linker and binary utilities
ii g++-4.4 4.4.5-13 The GNU C++ compiler
pi g++-4.4-multilib 4.4.5-13 The GNU C++ compiler (multilib files)
pi g++-multilib 4:4.4.5-4 The GNU C++ compiler (multilib files)
ii libc6 2.11.2-11 Embedded GNU C Library: Shared libraries
pi libcloog-ppl-dev 0.15.9-3 the Chunky Loop Generator (development files)
pi libmpc-dev 0.9-2 multiple precision complex floating-point library development package
pi libmpfr-dev 3.0.0-9 multiple precision floating-point computation developers tools
libjava-disable-static:
Disable building the static libjava.
libjava-fixed-symlinks:
Remove unneed '..' elements from symlinks in JAVA_HOME
libstdc++-arm-wno-abi:
Temporary work around:
On arm-linux-gnueabi run the libstdc++v3 testsuite with -Wno-abi
ada-mips:
Improve support for mips.
libffi-ro-eh_frame_sect:
PR libffi/47248, force a read only eh frame section.
arm-unbreak-eabi-armv4t:
Fix armv4t build on ARM
gcc-multiarch:
mips-triarch:
Build a tri-arch compiler on mips-linux-gnu.
http://gcc.gnu.org/ml/gcc-patches/2009-03/msg01047.html
libjava-nobiarch-check:
For biarch builds, disable the testsuite for the non-default architecture
for runtime libraries, which are not built by default (libjava).
config-ml:
disable some biarch libraries for biarch builds
s390-biarch:
Build a bi-arch compiler on s390-linux-gnu.
http://gcc.gnu.org/ml/gcc-patches/2009-03/msg01044.html
gcc-powerpc-nof:
Don't build nof multlib on powerpc.
gcc-powerpc-undef:
Undefine LINK_EH_SPEC before redefining it
http://gcc.gnu.org/ml/gcc-patches/2011-02/msg01082.html
gcc-no-add-needed:
On linux targets pass --no-add-needed to the linker.
mips-fix-loongson2f-nop:
On mips, pass -mfix-loongson2f-nop to as, if -mno-fix-loongson2f-nop
is not passed.
gcc-system-root:
Avoid include paths starting with a double slash
Counting all warnings,
there are 0 warnings in stage3 of this bootstrap.
Number of warnings per file:
Number of warning types:
More information about the Gcc-testresults
mailing list