Results for 4.4.6 20110311 (prerelease) [gcc-4_4-branch revision 170858] (GCC) testsuite on i386-pc-solaris2.10
Rainer Orth
ro@CeBiTec.Uni-Bielefeld.DE
Tue Mar 15 15:41:00 GMT 2011
LAST_UPDATED: Fri Mar 11 17:07:18 UTC 2011 (revision 170858)
=== acats tests ===
=== acats Summary ===
# of expected passes 2315
# of unexpected failures 0
Native configuration is i386-pc-solaris2.10
=== g++ tests ===
Running target unix
=== g++ Summary for unix ===
# of expected passes 20232
# of expected failures 160
# of unsupported tests 130
Running target unix/-m64
=== g++ Summary for unix/-m64 ===
# of expected passes 19926
# of expected failures 160
# of unsupported tests 277
=== g++ Summary ===
# of expected passes 40158
# of expected failures 320
# of unsupported tests 407
/var/gcc/regression/gcc-4.4-branch/10-gcc-gas-gld/build/gcc/testsuite/g++/../../g++ version 4.4.6 20110311 (prerelease) [gcc-4_4-branch revision 170858] (GCC)
=== gcc tests ===
Running target unix
FAIL: gcc.c-torture/execute/990127-2.c execution, -O2
FAIL: gcc.c-torture/execute/990127-2.c execution, -Os
XPASS: gcc.dg/tree-ssa/20040204-1.c scan-tree-dump-times optimized "link_error" 0
=== gcc Summary for unix ===
# of expected passes 57298
# of unexpected failures 2
# of unexpected successes 1
# of expected failures 191
# of unsupported tests 561
Running target unix/-m64
FAIL: gcc.dg/tree-prof/bb-reorg.c compilation, -fprofile-use -D_PROFILE_USE
UNRESOLVED: gcc.dg/tree-prof/bb-reorg.c execution, -fprofile-use -D_PROFILE_USE
FAIL: gcc.dg/tree-prof/pr34999.c compilation, -fprofile-use -D_PROFILE_USE
UNRESOLVED: gcc.dg/tree-prof/pr34999.c execution, -fprofile-use -D_PROFILE_USE
FAIL: gcc.misc-tests/linkage.c link
=== gcc Summary for unix/-m64 ===
# of expected passes 56979
# of unexpected failures 3
# of expected failures 190
# of unresolved testcases 2
# of unsupported tests 837
=== gcc Summary ===
# of expected passes 114277
# of unexpected failures 5
# of unexpected successes 1
# of expected failures 381
# of unresolved testcases 2
# of unsupported tests 1398
/var/gcc/regression/gcc-4.4-branch/10-gcc-gas-gld/build/gcc/xgcc version 4.4.6 20110311 (prerelease) [gcc-4_4-branch revision 170858] (GCC)
=== gfortran tests ===
Running target unix
=== gfortran Summary for unix ===
# of expected passes 30338
# of expected failures 9
# of unsupported tests 124
Running target unix/-m64
=== gfortran Summary for unix/-m64 ===
# of expected passes 30483
# of expected failures 9
# of unsupported tests 55
=== gfortran Summary ===
# of expected passes 60821
# of expected failures 18
# of unsupported tests 179
/var/gcc/regression/gcc-4.4-branch/10-gcc-gas-gld/build/gcc/testsuite/gfortran/../../gfortran version 4.4.6 20110311 (prerelease) [gcc-4_4-branch revision 170858] (GCC)
=== gnat tests ===
Running target unix
=== gnat Summary for unix ===
# of expected passes 617
# of expected failures 6
# of unsupported tests 1
Running target unix/-m64
=== gnat Summary for unix/-m64 ===
# of expected passes 617
# of expected failures 6
# of unsupported tests 1
=== gnat Summary ===
# of expected passes 1234
# of expected failures 12
# of unsupported tests 2
=== objc tests ===
Running target unix
=== objc Summary for unix ===
# of expected passes 1874
# of expected failures 7
# of unsupported tests 24
Running target unix/-m64
=== objc Summary for unix/-m64 ===
# of expected passes 1866
# of expected failures 15
# of unsupported tests 24
=== objc Summary ===
# of expected passes 3740
# of expected failures 22
# of unsupported tests 48
/var/gcc/regression/gcc-4.4-branch/10-gcc-gas-gld/build/gcc/xgcc version 4.4.6 20110311 (prerelease) [gcc-4_4-branch revision 170858] (GCC)
=== libffi tests ===
Running target unix
=== libffi Summary for unix ===
# of expected passes 1399
# of unsupported tests 10
Running target unix/-m64
=== libffi Summary for unix/-m64 ===
# of expected passes 1399
# of unsupported tests 10
=== libffi Summary ===
# of expected passes 2798
# of unsupported tests 20
=== libgomp tests ===
Running target unix
WARNING: program timed out.
FAIL: libgomp.c/appendix-a/a.39.1.c execution test
FAIL: libgomp.c/lib-1.c execution test
FAIL: libgomp.c/lock-1.c execution test
FAIL: libgomp.c/lock-2.c execution test
WARNING: program timed out.
FAIL: libgomp.c/sort-1.c execution test
FAIL: libgomp.fortran/lib1.f90 -O0 execution test
FAIL: libgomp.fortran/lib1.f90 -O1 execution test
FAIL: libgomp.fortran/lib1.f90 -O2 execution test
FAIL: libgomp.fortran/lib1.f90 -O3 -fomit-frame-pointer execution test
FAIL: libgomp.fortran/lib1.f90 -O3 -fomit-frame-pointer -funroll-loops execution test
FAIL: libgomp.fortran/lib1.f90 -O3 -fomit-frame-pointer -funroll-all-loops -finline-functions execution test
FAIL: libgomp.fortran/lib1.f90 -O3 -g execution test
FAIL: libgomp.fortran/lib1.f90 -Os execution test
FAIL: libgomp.fortran/lib2.f -O0 execution test
FAIL: libgomp.fortran/lib2.f -O1 execution test
FAIL: libgomp.fortran/lib2.f -O2 execution test
FAIL: libgomp.fortran/lib2.f -O3 -fomit-frame-pointer execution test
FAIL: libgomp.fortran/lib2.f -O3 -fomit-frame-pointer -funroll-loops execution test
FAIL: libgomp.fortran/lib2.f -O3 -fomit-frame-pointer -funroll-all-loops -finline-functions execution test
FAIL: libgomp.fortran/lib2.f -O3 -g execution test
FAIL: libgomp.fortran/lib2.f -Os execution test
FAIL: libgomp.fortran/lib3.f -O0 execution test
FAIL: libgomp.fortran/lib3.f -O1 execution test
FAIL: libgomp.fortran/lib3.f -O2 execution test
FAIL: libgomp.fortran/lib3.f -O3 -fomit-frame-pointer execution test
FAIL: libgomp.fortran/lib3.f -O3 -fomit-frame-pointer -funroll-loops execution test
FAIL: libgomp.fortran/lib3.f -O3 -fomit-frame-pointer -funroll-all-loops -finline-functions execution test
FAIL: libgomp.fortran/lib3.f -O3 -g execution test
FAIL: libgomp.fortran/lib3.f -Os execution test
=== libgomp Summary for unix ===
# of expected passes 2491
# of unexpected failures 29
# of unsupported tests 2
Running target unix/-m64
WARNING: program timed out.
FAIL: libgomp.c/appendix-a/a.39.1.c execution test
FAIL: libgomp.c/lib-1.c execution test
FAIL: libgomp.c/lock-1.c execution test
FAIL: libgomp.c/lock-2.c execution test
WARNING: program timed out.
FAIL: libgomp.c/sort-1.c execution test
FAIL: libgomp.fortran/lib1.f90 -O0 execution test
FAIL: libgomp.fortran/lib1.f90 -O1 execution test
FAIL: libgomp.fortran/lib1.f90 -O2 execution test
FAIL: libgomp.fortran/lib1.f90 -O3 -fomit-frame-pointer execution test
FAIL: libgomp.fortran/lib1.f90 -O3 -fomit-frame-pointer -funroll-loops execution test
FAIL: libgomp.fortran/lib1.f90 -O3 -fomit-frame-pointer -funroll-all-loops -finline-functions execution test
FAIL: libgomp.fortran/lib1.f90 -O3 -g execution test
FAIL: libgomp.fortran/lib1.f90 -Os execution test
FAIL: libgomp.fortran/lib2.f -O0 execution test
FAIL: libgomp.fortran/lib2.f -O1 execution test
FAIL: libgomp.fortran/lib2.f -O2 execution test
FAIL: libgomp.fortran/lib2.f -O3 -fomit-frame-pointer execution test
FAIL: libgomp.fortran/lib2.f -O3 -fomit-frame-pointer -funroll-loops execution test
FAIL: libgomp.fortran/lib2.f -O3 -fomit-frame-pointer -funroll-all-loops -finline-functions execution test
FAIL: libgomp.fortran/lib2.f -O3 -g execution test
FAIL: libgomp.fortran/lib2.f -Os execution test
FAIL: libgomp.fortran/lib3.f -O0 execution test
FAIL: libgomp.fortran/lib3.f -O1 execution test
FAIL: libgomp.fortran/lib3.f -O2 execution test
FAIL: libgomp.fortran/lib3.f -O3 -fomit-frame-pointer execution test
FAIL: libgomp.fortran/lib3.f -O3 -fomit-frame-pointer -funroll-loops execution test
FAIL: libgomp.fortran/lib3.f -O3 -fomit-frame-pointer -funroll-all-loops -finline-functions execution test
FAIL: libgomp.fortran/lib3.f -O3 -g execution test
FAIL: libgomp.fortran/lib3.f -Os execution test
=== libgomp Summary for unix/-m64 ===
# of expected passes 2491
# of unexpected failures 29
# of unsupported tests 2
=== libgomp Summary ===
# of expected passes 4982
# of unexpected failures 58
# of unsupported tests 4
=== libjava tests ===
Running target unix
FAIL: /vol/gcc/src/hg/gcc-4.4-branch/local/libjava/testsuite/libjava.jar/TestClosureGC.jar execution - gij test
FAIL: /vol/gcc/src/hg/gcc-4.4-branch/local/libjava/testsuite/libjava.jar/simple.jar execution - gij test
FAIL: PR15133 execution - gij test
FAIL: PR18116 execution - gij test
FAIL: PR28178 execution - gij test
FAIL: bytebuffer execution - gij test
FAIL: calls execution - gij test
FAIL: cxxtest execution - gij test
FAIL: directbuffer execution - gij test
FAIL: field execution - gij test
FAIL: final_method execution - gij test
FAIL: findclass execution - gij test
FAIL: findclass2 execution - gij test
FAIL: iface execution - gij test
FAIL: init execution - gij test
FAIL: invoke execution - gij test
FAIL: jniutf execution - gij test
FAIL: martin execution - gij test
FAIL: noclass execution - gij test
FAIL: overload execution - gij test
FAIL: pr11951 execution - gij test
FAIL: pr18278 execution - gij test
FAIL: pr23739 execution - gij test
FAIL: register execution - gij test
FAIL: register2 execution - gij test
FAIL: simple_int execution - gij test
FAIL: throwit execution - gij test
FAIL: virtual execution - gij test
FAIL: PR16923 run
FAIL: pr29812 execution - gij test
FAIL: getargssize run
FAIL: getlocalvartable run
FAIL: getstacktrace run
FAIL: events output
FAIL: ExtraClassLoader execution - source compiled test
FAIL: ExtraClassLoader -findirect-dispatch execution - source compiled test
FAIL: ExtraClassLoader -O3 execution - source compiled test
FAIL: ExtraClassLoader -O3 -findirect-dispatch execution - source compiled test
FAIL: ProxyTest execution - source compiled test
FAIL: ProxyTest -findirect-dispatch execution - source compiled test
FAIL: ProxyTest -O3 execution - source compiled test
FAIL: ProxyTest -O3 -findirect-dispatch execution - source compiled test
FAIL: TestProxy execution - source compiled test
FAIL: TestProxy -findirect-dispatch execution - source compiled test
FAIL: TestProxy -O3 execution - source compiled test
FAIL: TestProxy -O3 -findirect-dispatch execution - source compiled test
FAIL: Throw_2 execution - source compiled test
FAIL: Throw_2 -findirect-dispatch execution - source compiled test
FAIL: Throw_2 -O3 execution - source compiled test
FAIL: Throw_2 -O3 -findirect-dispatch execution - source compiled test
FAIL: /var/gcc/regression/gcc-4.4-branch/10-gcc-gas-gld/build/i386-pc-solaris2.10/libjava/testsuite/TestEarlyGC.exe execution - /var/gcc/regression/gcc-4.4-branch/10-gcc-gas-gld/build/i386-pc-solaris2.10/libjava/testsuite/TestEarlyGC.exe
=== libjava Summary for unix ===
# of expected passes 2477
# of unexpected failures 51
# of untested testcases 50
Running target unix/-m64
FAIL: /vol/gcc/src/hg/gcc-4.4-branch/local/libjava/testsuite/libjava.jar/TestClosureGC.jar execution - gij test
FAIL: /vol/gcc/src/hg/gcc-4.4-branch/local/libjava/testsuite/libjava.jar/simple.jar execution - gij test
FAIL: PR15133 execution - gij test
FAIL: PR18116 execution - gij test
FAIL: PR28178 execution - gij test
FAIL: bytebuffer execution - gij test
FAIL: calls execution - gij test
FAIL: cxxtest execution - gij test
FAIL: directbuffer execution - gij test
FAIL: field execution - gij test
FAIL: final_method execution - gij test
FAIL: findclass execution - gij test
FAIL: findclass2 execution - gij test
FAIL: iface execution - gij test
FAIL: init execution - gij test
FAIL: invoke execution - gij test
FAIL: jniutf execution - gij test
FAIL: martin execution - gij test
FAIL: noclass execution - gij test
FAIL: overload execution - gij test
FAIL: pr11951 execution - gij test
FAIL: pr18278 execution - gij test
FAIL: pr23739 execution - gij test
FAIL: register execution - gij test
FAIL: register2 execution - gij test
FAIL: simple_int execution - gij test
FAIL: throwit execution - gij test
FAIL: virtual execution - gij test
FAIL: PR16923 run
FAIL: pr29812 execution - gij test
FAIL: getargssize run
FAIL: getlocalvartable run
FAIL: getstacktrace run
FAIL: ExtraClassLoader execution - source compiled test
FAIL: ExtraClassLoader -findirect-dispatch execution - source compiled test
FAIL: ExtraClassLoader -O3 execution - source compiled test
FAIL: ExtraClassLoader -O3 -findirect-dispatch execution - source compiled test
FAIL: ProxyTest execution - source compiled test
FAIL: ProxyTest -findirect-dispatch execution - source compiled test
FAIL: ProxyTest -O3 execution - source compiled test
FAIL: ProxyTest -O3 -findirect-dispatch execution - source compiled test
FAIL: TestProxy execution - source compiled test
FAIL: TestProxy -findirect-dispatch execution - source compiled test
FAIL: TestProxy -O3 execution - source compiled test
FAIL: TestProxy -O3 -findirect-dispatch execution - source compiled test
FAIL: Throw_2 execution - source compiled test
FAIL: Throw_2 -findirect-dispatch execution - source compiled test
FAIL: Throw_2 -O3 execution - source compiled test
FAIL: Throw_2 -O3 -findirect-dispatch execution - source compiled test
FAIL: /var/gcc/regression/gcc-4.4-branch/10-gcc-gas-gld/build/i386-pc-solaris2.10/libjava/testsuite/TestEarlyGC.exe execution - /var/gcc/regression/gcc-4.4-branch/10-gcc-gas-gld/build/i386-pc-solaris2.10/libjava/testsuite/TestEarlyGC.exe
=== libjava Summary for unix/-m64 ===
# of expected passes 2478
# of unexpected failures 50
# of untested testcases 50
=== libjava Summary ===
# of expected passes 4955
# of unexpected failures 101
# of untested testcases 100
=== libstdc++ tests ===
Running target unix
=== libstdc++ Summary for unix ===
# of expected passes 5765
# of expected failures 82
# of unsupported tests 392
Running target unix/-m64
=== libstdc++ Summary for unix/-m64 ===
# of expected passes 5776
# of expected failures 80
# of unsupported tests 387
=== libstdc++ Summary ===
# of expected passes 11541
# of expected failures 162
# of unsupported tests 779
=== libstdc++ Summary ===
Compiler version: 4.4.6 20110311 (prerelease) [gcc-4_4-branch revision 170858] (GCC)
Platform: i386-pc-solaris2.10
configure flags: --prefix=/vol/gcc --target=i386-pc-solaris2.10 --with-as=/vol/gcc/bin/gas-2.21 --with-gnu-as --with-ld=/vol/gcc/bin/gld-2.21 --with-gnu-ld --with-gmp=/vol/gcc --with-mpfr=/vol/gcc --with-mpc=/vol/gcc --enable-languages=all,ada
BOOT_CFLAGS=-g -O2
More information about the Gcc-testresults
mailing list