Results for 4.6.0 20110312 (experimental) (GCC) testsuite on x86_64-unknown-linux-gnu
H.J. Lu
hjl@gnu-33.sc.intel.com
Sat Mar 12 20:18:00 GMT 2011
Native configuration is x86_64-unknown-linux-gnu
=== gcc tests ===
Running target unix/-mx32
FAIL: gcc.c-torture/compile/limits-exprparen.c -O0 (internal compiler error)
FAIL: gcc.c-torture/compile/limits-exprparen.c -O0 (test for excess errors)
FAIL: gcc.c-torture/compile/limits-exprparen.c -O1 (internal compiler error)
FAIL: gcc.c-torture/compile/limits-exprparen.c -O1 (test for excess errors)
FAIL: gcc.c-torture/compile/limits-exprparen.c -O2 (internal compiler error)
FAIL: gcc.c-torture/compile/limits-exprparen.c -O2 (test for excess errors)
FAIL: gcc.c-torture/compile/limits-exprparen.c -O3 -fomit-frame-pointer (internal compiler error)
FAIL: gcc.c-torture/compile/limits-exprparen.c -O3 -fomit-frame-pointer (test for excess errors)
FAIL: gcc.c-torture/compile/limits-exprparen.c -O3 -g (internal compiler error)
FAIL: gcc.c-torture/compile/limits-exprparen.c -O3 -g (test for excess errors)
FAIL: gcc.c-torture/compile/limits-exprparen.c -Os (internal compiler error)
FAIL: gcc.c-torture/compile/limits-exprparen.c -Os (test for excess errors)
FAIL: gcc.c-torture/compile/limits-exprparen.c -O2 -flto -flto-partition=none (internal compiler error)
FAIL: gcc.c-torture/compile/limits-exprparen.c -O2 -flto -flto-partition=none (test for excess errors)
FAIL: gcc.c-torture/compile/limits-exprparen.c -O2 -flto (internal compiler error)
FAIL: gcc.c-torture/compile/limits-exprparen.c -O2 -flto (test for excess errors)
FAIL: gcc.c-torture/compile/pr16566-2.c -O0 (test for excess errors)
FAIL: gcc.c-torture/compile/pr16566-2.c -O1 (test for excess errors)
FAIL: gcc.c-torture/compile/pr16566-2.c -O2 (test for excess errors)
FAIL: gcc.c-torture/compile/pr16566-2.c -O3 -fomit-frame-pointer (test for excess errors)
FAIL: gcc.c-torture/compile/pr16566-2.c -O3 -g (test for excess errors)
FAIL: gcc.c-torture/compile/pr16566-2.c -Os (test for excess errors)
FAIL: gcc.c-torture/compile/pr16566-2.c -O2 -flto -flto-partition=none (test for excess errors)
FAIL: gcc.c-torture/compile/pr16566-2.c -O2 -flto (test for excess errors)
FAIL: gcc.c-torture/execute/builtins/strcat.c compilation, -O1 (internal compiler error)
UNRESOLVED: gcc.c-torture/execute/builtins/strcat.c execution, -O1
FAIL: gcc.c-torture/execute/builtins/strcspn.c execution, -O1
FAIL: gcc.c-torture/execute/920501-7.c execution, -O0
FAIL: gcc.c-torture/execute/comp-goto-2.c execution, -O0
FAIL: gcc.c-torture/execute/nestfunc-5.c execution, -O0
FAIL: gcc.c-torture/execute/pr24135.c execution, -O0
FAIL: c-c++-common/dfp/func-vararg-alternate-d128-2.c (test for excess errors)
WARNING: c-c++-common/dfp/func-vararg-alternate-d128-2.c compilation failed to produce executable
FAIL: c-c++-common/dfp/func-vararg-mixed-2.c (test for excess errors)
WARNING: c-c++-common/dfp/func-vararg-mixed-2.c compilation failed to produce executable
FAIL: gcc.dg/20020122-2.c (test for excess errors)
FAIL: gcc.dg/20020122-3.c (test for excess errors)
FAIL: gcc.dg/20020206-1.c (test for excess errors)
WARNING: gcc.dg/20020206-1.c compilation failed to produce executable
FAIL: gcc.dg/20020219-1.c execution test
FAIL: gcc.dg/20020310-1.c (test for excess errors)
WARNING: gcc.dg/20020310-1.c compilation failed to produce executable
FAIL: gcc.dg/20020411-1.c (test for excess errors)
FAIL: gcc.dg/20020418-2.c (test for excess errors)
FAIL: gcc.dg/20030204-1.c (test for excess errors)
FAIL: gcc.dg/20030826-2.c (test for excess errors)
WARNING: gcc.dg/20030826-2.c compilation failed to produce executable
FAIL: gcc.dg/20031102-1.c (test for excess errors)
WARNING: gcc.dg/20031102-1.c compilation failed to produce executable
FAIL: gcc.dg/20050111-1.c (test for excess errors)
FAIL: gcc.dg/c99-stdint-1.c (test for excess errors)
FAIL: gcc.dg/ia64-sync-1.c (test for warnings, line )
FAIL: gcc.dg/ia64-sync-1.c (test for excess errors)
WARNING: gcc.dg/ia64-sync-1.c compilation failed to produce executable
FAIL: gcc.dg/ia64-sync-2.c (test for warnings, line )
FAIL: gcc.dg/ia64-sync-2.c (test for warnings, line )
FAIL: gcc.dg/ia64-sync-2.c (test for excess errors)
WARNING: gcc.dg/ia64-sync-2.c compilation failed to produce executable
FAIL: gcc.dg/ia64-sync-3.c (test for excess errors)
WARNING: gcc.dg/ia64-sync-3.c compilation failed to produce executable
FAIL: gcc.dg/ia64-sync-4.c (test for excess errors)
FAIL: gcc.dg/ifcvt-fabs-1.c (test for excess errors)
WARNING: gcc.dg/ifcvt-fabs-1.c compilation failed to produce executable
FAIL: gcc.dg/invalid-call-1.c non-compatible type (test for warnings, line 16)
FAIL: gcc.dg/invalid-call-1.c (test for warnings, line 16)
FAIL: gcc.dg/invalid-call-1.c (test for excess errors)
FAIL: gcc.dg/loop-3.c (test for excess errors)
FAIL: gcc.dg/lower-subreg-1.c scan-rtl-dump subreg1 "Splitting reg"
FAIL: gcc.dg/pr20017.c (test for excess errors)
FAIL: gcc.dg/pr27671-2.c (test for excess errors)
WARNING: gcc.dg/pr27671-2.c compilation failed to produce executable
FAIL: gcc.dg/pr32176.c (test for excess errors)
FAIL: gcc.dg/pr33676.c (test for excess errors)
WARNING: gcc.dg/pr33676.c compilation failed to produce executable
FAIL: gcc.dg/pr36015.c (test for excess errors)
FAIL: gcc.dg/pr36998.c (test for excess errors)
FAIL: gcc.dg/pr37438.c (test for excess errors)
FAIL: gcc.dg/pr37908.c (test for warnings, line 19)
FAIL: gcc.dg/pr37908.c (test for excess errors)
WARNING: gcc.dg/pr37908.c compilation failed to produce executable
FAIL: gcc.dg/pr41241.c (test for excess errors)
FAIL: gcc.dg/pr41340.c (test for excess errors)
FAIL: gcc.dg/pr44136.c (test for excess errors)
FAIL: gcc.dg/pr46212.c (test for excess errors)
FAIL: gcc.dg/prefetch-loop-arrays-1.c (test for excess errors)
FAIL: gcc.dg/setjmp-2.c (test for excess errors)
WARNING: gcc.dg/setjmp-2.c compilation failed to produce executable
FAIL: gcc.dg/smod-1.c (test for excess errors)
WARNING: gcc.dg/smod-1.c compilation failed to produce executable
FAIL: gcc.dg/split-1.c execution test
FAIL: gcc.dg/split-2.c execution test
FAIL: gcc.dg/split-3.c execution test
FAIL: gcc.dg/sync-2.c (test for warnings, line )
FAIL: gcc.dg/sync-2.c (test for warnings, line )
FAIL: gcc.dg/sync-2.c (test for excess errors)
WARNING: gcc.dg/sync-2.c compilation failed to produce executable
FAIL: gcc.dg/sync-3.c (test for warnings, line 33)
FAIL: gcc.dg/sync-3.c (test for warnings, line 46)
FAIL: gcc.dg/sync-3.c (test for excess errors)
WARNING: gcc.dg/sync-3.c compilation failed to produce executable
FAIL: gcc.dg/unroll-1.c (test for excess errors)
WARNING: gcc.dg/unroll-1.c compilation failed to produce executable
FAIL: gcc.dg/gomp/atomic-11.c (test for excess errors)
ERROR: gcc.dg/gomp/atomic-11.c: error executing dg-final: couldn't open "atomic-11.s": no such file or directory
UNRESOLVED: gcc.dg/gomp/atomic-11.c: error executing dg-final: couldn't open "atomic-11.s": no such file or directory
FAIL: gcc.dg/graphite/pr40281.c (test for excess errors)
FAIL: gcc.dg/guality/asm-1.c -O1 line 14 f == 14
FAIL: gcc.dg/guality/asm-1.c -O2 line 14 f == 14
FAIL: gcc.dg/guality/asm-1.c -O3 -fomit-frame-pointer line 14 f == 14
FAIL: gcc.dg/guality/asm-1.c -O3 -g line 14 f == 14
FAIL: gcc.dg/guality/asm-1.c -Os line 14 f == 14
FAIL: gcc.dg/guality/asm-1.c -O2 -flto -flto-partition=none line 14 f == 14
FAIL: gcc.dg/guality/asm-1.c -O2 -flto line 14 f == 14
XPASS: gcc.dg/guality/example.c -O0 execution test
XPASS: gcc.dg/guality/guality.c -O0 execution test
XPASS: gcc.dg/guality/inline-params.c -O2 execution test
XPASS: gcc.dg/guality/inline-params.c -O3 -fomit-frame-pointer execution test
XPASS: gcc.dg/guality/inline-params.c -O3 -g execution test
XPASS: gcc.dg/guality/inline-params.c -Os execution test
XPASS: gcc.dg/guality/pr41353-1.c -O0 line 28 j == 28 + 37
XPASS: gcc.dg/guality/pr41353-1.c -O1 line 28 j == 28 + 37
XPASS: gcc.dg/guality/pr41353-1.c -O2 line 28 j == 28 + 37
XPASS: gcc.dg/guality/pr41353-1.c -O3 -fomit-frame-pointer line 28 j == 28 + 37
XPASS: gcc.dg/guality/pr41353-1.c -O3 -g line 28 j == 28 + 37
XPASS: gcc.dg/guality/pr41353-1.c -Os line 28 j == 28 + 37
FAIL: gcc.dg/guality/pr41353-1.c -O2 -flto -flto-partition=none line 17 vari1 == 2 * 17
FAIL: gcc.dg/guality/pr41353-1.c -O2 -flto -flto-partition=none line 17 vari2 == 3 * 17
FAIL: gcc.dg/guality/pr41353-1.c -O2 -flto -flto-partition=none line 17 vari3 == 2 * 17
FAIL: gcc.dg/guality/pr41353-1.c -O2 -flto -flto-partition=none line 17 vari4 == 3 * 17
FAIL: gcc.dg/guality/pr41353-1.c -O2 -flto -flto-partition=none line 17 vari5 == 4 * 17
FAIL: gcc.dg/guality/pr41353-1.c -O2 -flto -flto-partition=none line 17 vari6 == 5 * 17
XPASS: gcc.dg/guality/pr41353-1.c -O2 -flto -flto-partition=none line 28 j == 28 + 37
FAIL: gcc.dg/guality/pr41353-1.c -O2 -flto line 17 vari1 == 2 * 17
FAIL: gcc.dg/guality/pr41353-1.c -O2 -flto line 17 vari2 == 3 * 17
FAIL: gcc.dg/guality/pr41353-1.c -O2 -flto line 17 vari3 == 2 * 17
FAIL: gcc.dg/guality/pr41353-1.c -O2 -flto line 17 vari4 == 3 * 17
FAIL: gcc.dg/guality/pr41353-1.c -O2 -flto line 17 vari5 == 4 * 17
FAIL: gcc.dg/guality/pr41353-1.c -O2 -flto line 17 vari6 == 5 * 17
XPASS: gcc.dg/guality/pr41353-1.c -O2 -flto line 28 j == 28 + 37
FAIL: gcc.dg/guality/pr41353-2.c -O2 -flto -flto-partition=none line 13 vari1 == 2 * 17
FAIL: gcc.dg/guality/pr41353-2.c -O2 -flto -flto-partition=none line 13 vari2 == 3 * 17
FAIL: gcc.dg/guality/pr41353-2.c -O2 -flto line 13 vari1 == 2 * 17
FAIL: gcc.dg/guality/pr41353-2.c -O2 -flto line 13 vari2 == 3 * 17
XPASS: gcc.dg/guality/pr41447-1.c -O0 execution test
XPASS: gcc.dg/guality/pr41447-1.c -O1 execution test
XPASS: gcc.dg/guality/pr41447-1.c -O2 execution test
XPASS: gcc.dg/guality/pr41447-1.c -O3 -fomit-frame-pointer execution test
XPASS: gcc.dg/guality/pr41447-1.c -O3 -g execution test
XPASS: gcc.dg/guality/pr41447-1.c -Os execution test
XPASS: gcc.dg/guality/pr41616-1.c -O0 execution test
XPASS: gcc.dg/guality/pr41616-1.c -O1 execution test
XPASS: gcc.dg/guality/pr41616-1.c -O2 execution test
XPASS: gcc.dg/guality/pr41616-1.c -O3 -fomit-frame-pointer execution test
XPASS: gcc.dg/guality/pr41616-1.c -O3 -g execution test
XPASS: gcc.dg/guality/pr41616-1.c -Os execution test
FAIL: gcc.dg/guality/pr43051-1.c -O1 line 34 c == &a[0]
FAIL: gcc.dg/guality/pr43051-1.c -O1 line 39 c == &a[0]
FAIL: gcc.dg/guality/pr43051-1.c -O2 line 34 c == &a[0]
FAIL: gcc.dg/guality/pr43051-1.c -O2 line 39 c == &a[0]
FAIL: gcc.dg/guality/pr43051-1.c -O3 -fomit-frame-pointer line 34 c == &a[0]
FAIL: gcc.dg/guality/pr43051-1.c -O3 -fomit-frame-pointer line 39 c == &a[0]
FAIL: gcc.dg/guality/pr43051-1.c -O3 -g line 34 c == &a[0]
FAIL: gcc.dg/guality/pr43051-1.c -O3 -g line 39 c == &a[0]
FAIL: gcc.dg/guality/pr43051-1.c -O2 -flto -flto-partition=none line 34 c == &a[0]
FAIL: gcc.dg/guality/pr43051-1.c -O2 -flto -flto-partition=none line 39 c == &a[0]
FAIL: gcc.dg/guality/pr43051-1.c -O2 -flto line 34 c == &a[0]
FAIL: gcc.dg/guality/pr43051-1.c -O2 -flto line 39 c == &a[0]
FAIL: gcc.dg/guality/pr43077-1.c -O2 -flto -flto-partition=none line 11 vara == 0
FAIL: gcc.dg/guality/pr43077-1.c -O2 -flto -flto-partition=none line 19 vara == 1
FAIL: gcc.dg/guality/pr43077-1.c -O2 -flto line 11 vara == 0
FAIL: gcc.dg/guality/pr43077-1.c -O2 -flto line 19 vara == 1
FAIL: gcc.dg/guality/pr43593.c -O1 line 16 j == &i
FAIL: gcc.dg/guality/pr43593.c -O2 line 16 j == &i
FAIL: gcc.dg/guality/pr43593.c -O3 -fomit-frame-pointer line 16 j == &i
FAIL: gcc.dg/guality/pr43593.c -O3 -g line 16 j == &i
FAIL: gcc.dg/guality/pr43593.c -Os line 16 j == &i
FAIL: gcc.dg/guality/pr43593.c -O2 -flto -flto-partition=none line 16 j == &i
FAIL: gcc.dg/guality/pr43593.c -O2 -flto line 16 j == &i
FAIL: gcc.dg/guality/sra-1.c -O2 line 43 a.j == 14
FAIL: gcc.dg/guality/sra-1.c -O3 -fomit-frame-pointer line 43 a.j == 14
FAIL: gcc.dg/guality/sra-1.c -O3 -g line 43 a.j == 14
FAIL: gcc.dg/guality/sra-1.c -Os line 43 a.j == 14
FAIL: gcc.dg/guality/sra-1.c -O2 -flto -flto-partition=none line 43 a.j == 14
FAIL: gcc.dg/guality/sra-1.c -O2 -flto line 43 a.j == 14
FAIL: gcc.dg/guality/vla-1.c -O0 line 17 sizeof (a) == 6
FAIL: gcc.dg/guality/vla-1.c -O0 line 24 sizeof (a) == 17 * sizeof (short)
FAIL: gcc.dg/guality/vla-1.c -O1 line 17 sizeof (a) == 6
FAIL: gcc.dg/guality/vla-1.c -O1 line 24 sizeof (a) == 17 * sizeof (short)
FAIL: gcc.dg/guality/vla-1.c -O2 line 17 sizeof (a) == 6
FAIL: gcc.dg/guality/vla-1.c -O2 line 24 sizeof (a) == 17 * sizeof (short)
FAIL: gcc.dg/guality/vla-1.c -O3 -fomit-frame-pointer line 17 sizeof (a) == 6
FAIL: gcc.dg/guality/vla-1.c -O3 -fomit-frame-pointer line 24 sizeof (a) == 17 * sizeof (short)
FAIL: gcc.dg/guality/vla-1.c -O3 -g line 17 sizeof (a) == 6
FAIL: gcc.dg/guality/vla-1.c -O3 -g line 24 sizeof (a) == 17 * sizeof (short)
FAIL: gcc.dg/guality/vla-1.c -Os line 17 sizeof (a) == 6
FAIL: gcc.dg/guality/vla-1.c -Os line 24 sizeof (a) == 17 * sizeof (short)
FAIL: gcc.dg/guality/vla-1.c -O2 -flto -flto-partition=none line 17 sizeof (a) == 6
FAIL: gcc.dg/guality/vla-1.c -O2 -flto -flto-partition=none line 24 sizeof (a) == 17 * sizeof (short)
FAIL: gcc.dg/guality/vla-1.c -O2 -flto line 17 sizeof (a) == 6
FAIL: gcc.dg/guality/vla-1.c -O2 -flto line 24 sizeof (a) == 17 * sizeof (short)
FAIL: gcc.dg/guality/vla-2.c -O0 line 16 sizeof (a) == 5 * sizeof (int)
FAIL: gcc.dg/guality/vla-2.c -O0 line 25 sizeof (a) == 6 * sizeof (int)
FAIL: gcc.dg/guality/vla-2.c -O1 line 16 sizeof (a) == 5 * sizeof (int)
FAIL: gcc.dg/guality/vla-2.c -O1 line 25 sizeof (a) == 6 * sizeof (int)
FAIL: gcc.dg/guality/vla-2.c -O2 line 16 sizeof (a) == 5 * sizeof (int)
FAIL: gcc.dg/guality/vla-2.c -O2 line 25 sizeof (a) == 6 * sizeof (int)
FAIL: gcc.dg/guality/vla-2.c -O3 -fomit-frame-pointer line 16 sizeof (a) == 5 * sizeof (int)
FAIL: gcc.dg/guality/vla-2.c -O3 -fomit-frame-pointer line 25 sizeof (a) == 6 * sizeof (int)
FAIL: gcc.dg/guality/vla-2.c -O3 -g line 16 sizeof (a) == 5 * sizeof (int)
FAIL: gcc.dg/guality/vla-2.c -O3 -g line 25 sizeof (a) == 6 * sizeof (int)
FAIL: gcc.dg/guality/vla-2.c -Os line 16 sizeof (a) == 5 * sizeof (int)
FAIL: gcc.dg/guality/vla-2.c -Os line 25 sizeof (a) == 6 * sizeof (int)
FAIL: gcc.dg/guality/vla-2.c -O2 -flto -flto-partition=none line 16 sizeof (a) == 5 * sizeof (int)
FAIL: gcc.dg/guality/vla-2.c -O2 -flto -flto-partition=none line 25 sizeof (a) == 6 * sizeof (int)
FAIL: gcc.dg/guality/vla-2.c -O2 -flto line 16 sizeof (a) == 5 * sizeof (int)
FAIL: gcc.dg/guality/vla-2.c -O2 -flto line 25 sizeof (a) == 6 * sizeof (int)
FAIL: gcc.dg/tls/opt-2.c (test for excess errors)
FAIL: gcc.dg/tls/opt-3.c (test for excess errors)
FAIL: gcc.dg/torture/badshift.c -O0 (test for excess errors)
WARNING: gcc.dg/torture/badshift.c -O0 compilation failed to produce executable
FAIL: gcc.dg/torture/badshift.c -O1 (test for excess errors)
WARNING: gcc.dg/torture/badshift.c -O1 compilation failed to produce executable
FAIL: gcc.dg/torture/badshift.c -O2 (test for excess errors)
WARNING: gcc.dg/torture/badshift.c -O2 compilation failed to produce executable
FAIL: gcc.dg/torture/badshift.c -O3 -fomit-frame-pointer (test for excess errors)
WARNING: gcc.dg/torture/badshift.c -O3 -fomit-frame-pointer compilation failed to produce executable
FAIL: gcc.dg/torture/badshift.c -O3 -g (test for excess errors)
WARNING: gcc.dg/torture/badshift.c -O3 -g compilation failed to produce executable
FAIL: gcc.dg/torture/badshift.c -Os (test for excess errors)
WARNING: gcc.dg/torture/badshift.c -Os compilation failed to produce executable
FAIL: gcc.dg/torture/badshift.c -O2 -flto -flto-partition=none (test for excess errors)
WARNING: gcc.dg/torture/badshift.c -O2 -flto -flto-partition=none compilation failed to produce executable
FAIL: gcc.dg/torture/badshift.c -O2 -flto (test for excess errors)
WARNING: gcc.dg/torture/badshift.c -O2 -flto compilation failed to produce executable
FAIL: gcc.dg/torture/pr38774.c -O0 (test for excess errors)
FAIL: gcc.dg/torture/pr38774.c -O1 (test for excess errors)
FAIL: gcc.dg/torture/pr38774.c -O2 (test for excess errors)
FAIL: gcc.dg/torture/pr38774.c -O3 -fomit-frame-pointer (test for excess errors)
FAIL: gcc.dg/torture/pr38774.c -O3 -g (test for excess errors)
FAIL: gcc.dg/torture/pr38774.c -Os (test for excess errors)
FAIL: gcc.dg/torture/pr38774.c -O2 -flto -flto-partition=none (test for excess errors)
FAIL: gcc.dg/torture/pr38774.c -O2 -flto (test for excess errors)
FAIL: gcc.dg/torture/stackalign/alloca-4.c -O0 (test for excess errors)
WARNING: gcc.dg/torture/stackalign/alloca-4.c -O0 compilation failed to produce executable
FAIL: gcc.dg/torture/stackalign/alloca-4.c -O1 (test for excess errors)
WARNING: gcc.dg/torture/stackalign/alloca-4.c -O1 compilation failed to produce executable
FAIL: gcc.dg/torture/stackalign/alloca-4.c -O2 (test for excess errors)
WARNING: gcc.dg/torture/stackalign/alloca-4.c -O2 compilation failed to produce executable
FAIL: gcc.dg/torture/stackalign/alloca-4.c -O3 -fomit-frame-pointer (test for excess errors)
WARNING: gcc.dg/torture/stackalign/alloca-4.c -O3 -fomit-frame-pointer compilation failed to produce executable
FAIL: gcc.dg/torture/stackalign/alloca-4.c -O3 -g (test for excess errors)
WARNING: gcc.dg/torture/stackalign/alloca-4.c -O3 -g compilation failed to produce executable
FAIL: gcc.dg/torture/stackalign/alloca-4.c -Os (test for excess errors)
WARNING: gcc.dg/torture/stackalign/alloca-4.c -Os compilation failed to produce executable
FAIL: gcc.dg/torture/stackalign/alloca-4.c -O2 -flto -flto-partition=none (test for excess errors)
WARNING: gcc.dg/torture/stackalign/alloca-4.c -O2 -flto -flto-partition=none compilation failed to produce executable
FAIL: gcc.dg/torture/stackalign/alloca-4.c -O2 -flto (test for excess errors)
WARNING: gcc.dg/torture/stackalign/alloca-4.c -O2 -flto compilation failed to produce executable
FAIL: gcc.dg/torture/stackalign/alloca-5.c -O0 (test for excess errors)
WARNING: gcc.dg/torture/stackalign/alloca-5.c -O0 compilation failed to produce executable
FAIL: gcc.dg/torture/stackalign/alloca-5.c -O1 (test for excess errors)
WARNING: gcc.dg/torture/stackalign/alloca-5.c -O1 compilation failed to produce executable
FAIL: gcc.dg/torture/stackalign/alloca-5.c -O2 (test for excess errors)
WARNING: gcc.dg/torture/stackalign/alloca-5.c -O2 compilation failed to produce executable
FAIL: gcc.dg/torture/stackalign/alloca-5.c -O3 -fomit-frame-pointer (test for excess errors)
WARNING: gcc.dg/torture/stackalign/alloca-5.c -O3 -fomit-frame-pointer compilation failed to produce executable
FAIL: gcc.dg/torture/stackalign/alloca-5.c -O3 -g (test for excess errors)
WARNING: gcc.dg/torture/stackalign/alloca-5.c -O3 -g compilation failed to produce executable
FAIL: gcc.dg/torture/stackalign/alloca-5.c -Os (test for excess errors)
WARNING: gcc.dg/torture/stackalign/alloca-5.c -Os compilation failed to produce executable
FAIL: gcc.dg/torture/stackalign/alloca-5.c -O2 -flto -flto-partition=none (test for excess errors)
WARNING: gcc.dg/torture/stackalign/alloca-5.c -O2 -flto -flto-partition=none compilation failed to produce executable
FAIL: gcc.dg/torture/stackalign/alloca-5.c -O2 -flto (test for excess errors)
WARNING: gcc.dg/torture/stackalign/alloca-5.c -O2 -flto compilation failed to produce executable
FAIL: gcc.dg/torture/stackalign/alloca-6.c -O0 (test for excess errors)
WARNING: gcc.dg/torture/stackalign/alloca-6.c -O0 compilation failed to produce executable
FAIL: gcc.dg/torture/stackalign/alloca-6.c -O1 (test for excess errors)
WARNING: gcc.dg/torture/stackalign/alloca-6.c -O1 compilation failed to produce executable
FAIL: gcc.dg/torture/stackalign/alloca-6.c -O2 (test for excess errors)
WARNING: gcc.dg/torture/stackalign/alloca-6.c -O2 compilation failed to produce executable
FAIL: gcc.dg/torture/stackalign/alloca-6.c -O3 -fomit-frame-pointer (test for excess errors)
WARNING: gcc.dg/torture/stackalign/alloca-6.c -O3 -fomit-frame-pointer compilation failed to produce executable
FAIL: gcc.dg/torture/stackalign/alloca-6.c -O3 -g (test for excess errors)
WARNING: gcc.dg/torture/stackalign/alloca-6.c -O3 -g compilation failed to produce executable
FAIL: gcc.dg/torture/stackalign/alloca-6.c -Os (test for excess errors)
WARNING: gcc.dg/torture/stackalign/alloca-6.c -Os compilation failed to produce executable
FAIL: gcc.dg/torture/stackalign/alloca-6.c -O2 -flto -flto-partition=none (test for excess errors)
WARNING: gcc.dg/torture/stackalign/alloca-6.c -O2 -flto -flto-partition=none compilation failed to produce executable
FAIL: gcc.dg/torture/stackalign/alloca-6.c -O2 -flto (test for excess errors)
WARNING: gcc.dg/torture/stackalign/alloca-6.c -O2 -flto compilation failed to produce executable
FAIL: gcc.dg/torture/stackalign/comp-goto-1.c -O0 execution test
FAIL: gcc.dg/torture/stackalign/fastcall-1.c -O0 (test for excess errors)
FAIL: gcc.dg/torture/stackalign/fastcall-1.c -O1 (test for excess errors)
FAIL: gcc.dg/torture/stackalign/fastcall-1.c -O2 (test for excess errors)
FAIL: gcc.dg/torture/stackalign/fastcall-1.c -O3 -fomit-frame-pointer (test for excess errors)
FAIL: gcc.dg/torture/stackalign/fastcall-1.c -O3 -g (test for excess errors)
FAIL: gcc.dg/torture/stackalign/fastcall-1.c -Os (test for excess errors)
FAIL: gcc.dg/torture/stackalign/fastcall-1.c -O2 -flto -flto-partition=none (test for excess errors)
FAIL: gcc.dg/torture/stackalign/fastcall-1.c -O2 -flto (test for excess errors)
FAIL: gcc.dg/torture/stackalign/nested-5.c -O0 execution test
FAIL: gcc.dg/torture/stackalign/non-local-goto-1.c -O0 execution test
FAIL: gcc.dg/torture/stackalign/non-local-goto-2.c -O0 execution test
FAIL: gcc.dg/torture/stackalign/non-local-goto-3.c -O0 execution test
FAIL: gcc.dg/torture/stackalign/non-local-goto-4.c -O0 execution test
FAIL: gcc.dg/torture/stackalign/push-1.c -O0 (test for excess errors)
WARNING: gcc.dg/torture/stackalign/push-1.c -O0 compilation failed to produce executable
FAIL: gcc.dg/torture/stackalign/push-1.c -O1 (test for excess errors)
WARNING: gcc.dg/torture/stackalign/push-1.c -O1 compilation failed to produce executable
FAIL: gcc.dg/torture/stackalign/push-1.c -O2 (test for excess errors)
WARNING: gcc.dg/torture/stackalign/push-1.c -O2 compilation failed to produce executable
FAIL: gcc.dg/torture/stackalign/push-1.c -O3 -fomit-frame-pointer (test for excess errors)
WARNING: gcc.dg/torture/stackalign/push-1.c -O3 -fomit-frame-pointer compilation failed to produce executable
FAIL: gcc.dg/torture/stackalign/push-1.c -O3 -g (test for excess errors)
WARNING: gcc.dg/torture/stackalign/push-1.c -O3 -g compilation failed to produce executable
FAIL: gcc.dg/torture/stackalign/push-1.c -Os (test for excess errors)
WARNING: gcc.dg/torture/stackalign/push-1.c -Os compilation failed to produce executable
FAIL: gcc.dg/torture/stackalign/push-1.c -O2 -flto -flto-partition=none (test for excess errors)
WARNING: gcc.dg/torture/stackalign/push-1.c -O2 -flto -flto-partition=none compilation failed to produce executable
FAIL: gcc.dg/torture/stackalign/push-1.c -O2 -flto (test for excess errors)
WARNING: gcc.dg/torture/stackalign/push-1.c -O2 -flto compilation failed to produce executable
FAIL: gcc.dg/torture/stackalign/regparm-1.c -O0 (test for excess errors)
FAIL: gcc.dg/torture/stackalign/regparm-1.c -O1 (test for excess errors)
FAIL: gcc.dg/torture/stackalign/regparm-1.c -O2 (test for excess errors)
FAIL: gcc.dg/torture/stackalign/regparm-1.c -O3 -fomit-frame-pointer (test for excess errors)
FAIL: gcc.dg/torture/stackalign/regparm-1.c -O3 -g (test for excess errors)
FAIL: gcc.dg/torture/stackalign/regparm-1.c -Os (test for excess errors)
FAIL: gcc.dg/torture/stackalign/regparm-1.c -O2 -flto -flto-partition=none (test for excess errors)
FAIL: gcc.dg/torture/stackalign/regparm-1.c -O2 -flto (test for excess errors)
FAIL: gcc.dg/torture/stackalign/thiscall-1.c -O0 (test for excess errors)
FAIL: gcc.dg/torture/stackalign/thiscall-1.c -O1 (test for excess errors)
FAIL: gcc.dg/torture/stackalign/thiscall-1.c -O2 (test for excess errors)
FAIL: gcc.dg/torture/stackalign/thiscall-1.c -O3 -fomit-frame-pointer (test for excess errors)
FAIL: gcc.dg/torture/stackalign/thiscall-1.c -O3 -g (test for excess errors)
FAIL: gcc.dg/torture/stackalign/thiscall-1.c -Os (test for excess errors)
FAIL: gcc.dg/torture/stackalign/thiscall-1.c -O2 -flto -flto-partition=none (test for excess errors)
FAIL: gcc.dg/torture/stackalign/thiscall-1.c -O2 -flto (test for excess errors)
FAIL: gcc.dg/torture/stackalign/alloca-4.c -O0 (test for excess errors)
WARNING: gcc.dg/torture/stackalign/alloca-4.c -O0 compilation failed to produce executable
FAIL: gcc.dg/torture/stackalign/alloca-4.c -O1 (test for excess errors)
WARNING: gcc.dg/torture/stackalign/alloca-4.c -O1 compilation failed to produce executable
FAIL: gcc.dg/torture/stackalign/alloca-4.c -O2 (test for excess errors)
WARNING: gcc.dg/torture/stackalign/alloca-4.c -O2 compilation failed to produce executable
FAIL: gcc.dg/torture/stackalign/alloca-4.c -O3 -fomit-frame-pointer (test for excess errors)
WARNING: gcc.dg/torture/stackalign/alloca-4.c -O3 -fomit-frame-pointer compilation failed to produce executable
FAIL: gcc.dg/torture/stackalign/alloca-4.c -O3 -g (test for excess errors)
WARNING: gcc.dg/torture/stackalign/alloca-4.c -O3 -g compilation failed to produce executable
FAIL: gcc.dg/torture/stackalign/alloca-4.c -Os (test for excess errors)
WARNING: gcc.dg/torture/stackalign/alloca-4.c -Os compilation failed to produce executable
FAIL: gcc.dg/torture/stackalign/alloca-4.c -O2 -flto -flto-partition=none (test for excess errors)
WARNING: gcc.dg/torture/stackalign/alloca-4.c -O2 -flto -flto-partition=none compilation failed to produce executable
FAIL: gcc.dg/torture/stackalign/alloca-4.c -O2 -flto (test for excess errors)
WARNING: gcc.dg/torture/stackalign/alloca-4.c -O2 -flto compilation failed to produce executable
FAIL: gcc.dg/torture/stackalign/alloca-5.c -O0 (test for excess errors)
WARNING: gcc.dg/torture/stackalign/alloca-5.c -O0 compilation failed to produce executable
FAIL: gcc.dg/torture/stackalign/alloca-5.c -O1 (test for excess errors)
WARNING: gcc.dg/torture/stackalign/alloca-5.c -O1 compilation failed to produce executable
FAIL: gcc.dg/torture/stackalign/alloca-5.c -O2 (test for excess errors)
WARNING: gcc.dg/torture/stackalign/alloca-5.c -O2 compilation failed to produce executable
FAIL: gcc.dg/torture/stackalign/alloca-5.c -O3 -fomit-frame-pointer (test for excess errors)
WARNING: gcc.dg/torture/stackalign/alloca-5.c -O3 -fomit-frame-pointer compilation failed to produce executable
FAIL: gcc.dg/torture/stackalign/alloca-5.c -O3 -g (test for excess errors)
WARNING: gcc.dg/torture/stackalign/alloca-5.c -O3 -g compilation failed to produce executable
FAIL: gcc.dg/torture/stackalign/alloca-5.c -Os (test for excess errors)
WARNING: gcc.dg/torture/stackalign/alloca-5.c -Os compilation failed to produce executable
FAIL: gcc.dg/torture/stackalign/alloca-5.c -O2 -flto -flto-partition=none (test for excess errors)
WARNING: gcc.dg/torture/stackalign/alloca-5.c -O2 -flto -flto-partition=none compilation failed to produce executable
FAIL: gcc.dg/torture/stackalign/alloca-5.c -O2 -flto (test for excess errors)
WARNING: gcc.dg/torture/stackalign/alloca-5.c -O2 -flto compilation failed to produce executable
FAIL: gcc.dg/torture/stackalign/alloca-6.c -O0 (test for excess errors)
WARNING: gcc.dg/torture/stackalign/alloca-6.c -O0 compilation failed to produce executable
FAIL: gcc.dg/torture/stackalign/alloca-6.c -O1 (test for excess errors)
WARNING: gcc.dg/torture/stackalign/alloca-6.c -O1 compilation failed to produce executable
FAIL: gcc.dg/torture/stackalign/alloca-6.c -O2 (test for excess errors)
WARNING: gcc.dg/torture/stackalign/alloca-6.c -O2 compilation failed to produce executable
FAIL: gcc.dg/torture/stackalign/alloca-6.c -O3 -fomit-frame-pointer (test for excess errors)
WARNING: gcc.dg/torture/stackalign/alloca-6.c -O3 -fomit-frame-pointer compilation failed to produce executable
FAIL: gcc.dg/torture/stackalign/alloca-6.c -O3 -g (test for excess errors)
WARNING: gcc.dg/torture/stackalign/alloca-6.c -O3 -g compilation failed to produce executable
FAIL: gcc.dg/torture/stackalign/alloca-6.c -Os (test for excess errors)
WARNING: gcc.dg/torture/stackalign/alloca-6.c -Os compilation failed to produce executable
FAIL: gcc.dg/torture/stackalign/alloca-6.c -O2 -flto -flto-partition=none (test for excess errors)
WARNING: gcc.dg/torture/stackalign/alloca-6.c -O2 -flto -flto-partition=none compilation failed to produce executable
FAIL: gcc.dg/torture/stackalign/alloca-6.c -O2 -flto (test for excess errors)
WARNING: gcc.dg/torture/stackalign/alloca-6.c -O2 -flto compilation failed to produce executable
FAIL: gcc.dg/torture/stackalign/comp-goto-1.c -O0 execution test
FAIL: gcc.dg/torture/stackalign/fastcall-1.c -O0 (test for excess errors)
FAIL: gcc.dg/torture/stackalign/fastcall-1.c -O1 (test for excess errors)
FAIL: gcc.dg/torture/stackalign/fastcall-1.c -O2 (test for excess errors)
FAIL: gcc.dg/torture/stackalign/fastcall-1.c -O3 -fomit-frame-pointer (test for excess errors)
FAIL: gcc.dg/torture/stackalign/fastcall-1.c -O3 -g (test for excess errors)
FAIL: gcc.dg/torture/stackalign/fastcall-1.c -Os (test for excess errors)
FAIL: gcc.dg/torture/stackalign/fastcall-1.c -O2 -flto -flto-partition=none (test for excess errors)
FAIL: gcc.dg/torture/stackalign/fastcall-1.c -O2 -flto (test for excess errors)
FAIL: gcc.dg/torture/stackalign/nested-5.c -O0 execution test
FAIL: gcc.dg/torture/stackalign/non-local-goto-2.c -O0 execution test
FAIL: gcc.dg/torture/stackalign/non-local-goto-3.c -O0 execution test
FAIL: gcc.dg/torture/stackalign/non-local-goto-4.c -O0 execution test
FAIL: gcc.dg/torture/stackalign/push-1.c -O0 (test for excess errors)
WARNING: gcc.dg/torture/stackalign/push-1.c -O0 compilation failed to produce executable
FAIL: gcc.dg/torture/stackalign/push-1.c -O1 (test for excess errors)
WARNING: gcc.dg/torture/stackalign/push-1.c -O1 compilation failed to produce executable
FAIL: gcc.dg/torture/stackalign/push-1.c -O2 (test for excess errors)
WARNING: gcc.dg/torture/stackalign/push-1.c -O2 compilation failed to produce executable
FAIL: gcc.dg/torture/stackalign/push-1.c -O3 -fomit-frame-pointer (test for excess errors)
WARNING: gcc.dg/torture/stackalign/push-1.c -O3 -fomit-frame-pointer compilation failed to produce executable
FAIL: gcc.dg/torture/stackalign/push-1.c -O3 -g (test for excess errors)
WARNING: gcc.dg/torture/stackalign/push-1.c -O3 -g compilation failed to produce executable
FAIL: gcc.dg/torture/stackalign/push-1.c -Os (test for excess errors)
WARNING: gcc.dg/torture/stackalign/push-1.c -Os compilation failed to produce executable
FAIL: gcc.dg/torture/stackalign/push-1.c -O2 -flto -flto-partition=none (test for excess errors)
WARNING: gcc.dg/torture/stackalign/push-1.c -O2 -flto -flto-partition=none compilation failed to produce executable
FAIL: gcc.dg/torture/stackalign/push-1.c -O2 -flto (test for excess errors)
WARNING: gcc.dg/torture/stackalign/push-1.c -O2 -flto compilation failed to produce executable
FAIL: gcc.dg/torture/stackalign/regparm-1.c -O0 (test for excess errors)
FAIL: gcc.dg/torture/stackalign/regparm-1.c -O1 (test for excess errors)
FAIL: gcc.dg/torture/stackalign/regparm-1.c -O2 (test for excess errors)
FAIL: gcc.dg/torture/stackalign/regparm-1.c -O3 -fomit-frame-pointer (test for excess errors)
FAIL: gcc.dg/torture/stackalign/regparm-1.c -O3 -g (test for excess errors)
FAIL: gcc.dg/torture/stackalign/regparm-1.c -Os (test for excess errors)
FAIL: gcc.dg/torture/stackalign/regparm-1.c -O2 -flto -flto-partition=none (test for excess errors)
FAIL: gcc.dg/torture/stackalign/regparm-1.c -O2 -flto (test for excess errors)
FAIL: gcc.dg/torture/stackalign/thiscall-1.c -O0 (test for excess errors)
FAIL: gcc.dg/torture/stackalign/thiscall-1.c -O1 (test for excess errors)
FAIL: gcc.dg/torture/stackalign/thiscall-1.c -O2 (test for excess errors)
FAIL: gcc.dg/torture/stackalign/thiscall-1.c -O3 -fomit-frame-pointer (test for excess errors)
FAIL: gcc.dg/torture/stackalign/thiscall-1.c -O3 -g (test for excess errors)
FAIL: gcc.dg/torture/stackalign/thiscall-1.c -Os (test for excess errors)
FAIL: gcc.dg/torture/stackalign/thiscall-1.c -O2 -flto -flto-partition=none (test for excess errors)
FAIL: gcc.dg/torture/stackalign/thiscall-1.c -O2 -flto (test for excess errors)
FAIL: gcc.dg/torture/stackalign/alloca-4.c -O0 (test for excess errors)
WARNING: gcc.dg/torture/stackalign/alloca-4.c -O0 compilation failed to produce executable
FAIL: gcc.dg/torture/stackalign/alloca-4.c -O1 (test for excess errors)
WARNING: gcc.dg/torture/stackalign/alloca-4.c -O1 compilation failed to produce executable
FAIL: gcc.dg/torture/stackalign/alloca-4.c -O2 (test for excess errors)
WARNING: gcc.dg/torture/stackalign/alloca-4.c -O2 compilation failed to produce executable
FAIL: gcc.dg/torture/stackalign/alloca-4.c -O3 -fomit-frame-pointer (test for excess errors)
WARNING: gcc.dg/torture/stackalign/alloca-4.c -O3 -fomit-frame-pointer compilation failed to produce executable
FAIL: gcc.dg/torture/stackalign/alloca-4.c -O3 -g (test for excess errors)
WARNING: gcc.dg/torture/stackalign/alloca-4.c -O3 -g compilation failed to produce executable
FAIL: gcc.dg/torture/stackalign/alloca-4.c -Os (test for excess errors)
WARNING: gcc.dg/torture/stackalign/alloca-4.c -Os compilation failed to produce executable
FAIL: gcc.dg/torture/stackalign/alloca-4.c -O2 -flto -flto-partition=none (test for excess errors)
WARNING: gcc.dg/torture/stackalign/alloca-4.c -O2 -flto -flto-partition=none compilation failed to produce executable
FAIL: gcc.dg/torture/stackalign/alloca-4.c -O2 -flto (test for excess errors)
WARNING: gcc.dg/torture/stackalign/alloca-4.c -O2 -flto compilation failed to produce executable
FAIL: gcc.dg/torture/stackalign/alloca-5.c -O0 (test for excess errors)
WARNING: gcc.dg/torture/stackalign/alloca-5.c -O0 compilation failed to produce executable
FAIL: gcc.dg/torture/stackalign/alloca-5.c -O1 (test for excess errors)
WARNING: gcc.dg/torture/stackalign/alloca-5.c -O1 compilation failed to produce executable
FAIL: gcc.dg/torture/stackalign/alloca-5.c -O2 (test for excess errors)
WARNING: gcc.dg/torture/stackalign/alloca-5.c -O2 compilation failed to produce executable
FAIL: gcc.dg/torture/stackalign/alloca-5.c -O3 -fomit-frame-pointer (test for excess errors)
WARNING: gcc.dg/torture/stackalign/alloca-5.c -O3 -fomit-frame-pointer compilation failed to produce executable
FAIL: gcc.dg/torture/stackalign/alloca-5.c -O3 -g (test for excess errors)
WARNING: gcc.dg/torture/stackalign/alloca-5.c -O3 -g compilation failed to produce executable
FAIL: gcc.dg/torture/stackalign/alloca-5.c -Os (test for excess errors)
WARNING: gcc.dg/torture/stackalign/alloca-5.c -Os compilation failed to produce executable
FAIL: gcc.dg/torture/stackalign/alloca-5.c -O2 -flto -flto-partition=none (test for excess errors)
WARNING: gcc.dg/torture/stackalign/alloca-5.c -O2 -flto -flto-partition=none compilation failed to produce executable
FAIL: gcc.dg/torture/stackalign/alloca-5.c -O2 -flto (test for excess errors)
WARNING: gcc.dg/torture/stackalign/alloca-5.c -O2 -flto compilation failed to produce executable
FAIL: gcc.dg/torture/stackalign/alloca-6.c -O0 (test for excess errors)
WARNING: gcc.dg/torture/stackalign/alloca-6.c -O0 compilation failed to produce executable
FAIL: gcc.dg/torture/stackalign/alloca-6.c -O1 (test for excess errors)
WARNING: gcc.dg/torture/stackalign/alloca-6.c -O1 compilation failed to produce executable
FAIL: gcc.dg/torture/stackalign/alloca-6.c -O2 (test for excess errors)
WARNING: gcc.dg/torture/stackalign/alloca-6.c -O2 compilation failed to produce executable
FAIL: gcc.dg/torture/stackalign/alloca-6.c -O3 -fomit-frame-pointer (test for excess errors)
WARNING: gcc.dg/torture/stackalign/alloca-6.c -O3 -fomit-frame-pointer compilation failed to produce executable
FAIL: gcc.dg/torture/stackalign/alloca-6.c -O3 -g (test for excess errors)
WARNING: gcc.dg/torture/stackalign/alloca-6.c -O3 -g compilation failed to produce executable
FAIL: gcc.dg/torture/stackalign/alloca-6.c -Os (test for excess errors)
WARNING: gcc.dg/torture/stackalign/alloca-6.c -Os compilation failed to produce executable
FAIL: gcc.dg/torture/stackalign/alloca-6.c -O2 -flto -flto-partition=none (test for excess errors)
WARNING: gcc.dg/torture/stackalign/alloca-6.c -O2 -flto -flto-partition=none compilation failed to produce executable
FAIL: gcc.dg/torture/stackalign/alloca-6.c -O2 -flto (test for excess errors)
WARNING: gcc.dg/torture/stackalign/alloca-6.c -O2 -flto compilation failed to produce executable
FAIL: gcc.dg/torture/stackalign/comp-goto-1.c -O0 execution test
FAIL: gcc.dg/torture/stackalign/fastcall-1.c -O0 (test for excess errors)
FAIL: gcc.dg/torture/stackalign/fastcall-1.c -O1 (test for excess errors)
FAIL: gcc.dg/torture/stackalign/fastcall-1.c -O2 (test for excess errors)
FAIL: gcc.dg/torture/stackalign/fastcall-1.c -O3 -fomit-frame-pointer (test for excess errors)
FAIL: gcc.dg/torture/stackalign/fastcall-1.c -O3 -g (test for excess errors)
FAIL: gcc.dg/torture/stackalign/fastcall-1.c -Os (test for excess errors)
FAIL: gcc.dg/torture/stackalign/fastcall-1.c -O2 -flto -flto-partition=none (test for excess errors)
FAIL: gcc.dg/torture/stackalign/fastcall-1.c -O2 -flto (test for excess errors)
FAIL: gcc.dg/torture/stackalign/nested-5.c -O0 execution test
FAIL: gcc.dg/torture/stackalign/non-local-goto-2.c -O0 execution test
FAIL: gcc.dg/torture/stackalign/non-local-goto-3.c -O0 execution test
FAIL: gcc.dg/torture/stackalign/non-local-goto-4.c -O0 execution test
FAIL: gcc.dg/torture/stackalign/push-1.c -O0 (test for excess errors)
WARNING: gcc.dg/torture/stackalign/push-1.c -O0 compilation failed to produce executable
FAIL: gcc.dg/torture/stackalign/push-1.c -O1 (test for excess errors)
WARNING: gcc.dg/torture/stackalign/push-1.c -O1 compilation failed to produce executable
FAIL: gcc.dg/torture/stackalign/push-1.c -O2 (test for excess errors)
WARNING: gcc.dg/torture/stackalign/push-1.c -O2 compilation failed to produce executable
FAIL: gcc.dg/torture/stackalign/push-1.c -O3 -fomit-frame-pointer (test for excess errors)
WARNING: gcc.dg/torture/stackalign/push-1.c -O3 -fomit-frame-pointer compilation failed to produce executable
FAIL: gcc.dg/torture/stackalign/push-1.c -O3 -g (test for excess errors)
WARNING: gcc.dg/torture/stackalign/push-1.c -O3 -g compilation failed to produce executable
FAIL: gcc.dg/torture/stackalign/push-1.c -Os (test for excess errors)
WARNING: gcc.dg/torture/stackalign/push-1.c -Os compilation failed to produce executable
FAIL: gcc.dg/torture/stackalign/push-1.c -O2 -flto -flto-partition=none (test for excess errors)
WARNING: gcc.dg/torture/stackalign/push-1.c -O2 -flto -flto-partition=none compilation failed to produce executable
FAIL: gcc.dg/torture/stackalign/push-1.c -O2 -flto (test for excess errors)
WARNING: gcc.dg/torture/stackalign/push-1.c -O2 -flto compilation failed to produce executable
FAIL: gcc.dg/torture/stackalign/regparm-1.c -O0 (test for excess errors)
FAIL: gcc.dg/torture/stackalign/regparm-1.c -O1 (test for excess errors)
FAIL: gcc.dg/torture/stackalign/regparm-1.c -O2 (test for excess errors)
FAIL: gcc.dg/torture/stackalign/regparm-1.c -O3 -fomit-frame-pointer (test for excess errors)
FAIL: gcc.dg/torture/stackalign/regparm-1.c -O3 -g (test for excess errors)
FAIL: gcc.dg/torture/stackalign/regparm-1.c -Os (test for excess errors)
FAIL: gcc.dg/torture/stackalign/regparm-1.c -O2 -flto -flto-partition=none (test for excess errors)
FAIL: gcc.dg/torture/stackalign/regparm-1.c -O2 -flto (test for excess errors)
FAIL: gcc.dg/torture/stackalign/thiscall-1.c -O0 (test for excess errors)
FAIL: gcc.dg/torture/stackalign/thiscall-1.c -O1 (test for excess errors)
FAIL: gcc.dg/torture/stackalign/thiscall-1.c -O2 (test for excess errors)
FAIL: gcc.dg/torture/stackalign/thiscall-1.c -O3 -fomit-frame-pointer (test for excess errors)
FAIL: gcc.dg/torture/stackalign/thiscall-1.c -O3 -g (test for excess errors)
FAIL: gcc.dg/torture/stackalign/thiscall-1.c -Os (test for excess errors)
FAIL: gcc.dg/torture/stackalign/thiscall-1.c -O2 -flto -flto-partition=none (test for excess errors)
FAIL: gcc.dg/torture/stackalign/thiscall-1.c -O2 -flto (test for excess errors)
FAIL: gcc.dg/torture/stackalign/alloca-4.c -O0 (test for excess errors)
WARNING: gcc.dg/torture/stackalign/alloca-4.c -O0 compilation failed to produce executable
FAIL: gcc.dg/torture/stackalign/alloca-4.c -O1 (test for excess errors)
WARNING: gcc.dg/torture/stackalign/alloca-4.c -O1 compilation failed to produce executable
FAIL: gcc.dg/torture/stackalign/alloca-4.c -O2 (test for excess errors)
WARNING: gcc.dg/torture/stackalign/alloca-4.c -O2 compilation failed to produce executable
FAIL: gcc.dg/torture/stackalign/alloca-4.c -O3 -fomit-frame-pointer (test for excess errors)
WARNING: gcc.dg/torture/stackalign/alloca-4.c -O3 -fomit-frame-pointer compilation failed to produce executable
FAIL: gcc.dg/torture/stackalign/alloca-4.c -O3 -g (test for excess errors)
WARNING: gcc.dg/torture/stackalign/alloca-4.c -O3 -g compilation failed to produce executable
FAIL: gcc.dg/torture/stackalign/alloca-4.c -Os (test for excess errors)
WARNING: gcc.dg/torture/stackalign/alloca-4.c -Os compilation failed to produce executable
FAIL: gcc.dg/torture/stackalign/alloca-4.c -O2 -flto -flto-partition=none (test for excess errors)
WARNING: gcc.dg/torture/stackalign/alloca-4.c -O2 -flto -flto-partition=none compilation failed to produce executable
FAIL: gcc.dg/torture/stackalign/alloca-4.c -O2 -flto (test for excess errors)
WARNING: gcc.dg/torture/stackalign/alloca-4.c -O2 -flto compilation failed to produce executable
FAIL: gcc.dg/torture/stackalign/alloca-5.c -O0 (test for excess errors)
WARNING: gcc.dg/torture/stackalign/alloca-5.c -O0 compilation failed to produce executable
FAIL: gcc.dg/torture/stackalign/alloca-5.c -O1 (test for excess errors)
WARNING: gcc.dg/torture/stackalign/alloca-5.c -O1 compilation failed to produce executable
FAIL: gcc.dg/torture/stackalign/alloca-5.c -O2 (test for excess errors)
WARNING: gcc.dg/torture/stackalign/alloca-5.c -O2 compilation failed to produce executable
FAIL: gcc.dg/torture/stackalign/alloca-5.c -O3 -fomit-frame-pointer (test for excess errors)
WARNING: gcc.dg/torture/stackalign/alloca-5.c -O3 -fomit-frame-pointer compilation failed to produce executable
FAIL: gcc.dg/torture/stackalign/alloca-5.c -O3 -g (test for excess errors)
WARNING: gcc.dg/torture/stackalign/alloca-5.c -O3 -g compilation failed to produce executable
FAIL: gcc.dg/torture/stackalign/alloca-5.c -Os (test for excess errors)
WARNING: gcc.dg/torture/stackalign/alloca-5.c -Os compilation failed to produce executable
FAIL: gcc.dg/torture/stackalign/alloca-5.c -O2 -flto -flto-partition=none (test for excess errors)
WARNING: gcc.dg/torture/stackalign/alloca-5.c -O2 -flto -flto-partition=none compilation failed to produce executable
FAIL: gcc.dg/torture/stackalign/alloca-5.c -O2 -flto (test for excess errors)
WARNING: gcc.dg/torture/stackalign/alloca-5.c -O2 -flto compilation failed to produce executable
FAIL: gcc.dg/torture/stackalign/alloca-6.c -O0 (test for excess errors)
WARNING: gcc.dg/torture/stackalign/alloca-6.c -O0 compilation failed to produce executable
FAIL: gcc.dg/torture/stackalign/alloca-6.c -O1 (test for excess errors)
WARNING: gcc.dg/torture/stackalign/alloca-6.c -O1 compilation failed to produce executable
FAIL: gcc.dg/torture/stackalign/alloca-6.c -O2 (test for excess errors)
WARNING: gcc.dg/torture/stackalign/alloca-6.c -O2 compilation failed to produce executable
FAIL: gcc.dg/torture/stackalign/alloca-6.c -O3 -fomit-frame-pointer (test for excess errors)
WARNING: gcc.dg/torture/stackalign/alloca-6.c -O3 -fomit-frame-pointer compilation failed to produce executable
FAIL: gcc.dg/torture/stackalign/alloca-6.c -O3 -g (test for excess errors)
WARNING: gcc.dg/torture/stackalign/alloca-6.c -O3 -g compilation failed to produce executable
FAIL: gcc.dg/torture/stackalign/alloca-6.c -Os (test for excess errors)
WARNING: gcc.dg/torture/stackalign/alloca-6.c -Os compilation failed to produce executable
FAIL: gcc.dg/torture/stackalign/alloca-6.c -O2 -flto -flto-partition=none (test for excess errors)
WARNING: gcc.dg/torture/stackalign/alloca-6.c -O2 -flto -flto-partition=none compilation failed to produce executable
FAIL: gcc.dg/torture/stackalign/alloca-6.c -O2 -flto (test for excess errors)
WARNING: gcc.dg/torture/stackalign/alloca-6.c -O2 -flto compilation failed to produce executable
FAIL: gcc.dg/torture/stackalign/comp-goto-1.c -O0 execution test
FAIL: gcc.dg/torture/stackalign/fastcall-1.c -O0 (test for excess errors)
FAIL: gcc.dg/torture/stackalign/fastcall-1.c -O1 (test for excess errors)
FAIL: gcc.dg/torture/stackalign/fastcall-1.c -O2 (test for excess errors)
FAIL: gcc.dg/torture/stackalign/fastcall-1.c -O3 -fomit-frame-pointer (test for excess errors)
FAIL: gcc.dg/torture/stackalign/fastcall-1.c -O3 -g (test for excess errors)
FAIL: gcc.dg/torture/stackalign/fastcall-1.c -Os (test for excess errors)
FAIL: gcc.dg/torture/stackalign/fastcall-1.c -O2 -flto -flto-partition=none (test for excess errors)
FAIL: gcc.dg/torture/stackalign/fastcall-1.c -O2 -flto (test for excess errors)
FAIL: gcc.dg/torture/stackalign/nested-5.c -O0 execution test
FAIL: gcc.dg/torture/stackalign/non-local-goto-1.c -O0 execution test
FAIL: gcc.dg/torture/stackalign/non-local-goto-2.c -O0 execution test
FAIL: gcc.dg/torture/stackalign/non-local-goto-3.c -O0 execution test
FAIL: gcc.dg/torture/stackalign/non-local-goto-4.c -O0 execution test
FAIL: gcc.dg/torture/stackalign/push-1.c -O0 (test for excess errors)
WARNING: gcc.dg/torture/stackalign/push-1.c -O0 compilation failed to produce executable
FAIL: gcc.dg/torture/stackalign/push-1.c -O1 (test for excess errors)
WARNING: gcc.dg/torture/stackalign/push-1.c -O1 compilation failed to produce executable
FAIL: gcc.dg/torture/stackalign/push-1.c -O2 (test for excess errors)
WARNING: gcc.dg/torture/stackalign/push-1.c -O2 compilation failed to produce executable
FAIL: gcc.dg/torture/stackalign/push-1.c -O3 -fomit-frame-pointer (test for excess errors)
WARNING: gcc.dg/torture/stackalign/push-1.c -O3 -fomit-frame-pointer compilation failed to produce executable
FAIL: gcc.dg/torture/stackalign/push-1.c -O3 -g (test for excess errors)
WARNING: gcc.dg/torture/stackalign/push-1.c -O3 -g compilation failed to produce executable
FAIL: gcc.dg/torture/stackalign/push-1.c -Os (test for excess errors)
WARNING: gcc.dg/torture/stackalign/push-1.c -Os compilation failed to produce executable
FAIL: gcc.dg/torture/stackalign/push-1.c -O2 -flto -flto-partition=none (test for excess errors)
WARNING: gcc.dg/torture/stackalign/push-1.c -O2 -flto -flto-partition=none compilation failed to produce executable
FAIL: gcc.dg/torture/stackalign/push-1.c -O2 -flto (test for excess errors)
WARNING: gcc.dg/torture/stackalign/push-1.c -O2 -flto compilation failed to produce executable
FAIL: gcc.dg/torture/stackalign/regparm-1.c -O0 (test for excess errors)
FAIL: gcc.dg/torture/stackalign/regparm-1.c -O1 (test for excess errors)
FAIL: gcc.dg/torture/stackalign/regparm-1.c -O2 (test for excess errors)
FAIL: gcc.dg/torture/stackalign/regparm-1.c -O3 -fomit-frame-pointer (test for excess errors)
FAIL: gcc.dg/torture/stackalign/regparm-1.c -O3 -g (test for excess errors)
FAIL: gcc.dg/torture/stackalign/regparm-1.c -Os (test for excess errors)
FAIL: gcc.dg/torture/stackalign/regparm-1.c -O2 -flto -flto-partition=none (test for excess errors)
FAIL: gcc.dg/torture/stackalign/regparm-1.c -O2 -flto (test for excess errors)
FAIL: gcc.dg/torture/stackalign/thiscall-1.c -O0 (test for excess errors)
FAIL: gcc.dg/torture/stackalign/thiscall-1.c -O1 (test for excess errors)
FAIL: gcc.dg/torture/stackalign/thiscall-1.c -O2 (test for excess errors)
FAIL: gcc.dg/torture/stackalign/thiscall-1.c -O3 -fomit-frame-pointer (test for excess errors)
FAIL: gcc.dg/torture/stackalign/thiscall-1.c -O3 -g (test for excess errors)
FAIL: gcc.dg/torture/stackalign/thiscall-1.c -Os (test for excess errors)
FAIL: gcc.dg/torture/stackalign/thiscall-1.c -O2 -flto -flto-partition=none (test for excess errors)
FAIL: gcc.dg/torture/stackalign/thiscall-1.c -O2 -flto (test for excess errors)
FAIL: gcc.dg/tree-ssa/gen-vect-11.c (test for excess errors)
WARNING: gcc.dg/tree-ssa/gen-vect-11.c compilation failed to produce executable
FAIL: gcc.dg/tree-ssa/gen-vect-11.c scan-tree-dump-times vect "vectorized 1 loops" 1: dump file does not exist
FAIL: gcc.dg/tree-ssa/gen-vect-11a.c (test for excess errors)
WARNING: gcc.dg/tree-ssa/gen-vect-11a.c compilation failed to produce executable
FAIL: gcc.dg/tree-ssa/gen-vect-11a.c scan-tree-dump-times vect "vectorized 1 loops" 1: dump file does not exist
FAIL: gcc.dg/tree-ssa/gen-vect-11b.c (test for excess errors)
WARNING: gcc.dg/tree-ssa/gen-vect-11b.c compilation failed to produce executable
FAIL: gcc.dg/tree-ssa/gen-vect-11b.c scan-tree-dump-times vect "vectorized 0 loops" 1: dump file does not exist
FAIL: gcc.dg/tree-ssa/gen-vect-11c.c (test for excess errors)
WARNING: gcc.dg/tree-ssa/gen-vect-11c.c compilation failed to produce executable
FAIL: gcc.dg/tree-ssa/gen-vect-11c.c scan-tree-dump-times vect "vectorized 0 loops" 1: dump file does not exist
FAIL: gcc.dg/tree-ssa/gen-vect-2.c (test for excess errors)
WARNING: gcc.dg/tree-ssa/gen-vect-2.c compilation failed to produce executable
FAIL: gcc.dg/tree-ssa/gen-vect-2.c scan-tree-dump-times vect "vectorized 1 loops" 1: dump file does not exist
FAIL: gcc.dg/tree-ssa/gen-vect-2.c scan-tree-dump-times vect "Vectorizing an unaligned access" 0: dump file does not exist
FAIL: gcc.dg/tree-ssa/gen-vect-25.c (test for excess errors)
WARNING: gcc.dg/tree-ssa/gen-vect-25.c compilation failed to produce executable
FAIL: gcc.dg/tree-ssa/gen-vect-25.c scan-tree-dump-times vect "vectorized 2 loops" 1: dump file does not exist
FAIL: gcc.dg/tree-ssa/gen-vect-25.c scan-tree-dump-times vect "Vectorizing an unaligned access" 0: dump file does not exist
FAIL: gcc.dg/tree-ssa/gen-vect-26.c (test for excess errors)
WARNING: gcc.dg/tree-ssa/gen-vect-26.c compilation failed to produce executable
FAIL: gcc.dg/tree-ssa/gen-vect-26.c scan-tree-dump-times vect "vectorized 1 loops" 1: dump file does not exist
FAIL: gcc.dg/tree-ssa/gen-vect-26.c scan-tree-dump-times vect "Vectorizing an unaligned access" 0: dump file does not exist
FAIL: gcc.dg/tree-ssa/gen-vect-26.c scan-tree-dump-times vect "Alignment of access forced using peeling" 1: dump file does not exist
FAIL: gcc.dg/tree-ssa/gen-vect-28.c (test for excess errors)
WARNING: gcc.dg/tree-ssa/gen-vect-28.c compilation failed to produce executable
FAIL: gcc.dg/tree-ssa/gen-vect-28.c scan-tree-dump-times vect "vectorized 1 loops" 1: dump file does not exist
FAIL: gcc.dg/tree-ssa/gen-vect-28.c scan-tree-dump-times vect "Vectorizing an unaligned access" 0: dump file does not exist
FAIL: gcc.dg/tree-ssa/gen-vect-28.c scan-tree-dump-times vect "Alignment of access forced using peeling" 1: dump file does not exist
FAIL: gcc.dg/tree-ssa/gen-vect-32.c (test for excess errors)
WARNING: gcc.dg/tree-ssa/gen-vect-32.c compilation failed to produce executable
FAIL: gcc.dg/tree-ssa/gen-vect-32.c scan-tree-dump-times vect "vectorized 1 loops" 1: dump file does not exist
FAIL: gcc.dg/tree-ssa/gen-vect-32.c scan-tree-dump-times vect "Vectorizing an unaligned access" 0: dump file does not exist
FAIL: gcc.dg/tree-ssa/loop-28.c (test for excess errors)
FAIL: gcc.dg/tree-ssa/loop-28.c scan-tree-dump-times optimized "MEM" 65: dump file does not exist
FAIL: gcc.dg/tree-ssa/loop-28.c scan-tree-dump-times aprefetch "i_.*= i_[0-9]*;" 0: dump file does not exist
FAIL: gcc.dg/tree-ssa/prefetch-3.c (test for excess errors)
FAIL: gcc.dg/tree-ssa/prefetch-3.c scan-tree-dump-times aprefetch "unroll factor 4" 1: dump file does not exist
FAIL: gcc.dg/tree-ssa/prefetch-4.c (test for excess errors)
FAIL: gcc.dg/tree-ssa/prefetch-4.c scan-tree-dump-times optimized "prefetch" 0: dump file does not exist
FAIL: gcc.dg/tree-ssa/prefetch-5.c (test for excess errors)
FAIL: gcc.dg/tree-ssa/prefetch-5.c scan-tree-dump-times aprefetch "Issued prefetch" 2: dump file does not exist
FAIL: gcc.dg/tree-ssa/prefetch-5.c scan-tree-dump-times aprefetch "Not prefetching" 1: dump file does not exist
FAIL: gcc.dg/tree-ssa/prefetch-6.c (test for excess errors)
FAIL: gcc.dg/tree-ssa/prefetch-6.c scan-tree-dump-times aprefetch "Issued prefetch" 5: dump file does not exist
FAIL: gcc.dg/tree-ssa/prefetch-6.c scan-tree-dump-times aprefetch "Issued nontemporal prefetch" 3: dump file does not exist
ERROR: gcc.dg/tree-ssa/prefetch-6.c: error executing dg-final: couldn't open "prefetch-6.s": no such file or directory
UNRESOLVED: gcc.dg/tree-ssa/prefetch-6.c: error executing dg-final: couldn't open "prefetch-6.s": no such file or directory
FAIL: gcc.dg/tree-ssa/prefetch-7.c (test for excess errors)
FAIL: gcc.dg/tree-ssa/prefetch-7.c scan-tree-dump-times aprefetch "Issued prefetch" 5: dump file does not exist
FAIL: gcc.dg/tree-ssa/prefetch-7.c scan-tree-dump-times aprefetch "Issued nontemporal prefetch" 2: dump file does not exist
FAIL: gcc.dg/tree-ssa/prefetch-7.c scan-tree-dump-times aprefetch "a nontemporal store" 0: dump file does not exist
FAIL: gcc.dg/tree-ssa/prefetch-7.c scan-tree-dump-times optimized "builtin_prefetch" 7: dump file does not exist
ERROR: gcc.dg/tree-ssa/prefetch-7.c: error executing dg-final: couldn't open "prefetch-7.s": no such file or directory
UNRESOLVED: gcc.dg/tree-ssa/prefetch-7.c: error executing dg-final: couldn't open "prefetch-7.s": no such file or directory
FAIL: gcc.dg/tree-ssa/prefetch-8.c (test for excess errors)
FAIL: gcc.dg/tree-ssa/prefetch-8.c scan-tree-dump-times aprefetch "a nontemporal store" 1: dump file does not exist
FAIL: gcc.dg/tree-ssa/prefetch-8.c scan-tree-dump optimized "={nt}": dump file does not exist
FAIL: gcc.dg/tree-ssa/prefetch-8.c scan-tree-dump-times optimized "__builtin_ia32_mfence" 1: dump file does not exist
ERROR: gcc.dg/tree-ssa/prefetch-8.c: error executing dg-final: couldn't open "prefetch-8.s": no such file or directory
UNRESOLVED: gcc.dg/tree-ssa/prefetch-8.c: error executing dg-final: couldn't open "prefetch-8.s": no such file or directory
FAIL: gcc.dg/tree-ssa/prefetch-9.c (test for excess errors)
FAIL: gcc.dg/tree-ssa/prefetch-9.c scan-tree-dump-times aprefetch "Issued nontemporal prefetch" 1: dump file does not exist
FAIL: gcc.dg/tree-ssa/prefetch-9.c scan-tree-dump-times aprefetch "a nontemporal store" 1: dump file does not exist
FAIL: gcc.dg/tree-ssa/prefetch-9.c scan-tree-dump-times optimized "builtin_prefetch" 1: dump file does not exist
FAIL: gcc.dg/tree-ssa/prefetch-9.c scan-tree-dump optimized "={nt}": dump file does not exist
FAIL: gcc.dg/tree-ssa/prefetch-9.c scan-tree-dump-times optimized "__builtin_ia32_mfence" 1: dump file does not exist
ERROR: gcc.dg/tree-ssa/prefetch-9.c: error executing dg-final: couldn't open "prefetch-9.s": no such file or directory
UNRESOLVED: gcc.dg/tree-ssa/prefetch-9.c: error executing dg-final: couldn't open "prefetch-9.s": no such file or directory
FAIL: gcc.dg/tree-ssa/stdarg-2.c scan-tree-dump stdarg "f3: va_list escapes 0, needs to save [1-9][0-9]* GPR units"
FAIL: gcc.dg/tree-ssa/stdarg-2.c scan-tree-dump stdarg "f12: va_list escapes 0, needs to save [1-9][0-9]* GPR units"
FAIL: gcc.dg/tree-ssa/stdarg-2.c scan-tree-dump stdarg "f13: va_list escapes 0, needs to save [1-9][0-9]* GPR units"
FAIL: gcc.dg/tree-ssa/stdarg-4.c scan-tree-dump stdarg "f2: va_list escapes [01], needs to save all GPR units"
FAIL: gcc.dg/tree-ssa/stdarg-4.c scan-tree-dump stdarg "f4: va_list escapes 0, needs to save [148] GPR units"
FAIL: gcc.dg/tree-ssa/update-unroll-1.c (test for excess errors)
FAIL: gcc.dg/tree-ssa/update-unroll-1.c scan-tree-dump-not aprefetch "Invalid sum": dump file does not exist
FAIL: gcc.dg/tree-ssa/update-unroll-1.c scan-tree-dump-not aprefetch "SUCC: 7 .100.0%": dump file does not exist
FAIL: gcc.misc-tests/i386-pf-none-1.c -march=i386 -mtune=i386 (test for excess errors)
ERROR: gcc.misc-tests/i386-pf-none-1.c: error executing dg-final: couldn't open "i386-pf-none-1.s": no such file or directory
UNRESOLVED: gcc.misc-tests/i386-pf-none-1.c: error executing dg-final: couldn't open "i386-pf-none-1.s": no such file or directory
FAIL: gcc.misc-tests/i386-pf-none-1.c -march=i386 -mtune=i486 (test for excess errors)
ERROR: gcc.misc-tests/i386-pf-none-1.c: error executing dg-final: couldn't open "i386-pf-none-1.s": no such file or directory
UNRESOLVED: gcc.misc-tests/i386-pf-none-1.c: error executing dg-final: couldn't open "i386-pf-none-1.s": no such file or directory
FAIL: gcc.misc-tests/i386-pf-none-1.c -march=i386 -mtune=i586 (test for excess errors)
ERROR: gcc.misc-tests/i386-pf-none-1.c: error executing dg-final: couldn't open "i386-pf-none-1.s": no such file or directory
UNRESOLVED: gcc.misc-tests/i386-pf-none-1.c: error executing dg-final: couldn't open "i386-pf-none-1.s": no such file or directory
FAIL: gcc.misc-tests/i386-pf-none-1.c -march=i386 -mtune=i686 (test for excess errors)
ERROR: gcc.misc-tests/i386-pf-none-1.c: error executing dg-final: couldn't open "i386-pf-none-1.s": no such file or directory
UNRESOLVED: gcc.misc-tests/i386-pf-none-1.c: error executing dg-final: couldn't open "i386-pf-none-1.s": no such file or directory
FAIL: gcc.misc-tests/i386-pf-none-1.c -march=i386 -mtune=pentium2 (test for excess errors)
ERROR: gcc.misc-tests/i386-pf-none-1.c: error executing dg-final: couldn't open "i386-pf-none-1.s": no such file or directory
UNRESOLVED: gcc.misc-tests/i386-pf-none-1.c: error executing dg-final: couldn't open "i386-pf-none-1.s": no such file or directory
FAIL: gcc.misc-tests/i386-pf-none-1.c -march=i386 -mtune=k6 (test for excess errors)
ERROR: gcc.misc-tests/i386-pf-none-1.c: error executing dg-final: couldn't open "i386-pf-none-1.s": no such file or directory
UNRESOLVED: gcc.misc-tests/i386-pf-none-1.c: error executing dg-final: couldn't open "i386-pf-none-1.s": no such file or directory
FAIL: gcc.misc-tests/i386-pf-none-1.c -march=i386 -mtune=k6-2 (test for excess errors)
ERROR: gcc.misc-tests/i386-pf-none-1.c: error executing dg-final: couldn't open "i386-pf-none-1.s": no such file or directory
UNRESOLVED: gcc.misc-tests/i386-pf-none-1.c: error executing dg-final: couldn't open "i386-pf-none-1.s": no such file or directory
FAIL: gcc.misc-tests/i386-pf-none-1.c -march=i386 -mtune=k6-3 (test for excess errors)
ERROR: gcc.misc-tests/i386-pf-none-1.c: error executing dg-final: couldn't open "i386-pf-none-1.s": no such file or directory
UNRESOLVED: gcc.misc-tests/i386-pf-none-1.c: error executing dg-final: couldn't open "i386-pf-none-1.s": no such file or directory
FAIL: gcc.misc-tests/i386-pf-none-1.c -march=i386 (test for excess errors)
ERROR: gcc.misc-tests/i386-pf-none-1.c: error executing dg-final: couldn't open "i386-pf-none-1.s": no such file or directory
UNRESOLVED: gcc.misc-tests/i386-pf-none-1.c: error executing dg-final: couldn't open "i386-pf-none-1.s": no such file or directory
FAIL: gcc.misc-tests/i386-pf-none-1.c -march=i486 (test for excess errors)
ERROR: gcc.misc-tests/i386-pf-none-1.c: error executing dg-final: couldn't open "i386-pf-none-1.s": no such file or directory
UNRESOLVED: gcc.misc-tests/i386-pf-none-1.c: error executing dg-final: couldn't open "i386-pf-none-1.s": no such file or directory
FAIL: gcc.misc-tests/i386-pf-none-1.c -march=i586 (test for excess errors)
ERROR: gcc.misc-tests/i386-pf-none-1.c: error executing dg-final: couldn't open "i386-pf-none-1.s": no such file or directory
UNRESOLVED: gcc.misc-tests/i386-pf-none-1.c: error executing dg-final: couldn't open "i386-pf-none-1.s": no such file or directory
FAIL: gcc.misc-tests/i386-pf-none-1.c -march=i686 (test for excess errors)
ERROR: gcc.misc-tests/i386-pf-none-1.c: error executing dg-final: couldn't open "i386-pf-none-1.s": no such file or directory
UNRESOLVED: gcc.misc-tests/i386-pf-none-1.c: error executing dg-final: couldn't open "i386-pf-none-1.s": no such file or directory
FAIL: gcc.misc-tests/i386-pf-none-1.c -march=pentium2 (test for excess errors)
ERROR: gcc.misc-tests/i386-pf-none-1.c: error executing dg-final: couldn't open "i386-pf-none-1.s": no such file or directory
UNRESOLVED: gcc.misc-tests/i386-pf-none-1.c: error executing dg-final: couldn't open "i386-pf-none-1.s": no such file or directory
FAIL: gcc.misc-tests/i386-pf-none-1.c -march=k6 (test for excess errors)
ERROR: gcc.misc-tests/i386-pf-none-1.c: error executing dg-final: couldn't open "i386-pf-none-1.s": no such file or directory
UNRESOLVED: gcc.misc-tests/i386-pf-none-1.c: error executing dg-final: couldn't open "i386-pf-none-1.s": no such file or directory
FAIL: gcc.misc-tests/i386-pf-sse-1.c -march=i686 -mtune=pentium3 (test for excess errors)
ERROR: gcc.misc-tests/i386-pf-sse-1.c: error executing dg-final: couldn't open "i386-pf-sse-1.s": no such file or directory
UNRESOLVED: gcc.misc-tests/i386-pf-sse-1.c: error executing dg-final: couldn't open "i386-pf-sse-1.s": no such file or directory
FAIL: gcc.misc-tests/i386-pf-sse-1.c -march=i686 -mtune=pentium3m (test for excess errors)
ERROR: gcc.misc-tests/i386-pf-sse-1.c: error executing dg-final: couldn't open "i386-pf-sse-1.s": no such file or directory
UNRESOLVED: gcc.misc-tests/i386-pf-sse-1.c: error executing dg-final: couldn't open "i386-pf-sse-1.s": no such file or directory
FAIL: gcc.misc-tests/i386-pf-sse-1.c -march=i686 -mtune=pentium-m (test for excess errors)
ERROR: gcc.misc-tests/i386-pf-sse-1.c: error executing dg-final: couldn't open "i386-pf-sse-1.s": no such file or directory
UNRESOLVED: gcc.misc-tests/i386-pf-sse-1.c: error executing dg-final: couldn't open "i386-pf-sse-1.s": no such file or directory
FAIL: gcc.misc-tests/i386-pf-sse-1.c -march=i686 -mtune=pentium4 (test for excess errors)
ERROR: gcc.misc-tests/i386-pf-sse-1.c: error executing dg-final: couldn't open "i386-pf-sse-1.s": no such file or directory
UNRESOLVED: gcc.misc-tests/i386-pf-sse-1.c: error executing dg-final: couldn't open "i386-pf-sse-1.s": no such file or directory
FAIL: gcc.misc-tests/i386-pf-sse-1.c -march=i686 -mtune=pentium4m (test for excess errors)
ERROR: gcc.misc-tests/i386-pf-sse-1.c: error executing dg-final: couldn't open "i386-pf-sse-1.s": no such file or directory
UNRESOLVED: gcc.misc-tests/i386-pf-sse-1.c: error executing dg-final: couldn't open "i386-pf-sse-1.s": no such file or directory
FAIL: gcc.misc-tests/i386-pf-sse-1.c -march=i686 -mtune=prescott (test for excess errors)
ERROR: gcc.misc-tests/i386-pf-sse-1.c: error executing dg-final: couldn't open "i386-pf-sse-1.s": no such file or directory
UNRESOLVED: gcc.misc-tests/i386-pf-sse-1.c: error executing dg-final: couldn't open "i386-pf-sse-1.s": no such file or directory
FAIL: gcc.misc-tests/i386-pf-sse-1.c -march=i686 -mtune=athlon (test for excess errors)
ERROR: gcc.misc-tests/i386-pf-sse-1.c: error executing dg-final: couldn't open "i386-pf-sse-1.s": no such file or directory
UNRESOLVED: gcc.misc-tests/i386-pf-sse-1.c: error executing dg-final: couldn't open "i386-pf-sse-1.s": no such file or directory
FAIL: gcc.misc-tests/i386-pf-sse-1.c -march=i686 -mtune=athlon-4 (test for excess errors)
ERROR: gcc.misc-tests/i386-pf-sse-1.c: error executing dg-final: couldn't open "i386-pf-sse-1.s": no such file or directory
UNRESOLVED: gcc.misc-tests/i386-pf-sse-1.c: error executing dg-final: couldn't open "i386-pf-sse-1.s": no such file or directory
FAIL: gcc.misc-tests/i386-pf-sse-1.c -march=i686 -mtune=c3-2 (test for excess errors)
ERROR: gcc.misc-tests/i386-pf-sse-1.c: error executing dg-final: couldn't open "i386-pf-sse-1.s": no such file or directory
UNRESOLVED: gcc.misc-tests/i386-pf-sse-1.c: error executing dg-final: couldn't open "i386-pf-sse-1.s": no such file or directory
FAIL: gcc.misc-tests/i386-pf-sse-1.c -march=pentium3 (test for excess errors)
ERROR: gcc.misc-tests/i386-pf-sse-1.c: error executing dg-final: couldn't open "i386-pf-sse-1.s": no such file or directory
UNRESOLVED: gcc.misc-tests/i386-pf-sse-1.c: error executing dg-final: couldn't open "i386-pf-sse-1.s": no such file or directory
FAIL: gcc.misc-tests/i386-pf-sse-1.c -march=pentium3m (test for excess errors)
ERROR: gcc.misc-tests/i386-pf-sse-1.c: error executing dg-final: couldn't open "i386-pf-sse-1.s": no such file or directory
UNRESOLVED: gcc.misc-tests/i386-pf-sse-1.c: error executing dg-final: couldn't open "i386-pf-sse-1.s": no such file or directory
FAIL: gcc.misc-tests/i386-pf-sse-1.c -march=pentium-m (test for excess errors)
ERROR: gcc.misc-tests/i386-pf-sse-1.c: error executing dg-final: couldn't open "i386-pf-sse-1.s": no such file or directory
UNRESOLVED: gcc.misc-tests/i386-pf-sse-1.c: error executing dg-final: couldn't open "i386-pf-sse-1.s": no such file or directory
FAIL: gcc.misc-tests/i386-pf-sse-1.c -march=pentium4 (test for excess errors)
ERROR: gcc.misc-tests/i386-pf-sse-1.c: error executing dg-final: couldn't open "i386-pf-sse-1.s": no such file or directory
UNRESOLVED: gcc.misc-tests/i386-pf-sse-1.c: error executing dg-final: couldn't open "i386-pf-sse-1.s": no such file or directory
FAIL: gcc.misc-tests/i386-pf-sse-1.c -march=pentium4m (test for excess errors)
ERROR: gcc.misc-tests/i386-pf-sse-1.c: error executing dg-final: couldn't open "i386-pf-sse-1.s": no such file or directory
UNRESOLVED: gcc.misc-tests/i386-pf-sse-1.c: error executing dg-final: couldn't open "i386-pf-sse-1.s": no such file or directory
FAIL: gcc.misc-tests/i386-pf-sse-1.c -march=prescott (test for excess errors)
ERROR: gcc.misc-tests/i386-pf-sse-1.c: error executing dg-final: couldn't open "i386-pf-sse-1.s": no such file or directory
UNRESOLVED: gcc.misc-tests/i386-pf-sse-1.c: error executing dg-final: couldn't open "i386-pf-sse-1.s": no such file or directory
FAIL: gcc.misc-tests/i386-pf-sse-1.c -march=c3-2 (test for excess errors)
ERROR: gcc.misc-tests/i386-pf-sse-1.c: error executing dg-final: couldn't open "i386-pf-sse-1.s": no such file or directory
UNRESOLVED: gcc.misc-tests/i386-pf-sse-1.c: error executing dg-final: couldn't open "i386-pf-sse-1.s": no such file or directory
FAIL: gcc.misc-tests/i386-pf-3dnow-1.c -march=c3 (test for excess errors)
ERROR: gcc.misc-tests/i386-pf-3dnow-1.c: error executing dg-final: couldn't open "i386-pf-3dnow-1.s": no such file or directory
UNRESOLVED: gcc.misc-tests/i386-pf-3dnow-1.c: error executing dg-final: couldn't open "i386-pf-3dnow-1.s": no such file or directory
FAIL: gcc.misc-tests/i386-pf-3dnow-1.c -march=k6-2 (test for excess errors)
ERROR: gcc.misc-tests/i386-pf-3dnow-1.c: error executing dg-final: couldn't open "i386-pf-3dnow-1.s": no such file or directory
UNRESOLVED: gcc.misc-tests/i386-pf-3dnow-1.c: error executing dg-final: couldn't open "i386-pf-3dnow-1.s": no such file or directory
FAIL: gcc.misc-tests/i386-pf-3dnow-1.c -march=k6-3 (test for excess errors)
ERROR: gcc.misc-tests/i386-pf-3dnow-1.c: error executing dg-final: couldn't open "i386-pf-3dnow-1.s": no such file or directory
UNRESOLVED: gcc.misc-tests/i386-pf-3dnow-1.c: error executing dg-final: couldn't open "i386-pf-3dnow-1.s": no such file or directory
FAIL: gcc.misc-tests/i386-pf-athlon-1.c -march=athlon (test for excess errors)
ERROR: gcc.misc-tests/i386-pf-athlon-1.c: error executing dg-final: couldn't open "i386-pf-athlon-1.s": no such file or directory
UNRESOLVED: gcc.misc-tests/i386-pf-athlon-1.c: error executing dg-final: couldn't open "i386-pf-athlon-1.s": no such file or directory
FAIL: gcc.misc-tests/i386-pf-athlon-1.c -march=athlon-4 (test for excess errors)
ERROR: gcc.misc-tests/i386-pf-athlon-1.c: error executing dg-final: couldn't open "i386-pf-athlon-1.s": no such file or directory
UNRESOLVED: gcc.misc-tests/i386-pf-athlon-1.c: error executing dg-final: couldn't open "i386-pf-athlon-1.s": no such file or directory
XPASS: gcc.target/i386/builtin-apply-mmx.c execution test
FAIL: gcc.target/i386/pr32661-1.c scan-assembler-times mov 2
FAIL: gcc.target/i386/pr39543-3.c (test for excess errors)
FAIL: gcc.target/i386/pr43766.c scan-assembler-not lea[lq]?[ \\t]
=== gcc Summary ===
# of expected passes 77862
# of unexpected failures 532
# of unexpected successes 27
# of expected failures 237
# of unresolved testcases 41
# of unsupported tests 769
/export/build/gnu/gcc-x32/build-x86_64-linux/gcc/xgcc version 4.6.0 20110312 (experimental) (GCC)
=== gfortran tests ===
Running target unix/-mx32
FAIL: gfortran.dg/bounds_check_10.f90 -Os (internal compiler error)
FAIL: gfortran.dg/bounds_check_10.f90 -Os (test for excess errors)
WARNING: gfortran.dg/bounds_check_10.f90 -Os compilation failed to produce executable
FAIL: gfortran.dg/compiler-directive_2.f -O (test for errors, line 9)
FAIL: gfortran.dg/compiler-directive_2.f -O (test for excess errors)
FAIL: gfortran.dg/proc_ptr_comp_16.f90 -O1 (internal compiler error)
FAIL: gfortran.dg/proc_ptr_comp_16.f90 -O1 (test for excess errors)
WARNING: gfortran.dg/proc_ptr_comp_16.f90 -O1 compilation failed to produce executable
FAIL: gfortran.dg/g77/20010216-1.f -O0 (test for excess errors)
WARNING: gfortran.dg/g77/20010216-1.f -O0 compilation failed to produce executable
FAIL: gfortran.dg/g77/20010216-1.f -O1 (test for excess errors)
WARNING: gfortran.dg/g77/20010216-1.f -O1 compilation failed to produce executable
FAIL: gfortran.dg/g77/20010216-1.f -O2 (test for excess errors)
WARNING: gfortran.dg/g77/20010216-1.f -O2 compilation failed to produce executable
FAIL: gfortran.dg/g77/20010216-1.f -O3 -fomit-frame-pointer (test for excess errors)
WARNING: gfortran.dg/g77/20010216-1.f -O3 -fomit-frame-pointer compilation failed to produce executable
FAIL: gfortran.dg/g77/20010216-1.f -O3 -fomit-frame-pointer -funroll-loops (test for excess errors)
WARNING: gfortran.dg/g77/20010216-1.f -O3 -fomit-frame-pointer -funroll-loops compilation failed to produce executable
FAIL: gfortran.dg/g77/20010216-1.f -O3 -fomit-frame-pointer -funroll-all-loops -finline-functions (test for excess errors)
WARNING: gfortran.dg/g77/20010216-1.f -O3 -fomit-frame-pointer -funroll-all-loops -finline-functions compilation failed to produce executable
FAIL: gfortran.dg/g77/20010216-1.f -O3 -g (test for excess errors)
WARNING: gfortran.dg/g77/20010216-1.f -O3 -g compilation failed to produce executable
FAIL: gfortran.dg/g77/20010216-1.f -Os (test for excess errors)
WARNING: gfortran.dg/g77/20010216-1.f -Os compilation failed to produce executable
FAIL: gfortran.dg/gomp/pr39152.f90 -O (test for excess errors)
=== gfortran Summary ===
# of expected passes 38638
# of unexpected failures 15
# of expected failures 53
# of unsupported tests 55
/export/build/gnu/gcc-x32/build-x86_64-linux/gcc/testsuite/gfortran/../../gfortran version 4.6.0 20110312 (experimental) (GCC)
=== g++ tests ===
Running target unix/-mx32
FAIL: c-c++-common/dfp/func-vararg-alternate-d128-2.c (test for excess errors)
WARNING: c-c++-common/dfp/func-vararg-alternate-d128-2.c compilation failed to produce executable
FAIL: c-c++-common/dfp/func-vararg-mixed-2.c (test for excess errors)
WARNING: c-c++-common/dfp/func-vararg-mixed-2.c compilation failed to produce executable
FAIL: g++.dg/abi/bitfield3.C execution test
FAIL: g++.dg/abi/covariant3.C execution test
FAIL: g++.dg/abi/vcall1.C execution test
FAIL: g++.dg/ext/attrib36.C (test for excess errors)
FAIL: g++.dg/ext/attrib37.C (test for excess errors)
FAIL: g++.dg/ext/attrib8.C (test for excess errors)
FAIL: g++.dg/ext/tmplattr1.C (test for excess errors)
FAIL: g++.dg/inherit/covariant17.C execution test
FAIL: g++.dg/inherit/covariant18.C execution test
FAIL: g++.dg/inherit/covariant3.C execution test
FAIL: g++.dg/inherit/covariant4.C execution test
FAIL: g++.dg/inherit/override-attribs.C (test for errors, line 9)
FAIL: g++.dg/inherit/override-attribs.C (test for errors, line 16)
FAIL: g++.dg/inherit/override-attribs.C (test for excess errors)
FAIL: g++.dg/opt/life1.C scan-assembler GLOBAL_OFFSET_TABLE
FAIL: g++.dg/opt/longbranch2.C (test for excess errors)
FAIL: g++.dg/opt/nrv12.C scan-tree-dump-times optimized "return slot optimization" 1
FAIL: g++.dg/opt/reg-stack4.C (test for excess errors)
FAIL: g++.dg/other/pr35504.C (test for excess errors)
FAIL: g++.dg/other/pr39496.C scan-assembler [^0-9-]8\\\\(%ebp\\\\),[^\\n]*fooparam,
FAIL: g++.dg/other/pr39496.C scan-assembler [^0-9-]8\\\\(%ebp\\\\),[^\\n]*barparam,
FAIL: g++.dg/other/pr39496.C scan-assembler [^0-9-]8\\\\(%ebp\\\\),[^\\n]*foo2param,
FAIL: g++.dg/other/pr39496.C scan-assembler [^0-9-]8\\\\(%ebp\\\\),[^\\n]*bar2param,
FAIL: g++.dg/warn/pr15774-1.C (test for errors, line 3)
FAIL: g++.dg/warn/pr15774-1.C (test for errors, line 11)
FAIL: g++.dg/warn/pr15774-1.C (test for excess errors)
FAIL: g++.dg/warn/pr15774-2.C (test for excess errors)
FAIL: g++.dg/torture/stackalign/eh-fastcall-1.C -O0 (test for excess errors)
FAIL: g++.dg/torture/stackalign/eh-fastcall-1.C -O1 (test for excess errors)
FAIL: g++.dg/torture/stackalign/eh-fastcall-1.C -O2 (test for excess errors)
FAIL: g++.dg/torture/stackalign/eh-fastcall-1.C -O3 -fomit-frame-pointer (test for excess errors)
FAIL: g++.dg/torture/stackalign/eh-fastcall-1.C -O3 -g (test for excess errors)
FAIL: g++.dg/torture/stackalign/eh-fastcall-1.C -Os (test for excess errors)
FAIL: g++.dg/torture/stackalign/eh-fastcall-1.C -O2 -flto -flto-partition=none (test for excess errors)
FAIL: g++.dg/torture/stackalign/eh-fastcall-1.C -O2 -flto (test for excess errors)
FAIL: g++.dg/torture/stackalign/eh-thiscall-1.C -O0 (test for excess errors)
FAIL: g++.dg/torture/stackalign/eh-thiscall-1.C -O1 (test for excess errors)
FAIL: g++.dg/torture/stackalign/eh-thiscall-1.C -O2 (test for excess errors)
FAIL: g++.dg/torture/stackalign/eh-thiscall-1.C -O3 -fomit-frame-pointer (test for excess errors)
FAIL: g++.dg/torture/stackalign/eh-thiscall-1.C -O3 -g (test for excess errors)
FAIL: g++.dg/torture/stackalign/eh-thiscall-1.C -Os (test for excess errors)
FAIL: g++.dg/torture/stackalign/eh-thiscall-1.C -O2 -flto -flto-partition=none (test for excess errors)
FAIL: g++.dg/torture/stackalign/eh-thiscall-1.C -O2 -flto (test for excess errors)
FAIL: g++.dg/torture/stackalign/stdcall-1.C -O0 (test for excess errors)
FAIL: g++.dg/torture/stackalign/stdcall-1.C -O1 (test for excess errors)
FAIL: g++.dg/torture/stackalign/stdcall-1.C -O2 (test for excess errors)
FAIL: g++.dg/torture/stackalign/stdcall-1.C -O3 -fomit-frame-pointer (test for excess errors)
FAIL: g++.dg/torture/stackalign/stdcall-1.C -O3 -fomit-frame-pointer -funroll-loops (test for excess errors)
FAIL: g++.dg/torture/stackalign/stdcall-1.C -O3 -fomit-frame-pointer -funroll-all-loops -finline-functions (test for excess errors)
FAIL: g++.dg/torture/stackalign/stdcall-1.C -O3 -g (test for excess errors)
FAIL: g++.dg/torture/stackalign/stdcall-1.C -Os (test for excess errors)
FAIL: g++.dg/torture/stackalign/stdcall-1.C -O2 -flto -flto-partition=none (test for excess errors)
FAIL: g++.dg/torture/stackalign/stdcall-1.C -O2 -flto (test for excess errors)
FAIL: g++.dg/torture/stackalign/unwind-0.C -O0 execution test
FAIL: g++.dg/torture/stackalign/unwind-0.C -O1 execution test
FAIL: g++.dg/torture/stackalign/unwind-0.C -O2 execution test
FAIL: g++.dg/torture/stackalign/unwind-0.C -O3 -fomit-frame-pointer execution test
FAIL: g++.dg/torture/stackalign/unwind-0.C -O3 -g execution test
FAIL: g++.dg/torture/stackalign/unwind-0.C -Os execution test
FAIL: g++.dg/torture/stackalign/unwind-0.C -O2 -flto -flto-partition=none execution test
FAIL: g++.dg/torture/stackalign/unwind-0.C -O2 -flto execution test
FAIL: g++.dg/torture/stackalign/unwind-1.C -O0 execution test
FAIL: g++.dg/torture/stackalign/unwind-1.C -O1 execution test
FAIL: g++.dg/torture/stackalign/unwind-1.C -O2 execution test
FAIL: g++.dg/torture/stackalign/unwind-1.C -O3 -fomit-frame-pointer execution test
FAIL: g++.dg/torture/stackalign/unwind-1.C -O3 -g execution test
FAIL: g++.dg/torture/stackalign/unwind-1.C -Os execution test
FAIL: g++.dg/torture/stackalign/unwind-1.C -O2 -flto -flto-partition=none execution test
FAIL: g++.dg/torture/stackalign/unwind-1.C -O2 -flto execution test
FAIL: g++.dg/torture/stackalign/unwind-2.C -O0 execution test
FAIL: g++.dg/torture/stackalign/unwind-2.C -O1 execution test
FAIL: g++.dg/torture/stackalign/unwind-2.C -O2 execution test
FAIL: g++.dg/torture/stackalign/unwind-2.C -O3 -fomit-frame-pointer execution test
FAIL: g++.dg/torture/stackalign/unwind-2.C -O3 -g execution test
FAIL: g++.dg/torture/stackalign/unwind-2.C -Os execution test
FAIL: g++.dg/torture/stackalign/unwind-2.C -O2 -flto -flto-partition=none execution test
FAIL: g++.dg/torture/stackalign/unwind-2.C -O2 -flto execution test
FAIL: g++.dg/torture/stackalign/unwind-3.C -O0 execution test
FAIL: g++.dg/torture/stackalign/unwind-3.C -O1 execution test
FAIL: g++.dg/torture/stackalign/unwind-3.C -O2 execution test
FAIL: g++.dg/torture/stackalign/unwind-3.C -O3 -fomit-frame-pointer execution test
FAIL: g++.dg/torture/stackalign/unwind-3.C -O3 -g execution test
FAIL: g++.dg/torture/stackalign/unwind-3.C -Os execution test
FAIL: g++.dg/torture/stackalign/unwind-3.C -O2 -flto -flto-partition=none execution test
FAIL: g++.dg/torture/stackalign/unwind-3.C -O2 -flto execution test
FAIL: g++.dg/torture/stackalign/unwind-4.C -O0 execution test
FAIL: g++.dg/torture/stackalign/unwind-4.C -O1 execution test
FAIL: g++.dg/torture/stackalign/unwind-4.C -O2 execution test
FAIL: g++.dg/torture/stackalign/unwind-4.C -O3 -fomit-frame-pointer execution test
FAIL: g++.dg/torture/stackalign/unwind-4.C -O3 -fomit-frame-pointer -funroll-loops execution test
FAIL: g++.dg/torture/stackalign/unwind-4.C -O3 -fomit-frame-pointer -funroll-all-loops -finline-functions execution test
FAIL: g++.dg/torture/stackalign/unwind-4.C -O3 -g execution test
FAIL: g++.dg/torture/stackalign/unwind-4.C -Os execution test
FAIL: g++.dg/torture/stackalign/unwind-4.C -O2 -flto -flto-partition=none execution test
FAIL: g++.dg/torture/stackalign/unwind-4.C -O2 -flto execution test
FAIL: g++.dg/torture/stackalign/unwind-5.C -O0 execution test
FAIL: g++.dg/torture/stackalign/unwind-5.C -O1 execution test
FAIL: g++.dg/torture/stackalign/unwind-5.C -O2 execution test
FAIL: g++.dg/torture/stackalign/unwind-5.C -O3 -fomit-frame-pointer execution test
FAIL: g++.dg/torture/stackalign/unwind-5.C -O3 -g execution test
FAIL: g++.dg/torture/stackalign/unwind-5.C -Os execution test
FAIL: g++.dg/torture/stackalign/unwind-5.C -O2 -flto -flto-partition=none execution test
FAIL: g++.dg/torture/stackalign/unwind-5.C -O2 -flto execution test
FAIL: g++.dg/torture/stackalign/unwind-6.C -O0 execution test
FAIL: g++.dg/torture/stackalign/unwind-6.C -O1 execution test
FAIL: g++.dg/torture/stackalign/unwind-6.C -O2 execution test
FAIL: g++.dg/torture/stackalign/unwind-6.C -O3 -fomit-frame-pointer execution test
FAIL: g++.dg/torture/stackalign/unwind-6.C -O3 -g execution test
FAIL: g++.dg/torture/stackalign/unwind-6.C -Os execution test
FAIL: g++.dg/torture/stackalign/unwind-6.C -O2 -flto -flto-partition=none execution test
FAIL: g++.dg/torture/stackalign/unwind-6.C -O2 -flto execution test
FAIL: g++.dg/torture/stackalign/eh-fastcall-1.C -O0 (test for excess errors)
FAIL: g++.dg/torture/stackalign/eh-fastcall-1.C -O1 (test for excess errors)
FAIL: g++.dg/torture/stackalign/eh-fastcall-1.C -O2 (test for excess errors)
FAIL: g++.dg/torture/stackalign/eh-fastcall-1.C -O3 -fomit-frame-pointer (test for excess errors)
FAIL: g++.dg/torture/stackalign/eh-fastcall-1.C -O3 -g (test for excess errors)
FAIL: g++.dg/torture/stackalign/eh-fastcall-1.C -Os (test for excess errors)
FAIL: g++.dg/torture/stackalign/eh-fastcall-1.C -O2 -flto -flto-partition=none (test for excess errors)
FAIL: g++.dg/torture/stackalign/eh-fastcall-1.C -O2 -flto (test for excess errors)
FAIL: g++.dg/torture/stackalign/eh-thiscall-1.C -O0 (test for excess errors)
FAIL: g++.dg/torture/stackalign/eh-thiscall-1.C -O1 (test for excess errors)
FAIL: g++.dg/torture/stackalign/eh-thiscall-1.C -O2 (test for excess errors)
FAIL: g++.dg/torture/stackalign/eh-thiscall-1.C -O3 -fomit-frame-pointer (test for excess errors)
FAIL: g++.dg/torture/stackalign/eh-thiscall-1.C -O3 -g (test for excess errors)
FAIL: g++.dg/torture/stackalign/eh-thiscall-1.C -Os (test for excess errors)
FAIL: g++.dg/torture/stackalign/eh-thiscall-1.C -O2 -flto -flto-partition=none (test for excess errors)
FAIL: g++.dg/torture/stackalign/eh-thiscall-1.C -O2 -flto (test for excess errors)
FAIL: g++.dg/torture/stackalign/stdcall-1.C -O0 (test for excess errors)
FAIL: g++.dg/torture/stackalign/stdcall-1.C -O1 (test for excess errors)
FAIL: g++.dg/torture/stackalign/stdcall-1.C -O2 (test for excess errors)
FAIL: g++.dg/torture/stackalign/stdcall-1.C -O3 -fomit-frame-pointer (test for excess errors)
FAIL: g++.dg/torture/stackalign/stdcall-1.C -O3 -fomit-frame-pointer -funroll-loops (test for excess errors)
FAIL: g++.dg/torture/stackalign/stdcall-1.C -O3 -fomit-frame-pointer -funroll-all-loops -finline-functions (test for excess errors)
FAIL: g++.dg/torture/stackalign/stdcall-1.C -O3 -g (test for excess errors)
FAIL: g++.dg/torture/stackalign/stdcall-1.C -Os (test for excess errors)
FAIL: g++.dg/torture/stackalign/stdcall-1.C -O2 -flto -flto-partition=none (test for excess errors)
FAIL: g++.dg/torture/stackalign/stdcall-1.C -O2 -flto (test for excess errors)
FAIL: g++.old-deja/g++.abi/vtable3a.C execution test
FAIL: g++.old-deja/g++.abi/vtable3b.C execution test
FAIL: g++.old-deja/g++.abi/vtable3c.C execution test
FAIL: g++.old-deja/g++.abi/vtable3d.C execution test
FAIL: g++.old-deja/g++.abi/vtable3e.C execution test
FAIL: g++.old-deja/g++.abi/vtable3f.C execution test
FAIL: g++.old-deja/g++.abi/vtable3g.C execution test
FAIL: g++.old-deja/g++.abi/vtable3h.C execution test
FAIL: g++.old-deja/g++.abi/vtable3i.C execution test
FAIL: g++.old-deja/g++.abi/vtable3j.C execution test
FAIL: g++.old-deja/g++.ext/attrib1.C (test for excess errors)
FAIL: g++.old-deja/g++.ext/attrib2.C (test for excess errors)
FAIL: g++.old-deja/g++.ext/attrib3.C (test for excess errors)
FAIL: g++.old-deja/g++.mike/p4736b.C execution test
FAIL: g++.old-deja/g++.mike/p4736c.C execution test
FAIL: g++.old-deja/g++.mike/virt2.C execution test
FAIL: g++.old-deja/g++.mike/virt5.C execution test
FAIL: g++.old-deja/g++.oliva/thunk1.C execution test
FAIL: g++.old-deja/g++.pt/asm2.C (test for excess errors)
=== g++ Summary ===
# of expected passes 27523
# of unexpected failures 158
# of expected failures 161
# of unsupported tests 149
/export/build/gnu/gcc-x32/build-x86_64-linux/gcc/testsuite/g++/../../g++ version 4.6.0 20110312 (experimental) (GCC)
=== libgomp tests ===
Running target unix/-mx32
FAIL: libgomp.c/atomic-1.c (test for excess errors)
WARNING: libgomp.c/atomic-1.c compilation failed to produce executable
FAIL: libgomp.c/atomic-6.c (test for excess errors)
WARNING: libgomp.c/atomic-6.c compilation failed to produce executable
FAIL: libgomp.fortran/strassen.f90 -O execution test
FAIL: libgomp.graphite/force-parallel-1.c execution test
=== libgomp Summary ===
# of expected passes 2582
# of unexpected failures 4
=== libmudflap tests ===
Running target unix/-mx32
FAIL: libmudflap.c/pass49-frag.c execution test
FAIL: libmudflap.c/pass49-frag.c output pattern test
FAIL: libmudflap.c/pass49-frag.c execution test
FAIL: libmudflap.c/pass49-frag.c output pattern test
FAIL: libmudflap.c/pass49-frag.c (-O2) execution test
FAIL: libmudflap.c/pass49-frag.c (-O2) output pattern test
FAIL: libmudflap.c/pass49-frag.c (-O2) execution test
FAIL: libmudflap.c/pass49-frag.c (-O2) output pattern test
FAIL: libmudflap.c/pass49-frag.c (-O3) execution test
FAIL: libmudflap.c/pass49-frag.c (-O3) output pattern test
FAIL: libmudflap.c/pass49-frag.c (-O3) execution test
FAIL: libmudflap.c/pass49-frag.c (-O3) output pattern test
FAIL: libmudflap.cth/pass37-frag.c execution test
FAIL: libmudflap.cth/pass37-frag.c output pattern test
FAIL: libmudflap.cth/pass37-frag.c (rerun 10) execution test
FAIL: libmudflap.cth/pass37-frag.c (rerun 10) output pattern test
FAIL: libmudflap.cth/pass39-frag.c (rerun 4) execution test
FAIL: libmudflap.cth/pass39-frag.c (rerun 4) output pattern test
FAIL: libmudflap.cth/pass39-frag.c (rerun 6) execution test
FAIL: libmudflap.cth/pass39-frag.c (rerun 6) output pattern test
FAIL: libmudflap.cth/pass39-frag.c (rerun 8) execution test
FAIL: libmudflap.cth/pass39-frag.c (rerun 8) output pattern test
FAIL: libmudflap.cth/pass39-frag.c (rerun 12) execution test
FAIL: libmudflap.cth/pass39-frag.c (rerun 12) output pattern test
FAIL: libmudflap.cth/pass39-frag.c (rerun 15) execution test
FAIL: libmudflap.cth/pass39-frag.c (rerun 15) output pattern test
FAIL: libmudflap.cth/pass39-frag.c (rerun 19) execution test
FAIL: libmudflap.cth/pass39-frag.c (rerun 19) output pattern test
FAIL: libmudflap.cth/pass39-frag.c (-O2) (rerun 3) execution test
FAIL: libmudflap.cth/pass39-frag.c (-O2) (rerun 3) output pattern test
FAIL: libmudflap.cth/pass39-frag.c (-O2) (rerun 4) execution test
FAIL: libmudflap.cth/pass39-frag.c (-O2) (rerun 4) output pattern test
FAIL: libmudflap.cth/pass39-frag.c (-O2) (rerun 8) execution test
FAIL: libmudflap.cth/pass39-frag.c (-O2) (rerun 8) output pattern test
FAIL: libmudflap.cth/pass39-frag.c (-O2) (rerun 14) execution test
FAIL: libmudflap.cth/pass39-frag.c (-O2) (rerun 14) output pattern test
FAIL: libmudflap.cth/pass39-frag.c (-O2) (rerun 16) execution test
FAIL: libmudflap.cth/pass39-frag.c (-O2) (rerun 16) output pattern test
FAIL: libmudflap.cth/pass37-frag.c (-O3) (rerun 18) execution test
FAIL: libmudflap.cth/pass37-frag.c (-O3) (rerun 18) output pattern test
FAIL: libmudflap.cth/pass39-frag.c (-O3) execution test
FAIL: libmudflap.cth/pass39-frag.c (-O3) output pattern test
FAIL: libmudflap.cth/pass39-frag.c (-O3) (rerun 1) execution test
FAIL: libmudflap.cth/pass39-frag.c (-O3) (rerun 1) output pattern test
FAIL: libmudflap.cth/pass39-frag.c (-O3) (rerun 7) execution test
FAIL: libmudflap.cth/pass39-frag.c (-O3) (rerun 7) output pattern test
FAIL: libmudflap.cth/pass39-frag.c (-O3) (rerun 9) execution test
FAIL: libmudflap.cth/pass39-frag.c (-O3) (rerun 9) output pattern test
FAIL: libmudflap.cth/pass39-frag.c (-O3) (rerun 12) execution test
FAIL: libmudflap.cth/pass39-frag.c (-O3) (rerun 12) output pattern test
=== libmudflap Summary ===
# of expected passes 1377
# of unexpected failures 50
=== libstdc++ tests ===
Running target unix/-mx32
FAIL: libstdc++-abi/abi_check
FAIL: 27_io/basic_filebuf/close/char/4879.cc execution test
FAIL: 27_io/basic_filebuf/close/char/9964.cc execution test
FAIL: 27_io/basic_filebuf/imbue/char/13171-2.cc execution test
FAIL: 27_io/basic_filebuf/imbue/wchar_t/14975-2.cc execution test
FAIL: 27_io/basic_filebuf/seekoff/char/26777.cc execution test
FAIL: 27_io/basic_filebuf/underflow/char/10097.cc execution test
FAIL: 27_io/objects/char/7.cc execution test
FAIL: 27_io/objects/char/9661-1.cc execution test
FAIL: 27_io/objects/wchar_t/7.cc execution test
FAIL: 27_io/objects/wchar_t/9661-1.cc execution test
FAIL: ext/ext_pointer/1.cc execution test
=== libstdc++ Summary ===
# of expected passes 8245
# of unexpected failures 12
# of expected failures 83
# of unsupported tests 108
Compiler version: 4.6.0 20110312 (experimental) (GCC)
Platform: x86_64-unknown-linux-gnu
configure flags: --enable-clocale=gnu --with-system-zlib --with-demangler-in-ld --enable-languages=c,c++,fortran --prefix=/usr/gcc-4.6.0-x32 --with-local-prefix=/usr/local --enable-gnu-indirect-function --enable-x32 --enable-cloog-backend=isl --with-ppl-include=/opt/gnu/include --with-ppl-lib=/opt/gnu/lib64 --with-cloog-include=/opt/gnu/include --with-cloog-lib=/opt/gnu/lib64 --with-fpmath=sse
More information about the Gcc-testresults
mailing list