Results for 4.6.0 20110304 (experimental) [trunk revision 170675] (GCC) testsuite on hppa2.0w-hp-hpux11.00
John David Anglin
dave@hiauly2.hia.nrc.ca
Wed Mar 9 16:47:00 GMT 2011
=== acats tests ===
=== acats Summary ===
# of expected passes 2321
# of unexpected failures 0
Native configuration is hppa2.0w-hp-hpux11.00
=== g++ tests ===
Running target unix
WARNING: g++.dg/ext/label13.C compilation failed to produce executable
WARNING: program timed out.
=== g++ Summary ===
# of expected passes 23107
# of expected failures 161
# of unsupported tests 586
/home/gnu/gcc/objdir/gcc/testsuite/g++/../../g++ version 4.6.0 20110304 (experimental) [trunk revision 170675] (GCC)
=== gcc tests ===
Running target unix
WARNING: program timed out.
FAIL: gcc.dg/torture/pr47975.c -O0 (test for excess errors)
FAIL: gcc.dg/torture/pr47975.c -O1 (test for excess errors)
FAIL: gcc.dg/torture/pr47975.c -O2 (test for excess errors)
FAIL: gcc.dg/torture/pr47975.c -O3 -fomit-frame-pointer (test for excess errors)
FAIL: gcc.dg/torture/pr47975.c -O3 -g (test for excess errors)
FAIL: gcc.dg/torture/pr47975.c -Os (test for excess errors)
=== gcc Summary ===
# of expected passes 55524
# of unexpected failures 6
# of expected failures 132
# of unsupported tests 1145
/home/gnu/gcc/objdir/gcc/xgcc version 4.6.0 20110304 (experimental) [trunk revision 170675] (GCC)
=== gfortran tests ===
Running target unix
FAIL: gfortran.dg/pr45636.f90 -O scan-tree-dump-times forwprop2 "memset" 0
=== gfortran Summary ===
# of expected passes 37044
# of unexpected failures 1
# of expected failures 41
# of unsupported tests 383
/home/gnu/gcc/objdir/gcc/testsuite/gfortran/../../gfortran version 4.6.0 20110304 (experimental) [trunk revision 170675] (GCC)
=== gnat tests ===
Running target unix
=== gnat Summary ===
# of expected passes 867
# of expected failures 10
# of unsupported tests 3
/home/gnu/gcc/objdir/gcc/gnatmake version 4.6.0 20110304 (experimental) [trunk revision 170675]
=== obj-c++ tests ===
Running target unix
=== obj-c++ Summary ===
# of expected passes 1342
# of expected failures 2
# of unsupported tests 69
/home/gnu/gcc/objdir/gcc/testsuite/obj-c++/../../g++ version 4.6.0 20110304 (experimental) [trunk revision 170675] (GCC)
=== objc tests ===
Running target unix
=== objc Summary ===
# of expected passes 2840
# of expected failures 8
# of unsupported tests 65
/home/gnu/gcc/objdir/gcc/xgcc version 4.6.0 20110304 (experimental) [trunk revision 170675] (GCC)
=== libgomp tests ===
Running target unix
=== libgomp Summary ===
# of expected passes 2524
# of unsupported tests 9
=== libstdc++ tests ===
Running target unix
WARNING: program timed out.
FAIL: 23_containers/vector/bool/modifiers/insert/31370.cc execution test
=== libstdc++ Summary ===
# of expected passes 5879
# of unexpected failures 1
# of expected failures 80
# of unsupported tests 578
Compiler version: 4.6.0 20110304 (experimental) [trunk revision 170675] (GCC)
Platform: hppa2.0w-hp-hpux11.00
configure flags:Test Run By dave on Mon Mar 7 01:09:09 EST 2011
More information about the Gcc-testresults
mailing list